[INFO] cloning repository https://github.com/OverkillGuy/qrxfil
[INFO] running `Command { std: "git" "-c" "credential.helper=" "-c" "credential.helper=/workspace/cargo-home/bin/git-credential-null" "clone" "--bare" "https://github.com/OverkillGuy/qrxfil" "/workspace/cache/git-repos/https%3A%2F%2Fgithub.com%2FOverkillGuy%2Fqrxfil", kill_on_drop: false }`
[INFO] [stderr] Cloning into bare repository '/workspace/cache/git-repos/https%3A%2F%2Fgithub.com%2FOverkillGuy%2Fqrxfil'...
[INFO] running `Command { std: "git" "rev-parse" "HEAD", kill_on_drop: false }`
[INFO] [stdout] f1d9a2a7877d17a664d9bfaf2262e5cdc8af6697
[INFO] testing OverkillGuy/qrxfil against nightly-2025-01-18 for randomize-layout-2
[INFO] running `Command { std: "git" "clone" "/workspace/cache/git-repos/https%3A%2F%2Fgithub.com%2FOverkillGuy%2Fqrxfil" "/workspace/builds/worker-4-tc1/source", kill_on_drop: false }`
[INFO] [stderr] Cloning into '/workspace/builds/worker-4-tc1/source'...
[INFO] [stderr] done.
[INFO] validating manifest of git repo https://github.com/OverkillGuy/qrxfil on toolchain nightly-2025-01-18
[INFO] running `Command { std: CARGO_HOME="/workspace/cargo-home" RUSTUP_HOME="/workspace/rustup-home" "/workspace/cargo-home/bin/cargo" "+nightly-2025-01-18" "metadata" "--manifest-path" "Cargo.toml" "--no-deps", kill_on_drop: false }`
[INFO] started tweaking git repo https://github.com/OverkillGuy/qrxfil
[INFO] finished tweaking git repo https://github.com/OverkillGuy/qrxfil
[INFO] tweaked toml for git repo https://github.com/OverkillGuy/qrxfil written to /workspace/builds/worker-4-tc1/source/Cargo.toml
[INFO] crate git repo https://github.com/OverkillGuy/qrxfil already has a lockfile, it will not be regenerated
[INFO] running `Command { std: CARGO_HOME="/workspace/cargo-home" RUSTUP_HOME="/workspace/rustup-home" "/workspace/cargo-home/bin/cargo" "+nightly-2025-01-18" "fetch" "--manifest-path" "Cargo.toml", kill_on_drop: false }`
[INFO] [stderr]     Updating crates.io index
[INFO] [stderr]  Downloading crates ...
[INFO] [stderr]   Downloaded test-case v1.1.0
[INFO] [stderr]   Downloaded lru v0.6.5
[INFO] [stderr]   Downloaded pdf_derive v0.1.21
[INFO] [stderr]   Downloaded g2p v0.4.0
[INFO] [stderr]   Downloaded g2gen v0.4.0
[INFO] [stderr]   Downloaded generator v0.6.23
[INFO] [stderr]   Downloaded pandoc v0.8.6
[INFO] [stderr]   Downloaded assert_cmd v1.0.3
[INFO] [stderr]   Downloaded ignore v0.4.17
[INFO] [stderr]   Downloaded qr_code v1.1.0
[INFO] [stderr]   Downloaded pdf v0.7.1
[INFO] [stderr]   Downloaded assert_fs v1.0.1
[INFO] [stderr]   Downloaded ordermap v0.4.2
[INFO] [stderr]   Downloaded g2poly v0.4.0
[INFO] [stderr]   Downloaded image v0.23.13
[INFO] [stderr]   Downloaded rqrr v0.3.2
[INFO] running `Command { std: "docker" "create" "-v" "/var/lib/crater-agent-workspace/builds/worker-4-tc1/target:/opt/rustwide/target:rw,Z" "-v" "/var/lib/crater-agent-workspace/builds/worker-4-tc1/source:/opt/rustwide/workdir:ro,Z" "-v" "/var/lib/crater-agent-workspace/cargo-home:/opt/rustwide/cargo-home:ro,Z" "-v" "/var/lib/crater-agent-workspace/rustup-home:/opt/rustwide/rustup-home:ro,Z" "-e" "SOURCE_DIR=/opt/rustwide/workdir" "-e" "CARGO_TARGET_DIR=/opt/rustwide/target" "-e" "CARGO_HOME=/opt/rustwide/cargo-home" "-e" "RUSTUP_HOME=/opt/rustwide/rustup-home" "-w" "/opt/rustwide/workdir" "-m" "1610612736" "--user" "0:0" "--network" "none" "ghcr.io/rust-lang/crates-build-env/linux@sha256:819108c5571ea2e421544af4d832f968d213c87fbe3707a016657f43d2f853bc" "/opt/rustwide/cargo-home/bin/cargo" "+nightly-2025-01-18" "metadata" "--no-deps" "--format-version=1", kill_on_drop: false }`
[INFO] [stdout] 46361b421cd7b9b5fd439f6b963139a8ddd95515c522e4ca79edd3ae2c1729d7
[INFO] running `Command { std: "docker" "start" "-a" "46361b421cd7b9b5fd439f6b963139a8ddd95515c522e4ca79edd3ae2c1729d7", kill_on_drop: false }`
[INFO] running `Command { std: "docker" "inspect" "46361b421cd7b9b5fd439f6b963139a8ddd95515c522e4ca79edd3ae2c1729d7", kill_on_drop: false }`
[INFO] running `Command { std: "docker" "rm" "-f" "46361b421cd7b9b5fd439f6b963139a8ddd95515c522e4ca79edd3ae2c1729d7", kill_on_drop: false }`
[INFO] [stdout] 46361b421cd7b9b5fd439f6b963139a8ddd95515c522e4ca79edd3ae2c1729d7
[INFO] running `Command { std: "docker" "create" "-v" "/var/lib/crater-agent-workspace/builds/worker-4-tc1/target:/opt/rustwide/target:rw,Z" "-v" "/var/lib/crater-agent-workspace/builds/worker-4-tc1/source:/opt/rustwide/workdir:ro,Z" "-v" "/var/lib/crater-agent-workspace/cargo-home:/opt/rustwide/cargo-home:ro,Z" "-v" "/var/lib/crater-agent-workspace/rustup-home:/opt/rustwide/rustup-home:ro,Z" "-e" "SOURCE_DIR=/opt/rustwide/workdir" "-e" "CARGO_TARGET_DIR=/opt/rustwide/target" "-e" "CARGO_INCREMENTAL=0" "-e" "RUST_BACKTRACE=full" "-e" "RUSTFLAGS=--cap-lints=forbid" "-e" "RUSTDOCFLAGS=--cap-lints=forbid" "-e" "CARGO_HOME=/opt/rustwide/cargo-home" "-e" "RUSTUP_HOME=/opt/rustwide/rustup-home" "-w" "/opt/rustwide/workdir" "-m" "1610612736" "--user" "0:0" "--network" "none" "ghcr.io/rust-lang/crates-build-env/linux@sha256:819108c5571ea2e421544af4d832f968d213c87fbe3707a016657f43d2f853bc" "/opt/rustwide/cargo-home/bin/cargo" "+nightly-2025-01-18" "build" "--frozen" "--message-format=json", kill_on_drop: false }`
[INFO] [stdout] 8a25a51d9a6721f5ef533334c1f006325010aa108b4fff429d4d424f26536043
[INFO] running `Command { std: "docker" "start" "-a" "8a25a51d9a6721f5ef533334c1f006325010aa108b4fff429d4d424f26536043", kill_on_drop: false }`
[INFO] [stderr]    Compiling autocfg v1.0.1
[INFO] [stderr]    Compiling cfg-if v1.0.0
[INFO] [stderr]    Compiling lazy_static v1.4.0
[INFO] [stderr]    Compiling libc v0.2.86
[INFO] [stderr]    Compiling proc-macro2 v1.0.24
[INFO] [stderr]    Compiling unicode-xid v0.2.1
[INFO] [stderr]    Compiling rayon-core v1.9.0
[INFO] [stderr]    Compiling syn v1.0.63
[INFO] [stderr]    Compiling scopeguard v1.1.0
[INFO] [stderr]    Compiling either v1.6.1
[INFO] [stderr]    Compiling byteorder v1.4.2
[INFO] [stderr]    Compiling bitflags v1.2.1
[INFO] [stderr]    Compiling memchr v2.3.4
[INFO] [stderr]    Compiling crc32fast v1.2.1
[INFO] [stderr]    Compiling adler32 v1.2.0
[INFO] [stderr]    Compiling serde_derive v1.0.125
[INFO] [stderr]    Compiling adler v0.2.3
[INFO] [stderr]    Compiling weezl v0.1.4
[INFO] [stderr]    Compiling serde v1.0.125
[INFO] [stderr]    Compiling color_quant v1.1.0
[INFO] [stderr]    Compiling miniz_oxide v0.3.7
[INFO] [stderr]    Compiling deflate v0.8.6
[INFO] [stderr]    Compiling ryu v1.0.5
[INFO] [stderr]    Compiling regex-automata v0.1.9
[INFO] [stderr]    Compiling bytemuck v1.5.1
[INFO] [stderr]    Compiling unicode-width v0.1.8
[INFO] [stderr]    Compiling crossbeam-utils v0.8.2
[INFO] [stderr]    Compiling memoffset v0.6.1
[INFO] [stderr]    Compiling num-traits v0.2.14
[INFO] [stderr]    Compiling num-integer v0.1.44
[INFO] [stderr]    Compiling rayon v1.5.0
[INFO] [stderr]    Compiling miniz_oxide v0.4.3
[INFO] [stderr]    Compiling num-rational v0.3.2
[INFO] [stderr]    Compiling num-iter v0.1.42
[INFO] [stderr]    Compiling gif v0.11.1
[INFO] [stderr]    Compiling scoped_threadpool v0.1.9
[INFO] [stderr]    Compiling csv-core v0.1.10
[INFO] [stderr]    Compiling textwrap v0.11.0
[INFO] [stderr]    Compiling itertools v0.8.2
[INFO] [stderr]    Compiling quote v1.0.9
[INFO] [stderr]    Compiling itoa v0.4.7
[INFO] [stderr]    Compiling strsim v0.8.0
[INFO] [stderr]    Compiling vec_map v0.8.2
[INFO] [stderr]    Compiling ansi_term v0.11.0
[INFO] [stderr]    Compiling checked_int_cast v1.0.0
[INFO] [stderr]    Compiling png v0.16.8
[INFO] [stderr]    Compiling num_cpus v1.13.0
[INFO] [stderr]    Compiling atty v0.2.14
[INFO] [stderr]    Compiling itertools v0.10.0
[INFO] [stderr]    Compiling qr_code v1.1.0
[INFO] [stderr]    Compiling base64 v0.13.0
[INFO] [stderr]    Compiling clap v2.33.3
[INFO] [stderr]    Compiling crossbeam-epoch v0.9.2
[INFO] [stderr]    Compiling crossbeam-channel v0.5.0
[INFO] [stderr]    Compiling crossbeam-deque v0.8.0
[INFO] [stderr]    Compiling pandoc v0.8.6
[INFO] [stderr]    Compiling jpeg-decoder v0.1.22
[INFO] [stderr]    Compiling tiff v0.6.1
[INFO] [stderr]    Compiling thiserror-impl v1.0.24
[INFO] [stderr]    Compiling thiserror v1.0.24
[INFO] [stderr]    Compiling image v0.23.13
[INFO] [stderr]    Compiling qrcode v0.12.0
[INFO] [stderr]    Compiling bstr v0.2.15
[INFO] [stderr]    Compiling csv v1.1.6
[INFO] [stderr]    Compiling qrxfil v0.3.1 (/opt/rustwide/workdir)
[INFO] [stdout] warning: field `error_correction_level` is never read
[INFO] [stdout]   --> src/csv_decode.rs:29:5
[INFO] [stdout]    |
[INFO] [stdout] 25 | pub struct Scan {
[INFO] [stdout]    |            ---- field in this struct
[INFO] [stdout] ...
[INFO] [stdout] 29 |     error_correction_level: String,
[INFO] [stdout]    |     ^^^^^^^^^^^^^^^^^^^^^^
[INFO] [stdout]    |
[INFO] [stdout]    = note: `Scan` has a derived impl for the trait `Debug`, but this is intentionally ignored during dead code analysis
[INFO] [stdout]    = note: `#[warn(dead_code)]` on by default
[INFO] [stdout] 
[INFO] [stdout] 
[INFO] [stderr]     Finished `dev` profile [unoptimized + debuginfo] target(s) in 29.29s
[INFO] running `Command { std: "docker" "inspect" "8a25a51d9a6721f5ef533334c1f006325010aa108b4fff429d4d424f26536043", kill_on_drop: false }`
[INFO] running `Command { std: "docker" "rm" "-f" "8a25a51d9a6721f5ef533334c1f006325010aa108b4fff429d4d424f26536043", kill_on_drop: false }`
[INFO] [stdout] 8a25a51d9a6721f5ef533334c1f006325010aa108b4fff429d4d424f26536043
[INFO] running `Command { std: "docker" "create" "-v" "/var/lib/crater-agent-workspace/builds/worker-4-tc1/target:/opt/rustwide/target:rw,Z" "-v" "/var/lib/crater-agent-workspace/builds/worker-4-tc1/source:/opt/rustwide/workdir:ro,Z" "-v" "/var/lib/crater-agent-workspace/cargo-home:/opt/rustwide/cargo-home:ro,Z" "-v" "/var/lib/crater-agent-workspace/rustup-home:/opt/rustwide/rustup-home:ro,Z" "-e" "SOURCE_DIR=/opt/rustwide/workdir" "-e" "CARGO_TARGET_DIR=/opt/rustwide/target" "-e" "CARGO_INCREMENTAL=0" "-e" "RUST_BACKTRACE=full" "-e" "RUSTFLAGS=--cap-lints=forbid" "-e" "RUSTDOCFLAGS=--cap-lints=forbid" "-e" "CARGO_HOME=/opt/rustwide/cargo-home" "-e" "RUSTUP_HOME=/opt/rustwide/rustup-home" "-w" "/opt/rustwide/workdir" "-m" "1610612736" "--user" "0:0" "--network" "none" "ghcr.io/rust-lang/crates-build-env/linux@sha256:819108c5571ea2e421544af4d832f968d213c87fbe3707a016657f43d2f853bc" "/opt/rustwide/cargo-home/bin/cargo" "+nightly-2025-01-18" "test" "--frozen" "--no-run" "--message-format=json", kill_on_drop: false }`
[INFO] [stdout] 3d5c9dc328a6b089572a432bb0a4c2f7bbbaadadf025510ff6f71c2d024de3d5
[INFO] running `Command { std: "docker" "start" "-a" "3d5c9dc328a6b089572a432bb0a4c2f7bbbaadadf025510ff6f71c2d024de3d5", kill_on_drop: false }`
[INFO] [stderr]    Compiling version_check v0.9.2
[INFO] [stderr]    Compiling typenum v1.13.0
[INFO] [stderr]    Compiling once_cell v1.5.2
[INFO] [stderr]    Compiling aho-corasick v0.7.15
[INFO] [stderr]    Compiling proc-macro2 v0.4.30
[INFO] [stderr]    Compiling regex-syntax v0.6.22
[INFO] [stderr]    Compiling log v0.4.14
[INFO] [stderr]    Compiling getrandom v0.2.2
[INFO] [stderr]    Compiling unicode-xid v0.1.0
[INFO] [stderr]    Compiling doc-comment v0.3.3
[INFO] [stderr]    Compiling syn v0.15.44
[INFO] [stderr]    Compiling same-file v1.0.6
[INFO] [stderr]    Compiling fnv v1.0.7
[INFO] [stderr]    Compiling tinyvec_macros v0.1.0
[INFO] [stderr]    Compiling predicates-core v1.0.2
[INFO] [stderr]    Compiling ppv-lite86 v0.2.10
[INFO] [stderr]    Compiling opaque-debug v0.3.0
[INFO] [stderr]    Compiling tinyvec v1.2.0
[INFO] [stderr]    Compiling float-cmp v0.8.0
[INFO] [stderr]    Compiling ahash v0.4.7
[INFO] [stderr]    Compiling thread_local v1.1.3
[INFO] [stderr]    Compiling walkdir v2.3.1
[INFO] [stderr]    Compiling normalize-line-endings v0.3.0
[INFO] [stderr]    Compiling matches v0.1.8
[INFO] [stderr]    Compiling difference v2.0.0
[INFO] [stderr]    Compiling g2poly v0.4.0
[INFO] [stderr]    Compiling treeline v0.1.0
[INFO] [stderr]    Compiling hashbrown v0.9.1
[INFO] [stderr]    Compiling predicates-tree v1.0.2
[INFO] [stderr]    Compiling unicode-bidi v0.3.4
[INFO] [stderr]    Compiling generic-array v0.14.4
[INFO] [stderr]    Compiling test-case v1.1.0
[INFO] [stderr]    Compiling snafu-derive v0.6.10
[INFO] [stderr]    Compiling rand_core v0.6.2
[INFO] [stderr]    Compiling time v0.1.44
[INFO] [stderr]    Compiling remove_dir_all v0.5.3
[INFO] [stderr]    Compiling block-padding v0.2.1
[INFO] [stderr]    Compiling cpuid-bool v0.1.2
[INFO] [stderr]    Compiling pdf_derive v0.1.21
[INFO] [stderr]    Compiling wait-timeout v0.2.0
[INFO] [stderr]    Compiling inflate v0.4.5
[INFO] [stderr]    Compiling lru v0.6.5
[INFO] [stderr]    Compiling rand_chacha v0.3.0
[INFO] [stderr]    Compiling md5 v0.7.0
[INFO] [stderr]    Compiling ordermap v0.4.2
[INFO] [stderr]    Compiling lzw v0.10.0
[INFO] [stderr]    Compiling chrono v0.4.19
[INFO] [stderr]    Compiling glob v0.3.0
[INFO] [stderr]    Compiling quote v0.6.13
[INFO] [stderr]    Compiling rand v0.8.3
[INFO] [stdout] warning: field `error_correction_level` is never read
[INFO] [stdout]   --> src/csv_decode.rs:29:5
[INFO] [stdout]    |
[INFO] [stdout] 25 | pub struct Scan {
[INFO] [stdout]    |            ---- field in this struct
[INFO] [stdout] ...
[INFO] [stdout] 29 |     error_correction_level: String,
[INFO] [stdout]    |     ^^^^^^^^^^^^^^^^^^^^^^
[INFO] [stdout]    |
[INFO] [stdout]    = note: `Scan` has a derived impl for the trait `Debug`, but this is intentionally ignored during dead code analysis
[INFO] [stdout]    = note: `#[warn(dead_code)]` on by default
[INFO] [stdout] 
[INFO] [stdout] 
[INFO] [stderr]    Compiling cipher v0.2.5
[INFO] [stderr]    Compiling block-buffer v0.9.0
[INFO] [stderr]    Compiling digest v0.9.0
[INFO] [stderr]    Compiling tempfile v3.2.0
[INFO] [stderr]    Compiling unicode-normalization v0.1.17
[INFO] [stderr]    Compiling sha2 v0.9.3
[INFO] [stderr]    Compiling aes-soft v0.6.4
[INFO] [stderr]    Compiling block-modes v0.7.0
[INFO] [stderr]    Compiling snafu v0.6.10
[INFO] [stderr]    Compiling aes v0.6.0
[INFO] [stderr]    Compiling stringprep v0.1.2
[INFO] [stderr]    Compiling pdf v0.7.1
[INFO] [stderr]    Compiling regex v1.4.3
[INFO] [stderr]    Compiling g2gen v0.4.0
[INFO] [stderr]    Compiling g2p v0.4.0
[INFO] [stderr]    Compiling rqrr v0.3.2
[INFO] [stderr]    Compiling globset v0.4.6
[INFO] [stderr]    Compiling predicates v1.0.7
[INFO] [stderr]    Compiling ignore v0.4.17
[INFO] [stderr]    Compiling assert_cmd v1.0.3
[INFO] [stderr]    Compiling globwalk v0.8.1
[INFO] [stderr]    Compiling assert_fs v1.0.1
[INFO] [stderr]    Compiling qrxfil v0.3.1 (/opt/rustwide/workdir)
[INFO] [stdout] warning: field `error_correction_level` is never read
[INFO] [stdout]   --> src/csv_decode.rs:29:5
[INFO] [stdout]    |
[INFO] [stdout] 25 | pub struct Scan {
[INFO] [stdout]    |            ---- field in this struct
[INFO] [stdout] ...
[INFO] [stdout] 29 |     error_correction_level: String,
[INFO] [stdout]    |     ^^^^^^^^^^^^^^^^^^^^^^
[INFO] [stdout]    |
[INFO] [stdout]    = note: `Scan` has a derived impl for the trait `Debug`, but this is intentionally ignored during dead code analysis
[INFO] [stdout]    = note: `#[warn(dead_code)]` on by default
[INFO] [stdout] 
[INFO] [stdout] 
[INFO] [stderr]     Finished `test` profile [unoptimized + debuginfo] target(s) in 23.06s
[INFO] running `Command { std: "docker" "inspect" "3d5c9dc328a6b089572a432bb0a4c2f7bbbaadadf025510ff6f71c2d024de3d5", kill_on_drop: false }`
[INFO] running `Command { std: "docker" "rm" "-f" "3d5c9dc328a6b089572a432bb0a4c2f7bbbaadadf025510ff6f71c2d024de3d5", kill_on_drop: false }`
[INFO] [stdout] 3d5c9dc328a6b089572a432bb0a4c2f7bbbaadadf025510ff6f71c2d024de3d5
[INFO] running `Command { std: "docker" "create" "-v" "/var/lib/crater-agent-workspace/builds/worker-4-tc1/target:/opt/rustwide/target:rw,Z" "-v" "/var/lib/crater-agent-workspace/builds/worker-4-tc1/source:/opt/rustwide/workdir:ro,Z" "-v" "/var/lib/crater-agent-workspace/cargo-home:/opt/rustwide/cargo-home:ro,Z" "-v" "/var/lib/crater-agent-workspace/rustup-home:/opt/rustwide/rustup-home:ro,Z" "-e" "SOURCE_DIR=/opt/rustwide/workdir" "-e" "CARGO_TARGET_DIR=/opt/rustwide/target" "-e" "CARGO_INCREMENTAL=0" "-e" "RUST_BACKTRACE=full" "-e" "RUSTFLAGS=--cap-lints=forbid" "-e" "RUSTDOCFLAGS=--cap-lints=forbid" "-e" "CARGO_HOME=/opt/rustwide/cargo-home" "-e" "RUSTUP_HOME=/opt/rustwide/rustup-home" "-w" "/opt/rustwide/workdir" "-m" "1610612736" "--user" "0:0" "--network" "none" "ghcr.io/rust-lang/crates-build-env/linux@sha256:819108c5571ea2e421544af4d832f968d213c87fbe3707a016657f43d2f853bc" "/opt/rustwide/cargo-home/bin/cargo" "+nightly-2025-01-18" "test" "--frozen", kill_on_drop: false }`
[INFO] [stdout] 304bb2179e72e21b29b7c399c0e8be43082fa345766d9d2e207b90417400250f
[INFO] running `Command { std: "docker" "start" "-a" "304bb2179e72e21b29b7c399c0e8be43082fa345766d9d2e207b90417400250f", kill_on_drop: false }`
[INFO] [stderr] warning: field `error_correction_level` is never read
[INFO] [stderr]   --> src/csv_decode.rs:29:5
[INFO] [stderr]    |
[INFO] [stderr] 25 | pub struct Scan {
[INFO] [stderr]    |            ---- field in this struct
[INFO] [stderr] ...
[INFO] [stderr] 29 |     error_correction_level: String,
[INFO] [stderr]    |     ^^^^^^^^^^^^^^^^^^^^^^
[INFO] [stderr]    |
[INFO] [stderr]    = note: `Scan` has a derived impl for the trait `Debug`, but this is intentionally ignored during dead code analysis
[INFO] [stderr]    = note: `#[warn(dead_code)]` on by default
[INFO] [stderr] 
[INFO] [stderr] warning: `qrxfil` (bin "qrxfil") generated 1 warning
[INFO] [stderr] warning: `qrxfil` (bin "qrxfil" test) generated 1 warning (1 duplicate)
[INFO] [stderr]     Finished `test` profile [unoptimized + debuginfo] target(s) in 0.15s
[INFO] [stderr]      Running unittests src/main.rs (/opt/rustwide/target/debug/deps/qrxfil-94d5eb882b59ee97)
[INFO] [stdout] 
[INFO] [stdout] running 15 tests
[INFO] [stdout] test chunk_iterator::chunk_iterator_tests::read_ok_twice_leftover_test ... ok
[INFO] [stdout] test chunk_iterator::chunk_iterator_tests::read_ok_thrice_noleftover_test ... ok
[INFO] [stdout] test chunk_iterator::iterator_tests::read_ok_twice_noleftover_test ... ok
[INFO] [stdout] test parser::parse_tests::decode_no_id_test ... ok
[INFO] [stdout] test parser::parse_tests::decode_no_payload_test ... ok
[INFO] [stdout] test parser::parse_tests::decode_no_total_test ... ok
[INFO] [stdout] test chunk_iterator::iterator_tests::read_ok_twice_leftover_test ... ok
[INFO] [stdout] test parser::parse_tests::decode_bad_separator_test ... ok
[INFO] [stdout] test parser::range_tests::range_duplicate_chunk_skipped_test ... ok
[INFO] [stdout] test parser::range_tests::range_total_mismatch_test ... ok
[INFO] [stdout] test parser::range_tests::range_missing_chunk_test ... ok
[INFO] [stdout] test parser::range_tests::range_ok_test ... ok
[INFO] [stdout] test parser::range_tests::range_corrupted_duplicate_chunk_error_test ... ok
[INFO] [stdout] test parser::range_tests::range_too_many_chunks_test ... ok
[INFO] [stdout] test parser::parse_tests::decode_ok_test ... ok
[INFO] [stdout] 
[INFO] [stdout] test result: ok. 15 passed; 0 failed; 0 ignored; 0 measured; 0 filtered out; finished in 0.01s
[INFO] [stdout] 
[INFO] [stderr]      Running tests/end_to_end_test.rs (/opt/rustwide/target/debug/deps/end_to_end_test-bcfecc7dc2c212ad)
[INFO] [stdout] 
[INFO] [stdout] running 6 tests
[INFO] [stdout] test file_to_qr_and_back::single_chunk_encoding ... ok
[INFO] [stdout] test missing_chunk_error ... ok
[INFO] [stdout] test corrupt_duplicate_chunk_fails ... ok
[INFO] [stdout] test out_of_order_chunk_scanning ... ok
[INFO] [stdout] test file_to_qr_and_back::half_dozen_chunks ... ok
[INFO] [stdout] test duplicate_chunk_skips ... ok
[INFO] [stdout] 
[INFO] [stdout] test result: ok. 6 passed; 0 failed; 0 ignored; 0 measured; 0 filtered out; finished in 16.54s
[INFO] [stdout] 
[INFO] [stderr]      Running tests/integration_tests.rs (/opt/rustwide/target/debug/deps/integration_tests-583c4f24e021f4f4)
[INFO] [stdout] 
[INFO] [stdout] running 4 tests
[INFO] [stdout] test csv_restored_happy ... ok
[INFO] [stdout] test file_to_txt_happy ... ok
[INFO] [stdout] test file_to_qr_happy ... ok
[INFO] [stdout] test file_to_pdf_happy ... FAILED
[INFO] [stdout] 
[INFO] [stdout] failures:
[INFO] [stdout] 
[INFO] [stdout] ---- file_to_pdf_happy stdout ----
[INFO] [stdout] 
[INFO] [stdout] thread 'file_to_pdf_happy' panicked at /opt/rustwide/cargo-home/registry/src/index.crates.io-1949cf8c6b5b557f/assert_cmd-1.0.3/src/assert.rs:155:13:
[INFO] [stdout] Unexpected failure.
[INFO] [stdout] code-101
[INFO] [stdout] stderr=```"\nthread \'main\' panicked at src/pdf.rs:79:22:\ncalled `Result::unwrap()` on an `Err` value: Pandoc not found, did you forget to install pandoc?\nstack backtrace:\n   0:     0x5ad22d70604a - std::backtrace_rs::backtrace::libunwind::trace::hb059275cfc8d6126\n                               at /rustc/6067b36314ab5eb2eb47cecc464545ba58e1ad24/library/std/src/../../backtrace/src/backtrace/libunwind.rs:116:5\n   1:     0x5ad22d70604a - std::backtrace_rs::backtrace::trace_unsynchronized::h2da071e4327ce3ee\n                               at /rustc/6067b36314ab5eb2eb47cecc464545ba58e1ad24/library/std/src/../../backtrace/src/backtrace/mod.rs:66:5\n   2:     0x5ad22d70604a - std::sys::backtrace::_print_fmt::h842a1474e6f8d23f\n                               at /rustc/6067b36314ab5eb2eb47cecc464545ba58e1ad24/library/std/src/sys/backtrace.rs:66:9\n   3:     0x5ad22d70604a - <std::sys::backtrace::BacktraceLock::print::DisplayBacktrace as core::fmt::Display>::fmt::h71a62eb3b9696b12\n                               at /rustc/6067b36314ab5eb2eb47cecc464545ba58e1ad24/library/std/src/sys/backtrace.rs:39:26\n   4:     0x5ad22d72f143 - core::fmt::rt::Argument::fmt::hdb6b616786b41dc1\n                               at /rustc/6067b36314ab5eb2eb47cecc464545ba58e1ad24/library/core/src/fmt/rt.rs:177:76\n   5:     0x5ad22d72f143 - core::fmt::write::h2cc1698af7e2d686\n                               at /rustc/6067b36314ab5eb2eb47cecc464545ba58e1ad24/library/core/src/fmt/mod.rs:1440:21\n   6:     0x5ad22d702343 - std::io::Write::write_fmt::h00c8700df393f328\n                               at /rustc/6067b36314ab5eb2eb47cecc464545ba58e1ad24/library/std/src/io/mod.rs:1887:15\n   7:     0x5ad22d705e92 - std::sys::backtrace::BacktraceLock::print::h147fe35b4ea13b08\n                               at /rustc/6067b36314ab5eb2eb47cecc464545ba58e1ad24/library/std/src/sys/backtrace.rs:42:9\n   8:     0x5ad22d70701f - std::panicking::default_hook::{{closure}}::hbd44223dbdc0d208\n                               at /rustc/6067b36314ab5eb2eb47cecc464545ba58e1ad24/library/std/src/panicking.rs:298:22\n   9:     0x5ad22d706e8a - std::panicking::default_hook::h20f81eb0576efcec\n                               at /rustc/6067b36314ab5eb2eb47cecc464545ba58e1ad24/library/std/src/panicking.rs:325:9\n  10:     0x5ad22d707a02 - std::panicking::rust_panic_with_hook::h625eea43051b2edc\n                               at /rustc/6067b36314ab5eb2eb47cecc464545ba58e1ad24/library/std/src/panicking.rs:831:13\n  11:     0x5ad22d70778a - std::panicking::begin_panic_handler::{{closure}}::h4f9159cfbc3f6bd3\n                               at /rustc/6067b36314ab5eb2eb47cecc464545ba58e1ad24/library/std/src/panicking.rs:704:13\n  12:     0x5ad22d706549 - std::sys::backtrace::__rust_end_short_backtrace::h0390abce48353151\n                               at /rustc/6067b36314ab5eb2eb47cecc464545ba58e1ad24/library/std/src/sys/backtrace.rs:168:18\n  13:     0x5ad22d70741d - rust_begin_unwind\n                               at /rustc/6067b36314ab5eb2eb47cecc464545ba58e1ad24/library/std/src/panicking.rs:695:5\n  14:     0x5ad22d72cab0 - core::panicking::panic_fmt::h9e7c637e9e5f29c9\n                               at /rustc/6067b36314ab5eb2eb47cecc464545ba58e1ad24/library/core/src/panicking.rs:75:14\n  15:     0x5ad22d72cf26 - core::result::unwrap_failed::h7979f09313fe1849\n                               at /rustc/6067b36314ab5eb2eb47cecc464545ba58e1ad24/library/core/src/result.rs:1704:5\n  16:     0x5ad22d4d27a3 - core::result::Result<T,E>::unwrap::h7ff9f4db4a0132b0\n                               at /rustc/6067b36314ab5eb2eb47cecc464545ba58e1ad24/library/core/src/result.rs:1109:23\n  17:     0x5ad22d4d27a3 - qrxfil::pdf::genpandoc::h5d2d4d239967433d\n                               at /opt/rustwide/workdir/src/pdf.rs:79:5\n  18:     0x5ad22d4d6d02 - qrxfil::run::hac68e30c53fd1f35\n                               at /opt/rustwide/workdir/src/main.rs:359:9\n  19:     0x5ad22d4d5b73 - qrxfil::main::hf5fa6b5bdcb2e66f\n                               at /opt/rustwide/workdir/src/main.rs:265:30\n  20:     0x5ad22d4cc6cb - core::ops::function::FnOnce::call_once::hb11c0dc15faf12a4\n                               at /rustc/6067b36314ab5eb2eb47cecc464545ba58e1ad24/library/core/src/ops/function.rs:250:5\n  21:     0x5ad22d4dd91e - std::sys::backtrace::__rust_begin_short_backtrace::hd8ee486062a82d04\n                               at /rustc/6067b36314ab5eb2eb47cecc464545ba58e1ad24/library/std/src/sys/backtrace.rs:152:18\n  22:     0x5ad22d4c60f1 - std::rt::lang_start::{{closure}}::h0faa658ce8dc8f69\n                               at /rustc/6067b36314ab5eb2eb47cecc464545ba58e1ad24/library/std/src/rt.rs:194:18\n  23:     0x5ad22d6fd670 - core::ops::function::impls::<impl core::ops::function::FnOnce<A> for &F>::call_once::h1b085b6c1d2518b2\n                               at /rustc/6067b36314ab5eb2eb47cecc464545ba58e1ad24/library/core/src/ops/function.rs:284:13\n  24:     0x5ad22d6fd670 - std::panicking::try::do_call::h382f964a5a23b565\n                               at /rustc/6067b36314ab5eb2eb47cecc464545ba58e1ad24/library/std/src/panicking.rs:587:40\n  25:     0x5ad22d6fd670 - std::panicking::try::h57f991055eb622f9\n                               at /rustc/6067b36314ab5eb2eb47cecc464545ba58e1ad24/library/std/src/panicking.rs:550:19\n  26:     0x5ad22d6fd670 - std::panic::catch_unwind::h4d9a74ef04456343\n                               at /rustc/6067b36314ab5eb2eb47cecc464545ba58e1ad24/library/std/src/panic.rs:358:14\n  27:     0x5ad22d6fd670 - std::rt::lang_start_internal::{{closure}}::h2faa8ae84a93f314\n                               at /rustc/6067b36314ab5eb2eb47cecc464545ba58e1ad24/library/std/src/rt.rs:163:24\n  28:     0x5ad22d6fd670 - std::panicking::try::do_call::h0f8932bf638a9bf5\n                               at /rustc/6067b36314ab5eb2eb47cecc464545ba58e1ad24/library/std/src/panicking.rs:587:40\n  29:     0x5ad22d6fd670 - std::panicking::try::h683416ea756b175d\n                               at /rustc/6067b36314ab5eb2eb47cecc464545ba58e1ad24/library/std/src/panicking.rs:550:19\n  30:     0x5ad22d6fd670 - std::panic::catch_unwind::h56189fac8994979f\n                               at /rustc/6067b36314ab5eb2eb47cecc464545ba58e1ad24/library/std/src/panic.rs:358:14\n  31:     0x5ad22d6fd670 - std::rt::lang_start_internal::h8bbc1061691274fe\n                               at /rustc/6067b36314ab5eb2eb47cecc464545ba58e1ad24/library/std/src/rt.rs:159:5\n  32:     0x5ad22d4c60d7 - std::rt::lang_start::h2151d39b3ca2827d\n                               at /rustc/6067b36314ab5eb2eb47cecc464545ba58e1ad24/library/std/src/rt.rs:193:5\n  33:     0x5ad22d4d8ede - main\n  34:     0x738847c14d90 - <unknown>\n  35:     0x738847c14e40 - __libc_start_main\n  36:     0x5ad22d4a8205 - _start\n  37:                0x0 - <unknown>\n"```
[INFO] [stdout] command=`"/opt/rustwide/target/debug/qrxfil" "pdfprint" "/tmp/.tmpdZX7RE/to_send.bin" "/tmp/.tmpdZX7RE/output_qrs"`
[INFO] [stdout] code=101
[INFO] [stdout] stdout=```"File Some(\"/tmp/.tmpdZX7RE/to_send.bin\"). base64 size: 1368 bytes = 2 chunks of 1KB\nSaving QR 001/2\nSaving QR 002/2\nSplit file in 2 QR chunks, in folder \"/tmp/.tmpdZX7RE/output_qrs\"\n"```
[INFO] [stdout] stderr=```"\nthread \'main\' panicked at src/pdf.rs:79:22:\ncalled `Result::unwrap()` on an `Err` value: Pandoc not found, did you forget to install pandoc?\nstack backtrace:\n   0:     0x5ad22d70604a - std::backtrace_rs::backtrace::libunwind::trace::hb059275cfc8d6126\n                               at /rustc/6067b36314ab5eb2eb47cecc464545ba58e1ad24/library/std/src/../../backtrace/src/backtrace/libunwind.rs:116:5\n   1:     0x5ad22d70604a - std::backtrace_rs::backtrace::trace_unsynchronized::h2da071e4327ce3ee\n                               at /rustc/6067b36314ab5eb2eb47cecc464545ba58e1ad24/library/std/src/../../backtrace/src/backtrace/mod.rs:66:5\n   2:     0x5ad22d70604a - std::sys::backtrace::_print_fmt::h842a1474e6f8d23f\n                               at /rustc/6067b36314ab5eb2eb47cecc464545ba58e1ad24/library/std/src/sys/backtrace.rs:66:9\n   3:     0x5ad22d70604a - <std::sys::backtrace::BacktraceLock::print::DisplayBacktrace as core::fmt::Display>::fmt::h71a62eb3b9696b12\n                               at /rustc/6067b36314ab5eb2eb47cecc464545ba58e1ad24/library/std/src/sys/backtrace.rs:39:26\n   4:     0x5ad22d72f143 - core::fmt::rt::Argument::fmt::hdb6b616786b41dc1\n                               at /rustc/6067b36314ab5eb2eb47cecc464545ba58e1ad24/library/core/src/fmt/rt.rs:177:76\n   5:     0x5ad22d72f143 - core::fmt::write::h2cc1698af7e2d686\n                               at /rustc/6067b36314ab5eb2eb47cecc464545ba58e1ad24/library/core/src/fmt/mod.rs:1440:21\n   6:     0x5ad22d702343 - std::io::Write::write_fmt::h00c8700df393f328\n                               at /rustc/6067b36314ab5eb2eb47cecc464545ba58e1ad24/library/std/src/io/mod.rs:1887:15\n   7:     0x5ad22d705e92 - std::sys::backtrace::BacktraceLock::print::h147fe35b4ea13b08\n                               at /rustc/6067b36314ab5eb2eb47cecc464545ba58e1ad24/library/std/src/sys/backtrace.rs:42:9\n   8:     0x5ad22d70701f - std::panicking::default_hook::{{closure}}::hbd44223dbdc0d208\n                               at /rustc/6067b36314ab5eb2eb47cecc464545ba58e1ad24/library/std/src/panicking.rs:298:22\n   9:     0x5ad22d706e8a - std::panicking::default_hook::h20f81eb0576efcec\n                               at /rustc/6067b36314ab5eb2eb47cecc464545ba58e1ad24/library/std/src/panicking.rs:325:9\n  10:     0x5ad22d707a02 - std::panicking::rust_panic_with_hook::h625eea43051b2edc\n                               at /rustc/6067b36314ab5eb2eb47cecc464545ba58e1ad24/library/std/src/panicking.rs:831:13\n  11:     0x5ad22d70778a - std::panicking::begin_panic_handler::{{closure}}::h4f9159cfbc3f6bd3\n                               at /rustc/6067b36314ab5eb2eb47cecc464545ba58e1ad24/library/std/src/panicking.rs:704:13\n  12:     0x5ad22d706549 - std::sys::backtrace::__rust_end_short_backtrace::h0390abce48353151\n                               at /rustc/6067b36314ab5eb2eb47cecc464545ba58e1ad24/library/std/src/sys/backtrace.rs:168:18\n  13:     0x5ad22d70741d - rust_begin_unwind\n                               at /rustc/6067b36314ab5eb2eb47cecc464545ba58e1ad24/library/std/src/panicking.rs:695:5\n  14:     0x5ad22d72cab0 - core::panicking::panic_fmt::h9e7c637e9e5f29c9\n                               at /rustc/6067b36314ab5eb2eb47cecc464545ba58e1ad24/library/core/src/panicking.rs:75:14\n  15:     0x5ad22d72cf26 - core::result::unwrap_failed::h7979f09313fe1849\n                               at /rustc/6067b36314ab5eb2eb47cecc464545ba58e1ad24/library/core/src/result.rs:1704:5\n  16:     0x5ad22d4d27a3 - core::result::Result<T,E>::unwrap::h7ff9f4db4a0132b0\n                               at /rustc/6067b36314ab5eb2eb47cecc464545ba58e1ad24/library/core/src/result.rs:1109:23\n  17:     0x5ad22d4d27a3 - qrxfil::pdf::genpandoc::h5d2d4d239967433d\n                               at /opt/rustwide/workdir/src/pdf.rs:79:5\n  18:     0x5ad22d4d6d02 - qrxfil::run::hac68e30c53fd1f35\n                               at /opt/rustwide/workdir/src/main.rs:359:9\n  19:     0x5ad22d4d5b73 - qrxfil::main::hf5fa6b5bdcb2e66f\n                               at /opt/rustwide/workdir/src/main.rs:265:30\n  20:     0x5ad22d4cc6cb - core::ops::function::FnOnce::call_once::hb11c0dc15faf12a4\n                               at /rustc/6067b36314ab5eb2eb47cecc464545ba58e1ad24/library/core/src/ops/function.rs:250:5\n  21:     0x5ad22d4dd91e - std::sys::backtrace::__rust_begin_short_backtrace::hd8ee486062a82d04\n                               at /rustc/6067b36314ab5eb2eb47cecc464545ba58e1ad24/library/std/src/sys/backtrace.rs:152:18\n  22:     0x5ad22d4c60f1 - std::rt::lang_start::{{closure}}::h0faa658ce8dc8f69\n                               at /rustc/6067b36314ab5eb2eb47cecc464545ba58e1ad24/library/std/src/rt.rs:194:18\n  23:     0x5ad22d6fd670 - core::ops::function::impls::<impl core::ops::function::FnOnce<A> for &F>::call_once::h1b085b6c1d2518b2\n                               at /rustc/6067b36314ab5eb2eb47cecc464545ba58e1ad24/library/core/src/ops/function.rs:284:13\n  24:     0x5ad22d6fd670 - std::panicking::try::do_call::h382f964a5a23b565\n                               at /rustc/6067b36314ab5eb2eb47cecc464545ba58e1ad24/library/std/src/panicking.rs:587:40\n  25:     0x5ad22d6fd670 - std::panicking::try::h57f991055eb622f9\n                               at /rustc/6067b36314ab5eb2eb47cecc464545ba58e1ad24/library/std/src/panicking.rs:550:19\n  26:     0x5ad22d6fd670 - std::panic::catch_unwind::h4d9a74ef04456343\n                               at /rustc/6067b36314ab5eb2eb47cecc464545ba58e1ad24/library/std/src/panic.rs:358:14\n  27:     0x5ad22d6fd670 - std::rt::lang_start_internal::{{closure}}::h2faa8ae84a93f314\n                               at /rustc/6067b36314ab5eb2eb47cecc464545ba58e1ad24/library/std/src/rt.rs:163:24\n  28:     0x5ad22d6fd670 - std::panicking::try::do_call::h0f8932bf638a9bf5\n                               at /rustc/6067b36314ab5eb2eb47cecc464545ba58e1ad24/library/std/src/panicking.rs:587:40\n  29:     0x5ad22d6fd670 - std::panicking::try::h683416ea756b175d\n                               at /rustc/6067b36314ab5eb2eb47cecc464545ba58e1ad24/library/std/src/panicking.rs:550:19\n  30:     0x5ad22d6fd670 - std::panic::catch_unwind::h56189fac8994979f\n                               at /rustc/6067b36314ab5eb2eb47cecc464545ba58e1ad24/library/std/src/panic.rs:358:14\n  31:     0x5ad22d6fd670 - std::rt::lang_start_internal::h8bbc1061691274fe\n                               at /rustc/6067b36314ab5eb2eb47cecc464545ba58e1ad24/library/std/src/rt.rs:159:5\n  32:     0x5ad22d4c60d7 - std::rt::lang_start::h2151d39b3ca2827d\n                               at /rustc/6067b36314ab5eb2eb47cecc464545ba58e1ad24/library/std/src/rt.rs:193:5\n  33:     0x5ad22d4d8ede - main\n  34:     0x738847c14d90 - <unknown>\n  35:     0x738847c14e40 - __libc_start_main\n  36:     0x5ad22d4a8205 - _start\n  37:                0x0 - <unknown>\n"```
[INFO] [stdout] 
[INFO] [stdout] stack backtrace:
[INFO] [stdout]    0:     0x57e719bd019a - std::backtrace_rs::backtrace::libunwind::trace::hb059275cfc8d6126
[INFO] [stdout]                                at /rustc/6067b36314ab5eb2eb47cecc464545ba58e1ad24/library/std/src/../../backtrace/src/backtrace/libunwind.rs:116:5
[INFO] [stdout]    1:     0x57e719bd019a - std::backtrace_rs::backtrace::trace_unsynchronized::h2da071e4327ce3ee
[INFO] [stdout]                                at /rustc/6067b36314ab5eb2eb47cecc464545ba58e1ad24/library/std/src/../../backtrace/src/backtrace/mod.rs:66:5
[INFO] [stdout]    2:     0x57e719bd019a - std::sys::backtrace::_print_fmt::h842a1474e6f8d23f
[INFO] [stdout]                                at /rustc/6067b36314ab5eb2eb47cecc464545ba58e1ad24/library/std/src/sys/backtrace.rs:66:9
[INFO] [stdout]    3:     0x57e719bd019a - <std::sys::backtrace::BacktraceLock::print::DisplayBacktrace as core::fmt::Display>::fmt::h71a62eb3b9696b12
[INFO] [stdout]                                at /rustc/6067b36314ab5eb2eb47cecc464545ba58e1ad24/library/std/src/sys/backtrace.rs:39:26
[INFO] [stdout]    4:     0x57e719bfc583 - core::fmt::rt::Argument::fmt::hdb6b616786b41dc1
[INFO] [stdout]                                at /rustc/6067b36314ab5eb2eb47cecc464545ba58e1ad24/library/core/src/fmt/rt.rs:177:76
[INFO] [stdout]    5:     0x57e719bfc583 - core::fmt::write::h2cc1698af7e2d686
[INFO] [stdout]                                at /rustc/6067b36314ab5eb2eb47cecc464545ba58e1ad24/library/core/src/fmt/mod.rs:1440:21
[INFO] [stdout]    6:     0x57e719bcc3c3 - std::io::Write::write_fmt::hab1b4cd059a79022
[INFO] [stdout]                                at /rustc/6067b36314ab5eb2eb47cecc464545ba58e1ad24/library/std/src/io/mod.rs:1887:15
[INFO] [stdout]    7:     0x57e719bcffe2 - std::sys::backtrace::BacktraceLock::print::h147fe35b4ea13b08
[INFO] [stdout]                                at /rustc/6067b36314ab5eb2eb47cecc464545ba58e1ad24/library/std/src/sys/backtrace.rs:42:9
[INFO] [stdout]    8:     0x57e719bd163f - std::panicking::default_hook::{{closure}}::hbd44223dbdc0d208
[INFO] [stdout]                                at /rustc/6067b36314ab5eb2eb47cecc464545ba58e1ad24/library/std/src/panicking.rs:298:22
[INFO] [stdout]    9:     0x57e719bd1458 - std::panicking::default_hook::h20f81eb0576efcec
[INFO] [stdout]                                at /rustc/6067b36314ab5eb2eb47cecc464545ba58e1ad24/library/std/src/panicking.rs:322:9
[INFO] [stdout]   10:     0x57e719993e43 - <alloc::boxed::Box<F,A> as core::ops::function::Fn<Args>>::call::hdb53814c496a4d34
[INFO] [stdout]                                at /rustc/6067b36314ab5eb2eb47cecc464545ba58e1ad24/library/alloc/src/boxed.rs:2027:9
[INFO] [stdout]   11:     0x57e719993e43 - test::test_main::{{closure}}::hc0a4963c59427c24
[INFO] [stdout]                                at /rustc/6067b36314ab5eb2eb47cecc464545ba58e1ad24/library/test/src/lib.rs:134:21
[INFO] [stdout]   12:     0x57e719bd2133 - <alloc::boxed::Box<F,A> as core::ops::function::Fn<Args>>::call::h591b2225413a77e9
[INFO] [stdout]                                at /rustc/6067b36314ab5eb2eb47cecc464545ba58e1ad24/library/alloc/src/boxed.rs:2027:9
[INFO] [stdout]   13:     0x57e719bd2133 - std::panicking::rust_panic_with_hook::h625eea43051b2edc
[INFO] [stdout]                                at /rustc/6067b36314ab5eb2eb47cecc464545ba58e1ad24/library/std/src/panicking.rs:839:13
[INFO] [stdout]   14:     0x57e719bd1dea - std::panicking::begin_panic_handler::{{closure}}::h4f9159cfbc3f6bd3
[INFO] [stdout]                                at /rustc/6067b36314ab5eb2eb47cecc464545ba58e1ad24/library/std/src/panicking.rs:704:13
[INFO] [stdout]   15:     0x57e719bd0699 - std::sys::backtrace::__rust_end_short_backtrace::h0390abce48353151
[INFO] [stdout]                                at /rustc/6067b36314ab5eb2eb47cecc464545ba58e1ad24/library/std/src/sys/backtrace.rs:168:18
[INFO] [stdout]   16:     0x57e719bd1a7d - rust_begin_unwind
[INFO] [stdout]                                at /rustc/6067b36314ab5eb2eb47cecc464545ba58e1ad24/library/std/src/panicking.rs:695:5
[INFO] [stdout]   17:     0x57e719bfa1f0 - core::panicking::panic_fmt::h9e7c637e9e5f29c9
[INFO] [stdout]                                at /rustc/6067b36314ab5eb2eb47cecc464545ba58e1ad24/library/core/src/panicking.rs:75:14
[INFO] [stdout]   18:     0x57e719a4a418 - assert_cmd::assert::Assert::success::haeaa57c027c91a39
[INFO] [stdout]                                at /opt/rustwide/cargo-home/registry/src/index.crates.io-1949cf8c6b5b557f/assert_cmd-1.0.3/src/assert.rs:155:13
[INFO] [stdout]   19:     0x57e7197cc1b3 - integration_tests::file_to_pdf_happy::h9d9db1fe63a89d95
[INFO] [stdout]                                at /opt/rustwide/workdir/tests/integration_tests.rs:92:5
[INFO] [stdout]   20:     0x57e7197cbc37 - integration_tests::file_to_pdf_happy::{{closure}}::ha0bf5cde716b35a8
[INFO] [stdout]                                at /opt/rustwide/workdir/tests/integration_tests.rs:70:23
[INFO] [stdout]   21:     0x57e7197c4466 - core::ops::function::FnOnce::call_once::hc77d3b6a3b7dd376
[INFO] [stdout]                                at /rustc/6067b36314ab5eb2eb47cecc464545ba58e1ad24/library/core/src/ops/function.rs:250:5
[INFO] [stdout]   22:     0x57e71999959b - core::ops::function::FnOnce::call_once::he27718dfdd183f43
[INFO] [stdout]                                at /rustc/6067b36314ab5eb2eb47cecc464545ba58e1ad24/library/core/src/ops/function.rs:250:5
[INFO] [stdout]   23:     0x57e71999959b - test::__rust_begin_short_backtrace::h4e84902998457a5d
[INFO] [stdout]                                at /rustc/6067b36314ab5eb2eb47cecc464545ba58e1ad24/library/test/src/lib.rs:632:18
[INFO] [stdout]   24:     0x57e7199984d3 - test::run_test_in_process::{{closure}}::h7176fd18fc1feca0
[INFO] [stdout]                                at /rustc/6067b36314ab5eb2eb47cecc464545ba58e1ad24/library/test/src/lib.rs:655:60
[INFO] [stdout]   25:     0x57e7199984d3 - <core::panic::unwind_safe::AssertUnwindSafe<F> as core::ops::function::FnOnce<()>>::call_once::hf79cff2a624d8cf7
[INFO] [stdout]                                at /rustc/6067b36314ab5eb2eb47cecc464545ba58e1ad24/library/core/src/panic/unwind_safe.rs:272:9
[INFO] [stdout]   26:     0x57e7199984d3 - std::panicking::try::do_call::h3da0561d9ab99c25
[INFO] [stdout]                                at /rustc/6067b36314ab5eb2eb47cecc464545ba58e1ad24/library/std/src/panicking.rs:587:40
[INFO] [stdout]   27:     0x57e7199984d3 - std::panicking::try::h41c9fa508bc61df6
[INFO] [stdout]                                at /rustc/6067b36314ab5eb2eb47cecc464545ba58e1ad24/library/std/src/panicking.rs:550:19
[INFO] [stdout]   28:     0x57e7199984d3 - std::panic::catch_unwind::h6b3ff07bb5afad93
[INFO] [stdout]                                at /rustc/6067b36314ab5eb2eb47cecc464545ba58e1ad24/library/std/src/panic.rs:358:14
[INFO] [stdout]   29:     0x57e7199984d3 - test::run_test_in_process::hc7253dd11b39b9f4
[INFO] [stdout]                                at /rustc/6067b36314ab5eb2eb47cecc464545ba58e1ad24/library/test/src/lib.rs:655:27
[INFO] [stdout]   30:     0x57e7199984d3 - test::run_test::{{closure}}::hfb2007f8649c30bb
[INFO] [stdout]                                at /rustc/6067b36314ab5eb2eb47cecc464545ba58e1ad24/library/test/src/lib.rs:576:43
[INFO] [stdout]   31:     0x57e71995b5b5 - test::run_test::{{closure}}::h56a17aa7a282a9f4
[INFO] [stdout]                                at /rustc/6067b36314ab5eb2eb47cecc464545ba58e1ad24/library/test/src/lib.rs:606:41
[INFO] [stdout]   32:     0x57e71995b5b5 - std::sys::backtrace::__rust_begin_short_backtrace::hd2d2d2fb8e8c6aac
[INFO] [stdout]                                at /rustc/6067b36314ab5eb2eb47cecc464545ba58e1ad24/library/std/src/sys/backtrace.rs:152:18
[INFO] [stdout]   33:     0x57e71995ee9a - std::thread::Builder::spawn_unchecked_::{{closure}}::{{closure}}::h4faa3f9db6133423
[INFO] [stdout]                                at /rustc/6067b36314ab5eb2eb47cecc464545ba58e1ad24/library/std/src/thread/mod.rs:559:17
[INFO] [stdout]   34:     0x57e71995ee9a - <core::panic::unwind_safe::AssertUnwindSafe<F> as core::ops::function::FnOnce<()>>::call_once::hf2e855a36a4ea846
[INFO] [stdout]                                at /rustc/6067b36314ab5eb2eb47cecc464545ba58e1ad24/library/core/src/panic/unwind_safe.rs:272:9
[INFO] [stdout]   35:     0x57e71995ee9a - std::panicking::try::do_call::h2f73af3616c35465
[INFO] [stdout]                                at /rustc/6067b36314ab5eb2eb47cecc464545ba58e1ad24/library/std/src/panicking.rs:587:40
[INFO] [stdout]   36:     0x57e71995ee9a - std::panicking::try::hd1660ce9efadef5a
[INFO] [stdout]                                at /rustc/6067b36314ab5eb2eb47cecc464545ba58e1ad24/library/std/src/panicking.rs:550:19
[INFO] [stdout]   37:     0x57e71995ee9a - std::panic::catch_unwind::h5ee8d7823b8ca744
[INFO] [stdout]                                at /rustc/6067b36314ab5eb2eb47cecc464545ba58e1ad24/library/std/src/panic.rs:358:14
[INFO] [stdout]   38:     0x57e71995ee9a - std::thread::Builder::spawn_unchecked_::{{closure}}::h53c3a1894dce8407
[INFO] [stdout]                                at /rustc/6067b36314ab5eb2eb47cecc464545ba58e1ad24/library/std/src/thread/mod.rs:557:30
[INFO] [stdout]   39:     0x57e71995ee9a - core::ops::function::FnOnce::call_once{{vtable.shim}}::h048ce291ad4f62bf
[INFO] [stdout]                                at /rustc/6067b36314ab5eb2eb47cecc464545ba58e1ad24/library/core/src/ops/function.rs:250:5
[INFO] [stdout]   40:     0x57e719bd85eb - <alloc::boxed::Box<F,A> as core::ops::function::FnOnce<Args>>::call_once::ha52bedf99a3b4981
[INFO] [stdout]                                at /rustc/6067b36314ab5eb2eb47cecc464545ba58e1ad24/library/alloc/src/boxed.rs:2013:9
[INFO] [stdout]   41:     0x57e719bd85eb - <alloc::boxed::Box<F,A> as core::ops::function::FnOnce<Args>>::call_once::h567748934d80ccf8
[INFO] [stdout]                                at /rustc/6067b36314ab5eb2eb47cecc464545ba58e1ad24/library/alloc/src/boxed.rs:2013:9
[INFO] [stdout]   42:     0x57e719bd85eb - std::sys::pal::unix::thread::Thread::new::thread_start::h2d970728ae887adc
[INFO] [stdout]                                at /rustc/6067b36314ab5eb2eb47cecc464545ba58e1ad24/library/std/src/sys/pal/unix/thread.rs:106:17
[INFO] [stdout]   43:     0x7b55adcd8ac3 - <unknown>
[INFO] [stdout]   44:     0x7b55add69a04 - clone
[INFO] [stdout]   45:                0x0 - <unknown>
[INFO] [stdout] 
[INFO] [stdout] 
[INFO] [stdout] failures:
[INFO] [stdout]     file_to_pdf_happy
[INFO] [stdout] 
[INFO] [stdout] test result: FAILED. 3 passed; 1 failed; 0 ignored; 0 measured; 0 filtered out; finished in 1.17s
[INFO] [stdout] 
[INFO] [stderr] error: test failed, to rerun pass `--test integration_tests`
[INFO] running `Command { std: "docker" "inspect" "304bb2179e72e21b29b7c399c0e8be43082fa345766d9d2e207b90417400250f", kill_on_drop: false }`
[INFO] running `Command { std: "docker" "rm" "-f" "304bb2179e72e21b29b7c399c0e8be43082fa345766d9d2e207b90417400250f", kill_on_drop: false }`
[INFO] [stdout] 304bb2179e72e21b29b7c399c0e8be43082fa345766d9d2e207b90417400250f
