[INFO] cloning repository https://github.com/Nugine/carapace
[INFO] running `Command { std: "git" "-c" "credential.helper=" "-c" "credential.helper=/workspace/cargo-home/bin/git-credential-null" "clone" "--bare" "https://github.com/Nugine/carapace" "/workspace/cache/git-repos/https%3A%2F%2Fgithub.com%2FNugine%2Fcarapace", kill_on_drop: false }`
[INFO] [stderr] Cloning into bare repository '/workspace/cache/git-repos/https%3A%2F%2Fgithub.com%2FNugine%2Fcarapace'...
[INFO] running `Command { std: "git" "rev-parse" "HEAD", kill_on_drop: false }`
[INFO] [stdout] a8c98d2aa42928ef0ac372f190580e303d3a051f
[INFO] testing Nugine/carapace against nightly-2025-01-18+rustflags=-Zrandomize-layout for randomize-layout-2
[INFO] running `Command { std: "git" "clone" "/workspace/cache/git-repos/https%3A%2F%2Fgithub.com%2FNugine%2Fcarapace" "/workspace/builds/worker-1-tc2/source", kill_on_drop: false }`
[INFO] [stderr] Cloning into '/workspace/builds/worker-1-tc2/source'...
[INFO] [stderr] done.
[INFO] validating manifest of git repo https://github.com/Nugine/carapace on toolchain nightly-2025-01-18
[INFO] running `Command { std: CARGO_HOME="/workspace/cargo-home" RUSTUP_HOME="/workspace/rustup-home" "/workspace/cargo-home/bin/cargo" "+nightly-2025-01-18" "metadata" "--manifest-path" "Cargo.toml" "--no-deps", kill_on_drop: false }`
[INFO] removed /workspace/builds/worker-1-tc2/source/.cargo/config.toml
[INFO] started tweaking git repo https://github.com/Nugine/carapace
[INFO] finished tweaking git repo https://github.com/Nugine/carapace
[INFO] tweaked toml for git repo https://github.com/Nugine/carapace written to /workspace/builds/worker-1-tc2/source/Cargo.toml
[INFO] crate git repo https://github.com/Nugine/carapace already has a lockfile, it will not be regenerated
[INFO] running `Command { std: CARGO_HOME="/workspace/cargo-home" RUSTUP_HOME="/workspace/rustup-home" "/workspace/cargo-home/bin/cargo" "+nightly-2025-01-18" "fetch" "--manifest-path" "Cargo.toml", kill_on_drop: false }`
[INFO] running `Command { std: "docker" "create" "-v" "/var/lib/crater-agent-workspace/builds/worker-1-tc2/target:/opt/rustwide/target:rw,Z" "-v" "/var/lib/crater-agent-workspace/builds/worker-1-tc2/source:/opt/rustwide/workdir:ro,Z" "-v" "/var/lib/crater-agent-workspace/cargo-home:/opt/rustwide/cargo-home:ro,Z" "-v" "/var/lib/crater-agent-workspace/rustup-home:/opt/rustwide/rustup-home:ro,Z" "-e" "SOURCE_DIR=/opt/rustwide/workdir" "-e" "CARGO_TARGET_DIR=/opt/rustwide/target" "-e" "CARGO_HOME=/opt/rustwide/cargo-home" "-e" "RUSTUP_HOME=/opt/rustwide/rustup-home" "-w" "/opt/rustwide/workdir" "-m" "1610612736" "--user" "0:0" "--network" "none" "ghcr.io/rust-lang/crates-build-env/linux@sha256:819108c5571ea2e421544af4d832f968d213c87fbe3707a016657f43d2f853bc" "/opt/rustwide/cargo-home/bin/cargo" "+nightly-2025-01-18" "metadata" "--no-deps" "--format-version=1", kill_on_drop: false }`
[INFO] [stdout] 3a539b665d0e77ddba56442c627789d298d210ae1ee2f6418c2fae4cc43db13a
[INFO] running `Command { std: "docker" "start" "-a" "3a539b665d0e77ddba56442c627789d298d210ae1ee2f6418c2fae4cc43db13a", kill_on_drop: false }`
[INFO] running `Command { std: "docker" "inspect" "3a539b665d0e77ddba56442c627789d298d210ae1ee2f6418c2fae4cc43db13a", kill_on_drop: false }`
[INFO] running `Command { std: "docker" "rm" "-f" "3a539b665d0e77ddba56442c627789d298d210ae1ee2f6418c2fae4cc43db13a", kill_on_drop: false }`
[INFO] [stdout] 3a539b665d0e77ddba56442c627789d298d210ae1ee2f6418c2fae4cc43db13a
[INFO] running `Command { std: "docker" "create" "-v" "/var/lib/crater-agent-workspace/builds/worker-1-tc2/target:/opt/rustwide/target:rw,Z" "-v" "/var/lib/crater-agent-workspace/builds/worker-1-tc2/source:/opt/rustwide/workdir:ro,Z" "-v" "/var/lib/crater-agent-workspace/cargo-home:/opt/rustwide/cargo-home:ro,Z" "-v" "/var/lib/crater-agent-workspace/rustup-home:/opt/rustwide/rustup-home:ro,Z" "-e" "SOURCE_DIR=/opt/rustwide/workdir" "-e" "CARGO_TARGET_DIR=/opt/rustwide/target" "-e" "CARGO_INCREMENTAL=0" "-e" "RUST_BACKTRACE=full" "-e" "RUSTFLAGS=--cap-lints=forbid -Zrandomize-layout" "-e" "RUSTDOCFLAGS=--cap-lints=forbid" "-e" "CARGO_HOME=/opt/rustwide/cargo-home" "-e" "RUSTUP_HOME=/opt/rustwide/rustup-home" "-w" "/opt/rustwide/workdir" "-m" "1610612736" "--user" "0:0" "--network" "none" "ghcr.io/rust-lang/crates-build-env/linux@sha256:819108c5571ea2e421544af4d832f968d213c87fbe3707a016657f43d2f853bc" "/opt/rustwide/cargo-home/bin/cargo" "+nightly-2025-01-18" "build" "--frozen" "--message-format=json", kill_on_drop: false }`
[INFO] [stdout] 9e58bc1b3e0f4b3edf0eac3504165e53cfd920613e06f847168db611a6cd3707
[INFO] running `Command { std: "docker" "start" "-a" "9e58bc1b3e0f4b3edf0eac3504165e53cfd920613e06f847168db611a6cd3707", kill_on_drop: false }`
[INFO] [stderr]    Compiling autocfg v1.0.1
[INFO] [stderr]    Compiling proc-macro2 v1.0.29
[INFO] [stderr]    Compiling unicode-xid v0.2.2
[INFO] [stderr]    Compiling libc v0.2.101
[INFO] [stderr]    Compiling syn v1.0.75
[INFO] [stderr]    Compiling version_check v0.9.3
[INFO] [stderr]    Compiling serde_derive v1.0.130
[INFO] [stderr]    Compiling serde v1.0.130
[INFO] [stderr]    Compiling regex-syntax v0.6.25
[INFO] [stderr]    Compiling once_cell v1.8.0
[INFO] [stderr]    Compiling log v0.4.14
[INFO] [stderr]    Compiling serde_json v1.0.67
[INFO] [stderr]    Compiling pin-project-lite v0.2.7
[INFO] [stderr]    Compiling tracing-core v0.1.19
[INFO] [stderr]    Compiling bitflags v1.2.1
[INFO] [stderr]    Compiling unicode-segmentation v1.8.0
[INFO] [stderr]    Compiling itoa v0.4.8
[INFO] [stderr]    Compiling sharded-slab v0.1.3
[INFO] [stderr]    Compiling thread_local v1.1.3
[INFO] [stderr]    Compiling smallvec v1.6.1
[INFO] [stderr]    Compiling num-traits v0.2.14
[INFO] [stderr]    Compiling num-integer v0.1.44
[INFO] [stderr]    Compiling memoffset v0.6.4
[INFO] [stderr]    Compiling indexmap v1.7.0
[INFO] [stderr]    Compiling tokio v1.11.0
[INFO] [stderr]    Compiling memchr v2.4.1
[INFO] [stderr]    Compiling heck v0.3.3
[INFO] [stderr]    Compiling unicode-width v0.1.8
[INFO] [stderr]    Compiling seccomp-sys v0.1.3
[INFO] [stderr]    Compiling ppv-lite86 v0.2.10
[INFO] [stderr]    Compiling proc-macro-error-attr v1.0.4
[INFO] [stderr]    Compiling proc-macro-error v1.0.4
[INFO] [stderr]    Compiling anyhow v1.0.43
[INFO] [stderr]    Compiling tracing-log v0.1.2
[INFO] [stderr]    Compiling textwrap v0.14.2
[INFO] [stderr]    Compiling quote v1.0.9
[INFO] [stderr]    Compiling path-dedot v3.0.12
[INFO] [stderr]    Compiling vec_map v0.8.2
[INFO] [stderr]    Compiling termcolor v1.1.2
[INFO] [stderr]    Compiling strsim v0.10.0
[INFO] [stderr]    Compiling os_str_bytes v3.1.0
[INFO] [stderr]    Compiling path-absolutize v3.0.10
[INFO] [stderr]    Compiling aligned-utils v1.0.2
[INFO] [stderr]    Compiling dotenv v0.15.0
[INFO] [stderr]    Compiling scopeguard v1.1.0
[INFO] [stderr]    Compiling getrandom v0.2.3
[INFO] [stderr]    Compiling chrono v0.4.19
[INFO] [stderr]    Compiling atty v0.2.14
[INFO] [stderr]    Compiling num_cpus v1.13.0
[INFO] [stderr]    Compiling rlimit v0.6.2
[INFO] [stderr]    Compiling nix v0.22.1
[INFO] [stderr]    Compiling rand_core v0.6.3
[INFO] [stderr]    Compiling rand_chacha v0.3.1
[INFO] [stderr]    Compiling regex-automata v0.1.10
[INFO] [stderr]    Compiling regex v1.5.4
[INFO] [stderr]    Compiling rand v0.8.4
[INFO] [stderr]    Compiling matchers v0.0.1
[INFO] [stderr]    Compiling tracing-attributes v0.1.15
[INFO] [stderr]    Compiling clap_derive v3.0.0-beta.4
[INFO] [stderr]    Compiling tokio-macros v1.3.0
[INFO] [stderr]    Compiling tracing v0.1.26
[INFO] [stderr]    Compiling clap v3.0.0-beta.4
[INFO] [stderr]    Compiling tracing-serde v0.1.2
[INFO] [stderr]    Compiling tracing-subscriber v0.2.20
[INFO] [stderr]    Compiling tracing-error v0.1.2
[INFO] [stderr]    Compiling carapace v0.2.1-dev (/opt/rustwide/workdir)
[INFO] [stderr]     Finished `dev` profile [unoptimized + debuginfo] target(s) in 17.33s
[INFO] running `Command { std: "docker" "inspect" "9e58bc1b3e0f4b3edf0eac3504165e53cfd920613e06f847168db611a6cd3707", kill_on_drop: false }`
[INFO] running `Command { std: "docker" "rm" "-f" "9e58bc1b3e0f4b3edf0eac3504165e53cfd920613e06f847168db611a6cd3707", kill_on_drop: false }`
[INFO] [stdout] 9e58bc1b3e0f4b3edf0eac3504165e53cfd920613e06f847168db611a6cd3707
[INFO] running `Command { std: "docker" "create" "-v" "/var/lib/crater-agent-workspace/builds/worker-1-tc2/target:/opt/rustwide/target:rw,Z" "-v" "/var/lib/crater-agent-workspace/builds/worker-1-tc2/source:/opt/rustwide/workdir:ro,Z" "-v" "/var/lib/crater-agent-workspace/cargo-home:/opt/rustwide/cargo-home:ro,Z" "-v" "/var/lib/crater-agent-workspace/rustup-home:/opt/rustwide/rustup-home:ro,Z" "-e" "SOURCE_DIR=/opt/rustwide/workdir" "-e" "CARGO_TARGET_DIR=/opt/rustwide/target" "-e" "CARGO_INCREMENTAL=0" "-e" "RUST_BACKTRACE=full" "-e" "RUSTFLAGS=--cap-lints=forbid -Zrandomize-layout" "-e" "RUSTDOCFLAGS=--cap-lints=forbid" "-e" "CARGO_HOME=/opt/rustwide/cargo-home" "-e" "RUSTUP_HOME=/opt/rustwide/rustup-home" "-w" "/opt/rustwide/workdir" "-m" "1610612736" "--user" "0:0" "--network" "none" "ghcr.io/rust-lang/crates-build-env/linux@sha256:819108c5571ea2e421544af4d832f968d213c87fbe3707a016657f43d2f853bc" "/opt/rustwide/cargo-home/bin/cargo" "+nightly-2025-01-18" "test" "--frozen" "--no-run" "--message-format=json", kill_on_drop: false }`
[INFO] [stdout] 2c41dbb5c40793eb3527b916c019e89048287bb90cfdc798b8eefcbb62bc76fa
[INFO] running `Command { std: "docker" "start" "-a" "2c41dbb5c40793eb3527b916c019e89048287bb90cfdc798b8eefcbb62bc76fa", kill_on_drop: false }`
[INFO] [stderr]    Compiling carapace v0.2.1-dev (/opt/rustwide/workdir)
[INFO] [stderr]     Finished `test` profile [unoptimized + debuginfo] target(s) in 0.59s
[INFO] running `Command { std: "docker" "inspect" "2c41dbb5c40793eb3527b916c019e89048287bb90cfdc798b8eefcbb62bc76fa", kill_on_drop: false }`
[INFO] running `Command { std: "docker" "rm" "-f" "2c41dbb5c40793eb3527b916c019e89048287bb90cfdc798b8eefcbb62bc76fa", kill_on_drop: false }`
[INFO] [stdout] 2c41dbb5c40793eb3527b916c019e89048287bb90cfdc798b8eefcbb62bc76fa
[INFO] running `Command { std: "docker" "create" "-v" "/var/lib/crater-agent-workspace/builds/worker-1-tc2/target:/opt/rustwide/target:rw,Z" "-v" "/var/lib/crater-agent-workspace/builds/worker-1-tc2/source:/opt/rustwide/workdir:ro,Z" "-v" "/var/lib/crater-agent-workspace/cargo-home:/opt/rustwide/cargo-home:ro,Z" "-v" "/var/lib/crater-agent-workspace/rustup-home:/opt/rustwide/rustup-home:ro,Z" "-e" "SOURCE_DIR=/opt/rustwide/workdir" "-e" "CARGO_TARGET_DIR=/opt/rustwide/target" "-e" "CARGO_INCREMENTAL=0" "-e" "RUST_BACKTRACE=full" "-e" "RUSTFLAGS=--cap-lints=forbid -Zrandomize-layout" "-e" "RUSTDOCFLAGS=--cap-lints=forbid" "-e" "CARGO_HOME=/opt/rustwide/cargo-home" "-e" "RUSTUP_HOME=/opt/rustwide/rustup-home" "-w" "/opt/rustwide/workdir" "-m" "1610612736" "--user" "0:0" "--network" "none" "ghcr.io/rust-lang/crates-build-env/linux@sha256:819108c5571ea2e421544af4d832f968d213c87fbe3707a016657f43d2f853bc" "/opt/rustwide/cargo-home/bin/cargo" "+nightly-2025-01-18" "test" "--frozen", kill_on_drop: false }`
[INFO] [stdout] eddd811829b2ce402bfffc3048e3b1dd3b0c68e171c674cde7e64c2cde192963
[INFO] running `Command { std: "docker" "start" "-a" "eddd811829b2ce402bfffc3048e3b1dd3b0c68e171c674cde7e64c2cde192963", kill_on_drop: false }`
[INFO] [stderr]     Finished `test` profile [unoptimized + debuginfo] target(s) in 0.07s
[INFO] [stderr]      Running unittests src/lib.rs (/opt/rustwide/target/debug/deps/carapace-8c61a373fb850fb6)
[INFO] [stdout] 
[INFO] [stdout] running 0 tests
[INFO] [stdout] 
[INFO] [stdout] test result: ok. 0 passed; 0 failed; 0 ignored; 0 measured; 0 filtered out; finished in 0.00s
[INFO] [stdout] 
[INFO] [stderr]      Running unittests src/main.rs (/opt/rustwide/target/debug/deps/carapace-29bba29c42adcb9a)
[INFO] [stdout] 
[INFO] [stdout] running 0 tests
[INFO] [stdout] 
[INFO] [stdout] test result: ok. 0 passed; 0 failed; 0 ignored; 0 measured; 0 filtered out; finished in 0.00s
[INFO] [stdout] 
[INFO] [stderr]      Running tests/hack.rs (/opt/rustwide/target/debug/deps/hack-c38fd40e736fae86)
[INFO] [stdout] 
[INFO] [stdout] running 6 tests
[INFO] [stdout]   [2m2025-01-20T07:13:31.564429411+00:00[0m [32m INFO[0m [1;32mhack[0m[32m: [32mt04_includebomb src = tests/assets/includebomb.c, bin = /tmp/carapace_test/t04_includebomb[0m
[INFO] [stdout]     [2;3mat[0m tests/hack.rs:64[2;3m
[INFO] [stdout] [0m
[INFO] [stdout]   [2m2025-01-20T07:13:31.564434201+00:00[0m [32m INFO[0m [1;32mhack[0m[32m: [32mt05_oom src = tests/assets/oom.c, bin = /tmp/carapace_test/t05_oom[0m
[INFO] [stdout]     [2;3mat[0m tests/hack.rs:79[2;3m
[INFO] [stdout] [0m
[INFO] [stdout]   [2m2025-01-20T07:13:31.564442861+00:00[0m [32m INFO[0m [1;32mhack[0m[32m: [32mt01_empty src = tests/assets/empty.c, bin = /tmp/carapace_test/t01_empty[0m
[INFO] [stdout]     [2;3mat[0m tests/hack.rs:79[2;3m
[INFO] [stdout] [0m
[INFO] [stdout]   [2m2025-01-20T07:13:31.564446811+00:00[0m [32m INFO[0m [1;32mhack[0m[32m: [32mt03_forkbomb src = tests/assets/forkbomb.c, bin = /tmp/carapace_test/t03_forkbomb[0m
[INFO] [stdout]     [2;3mat[0m tests/hack.rs:79[2;3m
[INFO] [stdout] [0m
[INFO] [stdout]   [2m2025-01-20T07:13:31.565359691+00:00[0m [35mTRACE[0m [1;35mcarapace::run[0m[35m: [1;35mconfig[0m[35m: SandboxConfig { bin: "/usr/bin/gcc", args: ["-o", "/tmp/carapace_test/t04_includebomb", "tests/assets/includebomb.c"], env: ["PATH"], chroot: None, uid: None, gid: None, stdin: None, stdout: None, stderr: None, stdin_fd: None, stdout_fd: None, stderr_fd: None, real_time_limit: Some(3000), rlimit_cpu: None, rlimit_as: None, rlimit_data: None, rlimit_fsize: None, cg_limit_memory: Some(268435456), cg_limit_max_pids: None, bindmount_rw: [], bindmount_ro: [], mount_proc: None, mount_tmpfs: None, priority: None, seccomp_forbid_ipc: false }[0m
[INFO] [stdout]     [2;3mat[0m src/run.rs:23[2;3m
[INFO] [stdout] [0m    [2;3min[0m carapace::run::[1mrun[0m [2;3mwith[0m nonce=183178676
[INFO] [stdout] 
[INFO] [stdout]   [2m2025-01-20T07:13:31.565404861+00:00[0m [35mTRACE[0m [1;35mcarapace::cgroup_v1[0m[35m: [35mcreate cgroup, [1;35mname[0m[35m: "carapace_183178676"[0m
[INFO] [stdout]     [2;3mat[0m src/cgroup_v1.rs:19[2;3m
[INFO] [stdout] [0m    [2;3min[0m carapace::run::[1mrun[0m [2;3mwith[0m nonce=183178676
[INFO] [stdout] 
[INFO] [stdout]   [2m2025-01-20T07:13:31.565377221+00:00[0m [35mTRACE[0m [1;35mcarapace::run[0m[35m: [1;35mconfig[0m[35m: SandboxConfig { bin: "/usr/bin/gcc", args: ["-o", "/tmp/carapace_test/t05_oom", "tests/assets/oom.c"], env: ["PATH"], chroot: None, uid: None, gid: None, stdin: None, stdout: None, stderr: None, stdin_fd: None, stdout_fd: None, stderr_fd: None, real_time_limit: Some(3000), rlimit_cpu: None, rlimit_as: None, rlimit_data: None, rlimit_fsize: None, cg_limit_memory: Some(268435456), cg_limit_max_pids: None, bindmount_rw: [], bindmount_ro: [], mount_proc: None, mount_tmpfs: None, priority: None, seccomp_forbid_ipc: false }[0m
[INFO] [stdout]     [2;3mat[0m src/run.rs:23[2;3m
[INFO] [stdout] [0m    [2;3min[0m carapace::run::[1mrun[0m [2;3mwith[0m nonce=3011409762
[INFO] [stdout] 
[INFO] [stdout]   [2m2025-01-20T07:13:31.565380881+00:00[0m [35mTRACE[0m [1;35mcarapace::run[0m[35m: [1;35mconfig[0m[35m: SandboxConfig { bin: "/usr/bin/gcc", args: ["-o", "/tmp/carapace_test/t01_empty", "tests/assets/empty.c"], env: ["PATH"], chroot: None, uid: None, gid: None, stdin: None, stdout: None, stderr: None, stdin_fd: None, stdout_fd: None, stderr_fd: None, real_time_limit: Some(3000), rlimit_cpu: None, rlimit_as: None, rlimit_data: None, rlimit_fsize: None, cg_limit_memory: Some(268435456), cg_limit_max_pids: None, bindmount_rw: [], bindmount_ro: [], mount_proc: None, mount_tmpfs: None, priority: None, seccomp_forbid_ipc: false }[0m
[INFO] [stdout]     [2;3mat[0m src/run.rs:23[2;3m
[INFO] [stdout] [0m    [2;3min[0m carapace::run::[1mrun[0m [2;3mwith[0m nonce=3446705337
[INFO] [stdout] 
[INFO] [stdout]   [2m2025-01-20T07:13:31.565455951+00:00[0m [31mERROR[0m [1;31mcarapace::run[0m[31m: [1;31merror[0m[31m: fail to create cgroup directory: /sys/fs/cgroup/cpu/carapace_183178676[0m
[INFO] [stdout]     [2;3mat[0m src/run.rs:19[2;3m
[INFO] [stdout] [0m    [2;3min[0m carapace::run::[1mrun[0m [2;3mwith[0m nonce=183178676
[INFO] [stdout] 
[INFO] [stdout]   [2m2025-01-20T07:13:31.565431731+00:00[0m [35mTRACE[0m [1;35mcarapace::cgroup_v1[0m[35m: [35mcreate cgroup, [1;35mname[0m[35m: "carapace_3011409762"[0m
[INFO] [stdout]     [2;3mat[0m src/cgroup_v1.rs:19[2;3m
[INFO] [stdout] [0m    [2;3min[0m carapace::run::[1mrun[0m [2;3mwith[0m nonce=3011409762
[INFO] [stdout] 
[INFO] [stdout]   [2m2025-01-20T07:13:31.565485091+00:00[0m [35mTRACE[0m [1;35mcarapace::cgroup_v1[0m[35m: [35mcreate cgroup, [1;35mname[0m[35m: "carapace_3446705337"[0m
[INFO] [stdout]     [2;3mat[0m src/cgroup_v1.rs:19[2;3m
[INFO] [stdout] [0m    [2;3min[0m carapace::run::[1mrun[0m [2;3mwith[0m nonce=3446705337
[INFO] [stdout] 
[INFO] [stdout]   [2m2025-01-20T07:13:31.565405631+00:00[0m [35mTRACE[0m [1;35mcarapace::run[0m[35m: [1;35mconfig[0m[35m: SandboxConfig { bin: "/usr/bin/gcc", args: ["-o", "/tmp/carapace_test/t03_forkbomb", "tests/assets/forkbomb.c"], env: ["PATH"], chroot: None, uid: None, gid: None, stdin: None, stdout: None, stderr: None, stdin_fd: None, stdout_fd: None, stderr_fd: None, real_time_limit: Some(3000), rlimit_cpu: None, rlimit_as: None, rlimit_data: None, rlimit_fsize: None, cg_limit_memory: Some(268435456), cg_limit_max_pids: None, bindmount_rw: [], bindmount_ro: [], mount_proc: None, mount_tmpfs: None, priority: None, seccomp_forbid_ipc: false }[0m
[INFO] [stdout]     [2;3mat[0m src/run.rs:23[2;3m
[INFO] [stdout] [0m    [2;3min[0m carapace::run::[1mrun[0m [2;3mwith[0m nonce=2073400330
[INFO] [stdout] 
[INFO] [stdout]   [2m2025-01-20T07:13:31.565518601+00:00[0m [31mERROR[0m [1;31mcarapace::run[0m[31m: [1;31merror[0m[31m: fail to create cgroup directory: /sys/fs/cgroup/cpu/carapace_3011409762[0m
[INFO] [stdout]     [2;3mat[0m src/run.rs:19[2;3m
[INFO] [stdout] [0m    [2;3min[0m carapace::run::[1mrun[0m [2;3mwith[0m nonce=3011409762
[INFO] [stdout] 
[INFO] [stdout]   [2m2025-01-20T07:13:31.564448481+00:00[0m [32m INFO[0m [1;32mhack[0m[32m: [32mt02_sleep src = tests/assets/sleep.c, bin = /tmp/carapace_test/t02_sleep[0m
[INFO] [stdout]     [2;3mat[0m tests/hack.rs:79[2;3m
[INFO] [stdout] [0m
[INFO] [stdout]   [2m2025-01-20T07:13:31.565577211+00:00[0m [31mERROR[0m [1;31mhack[0m[31m: [31msandbox error:
[INFO] [stdout] fail to create cgroup directory: /sys/fs/cgroup/cpu/carapace_3011409762
[INFO] [stdout] 
[INFO] [stdout] Caused by:
[INFO] [stdout]     ENOENT: No such file or directory[0m
[INFO] [stdout]     [2;3mat[0m tests/hack.rs:43[2;3m
[INFO] [stdout] [0m
[INFO] [stdout]   [2m2025-01-20T07:13:31.565544461+00:00[0m [31mERROR[0m [1;31mcarapace::run[0m[31m: [1;31merror[0m[31m: fail to create cgroup directory: /sys/fs/cgroup/cpu/carapace_3446705337[0m
[INFO] [stdout]     [2;3mat[0m src/run.rs:19[2;3m
[INFO] [stdout] [0m    [2;3min[0m carapace::run::[1mrun[0m [2;3mwith[0m nonce=3446705337
[INFO] [stdout] 
[INFO] [stdout]   [2m2025-01-20T07:13:31.565559981+00:00[0m [35mTRACE[0m [1;35mcarapace::cgroup_v1[0m[35m: [35mcreate cgroup, [1;35mname[0m[35m: "carapace_2073400330"[0m
[INFO] [stdout]     [2;3mat[0m src/cgroup_v1.rs:19[2;3m
[INFO] [stdout] [0m    [2;3min[0m carapace::run::[1mrun[0m [2;3mwith[0m nonce=2073400330
[INFO] [stdout] 
[INFO] [stdout]   [2m2025-01-20T07:13:31.565673601+00:00[0m [31mERROR[0m [1;31mhack[0m[31m: [31msandbox error:
[INFO] [stdout] fail to create cgroup directory: /sys/fs/cgroup/cpu/carapace_3446705337
[INFO] [stdout] 
[INFO] [stdout] Caused by:
[INFO] [stdout]     ENOENT: No such file or directory[0m
[INFO] [stdout]     [2;3mat[0m tests/hack.rs:43[2;3m
[INFO] [stdout] [0m
[INFO] [stdout]   [2m2025-01-20T07:13:31.565700001+00:00[0m [35mTRACE[0m [1;35mcarapace::run[0m[35m: [1;35mconfig[0m[35m: SandboxConfig { bin: "/usr/bin/gcc", args: ["-o", "/tmp/carapace_test/t02_sleep", "tests/assets/sleep.c"], env: ["PATH"], chroot: None, uid: None, gid: None, stdin: None, stdout: None, stderr: None, stdin_fd: None, stdout_fd: None, stderr_fd: None, real_time_limit: Some(3000), rlimit_cpu: None, rlimit_as: None, rlimit_data: None, rlimit_fsize: None, cg_limit_memory: Some(268435456), cg_limit_max_pids: None, bindmount_rw: [], bindmount_ro: [], mount_proc: None, mount_tmpfs: None, priority: None, seccomp_forbid_ipc: false }[0m
[INFO] [stdout]     [2;3mat[0m src/run.rs:23[2;3m
[INFO] [stdout] [0m    [2;3min[0m carapace::run::[1mrun[0m [2;3mwith[0m nonce=1644801862
[INFO] [stdout] 
[INFO] [stdout]   [2m2025-01-20T07:13:31.565676281+00:00[0m [31mERROR[0m [1;31mcarapace::run[0m[31m: [1;31merror[0m[31m: fail to create cgroup directory: /sys/fs/cgroup/cpu/carapace_2073400330[0m
[INFO] [stdout]     [2;3mat[0m src/run.rs:19[2;3m
[INFO] [stdout] [0m    [2;3min[0m carapace::run::[1mrun[0m [2;3mwith[0m nonce=2073400330
[INFO] [stdout] 
[INFO] [stdout]   [2m2025-01-20T07:13:31.565507191+00:00[0m [31mERROR[0m [1;31mhack[0m[31m: [31msandbox error:
[INFO] [stdout] fail to create cgroup directory: /sys/fs/cgroup/cpu/carapace_183178676
[INFO] [stdout] 
[INFO] [stdout] Caused by:
[INFO] [stdout]     ENOENT: No such file or directory[0m
[INFO] [stdout]     [2;3mat[0m tests/hack.rs:43[2;3m
[INFO] [stdout] [0m
[INFO] [stdout]   [2m2025-01-20T07:13:31.564450951+00:00[0m [32m INFO[0m [1;32mhack[0m[32m: [32mt06_zombie src = tests/assets/zombie.c, bin = /tmp/carapace_test/t06_zombie[0m
[INFO] [stdout]     [2;3mat[0m tests/hack.rs:79[2;3m
[INFO] [stdout] [0m
[INFO] [stdout]   [2m2025-01-20T07:13:31.566021631+00:00[0m [35mTRACE[0m [1;35mcarapace::run[0m[35m: [1;35mconfig[0m[35m: SandboxConfig { bin: "/usr/bin/gcc", args: ["-o", "/tmp/carapace_test/t06_zombie", "tests/assets/zombie.c"], env: ["PATH"], chroot: None, uid: None, gid: None, stdin: None, stdout: None, stderr: None, stdin_fd: None, stdout_fd: None, stderr_fd: None, real_time_limit: Some(3000), rlimit_cpu: None, rlimit_as: None, rlimit_data: None, rlimit_fsize: None, cg_limit_memory: Some(268435456), cg_limit_max_pids: None, bindmount_rw: [], bindmount_ro: [], mount_proc: None, mount_tmpfs: None, priority: None, seccomp_forbid_ipc: false }[0m
[INFO] [stdout]     [2;3mat[0m src/run.rs:23[2;3m
[INFO] [stdout] [0m    [2;3min[0m carapace::run::[1mrun[0m [2;3mwith[0m nonce=1080341540
[INFO] [stdout] 
[INFO] [stdout]   [2m2025-01-20T07:13:31.566096771+00:00[0m [35mTRACE[0m [1;35mcarapace::cgroup_v1[0m[35m: [35mcreate cgroup, [1;35mname[0m[35m: "carapace_1080341540"[0m
[INFO] [stdout]     [2;3mat[0m src/cgroup_v1.rs:19[2;3m
[INFO] [stdout] [0m    [2;3min[0m carapace::run::[1mrun[0m [2;3mwith[0m nonce=1080341540
[INFO] [stdout] 
[INFO] [stdout]   [2m2025-01-20T07:13:31.565761351+00:00[0m [35mTRACE[0m [1;35mcarapace::cgroup_v1[0m[35m: [35mcreate cgroup, [1;35mname[0m[35m: "carapace_1644801862"[0m
[INFO] [stdout]     [2;3mat[0m src/cgroup_v1.rs:19[2;3m
[INFO] [stdout] [0m    [2;3min[0m carapace::run::[1mrun[0m [2;3mwith[0m nonce=1644801862
[INFO] [stdout] 
[INFO] [stdout]   [2m2025-01-20T07:13:31.566147951+00:00[0m [31mERROR[0m [1;31mcarapace::run[0m[31m: [1;31merror[0m[31m: fail to create cgroup directory: /sys/fs/cgroup/cpu/carapace_1080341540[0m
[INFO] [stdout]     [2;3mat[0m src/run.rs:19[2;3m
[INFO] [stdout] [0m    [2;3min[0m carapace::run::[1mrun[0m [2;3mwith[0m nonce=1080341540
[INFO] [stdout] 
[INFO] [stdout]   [2m2025-01-20T07:13:31.565940951+00:00[0m [31mERROR[0m [1;31mhack[0m[31m: [31msandbox error:
[INFO] [stdout] fail to create cgroup directory: /sys/fs/cgroup/cpu/carapace_2073400330
[INFO] [stdout] 
[INFO] [stdout] Caused by:
[INFO] [stdout]     ENOENT: No such file or directory[0m
[INFO] [stdout]     [2;3mat[0m tests/hack.rs:43[2;3m
[INFO] [stdout] [0m
[INFO] [stdout]   [2m2025-01-20T07:13:31.566287941+00:00[0m [31mERROR[0m [1;31mhack[0m[31m: [31msandbox error:
[INFO] [stdout] fail to create cgroup directory: /sys/fs/cgroup/cpu/carapace_1080341540
[INFO] [stdout] 
[INFO] [stdout] Caused by:
[INFO] [stdout]     ENOENT: No such file or directory[0m
[INFO] [stdout]     [2;3mat[0m tests/hack.rs:43[2;3m
[INFO] [stdout] [0m
[INFO] [stdout]   [2m2025-01-20T07:13:31.566431121+00:00[0m [31mERROR[0m [1;31mcarapace::run[0m[31m: [1;31merror[0m[31m: fail to create cgroup directory: /sys/fs/cgroup/cpu/carapace_1644801862[0m
[INFO] [stdout]     [2;3mat[0m src/run.rs:19[2;3m
[INFO] [stdout] [0m    [2;3min[0m carapace::run::[1mrun[0m [2;3mwith[0m nonce=1644801862
[INFO] [stdout] 
[INFO] [stdout]   [2m2025-01-20T07:13:31.566879721+00:00[0m [31mERROR[0m [1;31mhack[0m[31m: [31msandbox error:
[INFO] [stdout] fail to create cgroup directory: /sys/fs/cgroup/cpu/carapace_1644801862
[INFO] [stdout] 
[INFO] [stdout] Caused by:
[INFO] [stdout]     ENOENT: No such file or directory[0m
[INFO] [stdout]     [2;3mat[0m tests/hack.rs:43[2;3m
[INFO] [stdout] [0m
[INFO] [stdout] test t05_oom ... FAILED
[INFO] [stdout] test t06_zombie ... FAILED
[INFO] [stdout] test t02_sleep ... FAILED
[INFO] [stdout] test t03_forkbomb ... FAILED
[INFO] [stdout] test t04_includebomb ... FAILED
[INFO] [stdout] test t01_empty ... FAILED
[INFO] [stdout] 
[INFO] [stdout] failures:
[INFO] [stdout] 
[INFO] [stdout] ---- t05_oom stdout ----
[INFO] [stdout] Error: fail to create cgroup directory: /sys/fs/cgroup/cpu/carapace_3011409762
[INFO] [stdout] 
[INFO] [stdout] Caused by:
[INFO] [stdout]     ENOENT: No such file or directory
[INFO] [stdout] 
[INFO] [stdout] ---- t06_zombie stdout ----
[INFO] [stdout] Error: fail to create cgroup directory: /sys/fs/cgroup/cpu/carapace_1080341540
[INFO] [stdout] 
[INFO] [stdout] Caused by:
[INFO] [stdout]     ENOENT: No such file or directory
[INFO] [stdout] 
[INFO] [stdout] ---- t02_sleep stdout ----
[INFO] [stdout] Error: fail to create cgroup directory: /sys/fs/cgroup/cpu/carapace_1644801862
[INFO] [stdout] 
[INFO] [stdout] Caused by:
[INFO] [stdout]     ENOENT: No such file or directory
[INFO] [stdout] 
[INFO] [stdout] ---- t03_forkbomb stdout ----
[INFO] [stdout] Error: fail to create cgroup directory: /sys/fs/cgroup/cpu/carapace_2073400330
[INFO] [stdout] 
[INFO] [stdout] Caused by:
[INFO] [stdout]     ENOENT: No such file or directory
[INFO] [stdout] 
[INFO] [stdout] ---- t04_includebomb stdout ----
[INFO] [stdout] Error: fail to create cgroup directory: /sys/fs/cgroup/cpu/carapace_183178676
[INFO] [stdout] 
[INFO] [stdout] Caused by:
[INFO] [stdout]     ENOENT: No such file or directory
[INFO] [stdout] 
[INFO] [stdout] ---- t01_empty stdout ----
[INFO] [stdout] Error: fail to create cgroup directory: /sys/fs/cgroup/cpu/carapace_3446705337
[INFO] [stdout] 
[INFO] [stdout] Caused by:
[INFO] [stdout]     ENOENT: No such file or directory
[INFO] [stdout] 
[INFO] [stdout] 
[INFO] [stdout] failures:
[INFO] [stdout]     t01_empty
[INFO] [stdout]     t02_sleep
[INFO] [stdout]     t03_forkbomb
[INFO] [stdout]     t04_includebomb
[INFO] [stdout]     t05_oom
[INFO] [stdout]     t06_zombie
[INFO] [stdout] 
[INFO] [stdout] test result: FAILED. 0 passed; 6 failed; 0 ignored; 0 measured; 0 filtered out; finished in 0.02s
[INFO] [stdout] 
[INFO] [stderr] error: test failed, to rerun pass `--test hack`
[INFO] running `Command { std: "docker" "inspect" "eddd811829b2ce402bfffc3048e3b1dd3b0c68e171c674cde7e64c2cde192963", kill_on_drop: false }`
[INFO] running `Command { std: "docker" "rm" "-f" "eddd811829b2ce402bfffc3048e3b1dd3b0c68e171c674cde7e64c2cde192963", kill_on_drop: false }`
[INFO] [stdout] eddd811829b2ce402bfffc3048e3b1dd3b0c68e171c674cde7e64c2cde192963
