[INFO] cloning repository https://github.com/NilsDeckert/redis-protocol-bridge
[INFO] running `Command { std: "git" "-c" "credential.helper=" "-c" "credential.helper=/workspace/cargo-home/bin/git-credential-null" "clone" "--bare" "https://github.com/NilsDeckert/redis-protocol-bridge" "/workspace/cache/git-repos/https%3A%2F%2Fgithub.com%2FNilsDeckert%2Fredis-protocol-bridge", kill_on_drop: false }`
[INFO] [stderr] Cloning into bare repository '/workspace/cache/git-repos/https%3A%2F%2Fgithub.com%2FNilsDeckert%2Fredis-protocol-bridge'...
[INFO] running `Command { std: "git" "rev-parse" "HEAD", kill_on_drop: false }`
[INFO] [stdout] a9628b7a4fca14d3e1237dc8d2c5d2ded5d187ba
[INFO] testing NilsDeckert/redis-protocol-bridge against nightly-2025-01-18+rustflags=-Zrandomize-layout for randomize-layout-2
[INFO] running `Command { std: "git" "clone" "/workspace/cache/git-repos/https%3A%2F%2Fgithub.com%2FNilsDeckert%2Fredis-protocol-bridge" "/workspace/builds/worker-3-tc2/source", kill_on_drop: false }`
[INFO] [stderr] Cloning into '/workspace/builds/worker-3-tc2/source'...
[INFO] [stderr] done.
[INFO] validating manifest of git repo https://github.com/NilsDeckert/redis-protocol-bridge on toolchain nightly-2025-01-18
[INFO] running `Command { std: CARGO_HOME="/workspace/cargo-home" RUSTUP_HOME="/workspace/rustup-home" "/workspace/cargo-home/bin/cargo" "+nightly-2025-01-18" "metadata" "--manifest-path" "Cargo.toml" "--no-deps", kill_on_drop: false }`
[INFO] started tweaking git repo https://github.com/NilsDeckert/redis-protocol-bridge
[INFO] finished tweaking git repo https://github.com/NilsDeckert/redis-protocol-bridge
[INFO] tweaked toml for git repo https://github.com/NilsDeckert/redis-protocol-bridge written to /workspace/builds/worker-3-tc2/source/Cargo.toml
[INFO] crate git repo https://github.com/NilsDeckert/redis-protocol-bridge already has a lockfile, it will not be regenerated
[INFO] running `Command { std: CARGO_HOME="/workspace/cargo-home" RUSTUP_HOME="/workspace/rustup-home" "/workspace/cargo-home/bin/cargo" "+nightly-2025-01-18" "fetch" "--manifest-path" "Cargo.toml", kill_on_drop: false }`
[INFO] running `Command { std: "docker" "create" "-v" "/var/lib/crater-agent-workspace/builds/worker-3-tc2/target:/opt/rustwide/target:rw,Z" "-v" "/var/lib/crater-agent-workspace/builds/worker-3-tc2/source:/opt/rustwide/workdir:ro,Z" "-v" "/var/lib/crater-agent-workspace/cargo-home:/opt/rustwide/cargo-home:ro,Z" "-v" "/var/lib/crater-agent-workspace/rustup-home:/opt/rustwide/rustup-home:ro,Z" "-e" "SOURCE_DIR=/opt/rustwide/workdir" "-e" "CARGO_TARGET_DIR=/opt/rustwide/target" "-e" "CARGO_HOME=/opt/rustwide/cargo-home" "-e" "RUSTUP_HOME=/opt/rustwide/rustup-home" "-w" "/opt/rustwide/workdir" "-m" "1610612736" "--user" "0:0" "--network" "none" "ghcr.io/rust-lang/crates-build-env/linux@sha256:819108c5571ea2e421544af4d832f968d213c87fbe3707a016657f43d2f853bc" "/opt/rustwide/cargo-home/bin/cargo" "+nightly-2025-01-18" "metadata" "--no-deps" "--format-version=1", kill_on_drop: false }`
[INFO] [stdout] 5f70d3b32df1f5d60cfc879525b75fc896ba51fadb8361a32c5d6bbfe10caa98
[INFO] running `Command { std: "docker" "start" "-a" "5f70d3b32df1f5d60cfc879525b75fc896ba51fadb8361a32c5d6bbfe10caa98", kill_on_drop: false }`
[INFO] running `Command { std: "docker" "inspect" "5f70d3b32df1f5d60cfc879525b75fc896ba51fadb8361a32c5d6bbfe10caa98", kill_on_drop: false }`
[INFO] running `Command { std: "docker" "rm" "-f" "5f70d3b32df1f5d60cfc879525b75fc896ba51fadb8361a32c5d6bbfe10caa98", kill_on_drop: false }`
[INFO] [stdout] 5f70d3b32df1f5d60cfc879525b75fc896ba51fadb8361a32c5d6bbfe10caa98
[INFO] running `Command { std: "docker" "create" "-v" "/var/lib/crater-agent-workspace/builds/worker-3-tc2/target:/opt/rustwide/target:rw,Z" "-v" "/var/lib/crater-agent-workspace/builds/worker-3-tc2/source:/opt/rustwide/workdir:ro,Z" "-v" "/var/lib/crater-agent-workspace/cargo-home:/opt/rustwide/cargo-home:ro,Z" "-v" "/var/lib/crater-agent-workspace/rustup-home:/opt/rustwide/rustup-home:ro,Z" "-e" "SOURCE_DIR=/opt/rustwide/workdir" "-e" "CARGO_TARGET_DIR=/opt/rustwide/target" "-e" "CARGO_INCREMENTAL=0" "-e" "RUST_BACKTRACE=full" "-e" "RUSTFLAGS=--cap-lints=forbid -Zrandomize-layout" "-e" "RUSTDOCFLAGS=--cap-lints=forbid" "-e" "CARGO_HOME=/opt/rustwide/cargo-home" "-e" "RUSTUP_HOME=/opt/rustwide/rustup-home" "-w" "/opt/rustwide/workdir" "-m" "1610612736" "--user" "0:0" "--network" "none" "ghcr.io/rust-lang/crates-build-env/linux@sha256:819108c5571ea2e421544af4d832f968d213c87fbe3707a016657f43d2f853bc" "/opt/rustwide/cargo-home/bin/cargo" "+nightly-2025-01-18" "build" "--frozen" "--message-format=json", kill_on_drop: false }`
[INFO] [stdout] 9335faabd5f8e01d16031226144221df7e7ef9a4a9fb0a218db57f66b85d7962
[INFO] running `Command { std: "docker" "start" "-a" "9335faabd5f8e01d16031226144221df7e7ef9a4a9fb0a218db57f66b85d7962", kill_on_drop: false }`
[INFO] [stderr]    Compiling memchr v2.7.4
[INFO] [stderr]    Compiling libc v0.2.167
[INFO] [stderr]    Compiling regex-syntax v0.8.5
[INFO] [stderr]    Compiling utf8parse v0.2.2
[INFO] [stderr]    Compiling log v0.4.22
[INFO] [stderr]    Compiling crc16 v0.4.0
[INFO] [stderr]    Compiling bytes v1.9.0
[INFO] [stderr]    Compiling anstyle-query v1.1.2
[INFO] [stderr]    Compiling anstyle v1.0.10
[INFO] [stderr]    Compiling is_terminal_polyfill v1.70.1
[INFO] [stderr]    Compiling minimal-lexical v0.2.1
[INFO] [stderr]    Compiling either v1.9.0
[INFO] [stderr]    Compiling colorchoice v1.0.3
[INFO] [stderr]    Compiling cookie-factory v0.3.2
[INFO] [stderr]    Compiling humantime v2.1.0
[INFO] [stderr]    Compiling syn v2.0.90
[INFO] [stderr]    Compiling anstyle-parse v0.2.6
[INFO] [stderr]    Compiling pin-project-lite v0.2.15
[INFO] [stderr]    Compiling anstream v0.6.18
[INFO] [stderr]    Compiling bytes-utils v0.1.4
[INFO] [stderr]    Compiling socket2 v0.5.8
[INFO] [stderr]    Compiling mio v1.0.3
[INFO] [stderr]    Compiling aho-corasick v1.1.3
[INFO] [stderr]    Compiling nom v7.1.3
[INFO] [stderr]    Compiling regex-automata v0.4.9
[INFO] [stderr]    Compiling redis-protocol v6.0.0
[INFO] [stderr]    Compiling tokio-macros v2.4.0
[INFO] [stderr]    Compiling tokio v1.41.1
[INFO] [stderr]    Compiling regex v1.11.1
[INFO] [stderr]    Compiling env_filter v0.1.2
[INFO] [stderr]    Compiling env_logger v0.11.5
[INFO] [stderr]    Compiling redis-protocol-bridge v0.1.0 (/opt/rustwide/workdir)
[INFO] [stderr]     Finished `dev` profile [optimized + debuginfo] target(s) in 45.59s
[INFO] running `Command { std: "docker" "inspect" "9335faabd5f8e01d16031226144221df7e7ef9a4a9fb0a218db57f66b85d7962", kill_on_drop: false }`
[INFO] running `Command { std: "docker" "rm" "-f" "9335faabd5f8e01d16031226144221df7e7ef9a4a9fb0a218db57f66b85d7962", kill_on_drop: false }`
[INFO] [stdout] 9335faabd5f8e01d16031226144221df7e7ef9a4a9fb0a218db57f66b85d7962
[INFO] running `Command { std: "docker" "create" "-v" "/var/lib/crater-agent-workspace/builds/worker-3-tc2/target:/opt/rustwide/target:rw,Z" "-v" "/var/lib/crater-agent-workspace/builds/worker-3-tc2/source:/opt/rustwide/workdir:ro,Z" "-v" "/var/lib/crater-agent-workspace/cargo-home:/opt/rustwide/cargo-home:ro,Z" "-v" "/var/lib/crater-agent-workspace/rustup-home:/opt/rustwide/rustup-home:ro,Z" "-e" "SOURCE_DIR=/opt/rustwide/workdir" "-e" "CARGO_TARGET_DIR=/opt/rustwide/target" "-e" "CARGO_INCREMENTAL=0" "-e" "RUST_BACKTRACE=full" "-e" "RUSTFLAGS=--cap-lints=forbid -Zrandomize-layout" "-e" "RUSTDOCFLAGS=--cap-lints=forbid" "-e" "CARGO_HOME=/opt/rustwide/cargo-home" "-e" "RUSTUP_HOME=/opt/rustwide/rustup-home" "-w" "/opt/rustwide/workdir" "-m" "1610612736" "--user" "0:0" "--network" "none" "ghcr.io/rust-lang/crates-build-env/linux@sha256:819108c5571ea2e421544af4d832f968d213c87fbe3707a016657f43d2f853bc" "/opt/rustwide/cargo-home/bin/cargo" "+nightly-2025-01-18" "test" "--frozen" "--no-run" "--message-format=json", kill_on_drop: false }`
[INFO] [stdout] 4e73bb8390a6e8259f42f5d599ce1af3bf96fc728700b77722ee28815abadd7e
[INFO] running `Command { std: "docker" "start" "-a" "4e73bb8390a6e8259f42f5d599ce1af3bf96fc728700b77722ee28815abadd7e", kill_on_drop: false }`
[INFO] [stderr]    Compiling redis-protocol-bridge v0.1.0 (/opt/rustwide/workdir)
[INFO] [stderr]     Finished `test` profile [optimized + debuginfo] target(s) in 0.69s
[INFO] running `Command { std: "docker" "inspect" "4e73bb8390a6e8259f42f5d599ce1af3bf96fc728700b77722ee28815abadd7e", kill_on_drop: false }`
[INFO] running `Command { std: "docker" "rm" "-f" "4e73bb8390a6e8259f42f5d599ce1af3bf96fc728700b77722ee28815abadd7e", kill_on_drop: false }`
[INFO] [stdout] 4e73bb8390a6e8259f42f5d599ce1af3bf96fc728700b77722ee28815abadd7e
[INFO] running `Command { std: "docker" "create" "-v" "/var/lib/crater-agent-workspace/builds/worker-3-tc2/target:/opt/rustwide/target:rw,Z" "-v" "/var/lib/crater-agent-workspace/builds/worker-3-tc2/source:/opt/rustwide/workdir:ro,Z" "-v" "/var/lib/crater-agent-workspace/cargo-home:/opt/rustwide/cargo-home:ro,Z" "-v" "/var/lib/crater-agent-workspace/rustup-home:/opt/rustwide/rustup-home:ro,Z" "-e" "SOURCE_DIR=/opt/rustwide/workdir" "-e" "CARGO_TARGET_DIR=/opt/rustwide/target" "-e" "CARGO_INCREMENTAL=0" "-e" "RUST_BACKTRACE=full" "-e" "RUSTFLAGS=--cap-lints=forbid -Zrandomize-layout" "-e" "RUSTDOCFLAGS=--cap-lints=forbid" "-e" "CARGO_HOME=/opt/rustwide/cargo-home" "-e" "RUSTUP_HOME=/opt/rustwide/rustup-home" "-w" "/opt/rustwide/workdir" "-m" "1610612736" "--user" "0:0" "--network" "none" "ghcr.io/rust-lang/crates-build-env/linux@sha256:819108c5571ea2e421544af4d832f968d213c87fbe3707a016657f43d2f853bc" "/opt/rustwide/cargo-home/bin/cargo" "+nightly-2025-01-18" "test" "--frozen", kill_on_drop: false }`
[INFO] [stdout] da6b188521fd1f566005a2cf2c57a70905f752297c8e52b1b846297342022e79
[INFO] running `Command { std: "docker" "start" "-a" "da6b188521fd1f566005a2cf2c57a70905f752297c8e52b1b846297342022e79", kill_on_drop: false }`
[INFO] [stderr]     Finished `test` profile [optimized + debuginfo] target(s) in 0.06s
[INFO] [stderr]      Running unittests src/lib.rs (/opt/rustwide/target/debug/deps/redis_protocol_bridge-b79c40011cc84e6d)
[INFO] [stdout] 
[INFO] [stdout] running 0 tests
[INFO] [stdout] 
[INFO] [stdout] test result: ok. 0 passed; 0 failed; 0 ignored; 0 measured; 0 filtered out; finished in 0.00s
[INFO] [stdout] 
[INFO] [stderr]      Running unittests src/main.rs (/opt/rustwide/target/debug/deps/redis_protocol_bridge-0be25811558c39d1)
[INFO] [stdout] 
[INFO] [stdout] running 0 tests
[INFO] [stdout] 
[INFO] [stdout] test result: ok. 0 passed; 0 failed; 0 ignored; 0 measured; 0 filtered out; finished in 0.00s
[INFO] [stdout] 
[INFO] [stderr]    Doc-tests redis_protocol_bridge
[INFO] [stdout] 
[INFO] [stdout] running 6 tests
[INFO] [stdout] test src/commands/set.rs - commands::set::parse (line 11) ... FAILED
[INFO] [stdout] test src/commands/mod.rs - commands::hello (line 7) ... FAILED
[INFO] [stdout] test src/commands/command.rs - commands::command::handle_docs (line 89) ... FAILED
[INFO] [stdout] test src/lib.rs - (line 58) ... FAILED
[INFO] [stdout] test src/lib.rs - (line 25) ... FAILED
[INFO] [stdout] test src/lib.rs - (line 5) ... FAILED
[INFO] [stdout] 
[INFO] [stdout] failures:
[INFO] [stdout] 
[INFO] [stdout] ---- src/commands/set.rs - commands::set::parse (line 11) stdout ----
[INFO] [stdout] error: expected one of `!`, `.`, `::`, `;`, `?`, `{`, `}`, or an operator, found `key`
[INFO] [stdout]  --> src/commands/set.rs:12:5
[INFO] [stdout]   |
[INFO] [stdout] 3 | SET key value [NX | XX] [GET] [EX seconds | PX milliseconds |
[INFO] [stdout]   |     ^^^ expected one of 8 possible tokens
[INFO] [stdout] 
[INFO] [stdout] error: aborting due to 1 previous error
[INFO] [stdout] 
[INFO] [stdout] Couldn't compile the test.
[INFO] [stdout] ---- src/commands/mod.rs - commands::hello (line 7) stdout ----
[INFO] [stdout] error: expected one of `!`, `.`, `::`, `?`, `]`, `{`, or an operator, found `username`
[INFO] [stdout]  --> src/commands/mod.rs:8:23
[INFO] [stdout]   |
[INFO] [stdout] 3 | HELLO [protover [AUTH username password] [SETNAME clientname]]
[INFO] [stdout]   |                       ^^^^^^^^ expected one of 7 possible tokens
[INFO] [stdout] 
[INFO] [stdout] error: aborting due to 1 previous error
[INFO] [stdout] 
[INFO] [stdout] Couldn't compile the test.
[INFO] [stdout] ---- src/commands/command.rs - commands::command::handle_docs (line 89) stdout ----
[INFO] [stdout] error: expected one of `!`, `.`, `::`, `;`, `?`, `{`, `}`, or an operator, found `DOCS`
[INFO] [stdout]  --> src/commands/command.rs:90:9
[INFO] [stdout]   |
[INFO] [stdout] 3 | COMMAND DOCS [command-name [command-name ...]]
[INFO] [stdout]   |         ^^^^ expected one of 8 possible tokens
[INFO] [stdout] 
[INFO] [stdout] error: aborting due to 1 previous error
[INFO] [stdout] 
[INFO] [stdout] Couldn't compile the test.
[INFO] [stdout] ---- src/lib.rs - (line 58) stdout ----
[INFO] [stdout] error: cannot find macro `debug` in this scope
[INFO] [stdout]   --> src/lib.rs:86:5
[INFO] [stdout]    |
[INFO] [stdout] 30 |     debug!("Reply: {:#?}", reply);
[INFO] [stdout]    |     ^^^^^
[INFO] [stdout]    |
[INFO] [stdout] help: consider importing this macro
[INFO] [stdout]    |
[INFO] [stdout] 2  + use log::debug;
[INFO] [stdout]    |
[INFO] [stdout] 
[INFO] [stdout] error[E0412]: cannot find type `HashMap` in this scope
[INFO] [stdout]  --> src/lib.rs:59:49
[INFO] [stdout]   |
[INFO] [stdout] 3 | fn handle_command(query: Vec<String>, map: &mut HashMap<String, String>) -> Vec<u8> {
[INFO] [stdout]   |                                                 ^^^^^^^ not found in this scope
[INFO] [stdout]   |
[INFO] [stdout] help: consider importing this struct
[INFO] [stdout]   |
[INFO] [stdout] 2 + use std::collections::HashMap;
[INFO] [stdout]   |
[INFO] [stdout] 
[INFO] [stdout] error[E0412]: cannot find type `OwnedFrame` in this scope
[INFO] [stdout]  --> src/lib.rs:60:16
[INFO] [stdout]   |
[INFO] [stdout] 4 |     let reply: OwnedFrame;
[INFO] [stdout]   |                ^^^^^^^^^^ not found in this scope
[INFO] [stdout]   |
[INFO] [stdout] help: consider importing one of these enums
[INFO] [stdout]   |
[INFO] [stdout] 2 + use redis_protocol::resp2::types::OwnedFrame;
[INFO] [stdout]   |
[INFO] [stdout] 2 + use redis_protocol::resp3::types::OwnedFrame;
[INFO] [stdout]   |
[INFO] [stdout] 
[INFO] [stdout] error[E0433]: failed to resolve: use of undeclared crate or module `parse`
[INFO] [stdout]  --> src/lib.rs:62:26
[INFO] [stdout]   |
[INFO] [stdout] 6 |     if let Ok(request) = parse::parse(query) {
[INFO] [stdout]   |                          ^^^^^ use of undeclared crate or module `parse`
[INFO] [stdout]   |
[INFO] [stdout] help: consider importing this module
[INFO] [stdout]   |
[INFO] [stdout] 2 + use redis_protocol_bridge::commands::parse;
[INFO] [stdout]   |
[INFO] [stdout] 
[INFO] [stdout] error[E0433]: failed to resolve: use of undeclared type `Request`
[INFO] [stdout]  --> src/lib.rs:64:13
[INFO] [stdout]   |
[INFO] [stdout] 8 |             Request::HELLO   { .. } => hello::default_handle(request),
[INFO] [stdout]   |             ^^^^^^^ use of undeclared type `Request`
[INFO] [stdout]   |
[INFO] [stdout] help: consider importing one of these items
[INFO] [stdout]   |
[INFO] [stdout] 2 + use std::error::Request;
[INFO] [stdout]   |
[INFO] [stdout] 2 + use redis_protocol_bridge::commands::parse::Request;
[INFO] [stdout]   |
[INFO] [stdout] 
[INFO] [stdout] error[E0433]: failed to resolve: use of undeclared crate or module `hello`
[INFO] [stdout]  --> src/lib.rs:64:40
[INFO] [stdout]   |
[INFO] [stdout] 8 |             Request::HELLO   { .. } => hello::default_handle(request),
[INFO] [stdout]   |                                        ^^^^^ use of undeclared crate or module `hello`
[INFO] [stdout]   |
[INFO] [stdout] help: consider importing this module
[INFO] [stdout]   |
[INFO] [stdout] 2 + use redis_protocol_bridge::commands::hello;
[INFO] [stdout]   |
[INFO] [stdout] 
[INFO] [stdout] error[E0433]: failed to resolve: use of undeclared type `Request`
[INFO] [stdout]  --> src/lib.rs:65:13
[INFO] [stdout]   |
[INFO] [stdout] 9 |             Request::GET     { .. } => get::handle(map, request),
[INFO] [stdout]   |             ^^^^^^^ use of undeclared type `Request`
[INFO] [stdout]   |
[INFO] [stdout] help: consider importing one of these items
[INFO] [stdout]   |
[INFO] [stdout] 2 + use std::error::Request;
[INFO] [stdout]   |
[INFO] [stdout] 2 + use redis_protocol_bridge::commands::parse::Request;
[INFO] [stdout]   |
[INFO] [stdout] 
[INFO] [stdout] error[E0433]: failed to resolve: use of undeclared crate or module `get`
[INFO] [stdout]  --> src/lib.rs:65:40
[INFO] [stdout]   |
[INFO] [stdout] 9 |             Request::GET     { .. } => get::handle(map, request),
[INFO] [stdout]   |                                        ^^^ use of undeclared crate or module `get`
[INFO] [stdout]   |
[INFO] [stdout] help: consider importing this module
[INFO] [stdout]   |
[INFO] [stdout] 2 + use redis_protocol_bridge::commands::get;
[INFO] [stdout]   |
[INFO] [stdout] 
[INFO] [stdout] error[E0433]: failed to resolve: use of undeclared type `Request`
[INFO] [stdout]   --> src/lib.rs:66:13
[INFO] [stdout]    |
[INFO] [stdout] 10 |             Request::SET     { .. } => set::handle(map, request),
[INFO] [stdout]    |             ^^^^^^^ use of undeclared type `Request`
[INFO] [stdout]    |
[INFO] [stdout] help: consider importing one of these items
[INFO] [stdout]    |
[INFO] [stdout] 2  + use std::error::Request;
[INFO] [stdout]    |
[INFO] [stdout] 2  + use redis_protocol_bridge::commands::parse::Request;
[INFO] [stdout]    |
[INFO] [stdout] 
[INFO] [stdout] error[E0433]: failed to resolve: use of undeclared crate or module `set`
[INFO] [stdout]   --> src/lib.rs:66:40
[INFO] [stdout]    |
[INFO] [stdout] 10 |             Request::SET     { .. } => set::handle(map, request),
[INFO] [stdout]    |                                        ^^^ use of undeclared crate or module `set`
[INFO] [stdout]    |
[INFO] [stdout] help: consider importing this module
[INFO] [stdout]    |
[INFO] [stdout] 2  + use redis_protocol_bridge::commands::set;
[INFO] [stdout]    |
[INFO] [stdout] 
[INFO] [stdout] error[E0433]: failed to resolve: use of undeclared type `Request`
[INFO] [stdout]   --> src/lib.rs:67:13
[INFO] [stdout]    |
[INFO] [stdout] 11 |             Request::COMMAND { .. } => command::default_handle(request),
[INFO] [stdout]    |             ^^^^^^^ use of undeclared type `Request`
[INFO] [stdout]    |
[INFO] [stdout] help: consider importing one of these items
[INFO] [stdout]    |
[INFO] [stdout] 2  + use std::error::Request;
[INFO] [stdout]    |
[INFO] [stdout] 2  + use redis_protocol_bridge::commands::parse::Request;
[INFO] [stdout]    |
[INFO] [stdout] 
[INFO] [stdout] error[E0433]: failed to resolve: use of undeclared crate or module `command`
[INFO] [stdout]   --> src/lib.rs:67:40
[INFO] [stdout]    |
[INFO] [stdout] 11 |             Request::COMMAND { .. } => command::default_handle(request),
[INFO] [stdout]    |                                        ^^^^^^^ use of undeclared crate or module `command`
[INFO] [stdout]    |
[INFO] [stdout] help: consider importing this module
[INFO] [stdout]    |
[INFO] [stdout] 2  + use redis_protocol_bridge::commands::command;
[INFO] [stdout]    |
[INFO] [stdout] 
[INFO] [stdout] error[E0433]: failed to resolve: use of undeclared type `Request`
[INFO] [stdout]   --> src/lib.rs:68:13
[INFO] [stdout]    |
[INFO] [stdout] 12 |             Request::INFO    { .. } => info::default_handle(request),
[INFO] [stdout]    |             ^^^^^^^ use of undeclared type `Request`
[INFO] [stdout]    |
[INFO] [stdout] help: consider importing one of these items
[INFO] [stdout]    |
[INFO] [stdout] 2  + use std::error::Request;
[INFO] [stdout]    |
[INFO] [stdout] 2  + use redis_protocol_bridge::commands::parse::Request;
[INFO] [stdout]    |
[INFO] [stdout] 
[INFO] [stdout] error[E0433]: failed to resolve: use of undeclared crate or module `info`
[INFO] [stdout]   --> src/lib.rs:68:40
[INFO] [stdout]    |
[INFO] [stdout] 12 |             Request::INFO    { .. } => info::default_handle(request),
[INFO] [stdout]    |                                        ^^^^ use of undeclared crate or module `info`
[INFO] [stdout]    |
[INFO] [stdout] help: consider importing this module
[INFO] [stdout]    |
[INFO] [stdout] 2  + use redis_protocol_bridge::commands::info;
[INFO] [stdout]    |
[INFO] [stdout] 
[INFO] [stdout] error[E0433]: failed to resolve: use of undeclared type `Request`
[INFO] [stdout]   --> src/lib.rs:69:13
[INFO] [stdout]    |
[INFO] [stdout] 13 |             Request::PING    { .. } => ping::default_handle(request),
[INFO] [stdout]    |             ^^^^^^^ use of undeclared type `Request`
[INFO] [stdout]    |
[INFO] [stdout] help: consider importing one of these items
[INFO] [stdout]    |
[INFO] [stdout] 2  + use std::error::Request;
[INFO] [stdout]    |
[INFO] [stdout] 2  + use redis_protocol_bridge::commands::parse::Request;
[INFO] [stdout]    |
[INFO] [stdout] 
[INFO] [stdout] error[E0433]: failed to resolve: use of undeclared crate or module `ping`
[INFO] [stdout]   --> src/lib.rs:69:40
[INFO] [stdout]    |
[INFO] [stdout] 13 |             Request::PING    { .. } => ping::default_handle(request),
[INFO] [stdout]    |                                        ^^^^ use of undeclared crate or module `ping`
[INFO] [stdout]    |
[INFO] [stdout] help: consider importing this module
[INFO] [stdout]    |
[INFO] [stdout] 2  + use redis_protocol_bridge::commands::ping;
[INFO] [stdout]    |
[INFO] [stdout] 
[INFO] [stdout] error[E0433]: failed to resolve: use of undeclared type `Request`
[INFO] [stdout]   --> src/lib.rs:70:13
[INFO] [stdout]    |
[INFO] [stdout] 14 |             Request::SELECT  { .. } => select::default_handle(request)
[INFO] [stdout]    |             ^^^^^^^ use of undeclared type `Request`
[INFO] [stdout]    |
[INFO] [stdout] help: consider importing one of these items
[INFO] [stdout]    |
[INFO] [stdout] 2  + use std::error::Request;
[INFO] [stdout]    |
[INFO] [stdout] 2  + use redis_protocol_bridge::commands::parse::Request;
[INFO] [stdout]    |
[INFO] [stdout] 
[INFO] [stdout] error[E0433]: failed to resolve: use of undeclared crate or module `select`
[INFO] [stdout]   --> src/lib.rs:70:40
[INFO] [stdout]    |
[INFO] [stdout] 14 |             Request::SELECT  { .. } => select::default_handle(request)
[INFO] [stdout]    |                                        ^^^^^^ use of undeclared crate or module `select`
[INFO] [stdout]    |
[INFO] [stdout] help: consider importing this module
[INFO] [stdout]    |
[INFO] [stdout] 2  + use redis_protocol_bridge::commands::select;
[INFO] [stdout]    |
[INFO] [stdout] 
[INFO] [stdout] error[E0433]: failed to resolve: use of undeclared type `OwnedFrame`
[INFO] [stdout]   --> src/lib.rs:74:13
[INFO] [stdout]    |
[INFO] [stdout] 18 |             OwnedFrame::SimpleError {
[INFO] [stdout]    |             ^^^^^^^^^^ use of undeclared type `OwnedFrame`
[INFO] [stdout]    |
[INFO] [stdout] help: consider importing one of these enums
[INFO] [stdout]    |
[INFO] [stdout] 2  + use redis_protocol::resp2::types::OwnedFrame;
[INFO] [stdout]    |
[INFO] [stdout] 2  + use redis_protocol::resp3::types::OwnedFrame;
[INFO] [stdout]    |
[INFO] [stdout] 
[INFO] [stdout] error[E0433]: failed to resolve: use of undeclared type `OwnedFrame`
[INFO] [stdout]   --> src/lib.rs:80:17
[INFO] [stdout]    |
[INFO] [stdout] 24 |         reply = OwnedFrame::SimpleError {
[INFO] [stdout]    |                 ^^^^^^^^^^ use of undeclared type `OwnedFrame`
[INFO] [stdout]    |
[INFO] [stdout] help: consider importing one of these enums
[INFO] [stdout]    |
[INFO] [stdout] 2  + use redis_protocol::resp2::types::OwnedFrame;
[INFO] [stdout]    |
[INFO] [stdout] 2  + use redis_protocol::resp3::types::OwnedFrame;
[INFO] [stdout]    |
[INFO] [stdout] 
[INFO] [stdout] error[E0433]: failed to resolve: use of undeclared crate or module `encode`
[INFO] [stdout]   --> src/lib.rs:89:5
[INFO] [stdout]    |
[INFO] [stdout] 33 |     encode::complete::encode(
[INFO] [stdout]    |     ^^^^^^ use of undeclared crate or module `encode`
[INFO] [stdout]    |
[INFO] [stdout] help: consider importing this module
[INFO] [stdout]    |
[INFO] [stdout] 2  + use redis_protocol::resp3::encode::complete;
[INFO] [stdout]    |
[INFO] [stdout] help: if you import `complete`, refer to it directly
[INFO] [stdout]    |
[INFO] [stdout] 33 -     encode::complete::encode(
[INFO] [stdout] 33 +     complete::encode(
[INFO] [stdout]    |
[INFO] [stdout] 
[INFO] [stdout] error: aborting due to 21 previous errors
[INFO] [stdout] 
[INFO] [stdout] Some errors have detailed explanations: E0412, E0433.
[INFO] [stdout] For more information about an error, try `rustc --explain E0412`.
[INFO] [stdout] Couldn't compile the test.
[INFO] [stdout] ---- src/lib.rs - (line 25) stdout ----
[INFO] [stdout] error: cannot find macro `error` in this scope
[INFO] [stdout]   --> src/lib.rs:50:23
[INFO] [stdout]    |
[INFO] [stdout] 27 |             Err(e) => error!("Error: {}", e),
[INFO] [stdout]    |                       ^^^^^
[INFO] [stdout]    |
[INFO] [stdout] help: consider importing this macro
[INFO] [stdout]    |
[INFO] [stdout] 2  + use log::error;
[INFO] [stdout]    |
[INFO] [stdout] 
[INFO] [stdout] error: cannot find macro `warn` in this scope
[INFO] [stdout]   --> src/lib.rs:49:25
[INFO] [stdout]    |
[INFO] [stdout] 26 |             Ok(None) => warn!("Received empty command"),
[INFO] [stdout]    |                         ^^^^
[INFO] [stdout]    |
[INFO] [stdout]    = note: `warn` is in scope, but it is an attribute: `#[warn]`
[INFO] [stdout] help: consider importing this macro
[INFO] [stdout]    |
[INFO] [stdout] 2  + use log::warn;
[INFO] [stdout]    |
[INFO] [stdout] 
[INFO] [stdout] error: cannot find macro `info` in this scope
[INFO] [stdout]   --> src/lib.rs:41:17
[INFO] [stdout]    |
[INFO] [stdout] 18 |                 info!("{:?}", query);
[INFO] [stdout]    |                 ^^^^
[INFO] [stdout]    |
[INFO] [stdout] help: consider importing this macro
[INFO] [stdout]    |
[INFO] [stdout] 2  + use log::info;
[INFO] [stdout]    |
[INFO] [stdout] 
[INFO] [stdout] error: cannot find macro `info` in this scope
[INFO] [stdout]  --> src/lib.rs:27:5
[INFO] [stdout]   |
[INFO] [stdout] 4 |     info!("Incoming connection from: {}", addr);
[INFO] [stdout]   |     ^^^^
[INFO] [stdout]   |
[INFO] [stdout] help: consider importing this macro
[INFO] [stdout]   |
[INFO] [stdout] 2 + use log::info;
[INFO] [stdout]   |
[INFO] [stdout] 
[INFO] [stdout] error[E0412]: cannot find type `TcpStream` in this scope
[INFO] [stdout]  --> src/lib.rs:26:36
[INFO] [stdout]   |
[INFO] [stdout] 3 | async fn handle_client(mut stream: TcpStream, addr: SocketAddr) {
[INFO] [stdout]   |                                    ^^^^^^^^^ not found in this scope
[INFO] [stdout]   |
[INFO] [stdout] help: consider importing one of these structs
[INFO] [stdout]   |
[INFO] [stdout] 2 + use std::net::TcpStream;
[INFO] [stdout]   |
[INFO] [stdout] 2 + use tokio::net::TcpStream;
[INFO] [stdout]   |
[INFO] [stdout] 
[INFO] [stdout] error[E0412]: cannot find type `SocketAddr` in this scope
[INFO] [stdout]  --> src/lib.rs:26:53
[INFO] [stdout]   |
[INFO] [stdout] 3 | async fn handle_client(mut stream: TcpStream, addr: SocketAddr) {
[INFO] [stdout]   |                                                     ^^^^^^^^^^ not found in this scope
[INFO] [stdout]   |
[INFO] [stdout] help: consider importing one of these items
[INFO] [stdout]   |
[INFO] [stdout] 2 + use std::net::SocketAddr;
[INFO] [stdout]   |
[INFO] [stdout] 2 + use std::os::unix::net::SocketAddr;
[INFO] [stdout]   |
[INFO] [stdout] 2 + use core::net::SocketAddr;
[INFO] [stdout]   |
[INFO] [stdout] 2 + use tokio::net::unix::SocketAddr;
[INFO] [stdout]   |
[INFO] [stdout] 
[INFO] [stdout] error[E0412]: cannot find type `HashMap` in this scope
[INFO] [stdout]  --> src/lib.rs:28:18
[INFO] [stdout]   |
[INFO] [stdout] 5 |     let mut map: HashMap<String, String> = HashMap::new();
[INFO] [stdout]   |                  ^^^^^^^ not found in this scope
[INFO] [stdout]   |
[INFO] [stdout] help: consider importing this struct
[INFO] [stdout]   |
[INFO] [stdout] 2 + use std::collections::HashMap;
[INFO] [stdout]   |
[INFO] [stdout] 
[INFO] [stdout] error[E0433]: failed to resolve: use of undeclared type `HashMap`
[INFO] [stdout]  --> src/lib.rs:28:44
[INFO] [stdout]   |
[INFO] [stdout] 5 |     let mut map: HashMap<String, String> = HashMap::new();
[INFO] [stdout]   |                                            ^^^^^^^ use of undeclared type `HashMap`
[INFO] [stdout]   |
[INFO] [stdout] help: consider importing this struct
[INFO] [stdout]   |
[INFO] [stdout] 2 + use std::collections::HashMap;
[INFO] [stdout]   |
[INFO] [stdout] 
[INFO] [stdout] error[E0433]: failed to resolve: use of undeclared crate or module `decode`
[INFO] [stdout]   --> src/lib.rs:37:22
[INFO] [stdout]    |
[INFO] [stdout] 14 |         let res_op = decode::complete::decode(&mut buf);
[INFO] [stdout]    |                      ^^^^^^ use of undeclared crate or module `decode`
[INFO] [stdout]    |
[INFO] [stdout] help: consider importing this module
[INFO] [stdout]    |
[INFO] [stdout] 2  + use redis_protocol::resp3::decode::complete;
[INFO] [stdout]    |
[INFO] [stdout] help: if you import `complete`, refer to it directly
[INFO] [stdout]    |
[INFO] [stdout] 14 -         let res_op = decode::complete::decode(&mut buf);
[INFO] [stdout] 14 +         let res_op = complete::decode(&mut buf);
[INFO] [stdout]    |
[INFO] [stdout] 
[INFO] [stdout] error[E0425]: cannot find function `parse_owned_frame` in this scope
[INFO] [stdout]   --> src/lib.rs:40:29
[INFO] [stdout]    |
[INFO] [stdout] 17 |                 let query = parse_owned_frame(frame);
[INFO] [stdout]    |                             ^^^^^^^^^^^^^^^^^ not found in this scope
[INFO] [stdout]    |
[INFO] [stdout] help: consider importing this function
[INFO] [stdout]    |
[INFO] [stdout] 2  + use redis_protocol_bridge::parse_owned_frame;
[INFO] [stdout]    |
[INFO] [stdout] 
[INFO] [stdout] error[E0425]: cannot find function `handle_command` in this scope
[INFO] [stdout]   --> src/lib.rs:42:29
[INFO] [stdout]    |
[INFO] [stdout] 19 |                 let reply = handle_command(query, &mut map);
[INFO] [stdout]    |                             ^^^^^^^^^^^^^^ not found in this scope
[INFO] [stdout] 
[INFO] [stdout] error: aborting due to 11 previous errors
[INFO] [stdout] 
[INFO] [stdout] Some errors have detailed explanations: E0412, E0425, E0433.
[INFO] [stdout] For more information about an error, try `rustc --explain E0412`.
[INFO] [stdout] Couldn't compile the test.
[INFO] [stdout] ---- src/lib.rs - (line 5) stdout ----
[INFO] [stdout] error[E0433]: failed to resolve: use of undeclared type `TcpListener`
[INFO] [stdout]  --> src/lib.rs:8:20
[INFO] [stdout]   |
[INFO] [stdout] 4 |     let listener = TcpListener::bind("127.0.0.1:6380").await?;
[INFO] [stdout]   |                    ^^^^^^^^^^^ use of undeclared type `TcpListener`
[INFO] [stdout]   |
[INFO] [stdout] help: consider importing one of these structs
[INFO] [stdout]   |
[INFO] [stdout] 2 + use std::net::TcpListener;
[INFO] [stdout]   |
[INFO] [stdout] 2 + use tokio::net::TcpListener;
[INFO] [stdout]   |
[INFO] [stdout] 
[INFO] [stdout] error[E0433]: failed to resolve: use of undeclared type `Builder`
[INFO] [stdout]  --> src/lib.rs:9:5
[INFO] [stdout]   |
[INFO] [stdout] 5 |     Builder::new()
[INFO] [stdout]   |     ^^^^^^^ use of undeclared type `Builder`
[INFO] [stdout]   |
[INFO] [stdout] help: consider importing one of these structs
[INFO] [stdout]   |
[INFO] [stdout] 2 + use std::thread::Builder;
[INFO] [stdout]   |
[INFO] [stdout] 2 + use env_logger::Builder;
[INFO] [stdout]   |
[INFO] [stdout] 2 + use tokio::runtime::Builder;
[INFO] [stdout]   |
[INFO] [stdout] 
[INFO] [stdout] error[E0433]: failed to resolve: use of undeclared type `LevelFilter`
[INFO] [stdout]  --> src/lib.rs:10:23
[INFO] [stdout]   |
[INFO] [stdout] 6 |         .filter(None, LevelFilter::Debug)
[INFO] [stdout]   |                       ^^^^^^^^^^^ use of undeclared type `LevelFilter`
[INFO] [stdout]   |
[INFO] [stdout] help: consider importing this enum
[INFO] [stdout]   |
[INFO] [stdout] 2 + use log::LevelFilter;
[INFO] [stdout]   |
[INFO] [stdout] 
[INFO] [stdout] error[E0425]: cannot find function `handle_client` in this scope
[INFO] [stdout]   --> src/lib.rs:16:13
[INFO] [stdout]    |
[INFO] [stdout] 12 |             handle_client(tcp_stream, socket_addr).await;
[INFO] [stdout]    |             ^^^^^^^^^^^^^ not found in this scope
[INFO] [stdout] 
[INFO] [stdout] error: aborting due to 4 previous errors
[INFO] [stdout] 
[INFO] [stdout] Some errors have detailed explanations: E0425, E0433.
[INFO] [stdout] For more information about an error, try `rustc --explain E0425`.
[INFO] [stdout] Couldn't compile the test.
[INFO] [stdout] 
[INFO] [stdout] failures:
[INFO] [stdout]     src/commands/command.rs - commands::command::handle_docs (line 89)
[INFO] [stdout]     src/commands/mod.rs - commands::hello (line 7)
[INFO] [stdout]     src/commands/set.rs - commands::set::parse (line 11)
[INFO] [stdout]     src/lib.rs - (line 25)
[INFO] [stdout]     src/lib.rs - (line 5)
[INFO] [stdout]     src/lib.rs - (line 58)
[INFO] [stdout] 
[INFO] [stdout] test result: FAILED. 0 passed; 6 failed; 0 ignored; 0 measured; 0 filtered out; finished in 0.24s
[INFO] [stdout] 
[INFO] [stderr] error: doctest failed, to rerun pass `--doc`
[INFO] running `Command { std: "docker" "inspect" "da6b188521fd1f566005a2cf2c57a70905f752297c8e52b1b846297342022e79", kill_on_drop: false }`
[INFO] running `Command { std: "docker" "rm" "-f" "da6b188521fd1f566005a2cf2c57a70905f752297c8e52b1b846297342022e79", kill_on_drop: false }`
[INFO] [stdout] da6b188521fd1f566005a2cf2c57a70905f752297c8e52b1b846297342022e79
