[INFO] cloning repository https://github.com/NikolaIliev/aoc_rust
[INFO] running `Command { std: "git" "-c" "credential.helper=" "-c" "credential.helper=/workspace/cargo-home/bin/git-credential-null" "clone" "--bare" "https://github.com/NikolaIliev/aoc_rust" "/workspace/cache/git-repos/https%3A%2F%2Fgithub.com%2FNikolaIliev%2Faoc_rust", kill_on_drop: false }`
[INFO] [stderr] Cloning into bare repository '/workspace/cache/git-repos/https%3A%2F%2Fgithub.com%2FNikolaIliev%2Faoc_rust'...
[INFO] running `Command { std: "git" "rev-parse" "HEAD", kill_on_drop: false }`
[INFO] [stdout] bb7308d9aebb1bc7c6e3697b8cb91c9481fc892f
[INFO] testing NikolaIliev/aoc_rust against nightly-2025-01-18 for randomize-layout-2
[INFO] running `Command { std: "git" "clone" "/workspace/cache/git-repos/https%3A%2F%2Fgithub.com%2FNikolaIliev%2Faoc_rust" "/workspace/builds/worker-1-tc1/source", kill_on_drop: false }`
[INFO] [stderr] Cloning into '/workspace/builds/worker-1-tc1/source'...
[INFO] [stderr] done.
[INFO] validating manifest of git repo https://github.com/NikolaIliev/aoc_rust on toolchain nightly-2025-01-18
[INFO] running `Command { std: CARGO_HOME="/workspace/cargo-home" RUSTUP_HOME="/workspace/rustup-home" "/workspace/cargo-home/bin/cargo" "+nightly-2025-01-18" "metadata" "--manifest-path" "Cargo.toml" "--no-deps", kill_on_drop: false }`
[INFO] started tweaking git repo https://github.com/NikolaIliev/aoc_rust
[INFO] finished tweaking git repo https://github.com/NikolaIliev/aoc_rust
[INFO] tweaked toml for git repo https://github.com/NikolaIliev/aoc_rust written to /workspace/builds/worker-1-tc1/source/Cargo.toml
[INFO] crate git repo https://github.com/NikolaIliev/aoc_rust already has a lockfile, it will not be regenerated
[INFO] running `Command { std: CARGO_HOME="/workspace/cargo-home" RUSTUP_HOME="/workspace/rustup-home" "/workspace/cargo-home/bin/cargo" "+nightly-2025-01-18" "fetch" "--manifest-path" "Cargo.toml", kill_on_drop: false }`
[INFO] running `Command { std: "docker" "create" "-v" "/var/lib/crater-agent-workspace/builds/worker-1-tc1/target:/opt/rustwide/target:rw,Z" "-v" "/var/lib/crater-agent-workspace/builds/worker-1-tc1/source:/opt/rustwide/workdir:ro,Z" "-v" "/var/lib/crater-agent-workspace/cargo-home:/opt/rustwide/cargo-home:ro,Z" "-v" "/var/lib/crater-agent-workspace/rustup-home:/opt/rustwide/rustup-home:ro,Z" "-e" "SOURCE_DIR=/opt/rustwide/workdir" "-e" "CARGO_TARGET_DIR=/opt/rustwide/target" "-e" "CARGO_HOME=/opt/rustwide/cargo-home" "-e" "RUSTUP_HOME=/opt/rustwide/rustup-home" "-w" "/opt/rustwide/workdir" "-m" "1610612736" "--user" "0:0" "--network" "none" "ghcr.io/rust-lang/crates-build-env/linux@sha256:819108c5571ea2e421544af4d832f968d213c87fbe3707a016657f43d2f853bc" "/opt/rustwide/cargo-home/bin/cargo" "+nightly-2025-01-18" "metadata" "--no-deps" "--format-version=1", kill_on_drop: false }`
[INFO] [stdout] 59393896b2f5daac069eee8ebfb8ff49e32eeb995bd8b03ba68bddf06166cb76
[INFO] running `Command { std: "docker" "start" "-a" "59393896b2f5daac069eee8ebfb8ff49e32eeb995bd8b03ba68bddf06166cb76", kill_on_drop: false }`
[INFO] running `Command { std: "docker" "inspect" "59393896b2f5daac069eee8ebfb8ff49e32eeb995bd8b03ba68bddf06166cb76", kill_on_drop: false }`
[INFO] running `Command { std: "docker" "rm" "-f" "59393896b2f5daac069eee8ebfb8ff49e32eeb995bd8b03ba68bddf06166cb76", kill_on_drop: false }`
[INFO] [stdout] 59393896b2f5daac069eee8ebfb8ff49e32eeb995bd8b03ba68bddf06166cb76
[INFO] running `Command { std: "docker" "create" "-v" "/var/lib/crater-agent-workspace/builds/worker-1-tc1/target:/opt/rustwide/target:rw,Z" "-v" "/var/lib/crater-agent-workspace/builds/worker-1-tc1/source:/opt/rustwide/workdir:ro,Z" "-v" "/var/lib/crater-agent-workspace/cargo-home:/opt/rustwide/cargo-home:ro,Z" "-v" "/var/lib/crater-agent-workspace/rustup-home:/opt/rustwide/rustup-home:ro,Z" "-e" "SOURCE_DIR=/opt/rustwide/workdir" "-e" "CARGO_TARGET_DIR=/opt/rustwide/target" "-e" "CARGO_INCREMENTAL=0" "-e" "RUST_BACKTRACE=full" "-e" "RUSTFLAGS=--cap-lints=forbid" "-e" "RUSTDOCFLAGS=--cap-lints=forbid" "-e" "CARGO_HOME=/opt/rustwide/cargo-home" "-e" "RUSTUP_HOME=/opt/rustwide/rustup-home" "-w" "/opt/rustwide/workdir" "-m" "1610612736" "--user" "0:0" "--network" "none" "ghcr.io/rust-lang/crates-build-env/linux@sha256:819108c5571ea2e421544af4d832f968d213c87fbe3707a016657f43d2f853bc" "/opt/rustwide/cargo-home/bin/cargo" "+nightly-2025-01-18" "build" "--frozen" "--message-format=json", kill_on_drop: false }`
[INFO] [stdout] f9e989687059b3c3ef5040ab699b389b61123b55e5f9425c7f6084bdd7eb84db
[INFO] running `Command { std: "docker" "start" "-a" "f9e989687059b3c3ef5040ab699b389b61123b55e5f9425c7f6084bdd7eb84db", kill_on_drop: false }`
[INFO] [stderr]    Compiling autocfg v1.1.0
[INFO] [stderr]    Compiling cfg-if v1.0.0
[INFO] [stderr]    Compiling crossbeam-utils v0.8.16
[INFO] [stderr]    Compiling libc v0.2.151
[INFO] [stderr]    Compiling scopeguard v1.2.0
[INFO] [stderr]    Compiling rayon-core v1.12.0
[INFO] [stderr]    Compiling ppv-lite86 v0.2.17
[INFO] [stderr]    Compiling hashbrown v0.12.3
[INFO] [stderr]    Compiling either v1.9.0
[INFO] [stderr]    Compiling md5 v0.7.0
[INFO] [stderr]    Compiling memoffset v0.9.0
[INFO] [stderr]    Compiling crossbeam-epoch v0.9.15
[INFO] [stderr]    Compiling indexmap v1.9.3
[INFO] [stderr]    Compiling priority-queue v1.3.2
[INFO] [stderr]    Compiling itertools v0.12.0
[INFO] [stderr]    Compiling crossbeam-deque v0.8.3
[INFO] [stderr]    Compiling getrandom v0.2.11
[INFO] [stderr]    Compiling rand_core v0.6.4
[INFO] [stderr]    Compiling rand_chacha v0.3.1
[INFO] [stderr]    Compiling rand v0.8.5
[INFO] [stderr]    Compiling rayon v1.8.0
[INFO] [stderr]    Compiling aoc_rust v0.1.0 (/opt/rustwide/workdir)
[INFO] [stdout] warning: unused import: `iter::from_fn`
[INFO] [stdout]  --> src/bin/year2023_day16.rs:1:11
[INFO] [stdout]   |
[INFO] [stdout] 1 | use std::{iter::from_fn, time::Instant};
[INFO] [stdout]   |           ^^^^^^^^^^^^^
[INFO] [stdout]   |
[INFO] [stdout]   = note: `#[warn(unused_imports)]` on by default
[INFO] [stdout] 
[INFO] [stdout] 
[INFO] [stdout] warning: non-local `impl` definition, `impl` blocks should be written at the same level as their item
[INFO] [stdout]   --> src/bin/year2022_day02.rs:89:5
[INFO] [stdout]    |
[INFO] [stdout] 88 | fn part_2(input: &str) -> String {
[INFO] [stdout]    | -------------------------------- move the `impl` block outside of this function `part_2`
[INFO] [stdout] 89 |     impl Outcome {}
[INFO] [stdout]    |     ^^^^^-------
[INFO] [stdout]    |          |
[INFO] [stdout]    |          `Outcome` is not local
[INFO] [stdout]    |
[INFO] [stdout]    = note: an `impl` is never scoped, even when it is nested inside an item, as it may impact type checking outside of that item, which can be the case if neither the trait or the self type are at the same nesting level as the `impl`
[INFO] [stdout]    = note: `#[warn(non_local_definitions)]` on by default
[INFO] [stdout] 
[INFO] [stdout] 
[INFO] [stdout] warning: fields `z` and `dz` are never read
[INFO] [stdout]   --> src/bin/year2023_day24.rs:10:5
[INFO] [stdout]    |
[INFO] [stdout] 7  | struct Hailstone {
[INFO] [stdout]    |        --------- fields in this struct
[INFO] [stdout] ...
[INFO] [stdout] 10 |     z: f64,
[INFO] [stdout]    |     ^
[INFO] [stdout] ...
[INFO] [stdout] 13 |     dz: f64,
[INFO] [stdout]    |     ^^
[INFO] [stdout]    |
[INFO] [stdout]    = note: `Hailstone` has a derived impl for the trait `Debug`, but this is intentionally ignored during dead code analysis
[INFO] [stdout]    = note: `#[warn(dead_code)]` on by default
[INFO] [stdout] 
[INFO] [stdout] 
[INFO] [stdout] warning: elided lifetime has a name
[INFO] [stdout]   --> src/bin/year2023_day19.rs:38:59
[INFO] [stdout]    |
[INFO] [stdout] 38 | fn parse_workflows<'a>(workflows_str: &'a str) -> HashMap<&str, Workflow<'a>> {
[INFO] [stdout]    |                    -- lifetime `'a` declared here         ^ this elided lifetime gets resolved as `'a`
[INFO] [stdout]    |
[INFO] [stdout]    = note: `#[warn(elided_named_lifetimes)]` on by default
[INFO] [stdout] 
[INFO] [stdout] 
[INFO] [stderr]     Finished `dev` profile [unoptimized + debuginfo] target(s) in 21.45s
[INFO] running `Command { std: "docker" "inspect" "f9e989687059b3c3ef5040ab699b389b61123b55e5f9425c7f6084bdd7eb84db", kill_on_drop: false }`
[INFO] running `Command { std: "docker" "rm" "-f" "f9e989687059b3c3ef5040ab699b389b61123b55e5f9425c7f6084bdd7eb84db", kill_on_drop: false }`
[INFO] [stdout] f9e989687059b3c3ef5040ab699b389b61123b55e5f9425c7f6084bdd7eb84db
[INFO] running `Command { std: "docker" "create" "-v" "/var/lib/crater-agent-workspace/builds/worker-1-tc1/target:/opt/rustwide/target:rw,Z" "-v" "/var/lib/crater-agent-workspace/builds/worker-1-tc1/source:/opt/rustwide/workdir:ro,Z" "-v" "/var/lib/crater-agent-workspace/cargo-home:/opt/rustwide/cargo-home:ro,Z" "-v" "/var/lib/crater-agent-workspace/rustup-home:/opt/rustwide/rustup-home:ro,Z" "-e" "SOURCE_DIR=/opt/rustwide/workdir" "-e" "CARGO_TARGET_DIR=/opt/rustwide/target" "-e" "CARGO_INCREMENTAL=0" "-e" "RUST_BACKTRACE=full" "-e" "RUSTFLAGS=--cap-lints=forbid" "-e" "RUSTDOCFLAGS=--cap-lints=forbid" "-e" "CARGO_HOME=/opt/rustwide/cargo-home" "-e" "RUSTUP_HOME=/opt/rustwide/rustup-home" "-w" "/opt/rustwide/workdir" "-m" "1610612736" "--user" "0:0" "--network" "none" "ghcr.io/rust-lang/crates-build-env/linux@sha256:819108c5571ea2e421544af4d832f968d213c87fbe3707a016657f43d2f853bc" "/opt/rustwide/cargo-home/bin/cargo" "+nightly-2025-01-18" "test" "--frozen" "--no-run" "--message-format=json", kill_on_drop: false }`
[INFO] [stdout] 95ef6ba8064a3ac5d9e8b1cea35cebb981f9d8340d5fd5723fce47236e9b770c
[INFO] running `Command { std: "docker" "start" "-a" "95ef6ba8064a3ac5d9e8b1cea35cebb981f9d8340d5fd5723fce47236e9b770c", kill_on_drop: false }`
[INFO] [stderr]    Compiling aoc_rust v0.1.0 (/opt/rustwide/workdir)
[INFO] [stdout] warning: non-local `impl` definition, `impl` blocks should be written at the same level as their item
[INFO] [stdout]   --> src/bin/year2022_day02.rs:89:5
[INFO] [stdout]    |
[INFO] [stdout] 88 | fn part_2(input: &str) -> String {
[INFO] [stdout]    | -------------------------------- move the `impl` block outside of this function `part_2`
[INFO] [stdout] 89 |     impl Outcome {}
[INFO] [stdout]    |     ^^^^^-------
[INFO] [stdout]    |          |
[INFO] [stdout]    |          `Outcome` is not local
[INFO] [stdout]    |
[INFO] [stdout]    = note: an `impl` is never scoped, even when it is nested inside an item, as it may impact type checking outside of that item, which can be the case if neither the trait or the self type are at the same nesting level as the `impl`
[INFO] [stdout]    = note: `#[warn(non_local_definitions)]` on by default
[INFO] [stdout] 
[INFO] [stdout] 
[INFO] [stdout] warning: elided lifetime has a name
[INFO] [stdout]   --> src/bin/year2023_day19.rs:38:59
[INFO] [stdout]    |
[INFO] [stdout] 38 | fn parse_workflows<'a>(workflows_str: &'a str) -> HashMap<&str, Workflow<'a>> {
[INFO] [stdout]    |                    -- lifetime `'a` declared here         ^ this elided lifetime gets resolved as `'a`
[INFO] [stdout]    |
[INFO] [stdout]    = note: `#[warn(elided_named_lifetimes)]` on by default
[INFO] [stdout] 
[INFO] [stdout] 
[INFO] [stdout] warning: unused import: `iter::from_fn`
[INFO] [stdout]  --> src/bin/year2023_day16.rs:1:11
[INFO] [stdout]   |
[INFO] [stdout] 1 | use std::{iter::from_fn, time::Instant};
[INFO] [stdout]   |           ^^^^^^^^^^^^^
[INFO] [stdout]   |
[INFO] [stdout]   = note: `#[warn(unused_imports)]` on by default
[INFO] [stdout] 
[INFO] [stdout] 
[INFO] [stdout] warning: fields `z` and `dz` are never read
[INFO] [stdout]   --> src/bin/year2023_day24.rs:10:5
[INFO] [stdout]    |
[INFO] [stdout] 7  | struct Hailstone {
[INFO] [stdout]    |        --------- fields in this struct
[INFO] [stdout] ...
[INFO] [stdout] 10 |     z: f64,
[INFO] [stdout]    |     ^
[INFO] [stdout] ...
[INFO] [stdout] 13 |     dz: f64,
[INFO] [stdout]    |     ^^
[INFO] [stdout]    |
[INFO] [stdout]    = note: `Hailstone` has a derived impl for the trait `Debug`, but this is intentionally ignored during dead code analysis
[INFO] [stdout]    = note: `#[warn(dead_code)]` on by default
[INFO] [stdout] 
[INFO] [stdout] 
[INFO] [stderr]     Finished `test` profile [unoptimized + debuginfo] target(s) in 11.61s
[INFO] running `Command { std: "docker" "inspect" "95ef6ba8064a3ac5d9e8b1cea35cebb981f9d8340d5fd5723fce47236e9b770c", kill_on_drop: false }`
[INFO] running `Command { std: "docker" "rm" "-f" "95ef6ba8064a3ac5d9e8b1cea35cebb981f9d8340d5fd5723fce47236e9b770c", kill_on_drop: false }`
[INFO] [stdout] 95ef6ba8064a3ac5d9e8b1cea35cebb981f9d8340d5fd5723fce47236e9b770c
[INFO] running `Command { std: "docker" "create" "-v" "/var/lib/crater-agent-workspace/builds/worker-1-tc1/target:/opt/rustwide/target:rw,Z" "-v" "/var/lib/crater-agent-workspace/builds/worker-1-tc1/source:/opt/rustwide/workdir:ro,Z" "-v" "/var/lib/crater-agent-workspace/cargo-home:/opt/rustwide/cargo-home:ro,Z" "-v" "/var/lib/crater-agent-workspace/rustup-home:/opt/rustwide/rustup-home:ro,Z" "-e" "SOURCE_DIR=/opt/rustwide/workdir" "-e" "CARGO_TARGET_DIR=/opt/rustwide/target" "-e" "CARGO_INCREMENTAL=0" "-e" "RUST_BACKTRACE=full" "-e" "RUSTFLAGS=--cap-lints=forbid" "-e" "RUSTDOCFLAGS=--cap-lints=forbid" "-e" "CARGO_HOME=/opt/rustwide/cargo-home" "-e" "RUSTUP_HOME=/opt/rustwide/rustup-home" "-w" "/opt/rustwide/workdir" "-m" "1610612736" "--user" "0:0" "--network" "none" "ghcr.io/rust-lang/crates-build-env/linux@sha256:819108c5571ea2e421544af4d832f968d213c87fbe3707a016657f43d2f853bc" "/opt/rustwide/cargo-home/bin/cargo" "+nightly-2025-01-18" "test" "--frozen", kill_on_drop: false }`
[INFO] [stdout] 73f8b5038029362ecb519365df3adff1058f0c32b971fd120c213717a7d3042e
[INFO] running `Command { std: "docker" "start" "-a" "73f8b5038029362ecb519365df3adff1058f0c32b971fd120c213717a7d3042e", kill_on_drop: false }`
[INFO] [stderr] warning: unused import: `iter::from_fn`
[INFO] [stderr]  --> src/bin/year2023_day16.rs:1:11
[INFO] [stderr]   |
[INFO] [stderr] 1 | use std::{iter::from_fn, time::Instant};
[INFO] [stderr]   |           ^^^^^^^^^^^^^
[INFO] [stderr]   |
[INFO] [stderr]   = note: `#[warn(unused_imports)]` on by default
[INFO] [stderr] 
[INFO] [stderr] warning: `aoc_rust` (bin "year2023_day16" test) generated 1 warning (run `cargo fix --bin "year2023_day16" --tests` to apply 1 suggestion)
[INFO] [stderr] warning: non-local `impl` definition, `impl` blocks should be written at the same level as their item
[INFO] [stderr]   --> src/bin/year2022_day02.rs:89:5
[INFO] [stderr]    |
[INFO] [stderr] 88 | fn part_2(input: &str) -> String {
[INFO] [stderr]    | -------------------------------- move the `impl` block outside of this function `part_2`
[INFO] [stderr] 89 |     impl Outcome {}
[INFO] [stderr]    |     ^^^^^-------
[INFO] [stderr]    |          |
[INFO] [stderr]    |          `Outcome` is not local
[INFO] [stderr]    |
[INFO] [stderr]    = note: an `impl` is never scoped, even when it is nested inside an item, as it may impact type checking outside of that item, which can be the case if neither the trait or the self type are at the same nesting level as the `impl`
[INFO] [stderr]    = note: `#[warn(non_local_definitions)]` on by default
[INFO] [stderr] 
[INFO] [stderr] warning: fields `z` and `dz` are never read
[INFO] [stderr]   --> src/bin/year2023_day24.rs:10:5
[INFO] [stderr]    |
[INFO] [stderr] 7  | struct Hailstone {
[INFO] [stderr]    |        --------- fields in this struct
[INFO] [stderr] ...
[INFO] [stderr] 10 |     z: f64,
[INFO] [stderr]    |     ^
[INFO] [stderr] ...
[INFO] [stderr] 13 |     dz: f64,
[INFO] [stderr]    |     ^^
[INFO] [stderr]    |
[INFO] [stderr]    = note: `Hailstone` has a derived impl for the trait `Debug`, but this is intentionally ignored during dead code analysis
[INFO] [stderr]    = note: `#[warn(dead_code)]` on by default
[INFO] [stderr] 
[INFO] [stderr] warning: elided lifetime has a name
[INFO] [stderr]   --> src/bin/year2023_day19.rs:38:59
[INFO] [stderr]    |
[INFO] [stderr] 38 | fn parse_workflows<'a>(workflows_str: &'a str) -> HashMap<&str, Workflow<'a>> {
[INFO] [stderr]    |                    -- lifetime `'a` declared here         ^ this elided lifetime gets resolved as `'a`
[INFO] [stderr]    |
[INFO] [stderr]    = note: `#[warn(elided_named_lifetimes)]` on by default
[INFO] [stderr] 
[INFO] [stderr] warning: `aoc_rust` (bin "year2022_day02" test) generated 1 warning
[INFO] [stderr] warning: `aoc_rust` (bin "year2023_day24" test) generated 1 warning
[INFO] [stderr] warning: `aoc_rust` (bin "year2023_day19" test) generated 1 warning
[INFO] [stderr]     Finished `test` profile [unoptimized + debuginfo] target(s) in 0.05s
[INFO] [stderr]      Running unittests src/lib.rs (/opt/rustwide/target/debug/deps/aoc_rust-0241619da7fc4446)
[INFO] [stdout] 
[INFO] [stdout] running 0 tests
[INFO] [stdout] 
[INFO] [stderr]      Running unittests src/main.rs (/opt/rustwide/target/debug/deps/aoc_rust-dd5d6857277173e9)
[INFO] [stdout] test result: ok. 0 passed; 0 failed; 0 ignored; 0 measured; 0 filtered out; finished in 0.00s
[INFO] [stderr]      Running unittests src/bin/year2015_day01.rs (/opt/rustwide/target/debug/deps/year2015_day01-fa825dcf80244f65)
[INFO] [stdout] 
[INFO] [stdout] 
[INFO] [stdout] running 0 tests
[INFO] [stdout] 
[INFO] [stdout] test result: ok. 0 passed; 0 failed; 0 ignored; 0 measured; 0 filtered out; finished in 0.00s
[INFO] [stdout] 
[INFO] [stdout] 
[INFO] [stdout] running 2 tests
[INFO] [stdout] test tests::test_part_1 ... ignored
[INFO] [stderr]      Running unittests src/bin/year2015_day02.rs (/opt/rustwide/target/debug/deps/year2015_day02-50cd83202fbc285e)
[INFO] [stdout] test tests::test_part_2 ... ignored
[INFO] [stdout] 
[INFO] [stdout] test result: ok. 0 passed; 0 failed; 2 ignored; 0 measured; 0 filtered out; finished in 0.00s
[INFO] [stdout] 
[INFO] [stdout] 
[INFO] [stdout] running 2 tests
[INFO] [stdout] test tests::test_part_2 ... ok
[INFO] [stdout] test tests::test_part_1 ... ok
[INFO] [stdout] 
[INFO] [stdout] test result: ok. 2 passed; 0 failed; 0 ignored; 0 measured; 0 filtered out; finished in 0.00s
[INFO] [stdout] 
[INFO] [stderr]      Running unittests src/bin/year2015_day03.rs (/opt/rustwide/target/debug/deps/year2015_day03-5499d49151162ac4)
[INFO] [stdout] 
[INFO] [stdout] running 2 tests
[INFO] [stdout] test tests::test_part_2 ... ignored
[INFO] [stdout] test tests::test_part_1 ... ok
[INFO] [stdout] 
[INFO] [stdout] test result: ok. 1 passed; 0 failed; 1 ignored; 0 measured; 0 filtered out; finished in 0.01s
[INFO] [stdout] 
[INFO] [stderr]      Running unittests src/bin/year2015_day04.rs (/opt/rustwide/target/debug/deps/year2015_day04-6f1b91fc1b918209)
[INFO] [stdout] 
[INFO] [stdout] running 2 tests
[INFO] [stdout] test tests::test_part_2 ... ignored
[INFO] [stdout] test tests::test_part_1 ... ok
[INFO] [stdout] 
[INFO] [stdout] test result: ok. 1 passed; 0 failed; 1 ignored; 0 measured; 0 filtered out; finished in 2.33s
[INFO] [stdout] 
[INFO] [stderr]      Running unittests src/bin/year2022_day01.rs (/opt/rustwide/target/debug/deps/year2022_day01-9aabc99c04da7b1d)
[INFO] [stdout] 
[INFO] [stdout] running 2 tests
[INFO] [stdout] test tests::test_part_1 ... ok
[INFO] [stdout] test tests::test_part_2 ... ok
[INFO] [stdout] 
[INFO] [stdout] test result: ok. 2 passed; 0 failed; 0 ignored; 0 measured; 0 filtered out; finished in 0.00s
[INFO] [stdout] 
[INFO] [stderr]      Running unittests src/bin/year2022_day02.rs (/opt/rustwide/target/debug/deps/year2022_day02-c791ab5adaf9ee0a)
[INFO] [stdout] 
[INFO] [stdout] running 2 tests
[INFO] [stdout] test tests::test_part_1 ... ok
[INFO] [stdout] test tests::test_part_2 ... ok
[INFO] [stdout] 
[INFO] [stdout] test result: ok. 2 passed; 0 failed; 0 ignored; 0 measured; 0 filtered out; finished in 0.01s
[INFO] [stdout] 
[INFO] [stderr]      Running unittests src/bin/year2022_day03.rs (/opt/rustwide/target/debug/deps/year2022_day03-c9449169cc77ab8b)
[INFO] [stdout] 
[INFO] [stdout] running 2 tests
[INFO] [stdout] test tests::test_part_1 ... ok
[INFO] [stdout] test tests::test_part_2 ... ok
[INFO] [stdout] 
[INFO] [stdout] test result: ok. 2 passed; 0 failed; 0 ignored; 0 measured; 0 filtered out; finished in 0.01s
[INFO] [stdout] 
[INFO] [stderr]      Running unittests src/bin/year2022_day04.rs (/opt/rustwide/target/debug/deps/year2022_day04-26e52cf9c5dc3afa)
[INFO] [stdout] 
[INFO] [stdout] running 2 tests
[INFO] [stdout] test tests::test_part_1 ... ok
[INFO] [stdout] test tests::test_part_2 ... ok
[INFO] [stdout] 
[INFO] [stdout] test result: ok. 2 passed; 0 failed; 0 ignored; 0 measured; 0 filtered out; finished in 0.00s
[INFO] [stdout] 
[INFO] [stderr]      Running unittests src/bin/year2023_day01.rs (/opt/rustwide/target/debug/deps/year2023_day01-c557f49f232963c0)
[INFO] [stdout] 
[INFO] [stdout] running 3 tests
[INFO] [stdout] test tests::test_part_1 ... ok
[INFO] [stdout] test tests::test_part_2 ... ok
[INFO] [stdout] test tests::test_part_2_2 ... ok
[INFO] [stdout] 
[INFO] [stdout] test result: ok. 3 passed; 0 failed; 0 ignored; 0 measured; 0 filtered out; finished in 0.01s
[INFO] [stdout] 
[INFO] [stderr]      Running unittests src/bin/year2023_day02.rs (/opt/rustwide/target/debug/deps/year2023_day02-5aa4220b11fdb9b2)
[INFO] [stdout] 
[INFO] [stdout] running 2 tests
[INFO] [stdout] test tests::test_part_1 ... ok
[INFO] [stdout] test tests::test_part_2 ... ok
[INFO] [stdout] 
[INFO] [stdout] test result: ok. 2 passed; 0 failed; 0 ignored; 0 measured; 0 filtered out; finished in 0.00s
[INFO] [stdout] 
[INFO] [stderr]      Running unittests src/bin/year2023_day03.rs (/opt/rustwide/target/debug/deps/year2023_day03-5b218b51e3fe1755)
[INFO] [stdout] 
[INFO] [stdout] running 2 tests
[INFO] [stdout] test tests::test_part_1 ... ok
[INFO] [stdout] test tests::test_part_2 ... ok
[INFO] [stdout] 
[INFO] [stdout] test result: ok. 2 passed; 0 failed; 0 ignored; 0 measured; 0 filtered out; finished in 0.00s
[INFO] [stdout] 
[INFO] [stderr]      Running unittests src/bin/year2023_day04.rs (/opt/rustwide/target/debug/deps/year2023_day04-57b5eb2f4ce393de)
[INFO] [stdout] 
[INFO] [stdout] running 2 tests
[INFO] [stdout] test tests::test_part_1 ... ok
[INFO] [stderr]      Running unittests src/bin/year2023_day05.rs (/opt/rustwide/target/debug/deps/year2023_day05-41e8ffaefb694570)
[INFO] [stdout] test tests::test_part_2 ... ok
[INFO] [stdout] 
[INFO] [stdout] test result: ok. 2 passed; 0 failed; 0 ignored; 0 measured; 0 filtered out; finished in 0.01s
[INFO] [stdout] 
[INFO] [stdout] 
[INFO] [stdout] running 3 tests
[INFO] [stdout] test tests::test_collide ... ok
[INFO] [stdout] test tests::test_part_1 ... ok
[INFO] [stdout] test tests::test_part_2 ... FAILED
[INFO] [stdout] 
[INFO] [stdout] failures:
[INFO] [stdout] 
[INFO] [stdout] ---- tests::test_part_2 stdout ----
[INFO] [stdout] 
[INFO] [stdout] thread 'tests::test_part_2' panicked at src/bin/year2023_day05.rs:146:40:
[INFO] [stdout] attempt to subtract with overflow
[INFO] [stdout] stack backtrace:
[INFO] [stdout]    0:     0x6086f8f6748a - std::backtrace_rs::backtrace::libunwind::trace::hb059275cfc8d6126
[INFO] [stdout]                                at /rustc/6067b36314ab5eb2eb47cecc464545ba58e1ad24/library/std/src/../../backtrace/src/backtrace/libunwind.rs:116:5
[INFO] [stdout]    1:     0x6086f8f6748a - std::backtrace_rs::backtrace::trace_unsynchronized::h2da071e4327ce3ee
[INFO] [stdout]                                at /rustc/6067b36314ab5eb2eb47cecc464545ba58e1ad24/library/std/src/../../backtrace/src/backtrace/mod.rs:66:5
[INFO] [stdout]    2:     0x6086f8f6748a - std::sys::backtrace::_print_fmt::h842a1474e6f8d23f
[INFO] [stdout]                                at /rustc/6067b36314ab5eb2eb47cecc464545ba58e1ad24/library/std/src/sys/backtrace.rs:66:9
[INFO] [stdout]    3:     0x6086f8f6748a - <std::sys::backtrace::BacktraceLock::print::DisplayBacktrace as core::fmt::Display>::fmt::h71a62eb3b9696b12
[INFO] [stdout]                                at /rustc/6067b36314ab5eb2eb47cecc464545ba58e1ad24/library/std/src/sys/backtrace.rs:39:26
[INFO] [stdout]    4:     0x6086f8f8eb33 - core::fmt::rt::Argument::fmt::hdb6b616786b41dc1
[INFO] [stdout]                                at /rustc/6067b36314ab5eb2eb47cecc464545ba58e1ad24/library/core/src/fmt/rt.rs:177:76
[INFO] [stdout]    5:     0x6086f8f8eb33 - core::fmt::write::h2cc1698af7e2d686
[INFO] [stdout]                                at /rustc/6067b36314ab5eb2eb47cecc464545ba58e1ad24/library/core/src/fmt/mod.rs:1440:21
[INFO] [stdout]    6:     0x6086f8f63fe3 - std::io::Write::write_fmt::hab1b4cd059a79022
[INFO] [stdout]                                at /rustc/6067b36314ab5eb2eb47cecc464545ba58e1ad24/library/std/src/io/mod.rs:1887:15
[INFO] [stdout]    7:     0x6086f8f672d2 - std::sys::backtrace::BacktraceLock::print::h147fe35b4ea13b08
[INFO] [stdout]                                at /rustc/6067b36314ab5eb2eb47cecc464545ba58e1ad24/library/std/src/sys/backtrace.rs:42:9
[INFO] [stdout]    8:     0x6086f8f688af - std::panicking::default_hook::{{closure}}::hbd44223dbdc0d208
[INFO] [stdout]                                at /rustc/6067b36314ab5eb2eb47cecc464545ba58e1ad24/library/std/src/panicking.rs:298:22
[INFO] [stdout]    9:     0x6086f8f686c8 - std::panicking::default_hook::h20f81eb0576efcec
[INFO] [stdout]                                at /rustc/6067b36314ab5eb2eb47cecc464545ba58e1ad24/library/std/src/panicking.rs:322:9
[INFO] [stdout]   10:     0x6086f8f30433 - <alloc::boxed::Box<F,A> as core::ops::function::Fn<Args>>::call::hdb53814c496a4d34
[INFO] [stdout]                                at /rustc/6067b36314ab5eb2eb47cecc464545ba58e1ad24/library/alloc/src/boxed.rs:2027:9
[INFO] [stdout]   11:     0x6086f8f30433 - test::test_main::{{closure}}::hc0a4963c59427c24
[INFO] [stdout]                                at /rustc/6067b36314ab5eb2eb47cecc464545ba58e1ad24/library/test/src/lib.rs:134:21
[INFO] [stdout]   12:     0x6086f8f693a3 - <alloc::boxed::Box<F,A> as core::ops::function::Fn<Args>>::call::h591b2225413a77e9
[INFO] [stdout]                                at /rustc/6067b36314ab5eb2eb47cecc464545ba58e1ad24/library/alloc/src/boxed.rs:2027:9
[INFO] [stdout]   13:     0x6086f8f693a3 - std::panicking::rust_panic_with_hook::h625eea43051b2edc
[INFO] [stdout]                                at /rustc/6067b36314ab5eb2eb47cecc464545ba58e1ad24/library/std/src/panicking.rs:839:13
[INFO] [stdout]   14:     0x6086f8f69026 - std::panicking::begin_panic_handler::{{closure}}::h4f9159cfbc3f6bd3
[INFO] [stdout]                                at /rustc/6067b36314ab5eb2eb47cecc464545ba58e1ad24/library/std/src/panicking.rs:697:13
[INFO] [stdout]   15:     0x6086f8f67989 - std::sys::backtrace::__rust_end_short_backtrace::h0390abce48353151
[INFO] [stdout]                                at /rustc/6067b36314ab5eb2eb47cecc464545ba58e1ad24/library/std/src/sys/backtrace.rs:168:18
[INFO] [stdout]   16:     0x6086f8f68ced - rust_begin_unwind
[INFO] [stdout]                                at /rustc/6067b36314ab5eb2eb47cecc464545ba58e1ad24/library/std/src/panicking.rs:695:5
[INFO] [stdout]   17:     0x6086f8f8d540 - core::panicking::panic_fmt::h9e7c637e9e5f29c9
[INFO] [stdout]                                at /rustc/6067b36314ab5eb2eb47cecc464545ba58e1ad24/library/core/src/panicking.rs:75:14
[INFO] [stdout]   18:     0x6086f8f93887 - core::panicking::panic_const::panic_const_sub_overflow::hc936e676af9fcd5b
[INFO] [stdout]                                at /rustc/6067b36314ab5eb2eb47cecc464545ba58e1ad24/library/core/src/panicking.rs:178:21
[INFO] [stdout]   19:     0x6086f8ee67a5 - year2023_day05::traverse::h58daf697e0c741d0
[INFO] [stdout]                                at /opt/rustwide/workdir/src/bin/year2023_day05.rs:146:40
[INFO] [stdout]   20:     0x6086f8ee67de - year2023_day05::traverse::h58daf697e0c741d0
[INFO] [stdout]                                at /opt/rustwide/workdir/src/bin/year2023_day05.rs:135:25
[INFO] [stdout]   21:     0x6086f8ee7b4f - year2023_day05::part_2::{{closure}}::hb58200c8e4409c60
[INFO] [stdout]                                at /opt/rustwide/workdir/src/bin/year2023_day05.rs:230:13
[INFO] [stdout]   22:     0x6086f8ee9983 - core::iter::adapters::map::map_try_fold::{{closure}}::h7256227f3a06a282
[INFO] [stdout]                                at /rustc/6067b36314ab5eb2eb47cecc464545ba58e1ad24/library/core/src/iter/adapters/map.rs:95:28
[INFO] [stdout]   23:     0x6086f8eedcf2 - core::iter::traits::iterator::Iterator::try_fold::h44c0e5514f083754
[INFO] [stdout]                                at /rustc/6067b36314ab5eb2eb47cecc464545ba58e1ad24/library/core/src/iter/traits/iterator.rs:2370:21
[INFO] [stdout]   24:     0x6086f8ee8356 - <core::iter::adapters::map::Map<I,F> as core::iter::traits::iterator::Iterator>::try_fold::h7627fba865426ab4
[INFO] [stdout]                                at /rustc/6067b36314ab5eb2eb47cecc464545ba58e1ad24/library/core/src/iter/adapters/map.rs:121:9
[INFO] [stdout]   25:     0x6086f8ee9552 - core::iter::traits::iterator::Iterator::find::h838816a62d88dee7
[INFO] [stdout]                                at /rustc/6067b36314ab5eb2eb47cecc464545ba58e1ad24/library/core/src/iter/traits/iterator.rs:2833:9
[INFO] [stdout]   26:     0x6086f8eec47d - <core::iter::adapters::filter::Filter<I,P> as core::iter::traits::iterator::Iterator>::next::h6a1ea01849f146a8
[INFO] [stdout]                                at /rustc/6067b36314ab5eb2eb47cecc464545ba58e1ad24/library/core/src/iter/adapters/filter.rs:98:9
[INFO] [stdout]   27:     0x6086f8ee7e87 - <core::iter::adapters::map::Map<I,F> as core::iter::traits::iterator::Iterator>::next::h3c05b53f9db28920
[INFO] [stdout]                                at /rustc/6067b36314ab5eb2eb47cecc464545ba58e1ad24/library/core/src/iter/adapters/map.rs:107:9
[INFO] [stdout]   28:     0x6086f8ee9790 - core::iter::traits::iterator::Iterator::reduce::h9ac26d237b0ac1fd
[INFO] [stdout]                                at /rustc/6067b36314ab5eb2eb47cecc464545ba58e1ad24/library/core/src/iter/traits/iterator.rs:2581:21
[INFO] [stdout]   29:     0x6086f8eed670 - core::iter::traits::iterator::Iterator::min_by::hfc686a515bac0c79
[INFO] [stdout]                                at /rustc/6067b36314ab5eb2eb47cecc464545ba58e1ad24/library/core/src/iter/traits/iterator.rs:3268:9
[INFO] [stdout]   30:     0x6086f8eed670 - core::iter::traits::iterator::Iterator::min_by_key::h196a8616233b7008
[INFO] [stdout]                                at /rustc/6067b36314ab5eb2eb47cecc464545ba58e1ad24/library/core/src/iter/traits/iterator.rs:3240:39
[INFO] [stdout]   31:     0x6086f8ee6d71 - year2023_day05::part_2::h39516b90b1f4abcd
[INFO] [stdout]                                at /opt/rustwide/workdir/src/bin/year2023_day05.rs:226:5
[INFO] [stdout]   32:     0x6086f8eefcc4 - year2023_day05::tests::test_part_2::h9ef17b5d155dad83
[INFO] [stdout]                                at /opt/rustwide/workdir/src/bin/year2023_day05.rs:353:20
[INFO] [stdout]   33:     0x6086f8eefc77 - year2023_day05::tests::test_part_2::{{closure}}::h764ad68447a7f6db
[INFO] [stdout]                                at /opt/rustwide/workdir/src/bin/year2023_day05.rs:312:21
[INFO] [stdout]   34:     0x6086f8ee8716 - core::ops::function::FnOnce::call_once::h1a33b01c836d0c3b
[INFO] [stdout]                                at /rustc/6067b36314ab5eb2eb47cecc464545ba58e1ad24/library/core/src/ops/function.rs:250:5
[INFO] [stdout]   35:     0x6086f8f35b8b - core::ops::function::FnOnce::call_once::he27718dfdd183f43
[INFO] [stdout]                                at /rustc/6067b36314ab5eb2eb47cecc464545ba58e1ad24/library/core/src/ops/function.rs:250:5
[INFO] [stdout]   36:     0x6086f8f35b8b - test::__rust_begin_short_backtrace::h4e84902998457a5d
[INFO] [stdout]                                at /rustc/6067b36314ab5eb2eb47cecc464545ba58e1ad24/library/test/src/lib.rs:632:18
[INFO] [stdout]   37:     0x6086f8f34ac3 - test::run_test_in_process::{{closure}}::h7176fd18fc1feca0
[INFO] [stdout]                                at /rustc/6067b36314ab5eb2eb47cecc464545ba58e1ad24/library/test/src/lib.rs:655:60
[INFO] [stdout]   38:     0x6086f8f34ac3 - <core::panic::unwind_safe::AssertUnwindSafe<F> as core::ops::function::FnOnce<()>>::call_once::hf79cff2a624d8cf7
[INFO] [stdout]                                at /rustc/6067b36314ab5eb2eb47cecc464545ba58e1ad24/library/core/src/panic/unwind_safe.rs:272:9
[INFO] [stdout]   39:     0x6086f8f34ac3 - std::panicking::try::do_call::h3da0561d9ab99c25
[INFO] [stdout]                                at /rustc/6067b36314ab5eb2eb47cecc464545ba58e1ad24/library/std/src/panicking.rs:587:40
[INFO] [stdout]   40:     0x6086f8f34ac3 - std::panicking::try::h41c9fa508bc61df6
[INFO] [stdout]                                at /rustc/6067b36314ab5eb2eb47cecc464545ba58e1ad24/library/std/src/panicking.rs:550:19
[INFO] [stdout]   41:     0x6086f8f34ac3 - std::panic::catch_unwind::h6b3ff07bb5afad93
[INFO] [stdout]                                at /rustc/6067b36314ab5eb2eb47cecc464545ba58e1ad24/library/std/src/panic.rs:358:14
[INFO] [stdout]   42:     0x6086f8f34ac3 - test::run_test_in_process::hc7253dd11b39b9f4
[INFO] [stdout]                                at /rustc/6067b36314ab5eb2eb47cecc464545ba58e1ad24/library/test/src/lib.rs:655:27
[INFO] [stdout]   43:     0x6086f8f34ac3 - test::run_test::{{closure}}::hfb2007f8649c30bb
[INFO] [stdout]                                at /rustc/6067b36314ab5eb2eb47cecc464545ba58e1ad24/library/test/src/lib.rs:576:43
[INFO] [stdout]   44:     0x6086f8ef7ba5 - test::run_test::{{closure}}::h56a17aa7a282a9f4
[INFO] [stdout]                                at /rustc/6067b36314ab5eb2eb47cecc464545ba58e1ad24/library/test/src/lib.rs:606:41
[INFO] [stdout]   45:     0x6086f8ef7ba5 - std::sys::backtrace::__rust_begin_short_backtrace::hd2d2d2fb8e8c6aac
[INFO] [stdout]                                at /rustc/6067b36314ab5eb2eb47cecc464545ba58e1ad24/library/std/src/sys/backtrace.rs:152:18
[INFO] [stdout]   46:     0x6086f8efb48a - std::thread::Builder::spawn_unchecked_::{{closure}}::{{closure}}::h4faa3f9db6133423
[INFO] [stdout]                                at /rustc/6067b36314ab5eb2eb47cecc464545ba58e1ad24/library/std/src/thread/mod.rs:559:17
[INFO] [stdout]   47:     0x6086f8efb48a - <core::panic::unwind_safe::AssertUnwindSafe<F> as core::ops::function::FnOnce<()>>::call_once::hf2e855a36a4ea846
[INFO] [stdout]                                at /rustc/6067b36314ab5eb2eb47cecc464545ba58e1ad24/library/core/src/panic/unwind_safe.rs:272:9
[INFO] [stdout]   48:     0x6086f8efb48a - std::panicking::try::do_call::h2f73af3616c35465
[INFO] [stdout]                                at /rustc/6067b36314ab5eb2eb47cecc464545ba58e1ad24/library/std/src/panicking.rs:587:40
[INFO] [stdout]   49:     0x6086f8efb48a - std::panicking::try::hd1660ce9efadef5a
[INFO] [stdout]                                at /rustc/6067b36314ab5eb2eb47cecc464545ba58e1ad24/library/std/src/panicking.rs:550:19
[INFO] [stdout]   50:     0x6086f8efb48a - std::panic::catch_unwind::h5ee8d7823b8ca744
[INFO] [stdout]                                at /rustc/6067b36314ab5eb2eb47cecc464545ba58e1ad24/library/std/src/panic.rs:358:14
[INFO] [stdout]   51:     0x6086f8efb48a - std::thread::Builder::spawn_unchecked_::{{closure}}::h53c3a1894dce8407
[INFO] [stdout]                                at /rustc/6067b36314ab5eb2eb47cecc464545ba58e1ad24/library/std/src/thread/mod.rs:557:30
[INFO] [stdout]   52:     0x6086f8efb48a - core::ops::function::FnOnce::call_once{{vtable.shim}}::h048ce291ad4f62bf
[INFO] [stdout]                                at /rustc/6067b36314ab5eb2eb47cecc464545ba58e1ad24/library/core/src/ops/function.rs:250:5
[INFO] [stdout]   53:     0x6086f8f6d2db - <alloc::boxed::Box<F,A> as core::ops::function::FnOnce<Args>>::call_once::ha52bedf99a3b4981
[INFO] [stdout]                                at /rustc/6067b36314ab5eb2eb47cecc464545ba58e1ad24/library/alloc/src/boxed.rs:2013:9
[INFO] [stdout]   54:     0x6086f8f6d2db - <alloc::boxed::Box<F,A> as core::ops::function::FnOnce<Args>>::call_once::h567748934d80ccf8
[INFO] [stdout]                                at /rustc/6067b36314ab5eb2eb47cecc464545ba58e1ad24/library/alloc/src/boxed.rs:2013:9
[INFO] [stdout]   55:     0x6086f8f6d2db - std::sys::pal::unix::thread::Thread::new::thread_start::h2d970728ae887adc
[INFO] [stdout]                                at /rustc/6067b36314ab5eb2eb47cecc464545ba58e1ad24/library/std/src/sys/pal/unix/thread.rs:106:17
[INFO] [stdout]   56:     0x7a767ffc2ac3 - <unknown>
[INFO] [stdout]   57:     0x7a7680053a04 - clone
[INFO] [stdout]   58:                0x0 - <unknown>
[INFO] [stdout] 
[INFO] [stdout] 
[INFO] [stdout] failures:
[INFO] [stdout]     tests::test_part_2
[INFO] [stdout] 
[INFO] [stderr] error: test failed, to rerun pass `--bin year2023_day05`
[INFO] [stdout] test result: FAILED. 2 passed; 1 failed; 0 ignored; 0 measured; 0 filtered out; finished in 0.02s
[INFO] [stdout] 
[INFO] running `Command { std: "docker" "inspect" "73f8b5038029362ecb519365df3adff1058f0c32b971fd120c213717a7d3042e", kill_on_drop: false }`
[INFO] running `Command { std: "docker" "rm" "-f" "73f8b5038029362ecb519365df3adff1058f0c32b971fd120c213717a7d3042e", kill_on_drop: false }`
[INFO] [stdout] 73f8b5038029362ecb519365df3adff1058f0c32b971fd120c213717a7d3042e
