[INFO] cloning repository https://github.com/NicolaLancellotti-About/About-Rust
[INFO] running `Command { std: "git" "-c" "credential.helper=" "-c" "credential.helper=/workspace/cargo-home/bin/git-credential-null" "clone" "--bare" "https://github.com/NicolaLancellotti-About/About-Rust" "/workspace/cache/git-repos/https%3A%2F%2Fgithub.com%2FNicolaLancellotti-About%2FAbout-Rust", kill_on_drop: false }`
[INFO] [stderr] Cloning into bare repository '/workspace/cache/git-repos/https%3A%2F%2Fgithub.com%2FNicolaLancellotti-About%2FAbout-Rust'...
[INFO] running `Command { std: "git" "rev-parse" "HEAD", kill_on_drop: false }`
[INFO] [stdout] 60005685a2435472a9d14ada58939f0c24aa82d9
[INFO] testing NicolaLancellotti-About/About-Rust against nightly-2025-01-18 for randomize-layout-2
[INFO] running `Command { std: "git" "clone" "/workspace/cache/git-repos/https%3A%2F%2Fgithub.com%2FNicolaLancellotti-About%2FAbout-Rust" "/workspace/builds/worker-1-tc1/source", kill_on_drop: false }`
[INFO] [stderr] Cloning into '/workspace/builds/worker-1-tc1/source'...
[INFO] [stderr] done.
[INFO] validating manifest of git repo https://github.com/NicolaLancellotti-About/About-Rust on toolchain nightly-2025-01-18
[INFO] running `Command { std: CARGO_HOME="/workspace/cargo-home" RUSTUP_HOME="/workspace/rustup-home" "/workspace/cargo-home/bin/cargo" "+nightly-2025-01-18" "metadata" "--manifest-path" "Cargo.toml" "--no-deps", kill_on_drop: false }`
[INFO] started tweaking git repo https://github.com/NicolaLancellotti-About/About-Rust
[INFO] finished tweaking git repo https://github.com/NicolaLancellotti-About/About-Rust
[INFO] tweaked toml for git repo https://github.com/NicolaLancellotti-About/About-Rust written to /workspace/builds/worker-1-tc1/source/Cargo.toml
[INFO] crate git repo https://github.com/NicolaLancellotti-About/About-Rust already has a lockfile, it will not be regenerated
[INFO] running `Command { std: CARGO_HOME="/workspace/cargo-home" RUSTUP_HOME="/workspace/rustup-home" "/workspace/cargo-home/bin/cargo" "+nightly-2025-01-18" "fetch" "--manifest-path" "Cargo.toml", kill_on_drop: false }`
[INFO] [stderr] warning: /workspace/builds/worker-1-tc1/source/local-crate/Cargo.toml: no edition set: defaulting to the 2015 edition while the latest is 2024
[INFO] running `Command { std: "docker" "create" "-v" "/var/lib/crater-agent-workspace/builds/worker-1-tc1/target:/opt/rustwide/target:rw,Z" "-v" "/var/lib/crater-agent-workspace/builds/worker-1-tc1/source:/opt/rustwide/workdir:ro,Z" "-v" "/var/lib/crater-agent-workspace/cargo-home:/opt/rustwide/cargo-home:ro,Z" "-v" "/var/lib/crater-agent-workspace/rustup-home:/opt/rustwide/rustup-home:ro,Z" "-e" "SOURCE_DIR=/opt/rustwide/workdir" "-e" "CARGO_TARGET_DIR=/opt/rustwide/target" "-e" "CARGO_HOME=/opt/rustwide/cargo-home" "-e" "RUSTUP_HOME=/opt/rustwide/rustup-home" "-w" "/opt/rustwide/workdir" "-m" "1610612736" "--user" "0:0" "--network" "none" "ghcr.io/rust-lang/crates-build-env/linux@sha256:819108c5571ea2e421544af4d832f968d213c87fbe3707a016657f43d2f853bc" "/opt/rustwide/cargo-home/bin/cargo" "+nightly-2025-01-18" "metadata" "--no-deps" "--format-version=1", kill_on_drop: false }`
[INFO] [stdout] 46a5d393437ce7e9355c104a6bff1d6bdb521d87750bf1a78eebfb85908d3eb6
[INFO] running `Command { std: "docker" "start" "-a" "46a5d393437ce7e9355c104a6bff1d6bdb521d87750bf1a78eebfb85908d3eb6", kill_on_drop: false }`
[INFO] running `Command { std: "docker" "inspect" "46a5d393437ce7e9355c104a6bff1d6bdb521d87750bf1a78eebfb85908d3eb6", kill_on_drop: false }`
[INFO] running `Command { std: "docker" "rm" "-f" "46a5d393437ce7e9355c104a6bff1d6bdb521d87750bf1a78eebfb85908d3eb6", kill_on_drop: false }`
[INFO] [stdout] 46a5d393437ce7e9355c104a6bff1d6bdb521d87750bf1a78eebfb85908d3eb6
[INFO] running `Command { std: "docker" "create" "-v" "/var/lib/crater-agent-workspace/builds/worker-1-tc1/target:/opt/rustwide/target:rw,Z" "-v" "/var/lib/crater-agent-workspace/builds/worker-1-tc1/source:/opt/rustwide/workdir:ro,Z" "-v" "/var/lib/crater-agent-workspace/cargo-home:/opt/rustwide/cargo-home:ro,Z" "-v" "/var/lib/crater-agent-workspace/rustup-home:/opt/rustwide/rustup-home:ro,Z" "-e" "SOURCE_DIR=/opt/rustwide/workdir" "-e" "CARGO_TARGET_DIR=/opt/rustwide/target" "-e" "CARGO_INCREMENTAL=0" "-e" "RUST_BACKTRACE=full" "-e" "RUSTFLAGS=--cap-lints=forbid" "-e" "RUSTDOCFLAGS=--cap-lints=forbid" "-e" "CARGO_HOME=/opt/rustwide/cargo-home" "-e" "RUSTUP_HOME=/opt/rustwide/rustup-home" "-w" "/opt/rustwide/workdir" "-m" "1610612736" "--user" "0:0" "--network" "none" "ghcr.io/rust-lang/crates-build-env/linux@sha256:819108c5571ea2e421544af4d832f968d213c87fbe3707a016657f43d2f853bc" "/opt/rustwide/cargo-home/bin/cargo" "+nightly-2025-01-18" "build" "--frozen" "--message-format=json", kill_on_drop: false }`
[INFO] [stdout] 493d900a278f840e452a9cf04cf1ac4c090429be538ede329d5491fab1a751cf
[INFO] running `Command { std: "docker" "start" "-a" "493d900a278f840e452a9cf04cf1ac4c090429be538ede329d5491fab1a751cf", kill_on_drop: false }`
[INFO] [stderr] warning: /opt/rustwide/workdir/local-crate/Cargo.toml: no edition set: defaulting to the 2015 edition while the latest is 2024
[INFO] [stderr]    Compiling gcc v0.3.54
[INFO] [stderr]    Compiling time-core v0.1.0
[INFO] [stderr]    Compiling local-crate v0.1.0 (/opt/rustwide/workdir/local-crate)
[INFO] [stderr]    Compiling time v0.3.17
[INFO] [stderr]    Compiling about-rust v0.1.0 (/opt/rustwide/workdir)
[INFO] [stderr]     Finished `dev` profile [unoptimized + debuginfo] target(s) in 1.62s
[INFO] running `Command { std: "docker" "inspect" "493d900a278f840e452a9cf04cf1ac4c090429be538ede329d5491fab1a751cf", kill_on_drop: false }`
[INFO] running `Command { std: "docker" "rm" "-f" "493d900a278f840e452a9cf04cf1ac4c090429be538ede329d5491fab1a751cf", kill_on_drop: false }`
[INFO] [stdout] 493d900a278f840e452a9cf04cf1ac4c090429be538ede329d5491fab1a751cf
[INFO] running `Command { std: "docker" "create" "-v" "/var/lib/crater-agent-workspace/builds/worker-1-tc1/target:/opt/rustwide/target:rw,Z" "-v" "/var/lib/crater-agent-workspace/builds/worker-1-tc1/source:/opt/rustwide/workdir:ro,Z" "-v" "/var/lib/crater-agent-workspace/cargo-home:/opt/rustwide/cargo-home:ro,Z" "-v" "/var/lib/crater-agent-workspace/rustup-home:/opt/rustwide/rustup-home:ro,Z" "-e" "SOURCE_DIR=/opt/rustwide/workdir" "-e" "CARGO_TARGET_DIR=/opt/rustwide/target" "-e" "CARGO_INCREMENTAL=0" "-e" "RUST_BACKTRACE=full" "-e" "RUSTFLAGS=--cap-lints=forbid" "-e" "RUSTDOCFLAGS=--cap-lints=forbid" "-e" "CARGO_HOME=/opt/rustwide/cargo-home" "-e" "RUSTUP_HOME=/opt/rustwide/rustup-home" "-w" "/opt/rustwide/workdir" "-m" "1610612736" "--user" "0:0" "--network" "none" "ghcr.io/rust-lang/crates-build-env/linux@sha256:819108c5571ea2e421544af4d832f968d213c87fbe3707a016657f43d2f853bc" "/opt/rustwide/cargo-home/bin/cargo" "+nightly-2025-01-18" "test" "--frozen" "--no-run" "--message-format=json", kill_on_drop: false }`
[INFO] [stdout] 437e77b33ace75d710349cdedf84be7abdfa3a1b4a2f5f83bf2a5372480999c1
[INFO] running `Command { std: "docker" "start" "-a" "437e77b33ace75d710349cdedf84be7abdfa3a1b4a2f5f83bf2a5372480999c1", kill_on_drop: false }`
[INFO] [stderr] warning: /opt/rustwide/workdir/local-crate/Cargo.toml: no edition set: defaulting to the 2015 edition while the latest is 2024
[INFO] [stderr]    Compiling about-rust v0.1.0 (/opt/rustwide/workdir)
[INFO] [stderr]     Finished `test` profile [unoptimized + debuginfo] target(s) in 3.19s
[INFO] running `Command { std: "docker" "inspect" "437e77b33ace75d710349cdedf84be7abdfa3a1b4a2f5f83bf2a5372480999c1", kill_on_drop: false }`
[INFO] running `Command { std: "docker" "rm" "-f" "437e77b33ace75d710349cdedf84be7abdfa3a1b4a2f5f83bf2a5372480999c1", kill_on_drop: false }`
[INFO] [stdout] 437e77b33ace75d710349cdedf84be7abdfa3a1b4a2f5f83bf2a5372480999c1
[INFO] running `Command { std: "docker" "create" "-v" "/var/lib/crater-agent-workspace/builds/worker-1-tc1/target:/opt/rustwide/target:rw,Z" "-v" "/var/lib/crater-agent-workspace/builds/worker-1-tc1/source:/opt/rustwide/workdir:ro,Z" "-v" "/var/lib/crater-agent-workspace/cargo-home:/opt/rustwide/cargo-home:ro,Z" "-v" "/var/lib/crater-agent-workspace/rustup-home:/opt/rustwide/rustup-home:ro,Z" "-e" "SOURCE_DIR=/opt/rustwide/workdir" "-e" "CARGO_TARGET_DIR=/opt/rustwide/target" "-e" "CARGO_INCREMENTAL=0" "-e" "RUST_BACKTRACE=full" "-e" "RUSTFLAGS=--cap-lints=forbid" "-e" "RUSTDOCFLAGS=--cap-lints=forbid" "-e" "CARGO_HOME=/opt/rustwide/cargo-home" "-e" "RUSTUP_HOME=/opt/rustwide/rustup-home" "-w" "/opt/rustwide/workdir" "-m" "1610612736" "--user" "0:0" "--network" "none" "ghcr.io/rust-lang/crates-build-env/linux@sha256:819108c5571ea2e421544af4d832f968d213c87fbe3707a016657f43d2f853bc" "/opt/rustwide/cargo-home/bin/cargo" "+nightly-2025-01-18" "test" "--frozen", kill_on_drop: false }`
[INFO] [stdout] 7f23c7d955fa2ca424849bb2ec3f38e1aa099f8982875b03504c03e89c863934
[INFO] running `Command { std: "docker" "start" "-a" "7f23c7d955fa2ca424849bb2ec3f38e1aa099f8982875b03504c03e89c863934", kill_on_drop: false }`
[INFO] [stderr] warning: /opt/rustwide/workdir/local-crate/Cargo.toml: no edition set: defaulting to the 2015 edition while the latest is 2024
[INFO] [stderr]     Finished `test` profile [unoptimized + debuginfo] target(s) in 0.03s
[INFO] [stderr]      Running unittests src/lib/mod.rs (/opt/rustwide/target/debug/deps/lib-5dda3731444824e8)
[INFO] [stdout] 
[INFO] [stdout] running 0 tests
[INFO] [stdout] 
[INFO] [stdout] test result: ok. 0 passed; 0 failed; 0 ignored; 0 measured; 0 filtered out; finished in 0.00s
[INFO] [stdout] 
[INFO] [stderr]      Running unittests src/bin/main.rs (/opt/rustwide/target/debug/deps/main-622bcbd78e16e941)
[INFO] [stdout] 
[INFO] [stdout] running 0 tests
[INFO] [stdout] 
[INFO] [stdout] test result: ok. 0 passed; 0 failed; 0 ignored; 0 measured; 0 filtered out; finished in 0.00s
[INFO] [stdout] 
[INFO] [stderr]      Running tests/r_01_types.rs (/opt/rustwide/target/debug/deps/r_01_types-d19aa0019e6004ff)
[INFO] [stdout] 
[INFO] [stdout] running 10 tests
[INFO] [stdout] test declarations_and_assignments ... ok
[INFO] [stdout] test alignment ... ok
[INFO] [stdout] test std_library_types ... ok
[INFO] [stdout] test enum_types ... ok
[INFO] [stdout] test struct_types ... ok
[INFO] [stdout] test never_type ... ok
[INFO] [stdout] test tuple_structs_types ... ok
[INFO] [stdout] test empty_types ... ok
[INFO] [stdout] test tuples_types ... ok
[INFO] [stdout] test unit_types ... ok
[INFO] [stdout] 
[INFO] [stdout] test result: ok. 10 passed; 0 failed; 0 ignored; 0 measured; 0 filtered out; finished in 0.01s
[INFO] [stdout] 
[INFO] [stderr]      Running tests/r_02_functions.rs (/opt/rustwide/target/debug/deps/r_02_functions-ef229825d5e17c9c)
[INFO] [stdout] 
[INFO] [stdout] running 5 tests
[INFO] [stdout] test closure_box ... ok
[INFO] [stdout] test must_use ... ok
[INFO] [stdout] test raw_identifiers ... ok
[INFO] [stdout] test functions ... ok
[INFO] [stdout] test closures ... ok
[INFO] [stdout] 
[INFO] [stdout] test result: ok. 5 passed; 0 failed; 0 ignored; 0 measured; 0 filtered out; finished in 0.01s
[INFO] [stdout] 
[INFO] [stderr]      Running tests/r_03_control_flow_patterns.rs (/opt/rustwide/target/debug/deps/r_03_control_flow_patterns-e113c85e41797315)
[INFO] [stdout] 
[INFO] [stdout] running 2 tests
[INFO] [stdout] test control_flow ... ok
[INFO] [stdout] test patterns ... ok
[INFO] [stdout] 
[INFO] [stdout] test result: ok. 2 passed; 0 failed; 0 ignored; 0 measured; 0 filtered out; finished in 0.01s
[INFO] [stdout] 
[INFO] [stderr]      Running tests/r_04_traits.rs (/opt/rustwide/target/debug/deps/r_04_traits-4e4f5edc89ddc000)
[INFO] [stdout] 
[INFO] [stdout] running 7 tests
[INFO] [stdout] test impl_trait_output ... ok
[INFO] [stdout] test fully_qualified_syntax_for_disambiguation ... ok
[INFO] [stdout] test impl_dyn_trait ... ok
[INFO] [stdout] test trait_objects ... ok
[INFO] [stdout] test impl_trait_input ... ok
[INFO] [stdout] test sealed ... ok
[INFO] [stdout] test conforming_all_types ... ok
[INFO] [stdout] 
[INFO] [stdout] test result: ok. 7 passed; 0 failed; 0 ignored; 0 measured; 0 filtered out; finished in 0.02s
[INFO] [stdout] 
[INFO] [stderr]      Running tests/r_05_generics.rs (/opt/rustwide/target/debug/deps/r_05_generics-343b33702f0d4d23)
[INFO] [stdout] 
[INFO] [stdout] running 8 tests
[INFO] [stdout] test phantom_data ... ok
[INFO] [stdout] test test_sized ... ok
[INFO] [stdout] test impl_dyn_trait ... ok
[INFO] [stdout] test turbo_fish ... ok
[INFO] [stdout] test call_increment_trait_object ... ok
[INFO] [stdout] test call_increment_generic ... ok
[INFO] [stdout] test test_unsized ... ok
[INFO] [stdout] test generic_types ... ok
[INFO] [stdout] 
[INFO] [stdout] test result: ok. 8 passed; 0 failed; 0 ignored; 0 measured; 0 filtered out; finished in 0.01s
[INFO] [stdout] 
[INFO] [stderr]      Running tests/r_06_associated_types.rs (/opt/rustwide/target/debug/deps/r_06_associated_types-f94dc94bfef98603)
[INFO] [stdout] 
[INFO] [stdout] running 6 tests
[INFO] [stdout] test associated_const ... ok
[INFO] [stdout] test call_increment_generic ... ok
[INFO] [stdout] test call_increment_trait_object ... ok
[INFO] [stdout] test impl_dyn_trait ... ok
[INFO] [stdout] test trait_objects ... ok
[INFO] [stdout] test gat ... ok
[INFO] [stdout] 
[INFO] [stdout] test result: ok. 6 passed; 0 failed; 0 ignored; 0 measured; 0 filtered out; finished in 0.02s
[INFO] [stdout] 
[INFO] [stderr]      Running tests/r_07_object_safety.rs (/opt/rustwide/target/debug/deps/r_07_object_safety-5c293d8a6ae719a9)
[INFO] [stdout] 
[INFO] [stdout] running 1 test
[INFO] [stdout] test sized_trait ... ok
[INFO] [stdout] 
[INFO] [stdout] test result: ok. 1 passed; 0 failed; 0 ignored; 0 measured; 0 filtered out; finished in 0.00s
[INFO] [stdout] 
[INFO] [stderr]      Running tests/r_08_copy_move_semantics.rs (/opt/rustwide/target/debug/deps/r_08_copy_move_semantics-e92022e8e9c80926)
[INFO] [stdout] 
[INFO] [stdout] running 7 tests
[INFO] [stdout] test rvalue_in_lvalue_context ... ok
[INFO] [stdout] test partially_moved ... ok
[INFO] [stdout] test partially_moved_drop ... ok
[INFO] [stdout] test move_and_borrowing ... ok
[INFO] [stdout] test copy ... ok
[INFO] [stdout] test test_move ... ok
[INFO] [stdout] test values_match ... ok
[INFO] [stdout] 
[INFO] [stdout] test result: ok. 7 passed; 0 failed; 0 ignored; 0 measured; 0 filtered out; finished in 0.02s
[INFO] [stderr]      Running tests/r_09_borrowing.rs (/opt/rustwide/target/debug/deps/r_09_borrowing-794a0ec1d2c80957)
[INFO] [stdout] 
[INFO] [stdout] 
[INFO] [stdout] running 3 tests
[INFO] [stdout] test aliasing ... ok
[INFO] [stdout] test trait_object_lifetimes ... ok
[INFO] [stdout] test lifetime ... ok
[INFO] [stdout] 
[INFO] [stdout] test result: ok. 3 passed; 0 failed; 0 ignored; 0 measured; 0 filtered out; finished in 0.00s
[INFO] [stdout] 
[INFO] [stderr]      Running tests/r_10_interior_mutability.rs (/opt/rustwide/target/debug/deps/r_10_interior_mutability-12c6260fe9874a3e)
[INFO] [stdout] 
[INFO] [stdout] running 4 tests
[INFO] [stdout] test cell ... ok
[INFO] [stdout] test lazy_cell ... ok
[INFO] [stdout] test one_cell ... ok
[INFO] [stdout] test ref_cell ... ok
[INFO] [stdout] 
[INFO] [stdout] test result: ok. 4 passed; 0 failed; 0 ignored; 0 measured; 0 filtered out; finished in 0.03s
[INFO] [stdout] 
[INFO] [stderr]      Running tests/r_11_smart_pointers.rs (/opt/rustwide/target/debug/deps/r_11_smart_pointers-6b92e4b422e12adf)
[INFO] [stdout] 
[INFO] [stdout] running 3 tests
[INFO] [stdout] test rc_smart_pointer ... ok
[INFO] [stdout] test box_smart_pointer ... ok
[INFO] [stdout] test cow ... ok
[INFO] [stdout] 
[INFO] [stdout] test result: ok. 3 passed; 0 failed; 0 ignored; 0 measured; 0 filtered out; finished in 0.01s
[INFO] [stdout] 
[INFO] [stderr]      Running tests/r_12_modules.rs (/opt/rustwide/target/debug/deps/r_12_modules-89ab200c5f6988d4)
[INFO] [stdout] 
[INFO] [stdout] running 1 test
[INFO] [stderr]      Running tests/r_13_tests.rs (/opt/rustwide/target/debug/deps/r_13_tests-0acb0b95175287bf)
[INFO] [stdout] test t ... ok
[INFO] [stdout] 
[INFO] [stdout] test result: ok. 1 passed; 0 failed; 0 ignored; 0 measured; 0 filtered out; finished in 0.00s
[INFO] [stdout] 
[INFO] [stdout] 
[INFO] [stdout] running 4 tests
[INFO] [stdout] test tests::ignored ... ignored
[INFO] [stdout] test tests::test ... ok
[INFO] [stdout] test test_lib ... ok
[INFO] [stdout] test tests::test_panic - should panic ... ok
[INFO] [stdout] 
[INFO] [stdout] test result: ok. 3 passed; 0 failed; 1 ignored; 0 measured; 0 filtered out; finished in 0.05s
[INFO] [stderr]      Running tests/r_14_macro.rs (/opt/rustwide/target/debug/deps/r_14_macro-687f88dfd40268d0)
[INFO] [stdout] 
[INFO] [stdout] 
[INFO] [stdout] running 1 test
[INFO] [stdout] test test_macro ... ok
[INFO] [stdout] 
[INFO] [stdout] test result: ok. 1 passed; 0 failed; 0 ignored; 0 measured; 0 filtered out; finished in 0.00s
[INFO] [stdout] 
[INFO] [stderr]      Running tests/r_15_unsafe.rs (/opt/rustwide/target/debug/deps/r_15_unsafe-3759ba9ff48e9056)
[INFO] [stdout] 
[INFO] [stdout] running 1 test
[INFO] [stdout] test unsafe_superpowers ... ok
[INFO] [stdout] 
[INFO] [stdout] test result: ok. 1 passed; 0 failed; 0 ignored; 0 measured; 0 filtered out; finished in 0.00s
[INFO] [stdout] 
[INFO] [stderr]      Running tests/r_16_interoperability.rs (/opt/rustwide/target/debug/deps/r_16_interoperability-6525c037e9caf7d7)
[INFO] [stdout] 
[INFO] [stdout] running 1 test
[INFO] [stdout] test test_clib ... ok
[INFO] [stdout] 
[INFO] [stdout] test result: ok. 1 passed; 0 failed; 0 ignored; 0 measured; 0 filtered out; finished in 0.01s
[INFO] [stdout] 
[INFO] [stderr]      Running tests/r_17_options.rs (/opt/rustwide/target/debug/deps/r_17_options-3db308300d2018a9)
[INFO] [stdout] 
[INFO] [stdout] running 7 tests
[INFO] [stdout] test map ... ok
[INFO] [stdout] test to_result ... ok
[INFO] [stdout] test take ... ok
[INFO] [stdout] test insert_if_none ... ok
[INFO] [stdout] test unwrap ... ok
[INFO] [stdout] test or_and ... ok
[INFO] [stdout] test check ... ok
[INFO] [stdout] 
[INFO] [stdout] test result: ok. 7 passed; 0 failed; 0 ignored; 0 measured; 0 filtered out; finished in 0.02s
[INFO] [stdout] 
[INFO] [stderr]      Running tests/r_18_errors.rs (/opt/rustwide/target/debug/deps/r_18_errors-9f4d1c6ca4c68a23)
[INFO] [stdout] 
[INFO] [stdout] running 2 tests
[INFO] [stdout] test custom_error ... ok
[INFO] [stdout] test result ... ok
[INFO] [stdout] 
[INFO] [stdout] test result: ok. 2 passed; 0 failed; 0 ignored; 0 measured; 0 filtered out; finished in 0.01s
[INFO] [stdout] 
[INFO] [stderr]      Running tests/r_19_hash.rs (/opt/rustwide/target/debug/deps/r_19_hash-4de950636ad0e4b8)
[INFO] [stdout] 
[INFO] [stdout] running 2 tests
[INFO] [stdout] test custom_hash ... ok
[INFO] [stdout] test simple ... ok
[INFO] [stdout] 
[INFO] [stdout] test result: ok. 2 passed; 0 failed; 0 ignored; 0 measured; 0 filtered out; finished in 0.00s
[INFO] [stdout] 
[INFO] [stderr]      Running tests/r_20_conversions.rs (/opt/rustwide/target/debug/deps/r_20_conversions-62a56597bd21419e)
[INFO] [stdout] 
[INFO] [stdout] running 5 tests
[INFO] [stdout] test as_mut_borrow_mut ... ok
[INFO] [stdout] test from_into ... ok
[INFO] [stdout] test from_str ... ok
[INFO] [stdout] test as_ref_borrow ... ok
[INFO] [stdout] test to_owned ... ok
[INFO] [stdout] 
[INFO] [stdout] test result: ok. 5 passed; 0 failed; 0 ignored; 0 measured; 0 filtered out; finished in 0.00s
[INFO] [stdout] 
[INFO] [stderr]      Running tests/r_21_reflection.rs (/opt/rustwide/target/debug/deps/r_21_reflection-6d0822fc3766db8c)
[INFO] [stdout] 
[INFO] [stdout] running 2 tests
[INFO] [stdout] test reflection ... ok
[INFO] [stdout] test offset ... ok
[INFO] [stdout] 
[INFO] [stdout] test result: ok. 2 passed; 0 failed; 0 ignored; 0 measured; 0 filtered out; finished in 0.00s
[INFO] [stdout] 
[INFO] [stderr]      Running tests/r_22_concurrency.rs (/opt/rustwide/target/debug/deps/r_22_concurrency-14456c2bb4e4a233)
[INFO] [stdout] 
[INFO] [stdout] running 5 tests
[INFO] [stdout] test lazy_lock ... ok
[INFO] [stdout] test once_lock ... ok
[INFO] [stdout] test message_passing ... ok
[INFO] [stdout] test threads ... ok
[INFO] [stdout] test condvar ... ok
[INFO] [stdout] 
[INFO] [stdout] test result: ok. 5 passed; 0 failed; 0 ignored; 0 measured; 0 filtered out; finished in 2.00s
[INFO] [stdout] 
[INFO] [stderr]      Running tests/r_23_std.rs (/opt/rustwide/target/debug/deps/r_23_std-06c05e68f5fdba63)
[INFO] [stdout] 
[INFO] [stdout] running 11 tests
[INFO] [stdout] test array ... ok
[INFO] [stdout] test bool ... ok
[INFO] [stdout] test numeric_types ... ok
[INFO] [stdout] test ord ... ok
[INFO] [stdout] test eq ... ok
[INFO] [stdout] test default ... ok
[INFO] [stdout] test iterators ... ok
[INFO] [stdout] test recursion ... ok
[INFO] [stdout] test slices ... ok
[INFO] [stdout] test print ... ok
[INFO] [stdout] test read_file ... FAILED
[INFO] [stdout] 
[INFO] [stdout] failures:
[INFO] [stdout] 
[INFO] [stdout] ---- read_file stdout ----
[INFO] [stdout] 
[INFO] [stdout] thread 'read_file' panicked at tests/r_23_std.rs:151:29:
[INFO] [stdout] called `Result::unwrap()` on an `Err` value: Os { code: 30, kind: ReadOnlyFilesystem, message: "Read-only file system" }
[INFO] [stdout] stack backtrace:
[INFO] [stdout]    0:     0x5870a54ef96a - std::backtrace_rs::backtrace::libunwind::trace::hb059275cfc8d6126
[INFO] [stdout]                                at /rustc/6067b36314ab5eb2eb47cecc464545ba58e1ad24/library/std/src/../../backtrace/src/backtrace/libunwind.rs:116:5
[INFO] [stdout]    1:     0x5870a54ef96a - std::backtrace_rs::backtrace::trace_unsynchronized::h2da071e4327ce3ee
[INFO] [stdout]                                at /rustc/6067b36314ab5eb2eb47cecc464545ba58e1ad24/library/std/src/../../backtrace/src/backtrace/mod.rs:66:5
[INFO] [stdout]    2:     0x5870a54ef96a - std::sys::backtrace::_print_fmt::h842a1474e6f8d23f
[INFO] [stdout]                                at /rustc/6067b36314ab5eb2eb47cecc464545ba58e1ad24/library/std/src/sys/backtrace.rs:66:9
[INFO] [stdout]    3:     0x5870a54ef96a - <std::sys::backtrace::BacktraceLock::print::DisplayBacktrace as core::fmt::Display>::fmt::h71a62eb3b9696b12
[INFO] [stdout]                                at /rustc/6067b36314ab5eb2eb47cecc464545ba58e1ad24/library/std/src/sys/backtrace.rs:39:26
[INFO] [stdout]    4:     0x5870a5517bf3 - core::fmt::rt::Argument::fmt::hdb6b616786b41dc1
[INFO] [stdout]                                at /rustc/6067b36314ab5eb2eb47cecc464545ba58e1ad24/library/core/src/fmt/rt.rs:177:76
[INFO] [stdout]    5:     0x5870a5517bf3 - core::fmt::write::h2cc1698af7e2d686
[INFO] [stdout]                                at /rustc/6067b36314ab5eb2eb47cecc464545ba58e1ad24/library/core/src/fmt/mod.rs:1440:21
[INFO] [stdout]    6:     0x5870a54ec273 - std::io::Write::write_fmt::hab1b4cd059a79022
[INFO] [stdout]                                at /rustc/6067b36314ab5eb2eb47cecc464545ba58e1ad24/library/std/src/io/mod.rs:1887:15
[INFO] [stdout]    7:     0x5870a54ef7b2 - std::sys::backtrace::BacktraceLock::print::h147fe35b4ea13b08
[INFO] [stdout]                                at /rustc/6067b36314ab5eb2eb47cecc464545ba58e1ad24/library/std/src/sys/backtrace.rs:42:9
[INFO] [stdout]    8:     0x5870a54f0d8f - std::panicking::default_hook::{{closure}}::hbd44223dbdc0d208
[INFO] [stdout]                                at /rustc/6067b36314ab5eb2eb47cecc464545ba58e1ad24/library/std/src/panicking.rs:298:22
[INFO] [stdout]    9:     0x5870a54f0ba8 - std::panicking::default_hook::h20f81eb0576efcec
[INFO] [stdout]                                at /rustc/6067b36314ab5eb2eb47cecc464545ba58e1ad24/library/std/src/panicking.rs:322:9
[INFO] [stdout]   10:     0x5870a54b9203 - <alloc::boxed::Box<F,A> as core::ops::function::Fn<Args>>::call::hdb53814c496a4d34
[INFO] [stdout]                                at /rustc/6067b36314ab5eb2eb47cecc464545ba58e1ad24/library/alloc/src/boxed.rs:2027:9
[INFO] [stdout]   11:     0x5870a54b9203 - test::test_main::{{closure}}::hc0a4963c59427c24
[INFO] [stdout]                                at /rustc/6067b36314ab5eb2eb47cecc464545ba58e1ad24/library/test/src/lib.rs:134:21
[INFO] [stdout]   12:     0x5870a54f1883 - <alloc::boxed::Box<F,A> as core::ops::function::Fn<Args>>::call::h591b2225413a77e9
[INFO] [stdout]                                at /rustc/6067b36314ab5eb2eb47cecc464545ba58e1ad24/library/alloc/src/boxed.rs:2027:9
[INFO] [stdout]   13:     0x5870a54f1883 - std::panicking::rust_panic_with_hook::h625eea43051b2edc
[INFO] [stdout]                                at /rustc/6067b36314ab5eb2eb47cecc464545ba58e1ad24/library/std/src/panicking.rs:839:13
[INFO] [stdout]   14:     0x5870a54f153a - std::panicking::begin_panic_handler::{{closure}}::h4f9159cfbc3f6bd3
[INFO] [stdout]                                at /rustc/6067b36314ab5eb2eb47cecc464545ba58e1ad24/library/std/src/panicking.rs:704:13
[INFO] [stdout]   15:     0x5870a54efe69 - std::sys::backtrace::__rust_end_short_backtrace::h0390abce48353151
[INFO] [stdout]                                at /rustc/6067b36314ab5eb2eb47cecc464545ba58e1ad24/library/std/src/sys/backtrace.rs:168:18
[INFO] [stdout]   16:     0x5870a54f11cd - rust_begin_unwind
[INFO] [stdout]                                at /rustc/6067b36314ab5eb2eb47cecc464545ba58e1ad24/library/std/src/panicking.rs:695:5
[INFO] [stdout]   17:     0x5870a55166a0 - core::panicking::panic_fmt::h9e7c637e9e5f29c9
[INFO] [stdout]                                at /rustc/6067b36314ab5eb2eb47cecc464545ba58e1ad24/library/core/src/panicking.rs:75:14
[INFO] [stdout]   18:     0x5870a5516a46 - core::result::unwrap_failed::h7979f09313fe1849
[INFO] [stdout]                                at /rustc/6067b36314ab5eb2eb47cecc464545ba58e1ad24/library/core/src/result.rs:1704:5
[INFO] [stdout]   19:     0x5870a547eefc - core::result::Result<T,E>::unwrap::h51ef3841ebe9316d
[INFO] [stdout]                                at /rustc/6067b36314ab5eb2eb47cecc464545ba58e1ad24/library/core/src/result.rs:1109:23
[INFO] [stdout]   20:     0x5870a547eefc - r_23_std::read_file::hbff597c7d99b218a
[INFO] [stdout]                                at /opt/rustwide/workdir/tests/r_23_std.rs:151:5
[INFO] [stdout]   21:     0x5870a547ed07 - r_23_std::read_file::{{closure}}::h24fdbdbb7ae8af0c
[INFO] [stdout]                                at /opt/rustwide/workdir/tests/r_23_std.rs:144:15
[INFO] [stdout]   22:     0x5870a547a9b6 - core::ops::function::FnOnce::call_once::h4a5a3afdc0be8554
[INFO] [stdout]                                at /rustc/6067b36314ab5eb2eb47cecc464545ba58e1ad24/library/core/src/ops/function.rs:250:5
[INFO] [stdout]   23:     0x5870a54be95b - core::ops::function::FnOnce::call_once::he27718dfdd183f43
[INFO] [stdout]                                at /rustc/6067b36314ab5eb2eb47cecc464545ba58e1ad24/library/core/src/ops/function.rs:250:5
[INFO] [stdout]   24:     0x5870a54be95b - test::__rust_begin_short_backtrace::h4e84902998457a5d
[INFO] [stdout]                                at /rustc/6067b36314ab5eb2eb47cecc464545ba58e1ad24/library/test/src/lib.rs:632:18
[INFO] [stdout]   25:     0x5870a54bd893 - test::run_test_in_process::{{closure}}::h7176fd18fc1feca0
[INFO] [stdout]                                at /rustc/6067b36314ab5eb2eb47cecc464545ba58e1ad24/library/test/src/lib.rs:655:60
[INFO] [stdout]   26:     0x5870a54bd893 - <core::panic::unwind_safe::AssertUnwindSafe<F> as core::ops::function::FnOnce<()>>::call_once::hf79cff2a624d8cf7
[INFO] [stdout]                                at /rustc/6067b36314ab5eb2eb47cecc464545ba58e1ad24/library/core/src/panic/unwind_safe.rs:272:9
[INFO] [stdout]   27:     0x5870a54bd893 - std::panicking::try::do_call::h3da0561d9ab99c25
[INFO] [stdout]                                at /rustc/6067b36314ab5eb2eb47cecc464545ba58e1ad24/library/std/src/panicking.rs:587:40
[INFO] [stdout]   28:     0x5870a54bd893 - std::panicking::try::h41c9fa508bc61df6
[INFO] [stdout]                                at /rustc/6067b36314ab5eb2eb47cecc464545ba58e1ad24/library/std/src/panicking.rs:550:19
[INFO] [stdout]   29:     0x5870a54bd893 - std::panic::catch_unwind::h6b3ff07bb5afad93
[INFO] [stdout]                                at /rustc/6067b36314ab5eb2eb47cecc464545ba58e1ad24/library/std/src/panic.rs:358:14
[INFO] [stdout]   30:     0x5870a54bd893 - test::run_test_in_process::hc7253dd11b39b9f4
[INFO] [stdout]                                at /rustc/6067b36314ab5eb2eb47cecc464545ba58e1ad24/library/test/src/lib.rs:655:27
[INFO] [stdout]   31:     0x5870a54bd893 - test::run_test::{{closure}}::hfb2007f8649c30bb
[INFO] [stdout]                                at /rustc/6067b36314ab5eb2eb47cecc464545ba58e1ad24/library/test/src/lib.rs:576:43
[INFO] [stdout]   32:     0x5870a5480975 - test::run_test::{{closure}}::h56a17aa7a282a9f4
[INFO] [stdout]                                at /rustc/6067b36314ab5eb2eb47cecc464545ba58e1ad24/library/test/src/lib.rs:606:41
[INFO] [stdout]   33:     0x5870a5480975 - std::sys::backtrace::__rust_begin_short_backtrace::hd2d2d2fb8e8c6aac
[INFO] [stdout]                                at /rustc/6067b36314ab5eb2eb47cecc464545ba58e1ad24/library/std/src/sys/backtrace.rs:152:18
[INFO] [stdout]   34:     0x5870a548425a - std::thread::Builder::spawn_unchecked_::{{closure}}::{{closure}}::h4faa3f9db6133423
[INFO] [stdout]                                at /rustc/6067b36314ab5eb2eb47cecc464545ba58e1ad24/library/std/src/thread/mod.rs:559:17
[INFO] [stdout]   35:     0x5870a548425a - <core::panic::unwind_safe::AssertUnwindSafe<F> as core::ops::function::FnOnce<()>>::call_once::hf2e855a36a4ea846
[INFO] [stdout]                                at /rustc/6067b36314ab5eb2eb47cecc464545ba58e1ad24/library/core/src/panic/unwind_safe.rs:272:9
[INFO] [stdout]   36:     0x5870a548425a - std::panicking::try::do_call::h2f73af3616c35465
[INFO] [stdout]                                at /rustc/6067b36314ab5eb2eb47cecc464545ba58e1ad24/library/std/src/panicking.rs:587:40
[INFO] [stdout]   37:     0x5870a548425a - std::panicking::try::hd1660ce9efadef5a
[INFO] [stdout]                                at /rustc/6067b36314ab5eb2eb47cecc464545ba58e1ad24/library/std/src/panicking.rs:550:19
[INFO] [stdout]   38:     0x5870a548425a - std::panic::catch_unwind::h5ee8d7823b8ca744
[INFO] [stdout]                                at /rustc/6067b36314ab5eb2eb47cecc464545ba58e1ad24/library/std/src/panic.rs:358:14
[INFO] [stdout]   39:     0x5870a548425a - std::thread::Builder::spawn_unchecked_::{{closure}}::h53c3a1894dce8407
[INFO] [stdout]                                at /rustc/6067b36314ab5eb2eb47cecc464545ba58e1ad24/library/std/src/thread/mod.rs:557:30
[INFO] [stdout]   40:     0x5870a548425a - core::ops::function::FnOnce::call_once{{vtable.shim}}::h048ce291ad4f62bf
[INFO] [stdout]                                at /rustc/6067b36314ab5eb2eb47cecc464545ba58e1ad24/library/core/src/ops/function.rs:250:5
[INFO] [stdout]   41:     0x5870a54f64bb - <alloc::boxed::Box<F,A> as core::ops::function::FnOnce<Args>>::call_once::ha52bedf99a3b4981
[INFO] [stdout]                                at /rustc/6067b36314ab5eb2eb47cecc464545ba58e1ad24/library/alloc/src/boxed.rs:2013:9
[INFO] [stdout]   42:     0x5870a54f64bb - <alloc::boxed::Box<F,A> as core::ops::function::FnOnce<Args>>::call_once::h567748934d80ccf8
[INFO] [stdout]                                at /rustc/6067b36314ab5eb2eb47cecc464545ba58e1ad24/library/alloc/src/boxed.rs:2013:9
[INFO] [stdout]   43:     0x5870a54f64bb - std::sys::pal::unix::thread::Thread::new::thread_start::h2d970728ae887adc
[INFO] [stdout]                                at /rustc/6067b36314ab5eb2eb47cecc464545ba58e1ad24/library/std/src/sys/pal/unix/thread.rs:106:17
[INFO] [stdout]   44:     0x7aa087a34ac3 - <unknown>
[INFO] [stdout]   45:     0x7aa087ac5a04 - clone
[INFO] [stdout]   46:                0x0 - <unknown>
[INFO] [stdout] 
[INFO] [stdout] 
[INFO] [stdout] failures:
[INFO] [stdout]     read_file
[INFO] [stdout] 
[INFO] [stdout] test result: FAILED. 10 passed; 1 failed; 0 ignored; 0 measured; 0 filtered out; finished in 0.03s
[INFO] [stdout] 
[INFO] [stderr] error: test failed, to rerun pass `--test r_23_std`
[INFO] running `Command { std: "docker" "inspect" "7f23c7d955fa2ca424849bb2ec3f38e1aa099f8982875b03504c03e89c863934", kill_on_drop: false }`
[INFO] running `Command { std: "docker" "rm" "-f" "7f23c7d955fa2ca424849bb2ec3f38e1aa099f8982875b03504c03e89c863934", kill_on_drop: false }`
[INFO] [stdout] 7f23c7d955fa2ca424849bb2ec3f38e1aa099f8982875b03504c03e89c863934
