[INFO] cloning repository https://github.com/NZRosto/tca9548-eh
[INFO] running `Command { std: "git" "-c" "credential.helper=" "-c" "credential.helper=/workspace/cargo-home/bin/git-credential-null" "clone" "--bare" "https://github.com/NZRosto/tca9548-eh" "/workspace/cache/git-repos/https%3A%2F%2Fgithub.com%2FNZRosto%2Ftca9548-eh", kill_on_drop: false }`
[INFO] [stderr] Cloning into bare repository '/workspace/cache/git-repos/https%3A%2F%2Fgithub.com%2FNZRosto%2Ftca9548-eh'...
[INFO] running `Command { std: "git" "rev-parse" "HEAD", kill_on_drop: false }`
[INFO] [stdout] 15a1a3696f2b07d3ee40fffae1c44dbd45f84360
[INFO] testing NZRosto/tca9548-eh against nightly-2025-01-18+rustflags=-Zrandomize-layout for randomize-layout-2
[INFO] running `Command { std: "git" "clone" "/workspace/cache/git-repos/https%3A%2F%2Fgithub.com%2FNZRosto%2Ftca9548-eh" "/workspace/builds/worker-6-tc2/source", kill_on_drop: false }`
[INFO] [stderr] Cloning into '/workspace/builds/worker-6-tc2/source'...
[INFO] [stderr] done.
[INFO] validating manifest of git repo https://github.com/NZRosto/tca9548-eh on toolchain nightly-2025-01-18
[INFO] running `Command { std: CARGO_HOME="/workspace/cargo-home" RUSTUP_HOME="/workspace/rustup-home" "/workspace/cargo-home/bin/cargo" "+nightly-2025-01-18" "metadata" "--manifest-path" "Cargo.toml" "--no-deps", kill_on_drop: false }`
[INFO] started tweaking git repo https://github.com/NZRosto/tca9548-eh
[INFO] finished tweaking git repo https://github.com/NZRosto/tca9548-eh
[INFO] tweaked toml for git repo https://github.com/NZRosto/tca9548-eh written to /workspace/builds/worker-6-tc2/source/Cargo.toml
[INFO] crate git repo https://github.com/NZRosto/tca9548-eh already has a lockfile, it will not be regenerated
[INFO] running `Command { std: CARGO_HOME="/workspace/cargo-home" RUSTUP_HOME="/workspace/rustup-home" "/workspace/cargo-home/bin/cargo" "+nightly-2025-01-18" "fetch" "--manifest-path" "Cargo.toml", kill_on_drop: false }`
[INFO] running `Command { std: "docker" "create" "-v" "/var/lib/crater-agent-workspace/builds/worker-6-tc2/target:/opt/rustwide/target:rw,Z" "-v" "/var/lib/crater-agent-workspace/builds/worker-6-tc2/source:/opt/rustwide/workdir:ro,Z" "-v" "/var/lib/crater-agent-workspace/cargo-home:/opt/rustwide/cargo-home:ro,Z" "-v" "/var/lib/crater-agent-workspace/rustup-home:/opt/rustwide/rustup-home:ro,Z" "-e" "SOURCE_DIR=/opt/rustwide/workdir" "-e" "CARGO_TARGET_DIR=/opt/rustwide/target" "-e" "CARGO_HOME=/opt/rustwide/cargo-home" "-e" "RUSTUP_HOME=/opt/rustwide/rustup-home" "-w" "/opt/rustwide/workdir" "-m" "1610612736" "--user" "0:0" "--network" "none" "ghcr.io/rust-lang/crates-build-env/linux@sha256:819108c5571ea2e421544af4d832f968d213c87fbe3707a016657f43d2f853bc" "/opt/rustwide/cargo-home/bin/cargo" "+nightly-2025-01-18" "metadata" "--no-deps" "--format-version=1", kill_on_drop: false }`
[INFO] [stdout] 2122cbf8199d301314d9340dabf61af1d017adeb19a3f71f96adc75dd4f067c8
[INFO] running `Command { std: "docker" "start" "-a" "2122cbf8199d301314d9340dabf61af1d017adeb19a3f71f96adc75dd4f067c8", kill_on_drop: false }`
[INFO] running `Command { std: "docker" "inspect" "2122cbf8199d301314d9340dabf61af1d017adeb19a3f71f96adc75dd4f067c8", kill_on_drop: false }`
[INFO] running `Command { std: "docker" "rm" "-f" "2122cbf8199d301314d9340dabf61af1d017adeb19a3f71f96adc75dd4f067c8", kill_on_drop: false }`
[INFO] [stdout] 2122cbf8199d301314d9340dabf61af1d017adeb19a3f71f96adc75dd4f067c8
[INFO] running `Command { std: "docker" "create" "-v" "/var/lib/crater-agent-workspace/builds/worker-6-tc2/target:/opt/rustwide/target:rw,Z" "-v" "/var/lib/crater-agent-workspace/builds/worker-6-tc2/source:/opt/rustwide/workdir:ro,Z" "-v" "/var/lib/crater-agent-workspace/cargo-home:/opt/rustwide/cargo-home:ro,Z" "-v" "/var/lib/crater-agent-workspace/rustup-home:/opt/rustwide/rustup-home:ro,Z" "-e" "SOURCE_DIR=/opt/rustwide/workdir" "-e" "CARGO_TARGET_DIR=/opt/rustwide/target" "-e" "CARGO_INCREMENTAL=0" "-e" "RUST_BACKTRACE=full" "-e" "RUSTFLAGS=--cap-lints=forbid -Zrandomize-layout" "-e" "RUSTDOCFLAGS=--cap-lints=forbid" "-e" "CARGO_HOME=/opt/rustwide/cargo-home" "-e" "RUSTUP_HOME=/opt/rustwide/rustup-home" "-w" "/opt/rustwide/workdir" "-m" "1610612736" "--user" "0:0" "--network" "none" "ghcr.io/rust-lang/crates-build-env/linux@sha256:819108c5571ea2e421544af4d832f968d213c87fbe3707a016657f43d2f853bc" "/opt/rustwide/cargo-home/bin/cargo" "+nightly-2025-01-18" "build" "--frozen" "--message-format=json", kill_on_drop: false }`
[INFO] [stdout] d4be821cf4d7d256294e4ec0f600c22b30cfd7abfc8a6dc5aad44d28c590f4ff
[INFO] running `Command { std: "docker" "start" "-a" "d4be821cf4d7d256294e4ec0f600c22b30cfd7abfc8a6dc5aad44d28c590f4ff", kill_on_drop: false }`
[INFO] [stderr]    Compiling portable-atomic v1.6.0
[INFO] [stderr]    Compiling embedded-hal v1.0.0
[INFO] [stderr]    Compiling spin v0.9.8
[INFO] [stderr]    Compiling tca9548-eh v0.1.0 (/opt/rustwide/workdir)
[INFO] [stderr]     Finished `dev` profile [unoptimized + debuginfo] target(s) in 1.30s
[INFO] running `Command { std: "docker" "inspect" "d4be821cf4d7d256294e4ec0f600c22b30cfd7abfc8a6dc5aad44d28c590f4ff", kill_on_drop: false }`
[INFO] running `Command { std: "docker" "rm" "-f" "d4be821cf4d7d256294e4ec0f600c22b30cfd7abfc8a6dc5aad44d28c590f4ff", kill_on_drop: false }`
[INFO] [stdout] d4be821cf4d7d256294e4ec0f600c22b30cfd7abfc8a6dc5aad44d28c590f4ff
[INFO] running `Command { std: "docker" "create" "-v" "/var/lib/crater-agent-workspace/builds/worker-6-tc2/target:/opt/rustwide/target:rw,Z" "-v" "/var/lib/crater-agent-workspace/builds/worker-6-tc2/source:/opt/rustwide/workdir:ro,Z" "-v" "/var/lib/crater-agent-workspace/cargo-home:/opt/rustwide/cargo-home:ro,Z" "-v" "/var/lib/crater-agent-workspace/rustup-home:/opt/rustwide/rustup-home:ro,Z" "-e" "SOURCE_DIR=/opt/rustwide/workdir" "-e" "CARGO_TARGET_DIR=/opt/rustwide/target" "-e" "CARGO_INCREMENTAL=0" "-e" "RUST_BACKTRACE=full" "-e" "RUSTFLAGS=--cap-lints=forbid -Zrandomize-layout" "-e" "RUSTDOCFLAGS=--cap-lints=forbid" "-e" "CARGO_HOME=/opt/rustwide/cargo-home" "-e" "RUSTUP_HOME=/opt/rustwide/rustup-home" "-w" "/opt/rustwide/workdir" "-m" "1610612736" "--user" "0:0" "--network" "none" "ghcr.io/rust-lang/crates-build-env/linux@sha256:819108c5571ea2e421544af4d832f968d213c87fbe3707a016657f43d2f853bc" "/opt/rustwide/cargo-home/bin/cargo" "+nightly-2025-01-18" "test" "--frozen" "--no-run" "--message-format=json", kill_on_drop: false }`
[INFO] [stdout] 4d947a6aaed448686c4694d30da8f52260be91f14148c3d6437697cba2b2fb86
[INFO] running `Command { std: "docker" "start" "-a" "4d947a6aaed448686c4694d30da8f52260be91f14148c3d6437697cba2b2fb86", kill_on_drop: false }`
[INFO] [stderr]    Compiling tca9548-eh v0.1.0 (/opt/rustwide/workdir)
[INFO] [stderr]     Finished `test` profile [unoptimized + debuginfo] target(s) in 0.27s
[INFO] running `Command { std: "docker" "inspect" "4d947a6aaed448686c4694d30da8f52260be91f14148c3d6437697cba2b2fb86", kill_on_drop: false }`
[INFO] running `Command { std: "docker" "rm" "-f" "4d947a6aaed448686c4694d30da8f52260be91f14148c3d6437697cba2b2fb86", kill_on_drop: false }`
[INFO] [stdout] 4d947a6aaed448686c4694d30da8f52260be91f14148c3d6437697cba2b2fb86
[INFO] running `Command { std: "docker" "create" "-v" "/var/lib/crater-agent-workspace/builds/worker-6-tc2/target:/opt/rustwide/target:rw,Z" "-v" "/var/lib/crater-agent-workspace/builds/worker-6-tc2/source:/opt/rustwide/workdir:ro,Z" "-v" "/var/lib/crater-agent-workspace/cargo-home:/opt/rustwide/cargo-home:ro,Z" "-v" "/var/lib/crater-agent-workspace/rustup-home:/opt/rustwide/rustup-home:ro,Z" "-e" "SOURCE_DIR=/opt/rustwide/workdir" "-e" "CARGO_TARGET_DIR=/opt/rustwide/target" "-e" "CARGO_INCREMENTAL=0" "-e" "RUST_BACKTRACE=full" "-e" "RUSTFLAGS=--cap-lints=forbid -Zrandomize-layout" "-e" "RUSTDOCFLAGS=--cap-lints=forbid" "-e" "CARGO_HOME=/opt/rustwide/cargo-home" "-e" "RUSTUP_HOME=/opt/rustwide/rustup-home" "-w" "/opt/rustwide/workdir" "-m" "1610612736" "--user" "0:0" "--network" "none" "ghcr.io/rust-lang/crates-build-env/linux@sha256:819108c5571ea2e421544af4d832f968d213c87fbe3707a016657f43d2f853bc" "/opt/rustwide/cargo-home/bin/cargo" "+nightly-2025-01-18" "test" "--frozen", kill_on_drop: false }`
[INFO] [stdout] 0e82eda510d101239563fb9161317f4ae4a1839771c34ccf49f79418c281fa3b
[INFO] running `Command { std: "docker" "start" "-a" "0e82eda510d101239563fb9161317f4ae4a1839771c34ccf49f79418c281fa3b", kill_on_drop: false }`
[INFO] [stderr]     Finished `test` profile [unoptimized + debuginfo] target(s) in 0.05s
[INFO] [stderr]      Running unittests src/lib.rs (/opt/rustwide/target/debug/deps/tca9548_eh-fd55fd2479ddad94)
[INFO] [stdout] 
[INFO] [stderr]    Doc-tests tca9548_eh
[INFO] [stdout] running 0 tests
[INFO] [stdout] 
[INFO] [stdout] test result: ok. 0 passed; 0 failed; 0 ignored; 0 measured; 0 filtered out; finished in 0.00s
[INFO] [stdout] 
[INFO] [stdout] 
[INFO] [stdout] running 1 test
[INFO] [stdout] test src/lib.rs - (line 10) ... FAILED
[INFO] [stdout] 
[INFO] [stdout] failures:
[INFO] [stdout] 
[INFO] [stdout] ---- src/lib.rs - (line 10) stdout ----
[INFO] [stdout] error[E0433]: failed to resolve: use of undeclared type `Tca9548`
[INFO] [stdout]  --> src/lib.rs:15:23
[INFO] [stdout]   |
[INFO] [stdout] 8 | let mut multiplexer = Tca9548::new(i2c, 0x70).unwrap();
[INFO] [stdout]   |                       ^^^^^^^ use of undeclared type `Tca9548`
[INFO] [stdout]   |
[INFO] [stdout] help: consider importing this struct
[INFO] [stdout]   |
[INFO] [stdout] 5 + use tca9548_eh::Tca9548;
[INFO] [stdout]   |
[INFO] [stdout] 
[INFO] [stdout] error[E0425]: cannot find value `i2c` in this scope
[INFO] [stdout]  --> src/lib.rs:15:36
[INFO] [stdout]   |
[INFO] [stdout] 8 | let mut multiplexer = Tca9548::new(i2c, 0x70).unwrap();
[INFO] [stdout]   |                                    ^^^ not found in this scope
[INFO] [stdout] 
[INFO] [stdout] error[E0599]: no method named `write` found for struct `MultiplexedBus` in the current scope
[INFO] [stdout]    --> src/lib.rs:25:6
[INFO] [stdout]     |
[INFO] [stdout] 18  | bus0.write(0x38, &[0x00]).unwrap();
[INFO] [stdout]     |      ^^^^^
[INFO] [stdout]     |
[INFO] [stdout]    ::: /opt/rustwide/cargo-home/registry/src/index.crates.io-1949cf8c6b5b557f/embedded-hal-1.0.0/src/i2c.rs:354:8
[INFO] [stdout]     |
[INFO] [stdout] 354 |     fn write(&mut self, address: A, write: &[u8]) -> Result<(), Self::Error> {
[INFO] [stdout]     |        ----- the method is available for `MultiplexedBus<'_, _, 0>` here
[INFO] [stdout]     |
[INFO] [stdout]     = help: items from traits can only be used if the trait is in scope
[INFO] [stdout] help: there is a method `write_read` with a similar name, but with different arguments
[INFO] [stdout]    --> /opt/rustwide/cargo-home/registry/src/index.crates.io-1949cf8c6b5b557f/embedded-hal-1.0.0/src/i2c.rs:381:5
[INFO] [stdout]     |
[INFO] [stdout] 381 |     fn write_read(&mut self, address: A, write: &[u8], read: &mut [u8]) -> Result<(), Self::Error> {
[INFO] [stdout]     |     ^^^^^^^^^^^^^^^^^^^^^^^^^^^^^^^^^^^^^^^^^^^^^^^^^^^^^^^^^^^^^^^^^^^^^^^^^^^^^^^^^^^^^^^^^^^^^^
[INFO] [stdout] help: trait `I2c` which provides `write` is implemented but not in scope; perhaps you want to import it
[INFO] [stdout]     |
[INFO] [stdout] 5   + use embedded_hal::i2c::I2c;
[INFO] [stdout]     |
[INFO] [stdout] 
[INFO] [stdout] error: aborting due to 3 previous errors
[INFO] [stdout] 
[INFO] [stdout] Some errors have detailed explanations: E0425, E0433, E0599.
[INFO] [stdout] For more information about an error, try `rustc --explain E0425`.
[INFO] [stdout] Couldn't compile the test.
[INFO] [stdout] 
[INFO] [stdout] failures:
[INFO] [stdout]     src/lib.rs - (line 10)
[INFO] [stdout] 
[INFO] [stdout] test result: FAILED. 0 passed; 1 failed; 0 ignored; 0 measured; 0 filtered out; finished in 0.13s
[INFO] [stdout] 
[INFO] [stderr] error: doctest failed, to rerun pass `--doc`
[INFO] running `Command { std: "docker" "inspect" "0e82eda510d101239563fb9161317f4ae4a1839771c34ccf49f79418c281fa3b", kill_on_drop: false }`
[INFO] running `Command { std: "docker" "rm" "-f" "0e82eda510d101239563fb9161317f4ae4a1839771c34ccf49f79418c281fa3b", kill_on_drop: false }`
[INFO] [stdout] 0e82eda510d101239563fb9161317f4ae4a1839771c34ccf49f79418c281fa3b
