[INFO] cloning repository https://github.com/N8BWert/w25q128
[INFO] running `Command { std: "git" "-c" "credential.helper=" "-c" "credential.helper=/workspace/cargo-home/bin/git-credential-null" "clone" "--bare" "https://github.com/N8BWert/w25q128" "/workspace/cache/git-repos/https%3A%2F%2Fgithub.com%2FN8BWert%2Fw25q128", kill_on_drop: false }`
[INFO] [stderr] Cloning into bare repository '/workspace/cache/git-repos/https%3A%2F%2Fgithub.com%2FN8BWert%2Fw25q128'...
[INFO] running `Command { std: "git" "rev-parse" "HEAD", kill_on_drop: false }`
[INFO] [stdout] 133a35e5cabc5a7394848c2ad7744bd6073a5227
[INFO] testing N8BWert/w25q128 against nightly-2025-01-18 for randomize-layout-2
[INFO] running `Command { std: "git" "clone" "/workspace/cache/git-repos/https%3A%2F%2Fgithub.com%2FN8BWert%2Fw25q128" "/workspace/builds/worker-7-tc1/source", kill_on_drop: false }`
[INFO] [stderr] Cloning into '/workspace/builds/worker-7-tc1/source'...
[INFO] [stderr] done.
[INFO] validating manifest of git repo https://github.com/N8BWert/w25q128 on toolchain nightly-2025-01-18
[INFO] running `Command { std: CARGO_HOME="/workspace/cargo-home" RUSTUP_HOME="/workspace/rustup-home" "/workspace/cargo-home/bin/cargo" "+nightly-2025-01-18" "metadata" "--manifest-path" "Cargo.toml" "--no-deps", kill_on_drop: false }`
[INFO] started tweaking git repo https://github.com/N8BWert/w25q128
[INFO] finished tweaking git repo https://github.com/N8BWert/w25q128
[INFO] tweaked toml for git repo https://github.com/N8BWert/w25q128 written to /workspace/builds/worker-7-tc1/source/Cargo.toml
[INFO] crate git repo https://github.com/N8BWert/w25q128 already has a lockfile, it will not be regenerated
[INFO] running `Command { std: CARGO_HOME="/workspace/cargo-home" RUSTUP_HOME="/workspace/rustup-home" "/workspace/cargo-home/bin/cargo" "+nightly-2025-01-18" "fetch" "--manifest-path" "Cargo.toml", kill_on_drop: false }`
[INFO] running `Command { std: "docker" "create" "-v" "/var/lib/crater-agent-workspace/builds/worker-7-tc1/target:/opt/rustwide/target:rw,Z" "-v" "/var/lib/crater-agent-workspace/builds/worker-7-tc1/source:/opt/rustwide/workdir:ro,Z" "-v" "/var/lib/crater-agent-workspace/cargo-home:/opt/rustwide/cargo-home:ro,Z" "-v" "/var/lib/crater-agent-workspace/rustup-home:/opt/rustwide/rustup-home:ro,Z" "-e" "SOURCE_DIR=/opt/rustwide/workdir" "-e" "CARGO_TARGET_DIR=/opt/rustwide/target" "-e" "CARGO_HOME=/opt/rustwide/cargo-home" "-e" "RUSTUP_HOME=/opt/rustwide/rustup-home" "-w" "/opt/rustwide/workdir" "-m" "1610612736" "--user" "0:0" "--network" "none" "ghcr.io/rust-lang/crates-build-env/linux@sha256:819108c5571ea2e421544af4d832f968d213c87fbe3707a016657f43d2f853bc" "/opt/rustwide/cargo-home/bin/cargo" "+nightly-2025-01-18" "metadata" "--no-deps" "--format-version=1", kill_on_drop: false }`
[INFO] [stdout] 7b02e3adf380402f6704111e4046f1b6fc6589fd09b615b8a7a576a438c64759
[INFO] running `Command { std: "docker" "start" "-a" "7b02e3adf380402f6704111e4046f1b6fc6589fd09b615b8a7a576a438c64759", kill_on_drop: false }`
[INFO] running `Command { std: "docker" "inspect" "7b02e3adf380402f6704111e4046f1b6fc6589fd09b615b8a7a576a438c64759", kill_on_drop: false }`
[INFO] running `Command { std: "docker" "rm" "-f" "7b02e3adf380402f6704111e4046f1b6fc6589fd09b615b8a7a576a438c64759", kill_on_drop: false }`
[INFO] [stdout] 7b02e3adf380402f6704111e4046f1b6fc6589fd09b615b8a7a576a438c64759
[INFO] running `Command { std: "docker" "create" "-v" "/var/lib/crater-agent-workspace/builds/worker-7-tc1/target:/opt/rustwide/target:rw,Z" "-v" "/var/lib/crater-agent-workspace/builds/worker-7-tc1/source:/opt/rustwide/workdir:ro,Z" "-v" "/var/lib/crater-agent-workspace/cargo-home:/opt/rustwide/cargo-home:ro,Z" "-v" "/var/lib/crater-agent-workspace/rustup-home:/opt/rustwide/rustup-home:ro,Z" "-e" "SOURCE_DIR=/opt/rustwide/workdir" "-e" "CARGO_TARGET_DIR=/opt/rustwide/target" "-e" "CARGO_INCREMENTAL=0" "-e" "RUST_BACKTRACE=full" "-e" "RUSTFLAGS=--cap-lints=forbid" "-e" "RUSTDOCFLAGS=--cap-lints=forbid" "-e" "CARGO_HOME=/opt/rustwide/cargo-home" "-e" "RUSTUP_HOME=/opt/rustwide/rustup-home" "-w" "/opt/rustwide/workdir" "-m" "1610612736" "--user" "0:0" "--network" "none" "ghcr.io/rust-lang/crates-build-env/linux@sha256:819108c5571ea2e421544af4d832f968d213c87fbe3707a016657f43d2f853bc" "/opt/rustwide/cargo-home/bin/cargo" "+nightly-2025-01-18" "build" "--frozen" "--message-format=json", kill_on_drop: false }`
[INFO] [stdout] 6f6d343ce2f3120f4373837bf2e5616ba5396ccfae310af7ec3a90d09129a59a
[INFO] running `Command { std: "docker" "start" "-a" "6f6d343ce2f3120f4373837bf2e5616ba5396ccfae310af7ec3a90d09129a59a", kill_on_drop: false }`
[INFO] [stderr]    Compiling proc-macro2 v1.0.79
[INFO] [stderr]    Compiling unicode-ident v1.0.12
[INFO] [stderr]    Compiling version_check v0.9.4
[INFO] [stderr]    Compiling thiserror v1.0.58
[INFO] [stderr]    Compiling syn v1.0.109
[INFO] [stderr]    Compiling defmt-macros v0.3.7
[INFO] [stderr]    Compiling nb v1.1.0
[INFO] [stderr]    Compiling defmt v0.3.6
[INFO] [stderr]    Compiling nb v0.1.3
[INFO] [stderr]    Compiling void v1.0.2
[INFO] [stderr]    Compiling gcd v2.3.0
[INFO] [stderr]    Compiling bitflags v1.3.2
[INFO] [stderr]    Compiling embedded-hal v0.2.7
[INFO] [stderr]    Compiling fugit v0.3.7
[INFO] [stderr]    Compiling proc-macro-error-attr v1.0.4
[INFO] [stderr]    Compiling proc-macro-error v1.0.4
[INFO] [stderr]    Compiling quote v1.0.35
[INFO] [stderr]    Compiling syn v2.0.55
[INFO] [stderr]    Compiling thiserror-impl v1.0.58
[INFO] [stderr]    Compiling defmt-parser v0.3.4
[INFO] [stderr]    Compiling w25q128 v0.1.0 (/opt/rustwide/workdir)
[INFO] [stderr]     Finished `dev` profile [unoptimized + debuginfo] target(s) in 13.03s
[INFO] running `Command { std: "docker" "inspect" "6f6d343ce2f3120f4373837bf2e5616ba5396ccfae310af7ec3a90d09129a59a", kill_on_drop: false }`
[INFO] running `Command { std: "docker" "rm" "-f" "6f6d343ce2f3120f4373837bf2e5616ba5396ccfae310af7ec3a90d09129a59a", kill_on_drop: false }`
[INFO] [stdout] 6f6d343ce2f3120f4373837bf2e5616ba5396ccfae310af7ec3a90d09129a59a
[INFO] running `Command { std: "docker" "create" "-v" "/var/lib/crater-agent-workspace/builds/worker-7-tc1/target:/opt/rustwide/target:rw,Z" "-v" "/var/lib/crater-agent-workspace/builds/worker-7-tc1/source:/opt/rustwide/workdir:ro,Z" "-v" "/var/lib/crater-agent-workspace/cargo-home:/opt/rustwide/cargo-home:ro,Z" "-v" "/var/lib/crater-agent-workspace/rustup-home:/opt/rustwide/rustup-home:ro,Z" "-e" "SOURCE_DIR=/opt/rustwide/workdir" "-e" "CARGO_TARGET_DIR=/opt/rustwide/target" "-e" "CARGO_INCREMENTAL=0" "-e" "RUST_BACKTRACE=full" "-e" "RUSTFLAGS=--cap-lints=forbid" "-e" "RUSTDOCFLAGS=--cap-lints=forbid" "-e" "CARGO_HOME=/opt/rustwide/cargo-home" "-e" "RUSTUP_HOME=/opt/rustwide/rustup-home" "-w" "/opt/rustwide/workdir" "-m" "1610612736" "--user" "0:0" "--network" "none" "ghcr.io/rust-lang/crates-build-env/linux@sha256:819108c5571ea2e421544af4d832f968d213c87fbe3707a016657f43d2f853bc" "/opt/rustwide/cargo-home/bin/cargo" "+nightly-2025-01-18" "test" "--frozen" "--no-run" "--message-format=json", kill_on_drop: false }`
[INFO] [stdout] cdb99fbaaf429e93ce5796314d5cfb58b6a243a672644c8220d7c4b85a8b96fd
[INFO] running `Command { std: "docker" "start" "-a" "cdb99fbaaf429e93ce5796314d5cfb58b6a243a672644c8220d7c4b85a8b96fd", kill_on_drop: false }`
[INFO] [stderr]    Compiling w25q128 v0.1.0 (/opt/rustwide/workdir)
[INFO] [stderr]     Finished `test` profile [unoptimized + debuginfo] target(s) in 0.36s
[INFO] running `Command { std: "docker" "inspect" "cdb99fbaaf429e93ce5796314d5cfb58b6a243a672644c8220d7c4b85a8b96fd", kill_on_drop: false }`
[INFO] running `Command { std: "docker" "rm" "-f" "cdb99fbaaf429e93ce5796314d5cfb58b6a243a672644c8220d7c4b85a8b96fd", kill_on_drop: false }`
[INFO] [stdout] cdb99fbaaf429e93ce5796314d5cfb58b6a243a672644c8220d7c4b85a8b96fd
[INFO] running `Command { std: "docker" "create" "-v" "/var/lib/crater-agent-workspace/builds/worker-7-tc1/target:/opt/rustwide/target:rw,Z" "-v" "/var/lib/crater-agent-workspace/builds/worker-7-tc1/source:/opt/rustwide/workdir:ro,Z" "-v" "/var/lib/crater-agent-workspace/cargo-home:/opt/rustwide/cargo-home:ro,Z" "-v" "/var/lib/crater-agent-workspace/rustup-home:/opt/rustwide/rustup-home:ro,Z" "-e" "SOURCE_DIR=/opt/rustwide/workdir" "-e" "CARGO_TARGET_DIR=/opt/rustwide/target" "-e" "CARGO_INCREMENTAL=0" "-e" "RUST_BACKTRACE=full" "-e" "RUSTFLAGS=--cap-lints=forbid" "-e" "RUSTDOCFLAGS=--cap-lints=forbid" "-e" "CARGO_HOME=/opt/rustwide/cargo-home" "-e" "RUSTUP_HOME=/opt/rustwide/rustup-home" "-w" "/opt/rustwide/workdir" "-m" "1610612736" "--user" "0:0" "--network" "none" "ghcr.io/rust-lang/crates-build-env/linux@sha256:819108c5571ea2e421544af4d832f968d213c87fbe3707a016657f43d2f853bc" "/opt/rustwide/cargo-home/bin/cargo" "+nightly-2025-01-18" "test" "--frozen", kill_on_drop: false }`
[INFO] [stdout] cbfe02d98baefe52faf90d29e3f17f245f7671e84c73bfa7e54866588bb23883
[INFO] running `Command { std: "docker" "start" "-a" "cbfe02d98baefe52faf90d29e3f17f245f7671e84c73bfa7e54866588bb23883", kill_on_drop: false }`
[INFO] [stderr]     Finished `test` profile [unoptimized + debuginfo] target(s) in 0.04s
[INFO] [stdout] 
[INFO] [stderr]      Running unittests src/lib.rs (/opt/rustwide/target/debug/deps/w25q128-51e86288bd97e60a)
[INFO] [stdout] running 0 tests
[INFO] [stderr]    Doc-tests w25q128
[INFO] [stdout] 
[INFO] [stdout] test result: ok. 0 passed; 0 failed; 0 ignored; 0 measured; 0 filtered out; finished in 0.00s
[INFO] [stdout] 
[INFO] [stdout] 
[INFO] [stdout] running 3 tests
[INFO] [stdout] test src/status.rs - status (line 30) ... FAILED
[INFO] [stdout] test src/status.rs - status (line 54) ... FAILED
[INFO] [stdout] test src/status.rs - status (line 6) ... FAILED
[INFO] [stdout] 
[INFO] [stdout] failures:
[INFO] [stdout] 
[INFO] [stdout] ---- src/status.rs - status (line 30) stdout ----
[INFO] [stdout] error: expected one of `!`, `.`, `::`, `;`, `?`, `{`, `}`, or an operator, found `S14`
[INFO] [stdout]  --> src/status.rs:31:7
[INFO] [stdout]   |
[INFO] [stdout] 3 | S15   S14   S13   S12   S11   S10   S9    S8
[INFO] [stdout]   |       ^^^ expected one of 8 possible tokens
[INFO] [stdout] 
[INFO] [stdout] error: aborting due to 1 previous error
[INFO] [stdout] 
[INFO] [stdout] Couldn't compile the test.
[INFO] [stdout] ---- src/status.rs - status (line 54) stdout ----
[INFO] [stdout] error: expected one of `!`, `.`, `::`, `;`, `?`, `{`, `}`, or an operator, found `S22`
[INFO] [stdout]  --> src/status.rs:55:8
[INFO] [stdout]   |
[INFO] [stdout] 3 | S23    S22    S21   S20   S19   S18   S17   S16
[INFO] [stdout]   |        ^^^ expected one of 8 possible tokens
[INFO] [stdout] 
[INFO] [stdout] error: aborting due to 1 previous error
[INFO] [stdout] 
[INFO] [stdout] Couldn't compile the test.
[INFO] [stdout] ---- src/status.rs - status (line 6) stdout ----
[INFO] [stdout] error: expected one of `!`, `.`, `::`, `;`, `?`, `{`, `}`, or an operator, found `S6`
[INFO] [stdout]  --> src/status.rs:7:7
[INFO] [stdout]   |
[INFO] [stdout] 3 | S7    S6   S5    S4    S3    S2    S1    S0
[INFO] [stdout]   |       ^^ expected one of 8 possible tokens
[INFO] [stdout] 
[INFO] [stdout] error: aborting due to 1 previous error
[INFO] [stdout] 
[INFO] [stdout] Couldn't compile the test.
[INFO] [stdout] 
[INFO] [stdout] failures:
[INFO] [stdout]     src/status.rs - status (line 30)
[INFO] [stdout]     src/status.rs - status (line 54)
[INFO] [stdout]     src/status.rs - status (line 6)
[INFO] [stdout] 
[INFO] [stdout] test result: FAILED. 0 passed; 3 failed; 0 ignored; 0 measured; 0 filtered out; finished in 0.11s
[INFO] [stdout] 
[INFO] [stderr] error: doctest failed, to rerun pass `--doc`
[INFO] running `Command { std: "docker" "inspect" "cbfe02d98baefe52faf90d29e3f17f245f7671e84c73bfa7e54866588bb23883", kill_on_drop: false }`
[INFO] running `Command { std: "docker" "rm" "-f" "cbfe02d98baefe52faf90d29e3f17f245f7671e84c73bfa7e54866588bb23883", kill_on_drop: false }`
[INFO] [stdout] cbfe02d98baefe52faf90d29e3f17f245f7671e84c73bfa7e54866588bb23883
