[INFO] cloning repository https://github.com/Murphy-OrangeMud/rustdig
[INFO] running `Command { std: "git" "-c" "credential.helper=" "-c" "credential.helper=/workspace/cargo-home/bin/git-credential-null" "clone" "--bare" "https://github.com/Murphy-OrangeMud/rustdig" "/workspace/cache/git-repos/https%3A%2F%2Fgithub.com%2FMurphy-OrangeMud%2Frustdig", kill_on_drop: false }`
[INFO] [stderr] Cloning into bare repository '/workspace/cache/git-repos/https%3A%2F%2Fgithub.com%2FMurphy-OrangeMud%2Frustdig'...
[INFO] running `Command { std: "git" "rev-parse" "HEAD", kill_on_drop: false }`
[INFO] [stdout] 13edd10401ce1f10b58c4329f4c67ea51f581d6b
[INFO] testing Murphy-OrangeMud/rustdig against nightly-2025-01-18+rustflags=-Zrandomize-layout for randomize-layout-2
[INFO] running `Command { std: "git" "clone" "/workspace/cache/git-repos/https%3A%2F%2Fgithub.com%2FMurphy-OrangeMud%2Frustdig" "/workspace/builds/worker-4-tc2/source", kill_on_drop: false }`
[INFO] [stderr] Cloning into '/workspace/builds/worker-4-tc2/source'...
[INFO] [stderr] done.
[INFO] validating manifest of git repo https://github.com/Murphy-OrangeMud/rustdig on toolchain nightly-2025-01-18
[INFO] running `Command { std: CARGO_HOME="/workspace/cargo-home" RUSTUP_HOME="/workspace/rustup-home" "/workspace/cargo-home/bin/cargo" "+nightly-2025-01-18" "metadata" "--manifest-path" "Cargo.toml" "--no-deps", kill_on_drop: false }`
[INFO] removed /workspace/builds/worker-4-tc2/source/rust-toolchain
[INFO] started tweaking git repo https://github.com/Murphy-OrangeMud/rustdig
[INFO] finished tweaking git repo https://github.com/Murphy-OrangeMud/rustdig
[INFO] tweaked toml for git repo https://github.com/Murphy-OrangeMud/rustdig written to /workspace/builds/worker-4-tc2/source/Cargo.toml
[INFO] crate git repo https://github.com/Murphy-OrangeMud/rustdig already has a lockfile, it will not be regenerated
[INFO] running `Command { std: CARGO_HOME="/workspace/cargo-home" RUSTUP_HOME="/workspace/rustup-home" "/workspace/cargo-home/bin/cargo" "+nightly-2025-01-18" "fetch" "--manifest-path" "Cargo.toml", kill_on_drop: false }`
[INFO] [stderr]     Blocking waiting for file lock on package cache
[INFO] [stderr]     Blocking waiting for file lock on package cache
[INFO] running `Command { std: "docker" "create" "-v" "/var/lib/crater-agent-workspace/builds/worker-4-tc2/target:/opt/rustwide/target:rw,Z" "-v" "/var/lib/crater-agent-workspace/builds/worker-4-tc2/source:/opt/rustwide/workdir:ro,Z" "-v" "/var/lib/crater-agent-workspace/cargo-home:/opt/rustwide/cargo-home:ro,Z" "-v" "/var/lib/crater-agent-workspace/rustup-home:/opt/rustwide/rustup-home:ro,Z" "-e" "SOURCE_DIR=/opt/rustwide/workdir" "-e" "CARGO_TARGET_DIR=/opt/rustwide/target" "-e" "CARGO_HOME=/opt/rustwide/cargo-home" "-e" "RUSTUP_HOME=/opt/rustwide/rustup-home" "-w" "/opt/rustwide/workdir" "-m" "1610612736" "--user" "0:0" "--network" "none" "ghcr.io/rust-lang/crates-build-env/linux@sha256:819108c5571ea2e421544af4d832f968d213c87fbe3707a016657f43d2f853bc" "/opt/rustwide/cargo-home/bin/cargo" "+nightly-2025-01-18" "metadata" "--no-deps" "--format-version=1", kill_on_drop: false }`
[INFO] [stdout] 8d875c70c3959772e98fa4efeaf8e92cb4a11fec0dafbd04cf2ff3af9354204b
[INFO] running `Command { std: "docker" "start" "-a" "8d875c70c3959772e98fa4efeaf8e92cb4a11fec0dafbd04cf2ff3af9354204b", kill_on_drop: false }`
[INFO] running `Command { std: "docker" "inspect" "8d875c70c3959772e98fa4efeaf8e92cb4a11fec0dafbd04cf2ff3af9354204b", kill_on_drop: false }`
[INFO] running `Command { std: "docker" "rm" "-f" "8d875c70c3959772e98fa4efeaf8e92cb4a11fec0dafbd04cf2ff3af9354204b", kill_on_drop: false }`
[INFO] [stdout] 8d875c70c3959772e98fa4efeaf8e92cb4a11fec0dafbd04cf2ff3af9354204b
[INFO] running `Command { std: "docker" "create" "-v" "/var/lib/crater-agent-workspace/builds/worker-4-tc2/target:/opt/rustwide/target:rw,Z" "-v" "/var/lib/crater-agent-workspace/builds/worker-4-tc2/source:/opt/rustwide/workdir:ro,Z" "-v" "/var/lib/crater-agent-workspace/cargo-home:/opt/rustwide/cargo-home:ro,Z" "-v" "/var/lib/crater-agent-workspace/rustup-home:/opt/rustwide/rustup-home:ro,Z" "-e" "SOURCE_DIR=/opt/rustwide/workdir" "-e" "CARGO_TARGET_DIR=/opt/rustwide/target" "-e" "CARGO_INCREMENTAL=0" "-e" "RUST_BACKTRACE=full" "-e" "RUSTFLAGS=--cap-lints=forbid -Zrandomize-layout" "-e" "RUSTDOCFLAGS=--cap-lints=forbid" "-e" "CARGO_HOME=/opt/rustwide/cargo-home" "-e" "RUSTUP_HOME=/opt/rustwide/rustup-home" "-w" "/opt/rustwide/workdir" "-m" "1610612736" "--user" "0:0" "--network" "none" "ghcr.io/rust-lang/crates-build-env/linux@sha256:819108c5571ea2e421544af4d832f968d213c87fbe3707a016657f43d2f853bc" "/opt/rustwide/cargo-home/bin/cargo" "+nightly-2025-01-18" "build" "--frozen" "--message-format=json", kill_on_drop: false }`
[INFO] [stdout] 12060b1042cdeb3e712493f0b43d04a2c70f23d90880e4781da704a8f5859521
[INFO] running `Command { std: "docker" "start" "-a" "12060b1042cdeb3e712493f0b43d04a2c70f23d90880e4781da704a8f5859521", kill_on_drop: false }`
[INFO] [stderr]    Compiling autocfg v1.1.0
[INFO] [stderr]    Compiling libc v0.2.147
[INFO] [stderr]    Compiling proc-macro2 v1.0.63
[INFO] [stderr]    Compiling unicode-ident v1.0.10
[INFO] [stderr]    Compiling quote v1.0.29
[INFO] [stderr]    Compiling once_cell v1.18.0
[INFO] [stderr]    Compiling cfg-if v1.0.0
[INFO] [stderr]    Compiling cc v1.0.79
[INFO] [stderr]    Compiling futures-core v0.3.28
[INFO] [stderr]    Compiling pin-project-lite v0.2.10
[INFO] [stderr]    Compiling parking_lot_core v0.9.8
[INFO] [stderr]    Compiling rustix v0.38.4
[INFO] [stderr]    Compiling futures-channel v0.3.28
[INFO] [stderr]    Compiling spin v0.5.2
[INFO] [stderr]    Compiling futures-sink v0.3.28
[INFO] [stderr]    Compiling memchr v2.5.0
[INFO] [stderr]    Compiling scopeguard v1.1.0
[INFO] [stderr]    Compiling futures-task v0.3.28
[INFO] [stderr]    Compiling untrusted v0.7.1
[INFO] [stderr]    Compiling smallvec v1.11.0
[INFO] [stderr]    Compiling linux-raw-sys v0.4.3
[INFO] [stderr]    Compiling bitflags v2.3.3
[INFO] [stderr]    Compiling bytes v1.4.0
[INFO] [stderr]    Compiling futures-util v0.3.28
[INFO] [stderr]    Compiling utf8parse v0.2.1
[INFO] [stderr]    Compiling num-traits v0.2.15
[INFO] [stderr]    Compiling lock_api v0.4.10
[INFO] [stderr]    Compiling slab v0.4.8
[INFO] [stderr]    Compiling num-integer v0.1.45
[INFO] [stderr]    Compiling tokio v1.29.1
[INFO] [stderr]    Compiling num-bigint v0.4.3
[INFO] [stderr]    Compiling pin-utils v0.1.0
[INFO] [stderr]    Compiling futures-io v0.3.28
[INFO] [stderr]    Compiling tracing-core v0.1.31
[INFO] [stderr]    Compiling anstyle-parse v0.2.1
[INFO] [stderr]    Compiling indexmap v1.9.3
[INFO] [stderr]    Compiling num-iter v0.1.43
[INFO] [stderr]    Compiling num-rational v0.4.1
[INFO] [stderr]    Compiling syn v1.0.109
[INFO] [stderr]    Compiling rustls v0.21.5
[INFO] [stderr]    Compiling anstyle-query v1.0.0
[INFO] [stderr]    Compiling colorchoice v1.0.0
[INFO] [stderr]    Compiling anstyle v1.0.1
[INFO] [stderr]    Compiling fnv v1.0.7
[INFO] [stderr]    Compiling hashbrown v0.12.3
[INFO] [stderr]    Compiling ppv-lite86 v0.2.17
[INFO] [stderr]    Compiling strsim v0.10.0
[INFO] [stderr]    Compiling clap_lex v0.5.0
[INFO] [stderr]    Compiling heck v0.4.1
[INFO] [stderr]    Compiling itoa v1.0.9
[INFO] [stderr]    Compiling mio v0.8.8
[INFO] [stderr]    Compiling signal-hook-registry v1.4.1
[INFO] [stderr]    Compiling num_cpus v1.16.0
[INFO] [stderr]    Compiling socket2 v0.4.9
[INFO] [stderr]    Compiling syn v2.0.25
[INFO] [stderr]    Compiling getrandom v0.2.10
[INFO] [stderr]    Compiling parking_lot v0.12.1
[INFO] [stderr]    Compiling rand_core v0.6.4
[INFO] [stderr]    Compiling tracing v0.1.37
[INFO] [stderr]    Compiling log v0.4.19
[INFO] [stderr]    Compiling http v0.2.9
[INFO] [stderr]    Compiling ring v0.16.20
[INFO] [stderr]    Compiling rand_chacha v0.3.1
[INFO] [stderr]    Compiling is-terminal v0.4.9
[INFO] [stderr]    Compiling anstream v0.3.2
[INFO] [stderr]    Compiling rand v0.8.5
[INFO] [stderr]    Compiling num-complex v0.4.3
[INFO] [stderr]    Compiling clap_builder v4.3.12
[INFO] [stderr]    Compiling num-derive v0.3.3
[INFO] [stderr]    Compiling num v0.4.0
[INFO] [stderr]    Compiling tokio-macros v2.1.0
[INFO] [stderr]    Compiling futures-macro v0.3.28
[INFO] [stderr]    Compiling clap_derive v4.3.12
[INFO] [stderr]    Compiling clap v4.3.12
[INFO] [stderr]    Compiling rustls-webpki v0.101.1
[INFO] [stderr]    Compiling sct v0.7.0
[INFO] [stderr]    Compiling webpki-roots v0.24.0
[INFO] [stderr]    Compiling futures-executor v0.3.28
[INFO] [stderr]    Compiling futures v0.3.28
[INFO] [stderr]    Compiling tokio-util v0.7.8
[INFO] [stderr]    Compiling h2 v0.3.20
[INFO] [stderr]    Compiling tokio-rustls v0.24.1
[INFO] [stderr]    Compiling rsdig v0.1.0 (/opt/rustwide/workdir)
[INFO] [stdout] warning: unused imports: `Deserializer` and `Serializer`
[INFO] [stdout]  --> src/main.rs:7:13
[INFO] [stdout]   |
[INFO] [stdout] 7 | use rsdig::{Deserializer, Serializer};
[INFO] [stdout]   |             ^^^^^^^^^^^^  ^^^^^^^^^^
[INFO] [stdout]   |
[INFO] [stdout]   = note: `#[warn(unused_imports)]` on by default
[INFO] [stdout] 
[INFO] [stdout] 
[INFO] [stdout] warning: unused import: `std::collections::HashMap`
[INFO] [stdout]  --> src/main.rs:8:5
[INFO] [stdout]   |
[INFO] [stdout] 8 | use std::collections::HashMap;
[INFO] [stdout]   |     ^^^^^^^^^^^^^^^^^^^^^^^^^
[INFO] [stdout] 
[INFO] [stdout] 
[INFO] [stdout] warning: unused import: `std::io::Result`
[INFO] [stdout]  --> src/main.rs:9:5
[INFO] [stdout]   |
[INFO] [stdout] 9 | use std::io::Result;
[INFO] [stdout]   |     ^^^^^^^^^^^^^^^
[INFO] [stdout] 
[INFO] [stdout] 
[INFO] [stdout] warning: unused imports: `IpAddr`, `Ipv6Addr`, and `UdpSocket`
[INFO] [stdout]   --> src/main.rs:12:16
[INFO] [stdout]    |
[INFO] [stdout] 12 | use std::net::{IpAddr, Ipv6Addr, UdpSocket};
[INFO] [stdout]    |                ^^^^^^  ^^^^^^^^  ^^^^^^^^^
[INFO] [stdout] 
[INFO] [stdout] 
[INFO] [stdout] warning: unused import: `Instant`
[INFO] [stdout]   --> src/main.rs:14:27
[INFO] [stdout]    |
[INFO] [stdout] 14 | use std::time::{Duration, Instant};
[INFO] [stdout]    |                           ^^^^^^^
[INFO] [stdout] 
[INFO] [stdout] 
[INFO] [stdout] warning: unused imports: `OwnedTrustAnchor` and `RootCertStore`
[INFO] [stdout]  --> src/resolver.rs:7:14
[INFO] [stdout]   |
[INFO] [stdout] 7 | use rustls::{OwnedTrustAnchor, RootCertStore};
[INFO] [stdout]   |              ^^^^^^^^^^^^^^^^  ^^^^^^^^^^^^^
[INFO] [stdout] 
[INFO] [stdout] 
[INFO] [stdout] warning: variant `TYPE_A` should have an upper camel case name
[INFO] [stdout]   --> src/main.rs:33:5
[INFO] [stdout]    |
[INFO] [stdout] 33 |     TYPE_A = 1,
[INFO] [stdout]    |     ^^^^^^ help: convert the identifier to upper camel case: `TypeA`
[INFO] [stdout]    |
[INFO] [stdout]    = note: `#[warn(non_camel_case_types)]` on by default
[INFO] [stdout] 
[INFO] [stdout] 
[INFO] [stdout] warning: variant `TYPE_NS` should have an upper camel case name
[INFO] [stdout]   --> src/main.rs:34:5
[INFO] [stdout]    |
[INFO] [stdout] 34 |     TYPE_NS = 2,
[INFO] [stdout]    |     ^^^^^^^ help: convert the identifier to upper camel case: `TypeNs`
[INFO] [stdout] 
[INFO] [stdout] 
[INFO] [stdout] warning: variant `TYPE_CNAME` should have an upper camel case name
[INFO] [stdout]   --> src/main.rs:35:5
[INFO] [stdout]    |
[INFO] [stdout] 35 |     TYPE_CNAME = 5,
[INFO] [stdout]    |     ^^^^^^^^^^ help: convert the identifier to upper camel case: `TypeCname`
[INFO] [stdout] 
[INFO] [stdout] 
[INFO] [stdout] warning: variant `TYPE_TXT` should have an upper camel case name
[INFO] [stdout]   --> src/main.rs:36:5
[INFO] [stdout]    |
[INFO] [stdout] 36 |     TYPE_TXT = 16,
[INFO] [stdout]    |     ^^^^^^^^ help: convert the identifier to upper camel case: `TypeTxt`
[INFO] [stdout] 
[INFO] [stdout] 
[INFO] [stdout] warning: variant `TYPE_AAAA` should have an upper camel case name
[INFO] [stdout]   --> src/main.rs:37:5
[INFO] [stdout]    |
[INFO] [stdout] 37 |     TYPE_AAAA = 28,
[INFO] [stdout]    |     ^^^^^^^^^ help: convert the identifier to upper camel case: `TypeAaaa`
[INFO] [stdout] 
[INFO] [stdout] 
[INFO] [stdout] warning: variable does not need to be mutable
[INFO] [stdout]   --> src/parse.rs:25:13
[INFO] [stdout]    |
[INFO] [stdout] 25 |         let mut name = reader.decode_name();
[INFO] [stdout]    |             ----^^^^
[INFO] [stdout]    |             |
[INFO] [stdout]    |             help: remove this `mut`
[INFO] [stdout]    |
[INFO] [stdout]    = note: `#[warn(unused_mut)]` on by default
[INFO] [stdout] 
[INFO] [stdout] 
[INFO] [stdout] warning: variable does not need to be mutable
[INFO] [stdout]   --> src/parse.rs:54:13
[INFO] [stdout]    |
[INFO] [stdout] 54 |         let mut name = reader.decode_name();
[INFO] [stdout]    |             ----^^^^
[INFO] [stdout]    |             |
[INFO] [stdout]    |             help: remove this `mut`
[INFO] [stdout] 
[INFO] [stdout] 
[INFO] [stdout] warning: variable does not need to be mutable
[INFO] [stdout]   --> src/parse.rs:55:13
[INFO] [stdout]    |
[INFO] [stdout] 55 |         let mut data: Vec<u8>;
[INFO] [stdout]    |             ----^^^^
[INFO] [stdout]    |             |
[INFO] [stdout]    |             help: remove this `mut`
[INFO] [stdout] 
[INFO] [stdout] 
[INFO] [stdout] warning: unused variable: `name`
[INFO] [stdout]    --> src/parse.rs:156:30
[INFO] [stdout]     |
[INFO] [stdout] 156 |     pub fn get_answer(&self, name: Option<String>) -> Option<Vec<u8>> {
[INFO] [stdout]     |                              ^^^^ help: if this is intentional, prefix it with an underscore: `_name`
[INFO] [stdout]     |
[INFO] [stdout]     = note: `#[warn(unused_variables)]` on by default
[INFO] [stdout] 
[INFO] [stdout] 
[INFO] [stdout] warning: unused variable: `n`
[INFO] [stdout]   --> src/resolver.rs:97:13
[INFO] [stdout]    |
[INFO] [stdout] 97 |         let n = stream.write(&u16::to_be_bytes(query.len() as u16))?;
[INFO] [stdout]    |             ^ help: if this is intentional, prefix it with an underscore: `_n`
[INFO] [stdout] 
[INFO] [stdout] 
[INFO] [stdout] warning: unused variable: `ciphersuite`
[INFO] [stdout]    --> src/resolver.rs:146:13
[INFO] [stdout]     |
[INFO] [stdout] 146 |         let ciphersuite = tls.conn.negotiated_cipher_suite().unwrap();
[INFO] [stdout]     |             ^^^^^^^^^^^ help: if this is intentional, prefix it with an underscore: `_ciphersuite`
[INFO] [stdout] 
[INFO] [stdout] 
[INFO] [stdout] warning: unused variable: `ip_address`
[INFO] [stdout]    --> src/resolver.rs:163:9
[INFO] [stdout]     |
[INFO] [stdout] 163 |         ip_address: String,
[INFO] [stdout]     |         ^^^^^^^^^^ help: if this is intentional, prefix it with an underscore: `_ip_address`
[INFO] [stdout] 
[INFO] [stdout] 
[INFO] [stdout] warning: unused variable: `domain_name`
[INFO] [stdout]    --> src/resolver.rs:164:9
[INFO] [stdout]     |
[INFO] [stdout] 164 |         domain_name: String,
[INFO] [stdout]     |         ^^^^^^^^^^^ help: if this is intentional, prefix it with an underscore: `_domain_name`
[INFO] [stdout] 
[INFO] [stdout] 
[INFO] [stdout] warning: unused variable: `record_type`
[INFO] [stdout]    --> src/resolver.rs:165:9
[INFO] [stdout]     |
[INFO] [stdout] 165 |         record_type: u16,
[INFO] [stdout]     |         ^^^^^^^^^^^ help: if this is intentional, prefix it with an underscore: `_record_type`
[INFO] [stdout] 
[INFO] [stdout] 
[INFO] [stdout] warning: variable does not need to be mutable
[INFO] [stdout]    --> src/resolver.rs:237:13
[INFO] [stdout]     |
[INFO] [stdout] 237 |         let mut uri = if self.dns_mode == DnsMode::HTTPS {
[INFO] [stdout]     |             ----^^^
[INFO] [stdout]     |             |
[INFO] [stdout]     |             help: remove this `mut`
[INFO] [stdout] 
[INFO] [stdout] 
[INFO] [stdout] warning: non-local `impl` definition, `impl` blocks should be written at the same level as their item
[INFO] [stdout]   --> src/main.rs:31:10
[INFO] [stdout]    |
[INFO] [stdout] 31 | #[derive(FromPrimitive)]
[INFO] [stdout]    |          ^------------
[INFO] [stdout]    |          |
[INFO] [stdout]    |          `FromPrimitive` is not local
[INFO] [stdout]    |          move the `impl` block outside of this constant `_IMPL_NUM_FromPrimitive_FOR_DnsType`
[INFO] [stdout] 32 | pub enum DnsType {
[INFO] [stdout]    |          ------- `DnsType` is not local
[INFO] [stdout]    |
[INFO] [stdout]    = note: the derive macro `FromPrimitive` defines the non-local `impl`, and may need to be changed
[INFO] [stdout]    = note: the derive macro `FromPrimitive` may come from an old version of the `num_derive` crate, try updating your dependency with `cargo update -p num_derive`
[INFO] [stdout]    = note: an `impl` is never scoped, even when it is nested inside an item, as it may impact type checking outside of that item, which can be the case if neither the trait or the self type are at the same nesting level as the `impl`
[INFO] [stdout]    = note: items in an anonymous const item (`const _: () = { ... }`) are treated as in the same scope as the anonymous const's declaration for the purpose of this lint
[INFO] [stdout]    = note: `#[warn(non_local_definitions)]` on by default
[INFO] [stdout]    = note: this warning originates in the derive macro `FromPrimitive` (in Nightly builds, run with -Z macro-backtrace for more info)
[INFO] [stdout] 
[INFO] [stdout] 
[INFO] [stdout] warning: unused `Result` that must be used
[INFO] [stdout]    --> src/resolver.rs:144:9
[INFO] [stdout]     |
[INFO] [stdout] 144 |         tls.write(&u16::to_be_bytes(query.len() as u16));
[INFO] [stdout]     |         ^^^^^^^^^^^^^^^^^^^^^^^^^^^^^^^^^^^^^^^^^^^^^^^^
[INFO] [stdout]     |
[INFO] [stdout]     = note: this `Result` may be an `Err` variant, which should be handled
[INFO] [stdout]     = note: `#[warn(unused_must_use)]` on by default
[INFO] [stdout] help: use `let _ = ...` to ignore the resulting value
[INFO] [stdout]     |
[INFO] [stdout] 144 |         let _ = tls.write(&u16::to_be_bytes(query.len() as u16));
[INFO] [stdout]     |         +++++++
[INFO] [stdout] 
[INFO] [stdout] 
[INFO] [stderr]     Finished `dev` profile [unoptimized + debuginfo] target(s) in 21.11s
[INFO] running `Command { std: "docker" "inspect" "12060b1042cdeb3e712493f0b43d04a2c70f23d90880e4781da704a8f5859521", kill_on_drop: false }`
[INFO] running `Command { std: "docker" "rm" "-f" "12060b1042cdeb3e712493f0b43d04a2c70f23d90880e4781da704a8f5859521", kill_on_drop: false }`
[INFO] [stdout] 12060b1042cdeb3e712493f0b43d04a2c70f23d90880e4781da704a8f5859521
[INFO] running `Command { std: "docker" "create" "-v" "/var/lib/crater-agent-workspace/builds/worker-4-tc2/target:/opt/rustwide/target:rw,Z" "-v" "/var/lib/crater-agent-workspace/builds/worker-4-tc2/source:/opt/rustwide/workdir:ro,Z" "-v" "/var/lib/crater-agent-workspace/cargo-home:/opt/rustwide/cargo-home:ro,Z" "-v" "/var/lib/crater-agent-workspace/rustup-home:/opt/rustwide/rustup-home:ro,Z" "-e" "SOURCE_DIR=/opt/rustwide/workdir" "-e" "CARGO_TARGET_DIR=/opt/rustwide/target" "-e" "CARGO_INCREMENTAL=0" "-e" "RUST_BACKTRACE=full" "-e" "RUSTFLAGS=--cap-lints=forbid -Zrandomize-layout" "-e" "RUSTDOCFLAGS=--cap-lints=forbid" "-e" "CARGO_HOME=/opt/rustwide/cargo-home" "-e" "RUSTUP_HOME=/opt/rustwide/rustup-home" "-w" "/opt/rustwide/workdir" "-m" "1610612736" "--user" "0:0" "--network" "none" "ghcr.io/rust-lang/crates-build-env/linux@sha256:819108c5571ea2e421544af4d832f968d213c87fbe3707a016657f43d2f853bc" "/opt/rustwide/cargo-home/bin/cargo" "+nightly-2025-01-18" "test" "--frozen" "--no-run" "--message-format=json", kill_on_drop: false }`
[INFO] [stdout] b0ae122a07b7a739e8090d195587d76e4ba4fdab2ed55ddbe32ed0b2f26cde2a
[INFO] running `Command { std: "docker" "start" "-a" "b0ae122a07b7a739e8090d195587d76e4ba4fdab2ed55ddbe32ed0b2f26cde2a", kill_on_drop: false }`
[INFO] [stderr]    Compiling rsdig v0.1.0 (/opt/rustwide/workdir)
[INFO] [stdout] warning: unused imports: `Deserializer` and `Serializer`
[INFO] [stdout]  --> src/main.rs:7:13
[INFO] [stdout]   |
[INFO] [stdout] 7 | use rsdig::{Deserializer, Serializer};
[INFO] [stdout]   |             ^^^^^^^^^^^^  ^^^^^^^^^^
[INFO] [stdout]   |
[INFO] [stdout]   = note: `#[warn(unused_imports)]` on by default
[INFO] [stdout] 
[INFO] [stdout] 
[INFO] [stdout] warning: unused import: `std::collections::HashMap`
[INFO] [stdout]  --> src/main.rs:8:5
[INFO] [stdout]   |
[INFO] [stdout] 8 | use std::collections::HashMap;
[INFO] [stdout]   |     ^^^^^^^^^^^^^^^^^^^^^^^^^
[INFO] [stdout] 
[INFO] [stdout] 
[INFO] [stdout] warning: unused import: `std::io::Result`
[INFO] [stdout]  --> src/main.rs:9:5
[INFO] [stdout]   |
[INFO] [stdout] 9 | use std::io::Result;
[INFO] [stdout]   |     ^^^^^^^^^^^^^^^
[INFO] [stdout] 
[INFO] [stdout] 
[INFO] [stdout] warning: unused imports: `IpAddr`, `Ipv6Addr`, and `UdpSocket`
[INFO] [stdout]   --> src/main.rs:12:16
[INFO] [stdout]    |
[INFO] [stdout] 12 | use std::net::{IpAddr, Ipv6Addr, UdpSocket};
[INFO] [stdout]    |                ^^^^^^  ^^^^^^^^  ^^^^^^^^^
[INFO] [stdout] 
[INFO] [stdout] 
[INFO] [stdout] warning: unused import: `Instant`
[INFO] [stdout]   --> src/main.rs:14:27
[INFO] [stdout]    |
[INFO] [stdout] 14 | use std::time::{Duration, Instant};
[INFO] [stdout]    |                           ^^^^^^^
[INFO] [stdout] 
[INFO] [stdout] 
[INFO] [stdout] warning: unused imports: `OwnedTrustAnchor` and `RootCertStore`
[INFO] [stdout]  --> src/resolver.rs:7:14
[INFO] [stdout]   |
[INFO] [stdout] 7 | use rustls::{OwnedTrustAnchor, RootCertStore};
[INFO] [stdout]   |              ^^^^^^^^^^^^^^^^  ^^^^^^^^^^^^^
[INFO] [stdout] 
[INFO] [stdout] 
[INFO] [stdout] warning: variant `TYPE_A` should have an upper camel case name
[INFO] [stdout]   --> src/main.rs:33:5
[INFO] [stdout]    |
[INFO] [stdout] 33 |     TYPE_A = 1,
[INFO] [stdout]    |     ^^^^^^ help: convert the identifier to upper camel case: `TypeA`
[INFO] [stdout]    |
[INFO] [stdout]    = note: `#[warn(non_camel_case_types)]` on by default
[INFO] [stdout] 
[INFO] [stdout] 
[INFO] [stdout] warning: variant `TYPE_NS` should have an upper camel case name
[INFO] [stdout]   --> src/main.rs:34:5
[INFO] [stdout]    |
[INFO] [stdout] 34 |     TYPE_NS = 2,
[INFO] [stdout]    |     ^^^^^^^ help: convert the identifier to upper camel case: `TypeNs`
[INFO] [stdout] 
[INFO] [stdout] 
[INFO] [stdout] warning: variant `TYPE_CNAME` should have an upper camel case name
[INFO] [stdout]   --> src/main.rs:35:5
[INFO] [stdout]    |
[INFO] [stdout] 35 |     TYPE_CNAME = 5,
[INFO] [stdout]    |     ^^^^^^^^^^ help: convert the identifier to upper camel case: `TypeCname`
[INFO] [stdout] 
[INFO] [stdout] 
[INFO] [stdout] warning: variant `TYPE_TXT` should have an upper camel case name
[INFO] [stdout]   --> src/main.rs:36:5
[INFO] [stdout]    |
[INFO] [stdout] 36 |     TYPE_TXT = 16,
[INFO] [stdout]    |     ^^^^^^^^ help: convert the identifier to upper camel case: `TypeTxt`
[INFO] [stdout] 
[INFO] [stdout] 
[INFO] [stdout] warning: variant `TYPE_AAAA` should have an upper camel case name
[INFO] [stdout]   --> src/main.rs:37:5
[INFO] [stdout]    |
[INFO] [stdout] 37 |     TYPE_AAAA = 28,
[INFO] [stdout]    |     ^^^^^^^^^ help: convert the identifier to upper camel case: `TypeAaaa`
[INFO] [stdout] 
[INFO] [stdout] 
[INFO] [stdout] warning: variable does not need to be mutable
[INFO] [stdout]   --> src/parse.rs:25:13
[INFO] [stdout]    |
[INFO] [stdout] 25 |         let mut name = reader.decode_name();
[INFO] [stdout]    |             ----^^^^
[INFO] [stdout]    |             |
[INFO] [stdout]    |             help: remove this `mut`
[INFO] [stdout]    |
[INFO] [stdout]    = note: `#[warn(unused_mut)]` on by default
[INFO] [stdout] 
[INFO] [stdout] 
[INFO] [stdout] warning: variable does not need to be mutable
[INFO] [stdout]   --> src/parse.rs:54:13
[INFO] [stdout]    |
[INFO] [stdout] 54 |         let mut name = reader.decode_name();
[INFO] [stdout]    |             ----^^^^
[INFO] [stdout]    |             |
[INFO] [stdout]    |             help: remove this `mut`
[INFO] [stdout] 
[INFO] [stdout] 
[INFO] [stdout] warning: variable does not need to be mutable
[INFO] [stdout]   --> src/parse.rs:55:13
[INFO] [stdout]    |
[INFO] [stdout] 55 |         let mut data: Vec<u8>;
[INFO] [stdout]    |             ----^^^^
[INFO] [stdout]    |             |
[INFO] [stdout]    |             help: remove this `mut`
[INFO] [stdout] 
[INFO] [stdout] 
[INFO] [stdout] warning: unused variable: `name`
[INFO] [stdout]    --> src/parse.rs:156:30
[INFO] [stdout]     |
[INFO] [stdout] 156 |     pub fn get_answer(&self, name: Option<String>) -> Option<Vec<u8>> {
[INFO] [stdout]     |                              ^^^^ help: if this is intentional, prefix it with an underscore: `_name`
[INFO] [stdout]     |
[INFO] [stdout]     = note: `#[warn(unused_variables)]` on by default
[INFO] [stdout] 
[INFO] [stdout] 
[INFO] [stdout] warning: unused variable: `n`
[INFO] [stdout]   --> src/resolver.rs:97:13
[INFO] [stdout]    |
[INFO] [stdout] 97 |         let n = stream.write(&u16::to_be_bytes(query.len() as u16))?;
[INFO] [stdout]    |             ^ help: if this is intentional, prefix it with an underscore: `_n`
[INFO] [stdout] 
[INFO] [stdout] 
[INFO] [stdout] warning: unused variable: `ciphersuite`
[INFO] [stdout]    --> src/resolver.rs:146:13
[INFO] [stdout]     |
[INFO] [stdout] 146 |         let ciphersuite = tls.conn.negotiated_cipher_suite().unwrap();
[INFO] [stdout]     |             ^^^^^^^^^^^ help: if this is intentional, prefix it with an underscore: `_ciphersuite`
[INFO] [stdout] 
[INFO] [stdout] 
[INFO] [stdout] warning: unused variable: `ip_address`
[INFO] [stdout]    --> src/resolver.rs:163:9
[INFO] [stdout]     |
[INFO] [stdout] 163 |         ip_address: String,
[INFO] [stdout]     |         ^^^^^^^^^^ help: if this is intentional, prefix it with an underscore: `_ip_address`
[INFO] [stdout] 
[INFO] [stdout] 
[INFO] [stdout] warning: unused variable: `domain_name`
[INFO] [stdout]    --> src/resolver.rs:164:9
[INFO] [stdout]     |
[INFO] [stdout] 164 |         domain_name: String,
[INFO] [stdout]     |         ^^^^^^^^^^^ help: if this is intentional, prefix it with an underscore: `_domain_name`
[INFO] [stdout] 
[INFO] [stdout] 
[INFO] [stdout] warning: unused variable: `record_type`
[INFO] [stdout]    --> src/resolver.rs:165:9
[INFO] [stdout]     |
[INFO] [stdout] 165 |         record_type: u16,
[INFO] [stdout]     |         ^^^^^^^^^^^ help: if this is intentional, prefix it with an underscore: `_record_type`
[INFO] [stdout] 
[INFO] [stdout] 
[INFO] [stdout] warning: variable does not need to be mutable
[INFO] [stdout]    --> src/resolver.rs:237:13
[INFO] [stdout]     |
[INFO] [stdout] 237 |         let mut uri = if self.dns_mode == DnsMode::HTTPS {
[INFO] [stdout]     |             ----^^^
[INFO] [stdout]     |             |
[INFO] [stdout]     |             help: remove this `mut`
[INFO] [stdout] 
[INFO] [stdout] 
[INFO] [stdout] warning: non-local `impl` definition, `impl` blocks should be written at the same level as their item
[INFO] [stdout]   --> src/main.rs:31:10
[INFO] [stdout]    |
[INFO] [stdout] 31 | #[derive(FromPrimitive)]
[INFO] [stdout]    |          ^------------
[INFO] [stdout]    |          |
[INFO] [stdout]    |          `FromPrimitive` is not local
[INFO] [stdout]    |          move the `impl` block outside of this constant `_IMPL_NUM_FromPrimitive_FOR_DnsType`
[INFO] [stdout] 32 | pub enum DnsType {
[INFO] [stdout]    |          ------- `DnsType` is not local
[INFO] [stdout]    |
[INFO] [stdout]    = note: the derive macro `FromPrimitive` defines the non-local `impl`, and may need to be changed
[INFO] [stdout]    = note: the derive macro `FromPrimitive` may come from an old version of the `num_derive` crate, try updating your dependency with `cargo update -p num_derive`
[INFO] [stdout]    = note: an `impl` is never scoped, even when it is nested inside an item, as it may impact type checking outside of that item, which can be the case if neither the trait or the self type are at the same nesting level as the `impl`
[INFO] [stdout]    = note: items in an anonymous const item (`const _: () = { ... }`) are treated as in the same scope as the anonymous const's declaration for the purpose of this lint
[INFO] [stdout]    = note: `#[warn(non_local_definitions)]` on by default
[INFO] [stdout]    = note: this warning originates in the derive macro `FromPrimitive` (in Nightly builds, run with -Z macro-backtrace for more info)
[INFO] [stdout] 
[INFO] [stdout] 
[INFO] [stdout] warning: unused `Result` that must be used
[INFO] [stdout]    --> src/resolver.rs:144:9
[INFO] [stdout]     |
[INFO] [stdout] 144 |         tls.write(&u16::to_be_bytes(query.len() as u16));
[INFO] [stdout]     |         ^^^^^^^^^^^^^^^^^^^^^^^^^^^^^^^^^^^^^^^^^^^^^^^^
[INFO] [stdout]     |
[INFO] [stdout]     = note: this `Result` may be an `Err` variant, which should be handled
[INFO] [stdout]     = note: `#[warn(unused_must_use)]` on by default
[INFO] [stdout] help: use `let _ = ...` to ignore the resulting value
[INFO] [stdout]     |
[INFO] [stdout] 144 |         let _ = tls.write(&u16::to_be_bytes(query.len() as u16));
[INFO] [stdout]     |         +++++++
[INFO] [stdout] 
[INFO] [stdout] 
[INFO] [stderr]     Finished `test` profile [unoptimized + debuginfo] target(s) in 3.13s
[INFO] running `Command { std: "docker" "inspect" "b0ae122a07b7a739e8090d195587d76e4ba4fdab2ed55ddbe32ed0b2f26cde2a", kill_on_drop: false }`
[INFO] running `Command { std: "docker" "rm" "-f" "b0ae122a07b7a739e8090d195587d76e4ba4fdab2ed55ddbe32ed0b2f26cde2a", kill_on_drop: false }`
[INFO] [stdout] b0ae122a07b7a739e8090d195587d76e4ba4fdab2ed55ddbe32ed0b2f26cde2a
[INFO] running `Command { std: "docker" "create" "-v" "/var/lib/crater-agent-workspace/builds/worker-4-tc2/target:/opt/rustwide/target:rw,Z" "-v" "/var/lib/crater-agent-workspace/builds/worker-4-tc2/source:/opt/rustwide/workdir:ro,Z" "-v" "/var/lib/crater-agent-workspace/cargo-home:/opt/rustwide/cargo-home:ro,Z" "-v" "/var/lib/crater-agent-workspace/rustup-home:/opt/rustwide/rustup-home:ro,Z" "-e" "SOURCE_DIR=/opt/rustwide/workdir" "-e" "CARGO_TARGET_DIR=/opt/rustwide/target" "-e" "CARGO_INCREMENTAL=0" "-e" "RUST_BACKTRACE=full" "-e" "RUSTFLAGS=--cap-lints=forbid -Zrandomize-layout" "-e" "RUSTDOCFLAGS=--cap-lints=forbid" "-e" "CARGO_HOME=/opt/rustwide/cargo-home" "-e" "RUSTUP_HOME=/opt/rustwide/rustup-home" "-w" "/opt/rustwide/workdir" "-m" "1610612736" "--user" "0:0" "--network" "none" "ghcr.io/rust-lang/crates-build-env/linux@sha256:819108c5571ea2e421544af4d832f968d213c87fbe3707a016657f43d2f853bc" "/opt/rustwide/cargo-home/bin/cargo" "+nightly-2025-01-18" "test" "--frozen", kill_on_drop: false }`
[INFO] [stdout] caf2aefe8bfdd2be6fa215913135ba9ec572a9cdc285ca2460c30bf891a5202d
[INFO] running `Command { std: "docker" "start" "-a" "caf2aefe8bfdd2be6fa215913135ba9ec572a9cdc285ca2460c30bf891a5202d", kill_on_drop: false }`
[INFO] [stderr] warning: unused imports: `Deserializer` and `Serializer`
[INFO] [stderr]  --> src/main.rs:7:13
[INFO] [stderr]   |
[INFO] [stderr] 7 | use rsdig::{Deserializer, Serializer};
[INFO] [stderr]   |             ^^^^^^^^^^^^  ^^^^^^^^^^
[INFO] [stderr]   |
[INFO] [stderr]   = note: `#[warn(unused_imports)]` on by default
[INFO] [stderr] 
[INFO] [stderr] warning: unused import: `std::collections::HashMap`
[INFO] [stderr]  --> src/main.rs:8:5
[INFO] [stderr]   |
[INFO] [stderr] 8 | use std::collections::HashMap;
[INFO] [stderr]   |     ^^^^^^^^^^^^^^^^^^^^^^^^^
[INFO] [stderr] 
[INFO] [stderr] warning: unused import: `std::io::Result`
[INFO] [stderr]  --> src/main.rs:9:5
[INFO] [stderr]   |
[INFO] [stderr] 9 | use std::io::Result;
[INFO] [stderr]   |     ^^^^^^^^^^^^^^^
[INFO] [stderr] 
[INFO] [stderr] warning: unused imports: `IpAddr`, `Ipv6Addr`, and `UdpSocket`
[INFO] [stderr]   --> src/main.rs:12:16
[INFO] [stderr]    |
[INFO] [stderr] 12 | use std::net::{IpAddr, Ipv6Addr, UdpSocket};
[INFO] [stderr]    |                ^^^^^^  ^^^^^^^^  ^^^^^^^^^
[INFO] [stderr] 
[INFO] [stderr] warning: unused import: `Instant`
[INFO] [stderr]   --> src/main.rs:14:27
[INFO] [stderr]    |
[INFO] [stderr] 14 | use std::time::{Duration, Instant};
[INFO] [stderr]    |                           ^^^^^^^
[INFO] [stderr] 
[INFO] [stderr] warning: unused imports: `OwnedTrustAnchor` and `RootCertStore`
[INFO] [stderr]  --> src/resolver.rs:7:14
[INFO] [stderr]   |
[INFO] [stderr] 7 | use rustls::{OwnedTrustAnchor, RootCertStore};
[INFO] [stderr]   |              ^^^^^^^^^^^^^^^^  ^^^^^^^^^^^^^
[INFO] [stderr] 
[INFO] [stderr] warning: variant `TYPE_A` should have an upper camel case name
[INFO] [stderr]   --> src/main.rs:33:5
[INFO] [stderr]    |
[INFO] [stderr] 33 |     TYPE_A = 1,
[INFO] [stderr]    |     ^^^^^^ help: convert the identifier to upper camel case: `TypeA`
[INFO] [stderr]    |
[INFO] [stderr]    = note: `#[warn(non_camel_case_types)]` on by default
[INFO] [stderr] 
[INFO] [stderr] warning: variant `TYPE_NS` should have an upper camel case name
[INFO] [stderr]   --> src/main.rs:34:5
[INFO] [stderr]    |
[INFO] [stderr] 34 |     TYPE_NS = 2,
[INFO] [stderr]    |     ^^^^^^^ help: convert the identifier to upper camel case: `TypeNs`
[INFO] [stderr] 
[INFO] [stderr] warning: variant `TYPE_CNAME` should have an upper camel case name
[INFO] [stderr]   --> src/main.rs:35:5
[INFO] [stderr]    |
[INFO] [stderr] 35 |     TYPE_CNAME = 5,
[INFO] [stderr]    |     ^^^^^^^^^^ help: convert the identifier to upper camel case: `TypeCname`
[INFO] [stderr] 
[INFO] [stderr] warning: variant `TYPE_TXT` should have an upper camel case name
[INFO] [stderr]   --> src/main.rs:36:5
[INFO] [stderr]    |
[INFO] [stderr] 36 |     TYPE_TXT = 16,
[INFO] [stderr]    |     ^^^^^^^^ help: convert the identifier to upper camel case: `TypeTxt`
[INFO] [stderr] 
[INFO] [stderr] warning: variant `TYPE_AAAA` should have an upper camel case name
[INFO] [stderr]   --> src/main.rs:37:5
[INFO] [stderr]    |
[INFO] [stderr] 37 |     TYPE_AAAA = 28,
[INFO] [stderr]    |     ^^^^^^^^^ help: convert the identifier to upper camel case: `TypeAaaa`
[INFO] [stderr] 
[INFO] [stderr] warning: variable does not need to be mutable
[INFO] [stderr]   --> src/parse.rs:25:13
[INFO] [stderr]    |
[INFO] [stderr] 25 |         let mut name = reader.decode_name();
[INFO] [stderr]    |             ----^^^^
[INFO] [stderr]    |             |
[INFO] [stderr]    |             help: remove this `mut`
[INFO] [stderr]    |
[INFO] [stderr]    = note: `#[warn(unused_mut)]` on by default
[INFO] [stderr] 
[INFO] [stderr] warning: variable does not need to be mutable
[INFO] [stderr]   --> src/parse.rs:54:13
[INFO] [stderr]    |
[INFO] [stderr] 54 |         let mut name = reader.decode_name();
[INFO] [stderr]    |             ----^^^^
[INFO] [stderr]    |             |
[INFO] [stderr]    |             help: remove this `mut`
[INFO] [stderr] 
[INFO] [stderr] warning: variable does not need to be mutable
[INFO] [stderr]   --> src/parse.rs:55:13
[INFO] [stderr]    |
[INFO] [stderr] 55 |         let mut data: Vec<u8>;
[INFO] [stderr]    |             ----^^^^
[INFO] [stderr]    |             |
[INFO] [stderr]    |             help: remove this `mut`
[INFO] [stderr] 
[INFO] [stderr] warning: unused variable: `name`
[INFO] [stderr]    --> src/parse.rs:156:30
[INFO] [stderr]     |
[INFO] [stderr] 156 |     pub fn get_answer(&self, name: Option<String>) -> Option<Vec<u8>> {
[INFO] [stderr]     |                              ^^^^ help: if this is intentional, prefix it with an underscore: `_name`
[INFO] [stderr]     |
[INFO] [stderr]     = note: `#[warn(unused_variables)]` on by default
[INFO] [stderr] 
[INFO] [stderr] warning: unused variable: `n`
[INFO] [stderr]   --> src/resolver.rs:97:13
[INFO] [stderr]    |
[INFO] [stderr] 97 |         let n = stream.write(&u16::to_be_bytes(query.len() as u16))?;
[INFO] [stderr]    |             ^ help: if this is intentional, prefix it with an underscore: `_n`
[INFO] [stderr] 
[INFO] [stderr] warning: unused variable: `ciphersuite`
[INFO] [stderr]    --> src/resolver.rs:146:13
[INFO] [stderr]     |
[INFO] [stderr] 146 |         let ciphersuite = tls.conn.negotiated_cipher_suite().unwrap();
[INFO] [stderr]     |             ^^^^^^^^^^^ help: if this is intentional, prefix it with an underscore: `_ciphersuite`
[INFO] [stderr] 
[INFO] [stderr] warning: unused variable: `ip_address`
[INFO] [stderr]    --> src/resolver.rs:163:9
[INFO] [stderr]     |
[INFO] [stderr] 163 |         ip_address: String,
[INFO] [stderr]     |         ^^^^^^^^^^ help: if this is intentional, prefix it with an underscore: `_ip_address`
[INFO] [stderr] 
[INFO] [stderr] warning: unused variable: `domain_name`
[INFO] [stderr]    --> src/resolver.rs:164:9
[INFO] [stderr]     |
[INFO] [stderr] 164 |         domain_name: String,
[INFO] [stderr]     |         ^^^^^^^^^^^ help: if this is intentional, prefix it with an underscore: `_domain_name`
[INFO] [stderr] 
[INFO] [stderr] warning: unused variable: `record_type`
[INFO] [stderr]    --> src/resolver.rs:165:9
[INFO] [stderr]     |
[INFO] [stderr] 165 |         record_type: u16,
[INFO] [stderr]     |         ^^^^^^^^^^^ help: if this is intentional, prefix it with an underscore: `_record_type`
[INFO] [stderr] 
[INFO] [stderr] warning: variable does not need to be mutable
[INFO] [stderr]    --> src/resolver.rs:237:13
[INFO] [stderr]     |
[INFO] [stderr] 237 |         let mut uri = if self.dns_mode == DnsMode::HTTPS {
[INFO] [stderr]     |             ----^^^
[INFO] [stderr]     |             |
[INFO] [stderr]     |             help: remove this `mut`
[INFO] [stderr] 
[INFO] [stderr] warning: non-local `impl` definition, `impl` blocks should be written at the same level as their item
[INFO] [stderr]   --> src/main.rs:31:10
[INFO] [stderr]    |
[INFO] [stderr] 31 | #[derive(FromPrimitive)]
[INFO] [stderr]    |          ^------------
[INFO] [stderr]    |          |
[INFO] [stderr]    |          `FromPrimitive` is not local
[INFO] [stderr]    |          move the `impl` block outside of this constant `_IMPL_NUM_FromPrimitive_FOR_DnsType`
[INFO] [stderr] 32 | pub enum DnsType {
[INFO] [stderr]    |          ------- `DnsType` is not local
[INFO] [stderr]    |
[INFO] [stderr]    = note: the derive macro `FromPrimitive` defines the non-local `impl`, and may need to be changed
[INFO] [stderr]    = note: the derive macro `FromPrimitive` may come from an old version of the `num_derive` crate, try updating your dependency with `cargo update -p num_derive`
[INFO] [stderr]    = note: an `impl` is never scoped, even when it is nested inside an item, as it may impact type checking outside of that item, which can be the case if neither the trait or the self type are at the same nesting level as the `impl`
[INFO] [stderr]    = note: items in an anonymous const item (`const _: () = { ... }`) are treated as in the same scope as the anonymous const's declaration for the purpose of this lint
[INFO] [stderr]    = note: `#[warn(non_local_definitions)]` on by default
[INFO] [stderr]    = note: this warning originates in the derive macro `FromPrimitive` (in Nightly builds, run with -Z macro-backtrace for more info)
[INFO] [stderr] 
[INFO] [stderr] warning: unused `Result` that must be used
[INFO] [stderr]    --> src/resolver.rs:144:9
[INFO] [stderr]     |
[INFO] [stderr] 144 |         tls.write(&u16::to_be_bytes(query.len() as u16));
[INFO] [stderr]     |         ^^^^^^^^^^^^^^^^^^^^^^^^^^^^^^^^^^^^^^^^^^^^^^^^
[INFO] [stderr]     |
[INFO] [stderr]     = note: this `Result` may be an `Err` variant, which should be handled
[INFO] [stderr]     = note: `#[warn(unused_must_use)]` on by default
[INFO] [stderr] help: use `let _ = ...` to ignore the resulting value
[INFO] [stderr]     |
[INFO] [stderr] 144 |         let _ = tls.write(&u16::to_be_bytes(query.len() as u16));
[INFO] [stderr]     |         +++++++
[INFO] [stderr] 
[INFO] [stderr] warning: `rsdig` (bin "rsdig" test) generated 23 warnings (run `cargo fix --bin "rsdig" --tests` to apply 10 suggestions)
[INFO] [stderr]     Finished `test` profile [unoptimized + debuginfo] target(s) in 0.13s
[INFO] [stderr]      Running unittests src/lib.rs (/opt/rustwide/target/debug/deps/rsdig-be99519a0312b776)
[INFO] [stdout] 
[INFO] [stdout] running 1 test
[INFO] [stdout] test test ... FAILED
[INFO] [stdout] 
[INFO] [stdout] failures:
[INFO] [stdout] 
[INFO] [stdout] ---- test stdout ----
[INFO] [stdout] 
[INFO] [stdout] thread 'test' panicked at library/proc_macro/src/bridge/client.rs:229:32:
[INFO] [stdout] procedural macro API is used outside of a procedural macro
[INFO] [stdout] stack backtrace:
[INFO] [stdout]    0:     0x77630281684a - std::backtrace_rs::backtrace::libunwind::trace::hb059275cfc8d6126
[INFO] [stdout]                                at /rustc/6067b36314ab5eb2eb47cecc464545ba58e1ad24/library/std/src/../../backtrace/src/backtrace/libunwind.rs:116:5
[INFO] [stdout]    1:     0x77630281684a - std::backtrace_rs::backtrace::trace_unsynchronized::h2da071e4327ce3ee
[INFO] [stdout]                                at /rustc/6067b36314ab5eb2eb47cecc464545ba58e1ad24/library/std/src/../../backtrace/src/backtrace/mod.rs:66:5
[INFO] [stdout]    2:     0x77630281684a - std::sys::backtrace::_print_fmt::h842a1474e6f8d23f
[INFO] [stdout]                                at /rustc/6067b36314ab5eb2eb47cecc464545ba58e1ad24/library/std/src/sys/backtrace.rs:66:9
[INFO] [stdout]    3:     0x77630281684a - <std::sys::backtrace::BacktraceLock::print::DisplayBacktrace as core::fmt::Display>::fmt::h71a62eb3b9696b12
[INFO] [stdout]                                at /rustc/6067b36314ab5eb2eb47cecc464545ba58e1ad24/library/std/src/sys/backtrace.rs:39:26
[INFO] [stdout]    4:     0x7763028686b3 - core::fmt::rt::Argument::fmt::hdb6b616786b41dc1
[INFO] [stdout]                                at /rustc/6067b36314ab5eb2eb47cecc464545ba58e1ad24/library/core/src/fmt/rt.rs:177:76
[INFO] [stdout]    5:     0x7763028686b3 - core::fmt::write::h2cc1698af7e2d686
[INFO] [stdout]                                at /rustc/6067b36314ab5eb2eb47cecc464545ba58e1ad24/library/core/src/fmt/mod.rs:1440:21
[INFO] [stdout]    6:     0x77630280a353 - std::io::Write::write_fmt::hab1b4cd059a79022
[INFO] [stdout]                                at /rustc/6067b36314ab5eb2eb47cecc464545ba58e1ad24/library/std/src/io/mod.rs:1887:15
[INFO] [stdout]    7:     0x776302816692 - std::sys::backtrace::BacktraceLock::print::h147fe35b4ea13b08
[INFO] [stdout]                                at /rustc/6067b36314ab5eb2eb47cecc464545ba58e1ad24/library/std/src/sys/backtrace.rs:42:9
[INFO] [stdout]    8:     0x776302818c5f - std::panicking::default_hook::{{closure}}::hbd44223dbdc0d208
[INFO] [stdout]                                at /rustc/6067b36314ab5eb2eb47cecc464545ba58e1ad24/library/std/src/panicking.rs:298:22
[INFO] [stdout]    9:     0x776302818a78 - std::panicking::default_hook::h20f81eb0576efcec
[INFO] [stdout]                                at /rustc/6067b36314ab5eb2eb47cecc464545ba58e1ad24/library/std/src/panicking.rs:322:9
[INFO] [stdout]   10:     0x5ad9989e66a3 - <alloc::boxed::Box<F,A> as core::ops::function::Fn<Args>>::call::hdb53814c496a4d34
[INFO] [stdout]                                at /rustc/6067b36314ab5eb2eb47cecc464545ba58e1ad24/library/alloc/src/boxed.rs:2027:9
[INFO] [stdout]   11:     0x5ad9989e66a3 - test::test_main::{{closure}}::hc0a4963c59427c24
[INFO] [stdout]                                at /rustc/6067b36314ab5eb2eb47cecc464545ba58e1ad24/library/test/src/lib.rs:134:21
[INFO] [stdout]   12:     0x7763028197c3 - <alloc::boxed::Box<F,A> as core::ops::function::Fn<Args>>::call::h591b2225413a77e9
[INFO] [stdout]                                at /rustc/6067b36314ab5eb2eb47cecc464545ba58e1ad24/library/alloc/src/boxed.rs:2027:9
[INFO] [stdout]   13:     0x7763028197c3 - std::panicking::rust_panic_with_hook::h625eea43051b2edc
[INFO] [stdout]                                at /rustc/6067b36314ab5eb2eb47cecc464545ba58e1ad24/library/std/src/panicking.rs:839:13
[INFO] [stdout]   14:     0x77630281947a - std::panicking::begin_panic_handler::{{closure}}::h4f9159cfbc3f6bd3
[INFO] [stdout]                                at /rustc/6067b36314ab5eb2eb47cecc464545ba58e1ad24/library/std/src/panicking.rs:704:13
[INFO] [stdout]   15:     0x776302816d49 - std::sys::backtrace::__rust_end_short_backtrace::h0390abce48353151
[INFO] [stdout]                                at /rustc/6067b36314ab5eb2eb47cecc464545ba58e1ad24/library/std/src/sys/backtrace.rs:168:18
[INFO] [stdout]   16:     0x77630281910d - rust_begin_unwind
[INFO] [stdout]                                at /rustc/6067b36314ab5eb2eb47cecc464545ba58e1ad24/library/std/src/panicking.rs:695:5
[INFO] [stdout]   17:     0x776302864780 - core::panicking::panic_fmt::h9e7c637e9e5f29c9
[INFO] [stdout]                                at /rustc/6067b36314ab5eb2eb47cecc464545ba58e1ad24/library/core/src/panicking.rs:75:14
[INFO] [stdout]   18:     0x77630286464b - core::panicking::panic_display::hd8e666a41baebd7d
[INFO] [stdout]                                at /rustc/6067b36314ab5eb2eb47cecc464545ba58e1ad24/library/core/src/panicking.rs:261:5
[INFO] [stdout]   19:     0x77630286464b - core::option::expect_failed::he3b89fed4e21ec1e
[INFO] [stdout]                                at /rustc/6067b36314ab5eb2eb47cecc464545ba58e1ad24/library/core/src/option.rs:2024:5
[INFO] [stdout]   20:     0x5ad998a8c578 - core::option::Option<T>::expect::ha600700227278ded
[INFO] [stdout]                                at /rustc/6067b36314ab5eb2eb47cecc464545ba58e1ad24/library/core/src/option.rs:933:21
[INFO] [stdout]   21:     0x5ad998a8c578 - proc_macro::bridge::client::Bridge::with::{{closure}}::h784cd0506c7ec793
[INFO] [stdout]                                at /rustc/6067b36314ab5eb2eb47cecc464545ba58e1ad24/library/proc_macro/src/bridge/client.rs:229:32
[INFO] [stdout]   22:     0x5ad998a8c578 - proc_macro::bridge::client::state::with::hb43f7bf935291c55
[INFO] [stdout]                                at /rustc/6067b36314ab5eb2eb47cecc464545ba58e1ad24/library/proc_macro/src/bridge/client.rs:222:9
[INFO] [stdout]   23:     0x5ad998a8c578 - proc_macro::bridge::client::Bridge::with::had9529bf9e93d5d1
[INFO] [stdout]                                at /rustc/6067b36314ab5eb2eb47cecc464545ba58e1ad24/library/proc_macro/src/bridge/client.rs:228:9
[INFO] [stdout]   24:     0x5ad998a8c578 - proc_macro::bridge::client::TokenStream::from_str::h6e4d6c58ec35ea24
[INFO] [stdout]                                at /rustc/6067b36314ab5eb2eb47cecc464545ba58e1ad24/library/proc_macro/src/bridge/client.rs:148:17
[INFO] [stdout]   25:     0x5ad998a8c578 - <proc_macro::TokenStream as core::str::traits::FromStr>::from_str::hb12704791d38f13b
[INFO] [stdout]                                at /rustc/6067b36314ab5eb2eb47cecc464545ba58e1ad24/library/proc_macro/src/lib.rs:180:29
[INFO] [stdout]   26:     0x5ad998a7b7b7 - core::str::<impl str>::parse::h4ab1f09d31084400
[INFO] [stdout]                                at /rustc/6067b36314ab5eb2eb47cecc464545ba58e1ad24/library/core/src/str/mod.rs:2431:9
[INFO] [stdout]   27:     0x5ad998a87b2e - proc_macro2::imp::<impl core::convert::From<proc_macro2::imp::TokenStream> for proc_macro::TokenStream>::from::h5b6a39b398d7a1fb
[INFO] [stdout]                                at /opt/rustwide/cargo-home/registry/src/index.crates.io-1949cf8c6b5b557f/proc-macro2-1.0.63/src/wrapper.rs:143:45
[INFO] [stdout]   28:     0x5ad998a6ab57 - <T as core::convert::Into<U>>::into::hb518f601d060a764
[INFO] [stdout]                                at /rustc/6067b36314ab5eb2eb47cecc464545ba58e1ad24/library/core/src/convert/mod.rs:761:9
[INFO] [stdout]   29:     0x5ad998a87c49 - proc_macro2::<impl core::convert::From<proc_macro2::TokenStream> for proc_macro::TokenStream>::from::h6bf9f466693237b2
[INFO] [stdout]                                at /opt/rustwide/cargo-home/registry/src/index.crates.io-1949cf8c6b5b557f/proc-macro2-1.0.63/src/lib.rs:248:9
[INFO] [stdout]   30:     0x5ad9989a9727 - <T as core::convert::Into<U>>::into::h7a903d070092a025
[INFO] [stdout]                                at /rustc/6067b36314ab5eb2eb47cecc464545ba58e1ad24/library/core/src/convert/mod.rs:761:9
[INFO] [stdout]   31:     0x5ad9989ac529 - rsdig::test::hfdd45eb41f7ed6cb
[INFO] [stdout]                                at /opt/rustwide/workdir/src/lib.rs:160:24
[INFO] [stdout]   32:     0x5ad9989ac287 - rsdig::test::{{closure}}::h4fa7024b11559598
[INFO] [stdout]                                at /opt/rustwide/workdir/src/lib.rs:159:10
[INFO] [stdout]   33:     0x5ad9989a8036 - core::ops::function::FnOnce::call_once::hfac52557e6a43c0a
[INFO] [stdout]                                at /rustc/6067b36314ab5eb2eb47cecc464545ba58e1ad24/library/core/src/ops/function.rs:250:5
[INFO] [stdout]   34:     0x5ad9989ebdfb - core::ops::function::FnOnce::call_once::he27718dfdd183f43
[INFO] [stdout]                                at /rustc/6067b36314ab5eb2eb47cecc464545ba58e1ad24/library/core/src/ops/function.rs:250:5
[INFO] [stdout]   35:     0x5ad9989ebdfb - test::__rust_begin_short_backtrace::h4e84902998457a5d
[INFO] [stdout]                                at /rustc/6067b36314ab5eb2eb47cecc464545ba58e1ad24/library/test/src/lib.rs:632:18
[INFO] [stdout]   36:     0x5ad9989ead33 - test::run_test_in_process::{{closure}}::h7176fd18fc1feca0
[INFO] [stdout]                                at /rustc/6067b36314ab5eb2eb47cecc464545ba58e1ad24/library/test/src/lib.rs:655:60
[INFO] [stdout]   37:     0x5ad9989ead33 - <core::panic::unwind_safe::AssertUnwindSafe<F> as core::ops::function::FnOnce<()>>::call_once::hf79cff2a624d8cf7
[INFO] [stdout]                                at /rustc/6067b36314ab5eb2eb47cecc464545ba58e1ad24/library/core/src/panic/unwind_safe.rs:272:9
[INFO] [stdout]   38:     0x5ad9989ead33 - std::panicking::try::do_call::h3da0561d9ab99c25
[INFO] [stdout]                                at /rustc/6067b36314ab5eb2eb47cecc464545ba58e1ad24/library/std/src/panicking.rs:587:40
[INFO] [stdout]   39:     0x5ad9989ead33 - std::panicking::try::h41c9fa508bc61df6
[INFO] [stdout]                                at /rustc/6067b36314ab5eb2eb47cecc464545ba58e1ad24/library/std/src/panicking.rs:550:19
[INFO] [stdout]   40:     0x5ad9989ead33 - std::panic::catch_unwind::h6b3ff07bb5afad93
[INFO] [stdout]                                at /rustc/6067b36314ab5eb2eb47cecc464545ba58e1ad24/library/std/src/panic.rs:358:14
[INFO] [stdout]   41:     0x5ad9989ead33 - test::run_test_in_process::hc7253dd11b39b9f4
[INFO] [stdout]                                at /rustc/6067b36314ab5eb2eb47cecc464545ba58e1ad24/library/test/src/lib.rs:655:27
[INFO] [stdout]   42:     0x5ad9989ead33 - test::run_test::{{closure}}::hfb2007f8649c30bb
[INFO] [stdout]                                at /rustc/6067b36314ab5eb2eb47cecc464545ba58e1ad24/library/test/src/lib.rs:576:43
[INFO] [stdout]   43:     0x5ad9989ade15 - test::run_test::{{closure}}::h56a17aa7a282a9f4
[INFO] [stdout]                                at /rustc/6067b36314ab5eb2eb47cecc464545ba58e1ad24/library/test/src/lib.rs:606:41
[INFO] [stdout]   44:     0x5ad9989ade15 - std::sys::backtrace::__rust_begin_short_backtrace::hd2d2d2fb8e8c6aac
[INFO] [stdout]                                at /rustc/6067b36314ab5eb2eb47cecc464545ba58e1ad24/library/std/src/sys/backtrace.rs:152:18
[INFO] [stdout]   45:     0x5ad9989b16fa - std::thread::Builder::spawn_unchecked_::{{closure}}::{{closure}}::h4faa3f9db6133423
[INFO] [stdout]                                at /rustc/6067b36314ab5eb2eb47cecc464545ba58e1ad24/library/std/src/thread/mod.rs:559:17
[INFO] [stdout]   46:     0x5ad9989b16fa - <core::panic::unwind_safe::AssertUnwindSafe<F> as core::ops::function::FnOnce<()>>::call_once::hf2e855a36a4ea846
[INFO] [stdout]                                at /rustc/6067b36314ab5eb2eb47cecc464545ba58e1ad24/library/core/src/panic/unwind_safe.rs:272:9
[INFO] [stdout]   47:     0x5ad9989b16fa - std::panicking::try::do_call::h2f73af3616c35465
[INFO] [stdout]                                at /rustc/6067b36314ab5eb2eb47cecc464545ba58e1ad24/library/std/src/panicking.rs:587:40
[INFO] [stdout]   48:     0x5ad9989b16fa - std::panicking::try::hd1660ce9efadef5a
[INFO] [stdout]                                at /rustc/6067b36314ab5eb2eb47cecc464545ba58e1ad24/library/std/src/panicking.rs:550:19
[INFO] [stdout]   49:     0x5ad9989b16fa - std::panic::catch_unwind::h5ee8d7823b8ca744
[INFO] [stdout]                                at /rustc/6067b36314ab5eb2eb47cecc464545ba58e1ad24/library/std/src/panic.rs:358:14
[INFO] [stdout]   50:     0x5ad9989b16fa - std::thread::Builder::spawn_unchecked_::{{closure}}::h53c3a1894dce8407
[INFO] [stdout]                                at /rustc/6067b36314ab5eb2eb47cecc464545ba58e1ad24/library/std/src/thread/mod.rs:557:30
[INFO] [stdout]   51:     0x5ad9989b16fa - core::ops::function::FnOnce::call_once{{vtable.shim}}::h048ce291ad4f62bf
[INFO] [stdout]                                at /rustc/6067b36314ab5eb2eb47cecc464545ba58e1ad24/library/core/src/ops/function.rs:250:5
[INFO] [stdout]   52:     0x77630282389b - <alloc::boxed::Box<F,A> as core::ops::function::FnOnce<Args>>::call_once::ha52bedf99a3b4981
[INFO] [stdout]                                at /rustc/6067b36314ab5eb2eb47cecc464545ba58e1ad24/library/alloc/src/boxed.rs:2013:9
[INFO] [stdout]   53:     0x77630282389b - <alloc::boxed::Box<F,A> as core::ops::function::FnOnce<Args>>::call_once::h567748934d80ccf8
[INFO] [stdout]                                at /rustc/6067b36314ab5eb2eb47cecc464545ba58e1ad24/library/alloc/src/boxed.rs:2013:9
[INFO] [stdout]   54:     0x77630282389b - std::sys::pal::unix::thread::Thread::new::thread_start::h2d970728ae887adc
[INFO] [stdout]                                at /rustc/6067b36314ab5eb2eb47cecc464545ba58e1ad24/library/std/src/sys/pal/unix/thread.rs:106:17
[INFO] [stdout]   55:     0x776302491ac3 - <unknown>
[INFO] [stdout]   56:     0x776302522a04 - clone
[INFO] [stdout]   57:                0x0 - <unknown>
[INFO] [stdout] 
[INFO] [stdout] 
[INFO] [stdout] failures:
[INFO] [stdout]     test
[INFO] [stdout] 
[INFO] [stdout] test result: FAILED. 0 passed; 1 failed; 0 ignored; 0 measured; 0 filtered out; finished in 0.03s
[INFO] [stdout] 
[INFO] [stderr] error: test failed, to rerun pass `--lib`
[INFO] running `Command { std: "docker" "inspect" "caf2aefe8bfdd2be6fa215913135ba9ec572a9cdc285ca2460c30bf891a5202d", kill_on_drop: false }`
[INFO] running `Command { std: "docker" "rm" "-f" "caf2aefe8bfdd2be6fa215913135ba9ec572a9cdc285ca2460c30bf891a5202d", kill_on_drop: false }`
[INFO] [stdout] caf2aefe8bfdd2be6fa215913135ba9ec572a9cdc285ca2460c30bf891a5202d
