[INFO] cloning repository https://github.com/MumAroi/rust_basic_gpt_api
[INFO] running `Command { std: "git" "-c" "credential.helper=" "-c" "credential.helper=/workspace/cargo-home/bin/git-credential-null" "clone" "--bare" "https://github.com/MumAroi/rust_basic_gpt_api" "/workspace/cache/git-repos/https%3A%2F%2Fgithub.com%2FMumAroi%2Frust_basic_gpt_api", kill_on_drop: false }`
[INFO] [stderr] Cloning into bare repository '/workspace/cache/git-repos/https%3A%2F%2Fgithub.com%2FMumAroi%2Frust_basic_gpt_api'...
[INFO] running `Command { std: "git" "rev-parse" "HEAD", kill_on_drop: false }`
[INFO] [stdout] 7d0416d0dc1e73efa82f62cdf1c8792faca74be9
[INFO] testing MumAroi/rust_basic_gpt_api against nightly-2025-01-18+rustflags=-Zrandomize-layout for randomize-layout-2
[INFO] running `Command { std: "git" "clone" "/workspace/cache/git-repos/https%3A%2F%2Fgithub.com%2FMumAroi%2Frust_basic_gpt_api" "/workspace/builds/worker-1-tc2/source", kill_on_drop: false }`
[INFO] [stderr] Cloning into '/workspace/builds/worker-1-tc2/source'...
[INFO] [stderr] done.
[INFO] validating manifest of git repo https://github.com/MumAroi/rust_basic_gpt_api on toolchain nightly-2025-01-18
[INFO] running `Command { std: CARGO_HOME="/workspace/cargo-home" RUSTUP_HOME="/workspace/rustup-home" "/workspace/cargo-home/bin/cargo" "+nightly-2025-01-18" "metadata" "--manifest-path" "Cargo.toml" "--no-deps", kill_on_drop: false }`
[INFO] started tweaking git repo https://github.com/MumAroi/rust_basic_gpt_api
[INFO] finished tweaking git repo https://github.com/MumAroi/rust_basic_gpt_api
[INFO] tweaked toml for git repo https://github.com/MumAroi/rust_basic_gpt_api written to /workspace/builds/worker-1-tc2/source/Cargo.toml
[INFO] crate git repo https://github.com/MumAroi/rust_basic_gpt_api already has a lockfile, it will not be regenerated
[INFO] running `Command { std: CARGO_HOME="/workspace/cargo-home" RUSTUP_HOME="/workspace/rustup-home" "/workspace/cargo-home/bin/cargo" "+nightly-2025-01-18" "fetch" "--manifest-path" "Cargo.toml", kill_on_drop: false }`
[INFO] running `Command { std: "docker" "create" "-v" "/var/lib/crater-agent-workspace/builds/worker-1-tc2/target:/opt/rustwide/target:rw,Z" "-v" "/var/lib/crater-agent-workspace/builds/worker-1-tc2/source:/opt/rustwide/workdir:ro,Z" "-v" "/var/lib/crater-agent-workspace/cargo-home:/opt/rustwide/cargo-home:ro,Z" "-v" "/var/lib/crater-agent-workspace/rustup-home:/opt/rustwide/rustup-home:ro,Z" "-e" "SOURCE_DIR=/opt/rustwide/workdir" "-e" "CARGO_TARGET_DIR=/opt/rustwide/target" "-e" "CARGO_HOME=/opt/rustwide/cargo-home" "-e" "RUSTUP_HOME=/opt/rustwide/rustup-home" "-w" "/opt/rustwide/workdir" "-m" "1610612736" "--user" "0:0" "--network" "none" "ghcr.io/rust-lang/crates-build-env/linux@sha256:819108c5571ea2e421544af4d832f968d213c87fbe3707a016657f43d2f853bc" "/opt/rustwide/cargo-home/bin/cargo" "+nightly-2025-01-18" "metadata" "--no-deps" "--format-version=1", kill_on_drop: false }`
[INFO] [stdout] 08ef99b3d03d03aec27e2a8b9312d230f67f03241bdb396ae5ca95eafc94b8e1
[INFO] running `Command { std: "docker" "start" "-a" "08ef99b3d03d03aec27e2a8b9312d230f67f03241bdb396ae5ca95eafc94b8e1", kill_on_drop: false }`
[INFO] running `Command { std: "docker" "inspect" "08ef99b3d03d03aec27e2a8b9312d230f67f03241bdb396ae5ca95eafc94b8e1", kill_on_drop: false }`
[INFO] running `Command { std: "docker" "rm" "-f" "08ef99b3d03d03aec27e2a8b9312d230f67f03241bdb396ae5ca95eafc94b8e1", kill_on_drop: false }`
[INFO] [stdout] 08ef99b3d03d03aec27e2a8b9312d230f67f03241bdb396ae5ca95eafc94b8e1
[INFO] running `Command { std: "docker" "create" "-v" "/var/lib/crater-agent-workspace/builds/worker-1-tc2/target:/opt/rustwide/target:rw,Z" "-v" "/var/lib/crater-agent-workspace/builds/worker-1-tc2/source:/opt/rustwide/workdir:ro,Z" "-v" "/var/lib/crater-agent-workspace/cargo-home:/opt/rustwide/cargo-home:ro,Z" "-v" "/var/lib/crater-agent-workspace/rustup-home:/opt/rustwide/rustup-home:ro,Z" "-e" "SOURCE_DIR=/opt/rustwide/workdir" "-e" "CARGO_TARGET_DIR=/opt/rustwide/target" "-e" "CARGO_INCREMENTAL=0" "-e" "RUST_BACKTRACE=full" "-e" "RUSTFLAGS=--cap-lints=forbid -Zrandomize-layout" "-e" "RUSTDOCFLAGS=--cap-lints=forbid" "-e" "CARGO_HOME=/opt/rustwide/cargo-home" "-e" "RUSTUP_HOME=/opt/rustwide/rustup-home" "-w" "/opt/rustwide/workdir" "-m" "1610612736" "--user" "0:0" "--network" "none" "ghcr.io/rust-lang/crates-build-env/linux@sha256:819108c5571ea2e421544af4d832f968d213c87fbe3707a016657f43d2f853bc" "/opt/rustwide/cargo-home/bin/cargo" "+nightly-2025-01-18" "build" "--frozen" "--message-format=json", kill_on_drop: false }`
[INFO] [stdout] f8839c9af98980697844c3f90e786dd650d2be63e7f190c6b18edd7d9f91edf3
[INFO] running `Command { std: "docker" "start" "-a" "f8839c9af98980697844c3f90e786dd650d2be63e7f190c6b18edd7d9f91edf3", kill_on_drop: false }`
[INFO] [stderr]    Compiling proc-macro2 v1.0.79
[INFO] [stderr]    Compiling unicode-ident v1.0.12
[INFO] [stderr]    Compiling libc v0.2.153
[INFO] [stderr]    Compiling autocfg v1.1.0
[INFO] [stderr]    Compiling cfg-if v1.0.0
[INFO] [stderr]    Compiling log v0.4.21
[INFO] [stderr]    Compiling parking_lot_core v0.9.9
[INFO] [stderr]    Compiling vcpkg v0.2.15
[INFO] [stderr]    Compiling pkg-config v0.3.30
[INFO] [stderr]    Compiling scopeguard v1.2.0
[INFO] [stderr]    Compiling pin-project-lite v0.2.13
[INFO] [stderr]    Compiling smallvec v1.13.1
[INFO] [stderr]    Compiling cc v1.0.90
[INFO] [stderr]    Compiling once_cell v1.19.0
[INFO] [stderr]    Compiling bytes v1.5.0
[INFO] [stderr]    Compiling itoa v1.0.10
[INFO] [stderr]    Compiling futures-core v0.3.30
[INFO] [stderr]    Compiling foreign-types-shared v0.1.1
[INFO] [stderr]    Compiling tinyvec_macros v0.1.1
[INFO] [stderr]    Compiling bitflags v2.4.2
[INFO] [stderr]    Compiling fnv v1.0.7
[INFO] [stderr]    Compiling openssl v0.10.64
[INFO] [stderr]    Compiling foreign-types v0.3.2
[INFO] [stderr]    Compiling tinyvec v1.6.0
[INFO] [stderr]    Compiling hashbrown v0.14.3
[INFO] [stderr]    Compiling pin-utils v0.1.0
[INFO] [stderr]    Compiling httparse v1.8.0
[INFO] [stderr]    Compiling serde v1.0.197
[INFO] [stderr]    Compiling percent-encoding v2.3.1
[INFO] [stderr]    Compiling equivalent v1.0.1
[INFO] [stderr]    Compiling native-tls v0.2.11
[INFO] [stderr]    Compiling futures-sink v0.3.30
[INFO] [stderr]    Compiling tracing-core v0.1.32
[INFO] [stderr]    Compiling futures-task v0.3.30
[INFO] [stderr]    Compiling form_urlencoded v1.2.1
[INFO] [stderr]    Compiling openssl-probe v0.1.5
[INFO] [stderr]    Compiling signal-hook v0.3.17
[INFO] [stderr]    Compiling try-lock v0.2.5
[INFO] [stderr]    Compiling futures-util v0.3.30
[INFO] [stderr]    Compiling lock_api v0.4.11
[INFO] [stderr]    Compiling slab v0.4.9
[INFO] [stderr]    Compiling unicode-bidi v0.3.15
[INFO] [stderr]    Compiling http v0.2.12
[INFO] [stderr]    Compiling want v0.3.1
[INFO] [stderr]    Compiling futures-channel v0.3.30
[INFO] [stderr]    Compiling tracing v0.1.40
[INFO] [stderr]    Compiling quote v1.0.35
[INFO] [stderr]    Compiling serde_json v1.0.114
[INFO] [stderr]    Compiling signal-hook-registry v1.4.1
[INFO] [stderr]    Compiling mio v0.8.11
[INFO] [stderr]    Compiling syn v2.0.52
[INFO] [stderr]    Compiling socket2 v0.5.6
[INFO] [stderr]    Compiling num_cpus v1.16.0
[INFO] [stderr]    Compiling httpdate v1.0.3
[INFO] [stderr]    Compiling ryu v1.0.17
[INFO] [stderr]    Compiling parking_lot v0.12.1
[INFO] [stderr]    Compiling tower-service v0.3.2
[INFO] [stderr]    Compiling rustversion v1.0.14
[INFO] [stderr]    Compiling base64 v0.21.7
[INFO] [stderr]    Compiling async-trait v0.1.77
[INFO] [stderr]    Compiling indexmap v2.2.5
[INFO] [stderr]    Compiling encoding_rs v0.8.33
[INFO] [stderr]    Compiling ipnet v2.9.0
[INFO] [stderr]    Compiling unicode-normalization v0.1.23
[INFO] [stderr]    Compiling http-body v0.4.6
[INFO] [stderr]    Compiling signal-hook-mio v0.2.3
[INFO] [stderr]    Compiling mime v0.3.17
[INFO] [stderr]    Compiling rustls-pemfile v1.0.4
[INFO] [stderr]    Compiling sync_wrapper v0.1.2
[INFO] [stderr]    Compiling home v0.5.9
[INFO] [stderr]    Compiling heck v0.4.1
[INFO] [stderr]    Compiling crossterm v0.27.0
[INFO] [stderr]    Compiling strum v0.26.2
[INFO] [stderr]    Compiling dotenv v0.15.0
[INFO] [stderr]    Compiling openssl-sys v0.9.101
[INFO] [stderr]    Compiling idna v0.5.0
[INFO] [stderr]    Compiling url v2.5.0
[INFO] [stderr]    Compiling webbrowser v0.8.13
[INFO] [stderr]    Compiling tokio-macros v2.2.0
[INFO] [stderr]    Compiling openssl-macros v0.1.1
[INFO] [stderr]    Compiling serde_derive v1.0.197
[INFO] [stderr]    Compiling strum_macros v0.26.2
[INFO] [stderr]    Compiling ai_functions v0.1.1
[INFO] [stderr]    Compiling tokio v1.36.0
[INFO] [stderr]    Compiling tokio-util v0.7.10
[INFO] [stderr]    Compiling tokio-native-tls v0.3.1
[INFO] [stderr]    Compiling h2 v0.3.24
[INFO] [stderr]    Compiling serde_urlencoded v0.7.1
[INFO] [stderr]    Compiling hyper v0.14.28
[INFO] [stderr]    Compiling hyper-tls v0.5.0
[INFO] [stderr]    Compiling reqwest v0.11.26
[INFO] [stderr]    Compiling basic_auto_gpt v0.1.0 (/opt/rustwide/workdir)
[INFO] [stdout] warning: unused import: `fs`
[INFO] [stdout]   --> src/models/agents/agent_backend.rs:22:5
[INFO] [stdout]    |
[INFO] [stdout] 22 |     fs,
[INFO] [stdout]    |     ^^
[INFO] [stdout]    |
[INFO] [stdout]    = note: `#[warn(unused_imports)]` on by default
[INFO] [stdout] 
[INFO] [stdout] 
[INFO] [stdout] warning: unused import: `crossterm::style::Attribute`
[INFO] [stdout]   --> src/models/agent_manager/managing_agent.rs:13:5
[INFO] [stdout]    |
[INFO] [stdout] 13 | use crossterm::style::Attribute;
[INFO] [stdout]    |     ^^^^^^^^^^^^^^^^^^^^^^^^^^^
[INFO] [stdout] 
[INFO] [stdout] 
[INFO] [stdout] warning: unused import: `reqwest::redirect::Attempt`
[INFO] [stdout]   --> src/models/agent_manager/managing_agent.rs:14:5
[INFO] [stdout]    |
[INFO] [stdout] 14 | use reqwest::redirect::Attempt;
[INFO] [stdout]    |     ^^^^^^^^^^^^^^^^^^^^^^^^^^
[INFO] [stdout] 
[INFO] [stdout] 
[INFO] [stdout] warning: unused import: `crate::models::agent_manager::managing_agent`
[INFO] [stdout]   --> src/main.rs:15:5
[INFO] [stdout]    |
[INFO] [stdout] 15 | use crate::models::agent_manager::managing_agent;
[INFO] [stdout]    |     ^^^^^^^^^^^^^^^^^^^^^^^^^^^^^^^^^^^^^^^^^^^^
[INFO] [stdout] 
[INFO] [stdout] 
[INFO] [stdout] warning: unused variable: `msg_context`
[INFO] [stdout]   --> src/models/agents/agent_architect.rs:57:9
[INFO] [stdout]    |
[INFO] [stdout] 57 |         msg_context: String,
[INFO] [stdout]    |         ^^^^^^^^^^^ help: if this is intentional, prefix it with an underscore: `_msg_context`
[INFO] [stdout]    |
[INFO] [stdout]    = note: `#[warn(unused_variables)]` on by default
[INFO] [stdout] 
[INFO] [stdout] 
[INFO] [stdout] warning: variable does not need to be mutable
[INFO] [stdout]   --> src/models/agents/agent_backend.rs:54:13
[INFO] [stdout]    |
[INFO] [stdout] 54 |         let mut msg_context: String = format!(
[INFO] [stdout]    |             ----^^^^^^^^^^^
[INFO] [stdout]    |             |
[INFO] [stdout]    |             help: remove this `mut`
[INFO] [stdout]    |
[INFO] [stdout]    = note: `#[warn(unused_mut)]` on by default
[INFO] [stdout] 
[INFO] [stdout] 
[INFO] [stdout] warning: variable does not need to be mutable
[INFO] [stdout]   --> src/models/agents/agent_backend.rs:73:13
[INFO] [stdout]    |
[INFO] [stdout] 73 |         let mut msg_context: String = format!(
[INFO] [stdout]    |             ----^^^^^^^^^^^
[INFO] [stdout]    |             |
[INFO] [stdout]    |             help: remove this `mut`
[INFO] [stdout] 
[INFO] [stdout] 
[INFO] [stdout] warning: variable does not need to be mutable
[INFO] [stdout]   --> src/models/agents/agent_backend.rs:92:13
[INFO] [stdout]    |
[INFO] [stdout] 92 |         let mut msg_context: String = format!(
[INFO] [stdout]    |             ----^^^^^^^^^^^
[INFO] [stdout]    |             |
[INFO] [stdout]    |             help: remove this `mut`
[INFO] [stdout] 
[INFO] [stdout] 
[INFO] [stdout] warning: unused variable: `agent_res`
[INFO] [stdout]   --> src/models/agent_manager/managing_agent.rs:72:17
[INFO] [stdout]    |
[INFO] [stdout] 72 |             let agent_res: Result<(), Box<dyn std::error::Error>> =
[INFO] [stdout]    |                 ^^^^^^^^^ help: if this is intentional, prefix it with an underscore: `_agent_res`
[INFO] [stdout] 
[INFO] [stdout] 
[INFO] [stdout] warning: associated items `new`, `get_objective`, `get_position`, `get_state`, and `get_memory` are never used
[INFO] [stdout]  --> src/models/agent_basic/basic_traits.rs:4:8
[INFO] [stdout]   |
[INFO] [stdout] 3 | pub trait BasicTraits {
[INFO] [stdout]   |           ----------- associated items in this trait
[INFO] [stdout] 4 |     fn new(objective: String, position: String) -> Self;
[INFO] [stdout]   |        ^^^
[INFO] [stdout] 5 |     fn update_state(&mut self, state: AgentState);
[INFO] [stdout] 6 |     fn get_objective(&self) -> &String;
[INFO] [stdout]   |        ^^^^^^^^^^^^^
[INFO] [stdout] 7 |     fn get_position(&self) -> &String;
[INFO] [stdout]   |        ^^^^^^^^^^^^
[INFO] [stdout] 8 |     fn get_state(&self) -> &AgentState;
[INFO] [stdout]   |        ^^^^^^^^^
[INFO] [stdout] 9 |     fn get_memory(&self) -> &Vec<Message>;
[INFO] [stdout]   |        ^^^^^^^^^^
[INFO] [stdout]   |
[INFO] [stdout]   = note: `#[warn(dead_code)]` on by default
[INFO] [stdout] 
[INFO] [stdout] 
[INFO] [stdout] warning: field `attributes` is never read
[INFO] [stdout]   --> src/models/agent_manager/managing_agent.rs:18:5
[INFO] [stdout]    |
[INFO] [stdout] 17 | pub struct ManagingAgent {
[INFO] [stdout]    |            ------------- field in this struct
[INFO] [stdout] 18 |     attributes: BasicAgent,
[INFO] [stdout]    |     ^^^^^^^^^^
[INFO] [stdout]    |
[INFO] [stdout]    = note: `ManagingAgent` has a derived impl for the trait `Debug`, but this is intentionally ignored during dead code analysis
[INFO] [stdout] 
[INFO] [stdout] 
[INFO] [stdout] warning: unused `Sleep` that must be used
[INFO] [stdout]    --> src/models/agents/agent_backend.rs:237:21
[INFO] [stdout]     |
[INFO] [stdout] 237 |                     time::sleep(seconds_sleep);
[INFO] [stdout]     |                     ^^^^^^^^^^^^^^^^^^^^^^^^^^
[INFO] [stdout]     |
[INFO] [stdout]     = note: futures do nothing unless you `.await` or poll them
[INFO] [stdout]     = note: `#[warn(unused_must_use)]` on by default
[INFO] [stdout] help: use `let _ = ...` to ignore the resulting value
[INFO] [stdout]     |
[INFO] [stdout] 237 |                     let _ = time::sleep(seconds_sleep);
[INFO] [stdout]     |                     +++++++
[INFO] [stdout] 
[INFO] [stdout] 
[INFO] [stderr]     Finished `dev` profile [unoptimized + debuginfo] target(s) in 35.19s
[INFO] running `Command { std: "docker" "inspect" "f8839c9af98980697844c3f90e786dd650d2be63e7f190c6b18edd7d9f91edf3", kill_on_drop: false }`
[INFO] running `Command { std: "docker" "rm" "-f" "f8839c9af98980697844c3f90e786dd650d2be63e7f190c6b18edd7d9f91edf3", kill_on_drop: false }`
[INFO] [stdout] f8839c9af98980697844c3f90e786dd650d2be63e7f190c6b18edd7d9f91edf3
[INFO] running `Command { std: "docker" "create" "-v" "/var/lib/crater-agent-workspace/builds/worker-1-tc2/target:/opt/rustwide/target:rw,Z" "-v" "/var/lib/crater-agent-workspace/builds/worker-1-tc2/source:/opt/rustwide/workdir:ro,Z" "-v" "/var/lib/crater-agent-workspace/cargo-home:/opt/rustwide/cargo-home:ro,Z" "-v" "/var/lib/crater-agent-workspace/rustup-home:/opt/rustwide/rustup-home:ro,Z" "-e" "SOURCE_DIR=/opt/rustwide/workdir" "-e" "CARGO_TARGET_DIR=/opt/rustwide/target" "-e" "CARGO_INCREMENTAL=0" "-e" "RUST_BACKTRACE=full" "-e" "RUSTFLAGS=--cap-lints=forbid -Zrandomize-layout" "-e" "RUSTDOCFLAGS=--cap-lints=forbid" "-e" "CARGO_HOME=/opt/rustwide/cargo-home" "-e" "RUSTUP_HOME=/opt/rustwide/rustup-home" "-w" "/opt/rustwide/workdir" "-m" "1610612736" "--user" "0:0" "--network" "none" "ghcr.io/rust-lang/crates-build-env/linux@sha256:819108c5571ea2e421544af4d832f968d213c87fbe3707a016657f43d2f853bc" "/opt/rustwide/cargo-home/bin/cargo" "+nightly-2025-01-18" "test" "--frozen" "--no-run" "--message-format=json", kill_on_drop: false }`
[INFO] [stdout] ccf870e4389ac7b45ae0bc79a3c83809c8a91d93f6789cbffe281989a67ea33e
[INFO] running `Command { std: "docker" "start" "-a" "ccf870e4389ac7b45ae0bc79a3c83809c8a91d93f6789cbffe281989a67ea33e", kill_on_drop: false }`
[INFO] [stderr]    Compiling basic_auto_gpt v0.1.0 (/opt/rustwide/workdir)
[INFO] [stdout] warning: unused import: `fs`
[INFO] [stdout]   --> src/models/agents/agent_backend.rs:22:5
[INFO] [stdout]    |
[INFO] [stdout] 22 |     fs,
[INFO] [stdout]    |     ^^
[INFO] [stdout]    |
[INFO] [stdout]    = note: `#[warn(unused_imports)]` on by default
[INFO] [stdout] 
[INFO] [stdout] 
[INFO] [stdout] warning: unused import: `crossterm::style::Attribute`
[INFO] [stdout]   --> src/models/agent_manager/managing_agent.rs:13:5
[INFO] [stdout]    |
[INFO] [stdout] 13 | use crossterm::style::Attribute;
[INFO] [stdout]    |     ^^^^^^^^^^^^^^^^^^^^^^^^^^^
[INFO] [stdout] 
[INFO] [stdout] 
[INFO] [stdout] warning: unused import: `reqwest::redirect::Attempt`
[INFO] [stdout]   --> src/models/agent_manager/managing_agent.rs:14:5
[INFO] [stdout]    |
[INFO] [stdout] 14 | use reqwest::redirect::Attempt;
[INFO] [stdout]    |     ^^^^^^^^^^^^^^^^^^^^^^^^^^
[INFO] [stdout] 
[INFO] [stdout] 
[INFO] [stdout] warning: unused import: `crate::models::agent_manager::managing_agent`
[INFO] [stdout]   --> src/main.rs:15:5
[INFO] [stdout]    |
[INFO] [stdout] 15 | use crate::models::agent_manager::managing_agent;
[INFO] [stdout]    |     ^^^^^^^^^^^^^^^^^^^^^^^^^^^^^^^^^^^^^^^^^^^^
[INFO] [stdout] 
[INFO] [stdout] 
[INFO] [stdout] warning: unused variable: `msg_context`
[INFO] [stdout]   --> src/models/agents/agent_architect.rs:57:9
[INFO] [stdout]    |
[INFO] [stdout] 57 |         msg_context: String,
[INFO] [stdout]    |         ^^^^^^^^^^^ help: if this is intentional, prefix it with an underscore: `_msg_context`
[INFO] [stdout]    |
[INFO] [stdout]    = note: `#[warn(unused_variables)]` on by default
[INFO] [stdout] 
[INFO] [stdout] 
[INFO] [stdout] warning: variable does not need to be mutable
[INFO] [stdout]   --> src/models/agents/agent_backend.rs:54:13
[INFO] [stdout]    |
[INFO] [stdout] 54 |         let mut msg_context: String = format!(
[INFO] [stdout]    |             ----^^^^^^^^^^^
[INFO] [stdout]    |             |
[INFO] [stdout]    |             help: remove this `mut`
[INFO] [stdout]    |
[INFO] [stdout]    = note: `#[warn(unused_mut)]` on by default
[INFO] [stdout] 
[INFO] [stdout] 
[INFO] [stdout] warning: variable does not need to be mutable
[INFO] [stdout]   --> src/models/agents/agent_backend.rs:73:13
[INFO] [stdout]    |
[INFO] [stdout] 73 |         let mut msg_context: String = format!(
[INFO] [stdout]    |             ----^^^^^^^^^^^
[INFO] [stdout]    |             |
[INFO] [stdout]    |             help: remove this `mut`
[INFO] [stdout] 
[INFO] [stdout] 
[INFO] [stdout] warning: variable does not need to be mutable
[INFO] [stdout]   --> src/models/agents/agent_backend.rs:92:13
[INFO] [stdout]    |
[INFO] [stdout] 92 |         let mut msg_context: String = format!(
[INFO] [stdout]    |             ----^^^^^^^^^^^
[INFO] [stdout]    |             |
[INFO] [stdout]    |             help: remove this `mut`
[INFO] [stdout] 
[INFO] [stdout] 
[INFO] [stdout] warning: unused variable: `agent_res`
[INFO] [stdout]   --> src/models/agent_manager/managing_agent.rs:72:17
[INFO] [stdout]    |
[INFO] [stdout] 72 |             let agent_res: Result<(), Box<dyn std::error::Error>> =
[INFO] [stdout]    |                 ^^^^^^^^^ help: if this is intentional, prefix it with an underscore: `_agent_res`
[INFO] [stdout] 
[INFO] [stdout] 
[INFO] [stdout] warning: associated items `new`, `get_objective`, `get_position`, `get_state`, and `get_memory` are never used
[INFO] [stdout]  --> src/models/agent_basic/basic_traits.rs:4:8
[INFO] [stdout]   |
[INFO] [stdout] 3 | pub trait BasicTraits {
[INFO] [stdout]   |           ----------- associated items in this trait
[INFO] [stdout] 4 |     fn new(objective: String, position: String) -> Self;
[INFO] [stdout]   |        ^^^
[INFO] [stdout] 5 |     fn update_state(&mut self, state: AgentState);
[INFO] [stdout] 6 |     fn get_objective(&self) -> &String;
[INFO] [stdout]   |        ^^^^^^^^^^^^^
[INFO] [stdout] 7 |     fn get_position(&self) -> &String;
[INFO] [stdout]   |        ^^^^^^^^^^^^
[INFO] [stdout] 8 |     fn get_state(&self) -> &AgentState;
[INFO] [stdout]   |        ^^^^^^^^^
[INFO] [stdout] 9 |     fn get_memory(&self) -> &Vec<Message>;
[INFO] [stdout]   |        ^^^^^^^^^^
[INFO] [stdout]   |
[INFO] [stdout]   = note: `#[warn(dead_code)]` on by default
[INFO] [stdout] 
[INFO] [stdout] 
[INFO] [stdout] warning: field `attributes` is never read
[INFO] [stdout]   --> src/models/agent_manager/managing_agent.rs:18:5
[INFO] [stdout]    |
[INFO] [stdout] 17 | pub struct ManagingAgent {
[INFO] [stdout]    |            ------------- field in this struct
[INFO] [stdout] 18 |     attributes: BasicAgent,
[INFO] [stdout]    |     ^^^^^^^^^^
[INFO] [stdout]    |
[INFO] [stdout]    = note: `ManagingAgent` has a derived impl for the trait `Debug`, but this is intentionally ignored during dead code analysis
[INFO] [stdout] 
[INFO] [stdout] 
[INFO] [stdout] warning: unused `Sleep` that must be used
[INFO] [stdout]    --> src/models/agents/agent_backend.rs:237:21
[INFO] [stdout]     |
[INFO] [stdout] 237 |                     time::sleep(seconds_sleep);
[INFO] [stdout]     |                     ^^^^^^^^^^^^^^^^^^^^^^^^^^
[INFO] [stdout]     |
[INFO] [stdout]     = note: futures do nothing unless you `.await` or poll them
[INFO] [stdout]     = note: `#[warn(unused_must_use)]` on by default
[INFO] [stdout] help: use `let _ = ...` to ignore the resulting value
[INFO] [stdout]     |
[INFO] [stdout] 237 |                     let _ = time::sleep(seconds_sleep);
[INFO] [stdout]     |                     +++++++
[INFO] [stdout] 
[INFO] [stdout] 
[INFO] [stderr]     Finished `test` profile [unoptimized + debuginfo] target(s) in 2.17s
[INFO] running `Command { std: "docker" "inspect" "ccf870e4389ac7b45ae0bc79a3c83809c8a91d93f6789cbffe281989a67ea33e", kill_on_drop: false }`
[INFO] running `Command { std: "docker" "rm" "-f" "ccf870e4389ac7b45ae0bc79a3c83809c8a91d93f6789cbffe281989a67ea33e", kill_on_drop: false }`
[INFO] [stdout] ccf870e4389ac7b45ae0bc79a3c83809c8a91d93f6789cbffe281989a67ea33e
[INFO] running `Command { std: "docker" "create" "-v" "/var/lib/crater-agent-workspace/builds/worker-1-tc2/target:/opt/rustwide/target:rw,Z" "-v" "/var/lib/crater-agent-workspace/builds/worker-1-tc2/source:/opt/rustwide/workdir:ro,Z" "-v" "/var/lib/crater-agent-workspace/cargo-home:/opt/rustwide/cargo-home:ro,Z" "-v" "/var/lib/crater-agent-workspace/rustup-home:/opt/rustwide/rustup-home:ro,Z" "-e" "SOURCE_DIR=/opt/rustwide/workdir" "-e" "CARGO_TARGET_DIR=/opt/rustwide/target" "-e" "CARGO_INCREMENTAL=0" "-e" "RUST_BACKTRACE=full" "-e" "RUSTFLAGS=--cap-lints=forbid -Zrandomize-layout" "-e" "RUSTDOCFLAGS=--cap-lints=forbid" "-e" "CARGO_HOME=/opt/rustwide/cargo-home" "-e" "RUSTUP_HOME=/opt/rustwide/rustup-home" "-w" "/opt/rustwide/workdir" "-m" "1610612736" "--user" "0:0" "--network" "none" "ghcr.io/rust-lang/crates-build-env/linux@sha256:819108c5571ea2e421544af4d832f968d213c87fbe3707a016657f43d2f853bc" "/opt/rustwide/cargo-home/bin/cargo" "+nightly-2025-01-18" "test" "--frozen", kill_on_drop: false }`
[INFO] [stdout] 17af0c819a9051f2cd7fdf3c23d43ef2b918c1b9b145e0ef6b7fd787152bc36e
[INFO] running `Command { std: "docker" "start" "-a" "17af0c819a9051f2cd7fdf3c23d43ef2b918c1b9b145e0ef6b7fd787152bc36e", kill_on_drop: false }`
[INFO] [stderr] warning: unused import: `fs`
[INFO] [stderr]   --> src/models/agents/agent_backend.rs:22:5
[INFO] [stderr]    |
[INFO] [stderr] 22 |     fs,
[INFO] [stderr]    |     ^^
[INFO] [stderr]    |
[INFO] [stderr]    = note: `#[warn(unused_imports)]` on by default
[INFO] [stderr] 
[INFO] [stderr] warning: unused import: `crossterm::style::Attribute`
[INFO] [stderr]   --> src/models/agent_manager/managing_agent.rs:13:5
[INFO] [stderr]    |
[INFO] [stderr] 13 | use crossterm::style::Attribute;
[INFO] [stderr]    |     ^^^^^^^^^^^^^^^^^^^^^^^^^^^
[INFO] [stderr] 
[INFO] [stderr] warning: unused import: `reqwest::redirect::Attempt`
[INFO] [stderr]   --> src/models/agent_manager/managing_agent.rs:14:5
[INFO] [stderr]    |
[INFO] [stderr] 14 | use reqwest::redirect::Attempt;
[INFO] [stderr]    |     ^^^^^^^^^^^^^^^^^^^^^^^^^^
[INFO] [stderr] 
[INFO] [stderr] warning: unused import: `crate::models::agent_manager::managing_agent`
[INFO] [stderr]   --> src/main.rs:15:5
[INFO] [stderr]    |
[INFO] [stderr] 15 | use crate::models::agent_manager::managing_agent;
[INFO] [stderr]    |     ^^^^^^^^^^^^^^^^^^^^^^^^^^^^^^^^^^^^^^^^^^^^
[INFO] [stderr] 
[INFO] [stderr] warning: unused variable: `msg_context`
[INFO] [stderr]   --> src/models/agents/agent_architect.rs:57:9
[INFO] [stderr]    |
[INFO] [stderr] 57 |         msg_context: String,
[INFO] [stderr]    |         ^^^^^^^^^^^ help: if this is intentional, prefix it with an underscore: `_msg_context`
[INFO] [stderr]    |
[INFO] [stderr]    = note: `#[warn(unused_variables)]` on by default
[INFO] [stderr] 
[INFO] [stderr] warning: variable does not need to be mutable
[INFO] [stderr]   --> src/models/agents/agent_backend.rs:54:13
[INFO] [stderr]    |
[INFO] [stderr] 54 |         let mut msg_context: String = format!(
[INFO] [stderr]    |             ----^^^^^^^^^^^
[INFO] [stderr]    |             |
[INFO] [stderr]    |             help: remove this `mut`
[INFO] [stderr]    |
[INFO] [stderr]    = note: `#[warn(unused_mut)]` on by default
[INFO] [stderr] 
[INFO] [stderr] warning: variable does not need to be mutable
[INFO] [stderr]   --> src/models/agents/agent_backend.rs:73:13
[INFO] [stderr]    |
[INFO] [stderr] 73 |         let mut msg_context: String = format!(
[INFO] [stderr]    |             ----^^^^^^^^^^^
[INFO] [stderr]    |             |
[INFO] [stderr]    |             help: remove this `mut`
[INFO] [stderr] 
[INFO] [stderr] warning: variable does not need to be mutable
[INFO] [stderr]   --> src/models/agents/agent_backend.rs:92:13
[INFO] [stderr]    |
[INFO] [stderr] 92 |         let mut msg_context: String = format!(
[INFO] [stderr]    |             ----^^^^^^^^^^^
[INFO] [stderr]    |             |
[INFO] [stderr]    |             help: remove this `mut`
[INFO] [stderr] 
[INFO] [stderr] warning: unused variable: `agent_res`
[INFO] [stderr]   --> src/models/agent_manager/managing_agent.rs:72:17
[INFO] [stderr]    |
[INFO] [stderr] 72 |             let agent_res: Result<(), Box<dyn std::error::Error>> =
[INFO] [stderr]    |                 ^^^^^^^^^ help: if this is intentional, prefix it with an underscore: `_agent_res`
[INFO] [stderr] 
[INFO] [stderr] warning: associated items `new`, `get_objective`, `get_position`, `get_state`, and `get_memory` are never used
[INFO] [stderr]  --> src/models/agent_basic/basic_traits.rs:4:8
[INFO] [stderr]   |
[INFO] [stderr] 3 | pub trait BasicTraits {
[INFO] [stderr]   |           ----------- associated items in this trait
[INFO] [stderr] 4 |     fn new(objective: String, position: String) -> Self;
[INFO] [stderr]   |        ^^^
[INFO] [stderr] 5 |     fn update_state(&mut self, state: AgentState);
[INFO] [stderr] 6 |     fn get_objective(&self) -> &String;
[INFO] [stderr]   |        ^^^^^^^^^^^^^
[INFO] [stderr] 7 |     fn get_position(&self) -> &String;
[INFO] [stderr]   |        ^^^^^^^^^^^^
[INFO] [stderr] 8 |     fn get_state(&self) -> &AgentState;
[INFO] [stderr]   |        ^^^^^^^^^
[INFO] [stderr] 9 |     fn get_memory(&self) -> &Vec<Message>;
[INFO] [stderr]   |        ^^^^^^^^^^
[INFO] [stderr]   |
[INFO] [stderr]   = note: `#[warn(dead_code)]` on by default
[INFO] [stderr] 
[INFO] [stderr] warning: field `attributes` is never read
[INFO] [stderr]   --> src/models/agent_manager/managing_agent.rs:18:5
[INFO] [stderr]    |
[INFO] [stderr] 17 | pub struct ManagingAgent {
[INFO] [stderr]    |            ------------- field in this struct
[INFO] [stderr] 18 |     attributes: BasicAgent,
[INFO] [stderr]    |     ^^^^^^^^^^
[INFO] [stderr]    |
[INFO] [stderr]    = note: `ManagingAgent` has a derived impl for the trait `Debug`, but this is intentionally ignored during dead code analysis
[INFO] [stderr] 
[INFO] [stderr] warning: unused `Sleep` that must be used
[INFO] [stderr]    --> src/models/agents/agent_backend.rs:237:21
[INFO] [stderr]     |
[INFO] [stderr] 237 |                     time::sleep(seconds_sleep);
[INFO] [stderr]     |                     ^^^^^^^^^^^^^^^^^^^^^^^^^^
[INFO] [stderr]     |
[INFO] [stderr]     = note: futures do nothing unless you `.await` or poll them
[INFO] [stderr]     = note: `#[warn(unused_must_use)]` on by default
[INFO] [stderr] help: use `let _ = ...` to ignore the resulting value
[INFO] [stderr]     |
[INFO] [stderr] 237 |                     let _ = time::sleep(seconds_sleep);
[INFO] [stderr]     |                     +++++++
[INFO] [stderr] 
[INFO] [stderr] warning: `basic_auto_gpt` (bin "basic_auto_gpt" test) generated 12 warnings (run `cargo fix --bin "basic_auto_gpt" --tests` to apply 7 suggestions)
[INFO] [stderr]     Finished `test` profile [unoptimized + debuginfo] target(s) in 0.14s
[INFO] [stderr]      Running unittests src/main.rs (/opt/rustwide/target/debug/deps/basic_auto_gpt-33dc464e78660e7b)
[INFO] [stdout] 
[INFO] [stdout] running 7 tests
[INFO] [stdout] [38;5;10m[38;5;14m[0mtest helpers::command_line::tests::tests_prints_agent_msg ... ok
[INFO] [stdout] test helpers::general::tests::test_extending_ai_function ... ok
[INFO] [stdout] [38;5;10m[38;5;14m[0m[38;5;10m[38;5;14m[0m[38;5;10m[38;5;14m[0mtest apis::call_request::test::test_call_gpt ... FAILED
[INFO] [stdout] test helpers::general::tests::tests_ai_task_request ... FAILED
[INFO] [stdout] test models::agents::agent_architect::tests::tests_solution_architect ... FAILED
[INFO] [stdout] test models::agent_manager::managing_agent::tests::tests_managing_agent ... FAILED
[INFO] [stdout] test models::agents::agent_backend::tests::tests_writing_backend_developer ... FAILED
[INFO] [stdout] 
[INFO] [stdout] failures:
[INFO] [stdout] 
[INFO] [stdout] ---- apis::call_request::test::test_call_gpt stdout ----
[INFO] [stdout] 
[INFO] [stdout] thread 'apis::call_request::test::test_call_gpt' panicked at src/apis/call_request.rs:12:51:
[INFO] [stdout] OPEN_AI_KEY not found in env: NotPresent
[INFO] [stdout] stack backtrace:
[INFO] [stdout]    0:     0x5973d927963a - std::backtrace_rs::backtrace::libunwind::trace::hb059275cfc8d6126
[INFO] [stdout]                                at /rustc/6067b36314ab5eb2eb47cecc464545ba58e1ad24/library/std/src/../../backtrace/src/backtrace/libunwind.rs:116:5
[INFO] [stdout]    1:     0x5973d927963a - std::backtrace_rs::backtrace::trace_unsynchronized::h2da071e4327ce3ee
[INFO] [stdout]                                at /rustc/6067b36314ab5eb2eb47cecc464545ba58e1ad24/library/std/src/../../backtrace/src/backtrace/mod.rs:66:5
[INFO] [stdout]    2:     0x5973d927963a - std::sys::backtrace::_print_fmt::h842a1474e6f8d23f
[INFO] [stdout]                                at /rustc/6067b36314ab5eb2eb47cecc464545ba58e1ad24/library/std/src/sys/backtrace.rs:66:9
[INFO] [stdout]    3:     0x5973d927963a - <std::sys::backtrace::BacktraceLock::print::DisplayBacktrace as core::fmt::Display>::fmt::h71a62eb3b9696b12
[INFO] [stdout]                                at /rustc/6067b36314ab5eb2eb47cecc464545ba58e1ad24/library/std/src/sys/backtrace.rs:39:26
[INFO] [stdout]    4:     0x5973d92a54d3 - core::fmt::rt::Argument::fmt::hdb6b616786b41dc1
[INFO] [stdout]                                at /rustc/6067b36314ab5eb2eb47cecc464545ba58e1ad24/library/core/src/fmt/rt.rs:177:76
[INFO] [stdout]    5:     0x5973d92a54d3 - core::fmt::write::h2cc1698af7e2d686
[INFO] [stdout]                                at /rustc/6067b36314ab5eb2eb47cecc464545ba58e1ad24/library/core/src/fmt/mod.rs:1440:21
[INFO] [stdout]    6:     0x5973d9274ea3 - std::io::Write::write_fmt::hab1b4cd059a79022
[INFO] [stdout]                                at /rustc/6067b36314ab5eb2eb47cecc464545ba58e1ad24/library/std/src/io/mod.rs:1887:15
[INFO] [stdout]    7:     0x5973d9279482 - std::sys::backtrace::BacktraceLock::print::h147fe35b4ea13b08
[INFO] [stdout]                                at /rustc/6067b36314ab5eb2eb47cecc464545ba58e1ad24/library/std/src/sys/backtrace.rs:42:9
[INFO] [stdout]    8:     0x5973d927aa5f - std::panicking::default_hook::{{closure}}::hbd44223dbdc0d208
[INFO] [stdout]                                at /rustc/6067b36314ab5eb2eb47cecc464545ba58e1ad24/library/std/src/panicking.rs:298:22
[INFO] [stdout]    9:     0x5973d927a878 - std::panicking::default_hook::h20f81eb0576efcec
[INFO] [stdout]                                at /rustc/6067b36314ab5eb2eb47cecc464545ba58e1ad24/library/std/src/panicking.rs:322:9
[INFO] [stdout]   10:     0x5973d8e49283 - <alloc::boxed::Box<F,A> as core::ops::function::Fn<Args>>::call::hdb53814c496a4d34
[INFO] [stdout]                                at /rustc/6067b36314ab5eb2eb47cecc464545ba58e1ad24/library/alloc/src/boxed.rs:2027:9
[INFO] [stdout]   11:     0x5973d8e49283 - test::test_main::{{closure}}::hc0a4963c59427c24
[INFO] [stdout]                                at /rustc/6067b36314ab5eb2eb47cecc464545ba58e1ad24/library/test/src/lib.rs:134:21
[INFO] [stdout]   12:     0x5973d927b553 - <alloc::boxed::Box<F,A> as core::ops::function::Fn<Args>>::call::h591b2225413a77e9
[INFO] [stdout]                                at /rustc/6067b36314ab5eb2eb47cecc464545ba58e1ad24/library/alloc/src/boxed.rs:2027:9
[INFO] [stdout]   13:     0x5973d927b553 - std::panicking::rust_panic_with_hook::h625eea43051b2edc
[INFO] [stdout]                                at /rustc/6067b36314ab5eb2eb47cecc464545ba58e1ad24/library/std/src/panicking.rs:839:13
[INFO] [stdout]   14:     0x5973d927b20a - std::panicking::begin_panic_handler::{{closure}}::h4f9159cfbc3f6bd3
[INFO] [stdout]                                at /rustc/6067b36314ab5eb2eb47cecc464545ba58e1ad24/library/std/src/panicking.rs:704:13
[INFO] [stdout]   15:     0x5973d9279b39 - std::sys::backtrace::__rust_end_short_backtrace::h0390abce48353151
[INFO] [stdout]                                at /rustc/6067b36314ab5eb2eb47cecc464545ba58e1ad24/library/std/src/sys/backtrace.rs:168:18
[INFO] [stdout]   16:     0x5973d927ae9d - rust_begin_unwind
[INFO] [stdout]                                at /rustc/6067b36314ab5eb2eb47cecc464545ba58e1ad24/library/std/src/panicking.rs:695:5
[INFO] [stdout]   17:     0x5973d92a36e0 - core::panicking::panic_fmt::h9e7c637e9e5f29c9
[INFO] [stdout]                                at /rustc/6067b36314ab5eb2eb47cecc464545ba58e1ad24/library/core/src/panicking.rs:75:14
[INFO] [stdout]   18:     0x5973d92a3bb6 - core::result::unwrap_failed::h7979f09313fe1849
[INFO] [stdout]                                at /rustc/6067b36314ab5eb2eb47cecc464545ba58e1ad24/library/core/src/result.rs:1704:5
[INFO] [stdout]   19:     0x5973d8deade6 - core::result::Result<T,E>::expect::h2f22b36721bf5bd5
[INFO] [stdout]                                at /rustc/6067b36314ab5eb2eb47cecc464545ba58e1ad24/library/core/src/result.rs:1061:23
[INFO] [stdout]   20:     0x5973d8dee225 - basic_auto_gpt::apis::call_request::call_gpt::{{closure}}::h42e3b20e0882b088
[INFO] [stdout]                                at /opt/rustwide/workdir/src/apis/call_request.rs:12:27
[INFO] [stdout]   21:     0x5973d8e0ad6b - basic_auto_gpt::apis::call_request::test::test_call_gpt::{{closure}}::h6711b69707eb7c2b
[INFO] [stdout]                                at /opt/rustwide/workdir/src/apis/call_request.rs:74:38
[INFO] [stdout]   22:     0x5973d8df6eb2 - <core::pin::Pin<P> as core::future::future::Future>::poll::h9e5cca3c6064dde0
[INFO] [stdout]                                at /rustc/6067b36314ab5eb2eb47cecc464545ba58e1ad24/library/core/src/future/future.rs:124:9
[INFO] [stdout]   23:     0x5973d8df6e6d - <core::pin::Pin<P> as core::future::future::Future>::poll::h0fa503ddfe8d868e
[INFO] [stdout]                                at /rustc/6067b36314ab5eb2eb47cecc464545ba58e1ad24/library/core/src/future/future.rs:124:9
[INFO] [stdout]   24:     0x5973d8e0490f - tokio::runtime::scheduler::current_thread::CoreGuard::block_on::{{closure}}::{{closure}}::{{closure}}::h3535a2adca8da988
[INFO] [stdout]                                at /opt/rustwide/cargo-home/registry/src/index.crates.io-1949cf8c6b5b557f/tokio-1.36.0/src/runtime/scheduler/current_thread/mod.rs:659:57
[INFO] [stdout]   25:     0x5973d8e04855 - tokio::runtime::coop::with_budget::h0c816a90cec17efc
[INFO] [stdout]                                at /opt/rustwide/cargo-home/registry/src/index.crates.io-1949cf8c6b5b557f/tokio-1.36.0/src/runtime/coop.rs:107:5
[INFO] [stdout]   26:     0x5973d8e04855 - tokio::runtime::coop::budget::hb5c5f50baeedcfdf
[INFO] [stdout]                                at /opt/rustwide/cargo-home/registry/src/index.crates.io-1949cf8c6b5b557f/tokio-1.36.0/src/runtime/coop.rs:73:5
[INFO] [stdout]   27:     0x5973d8e04855 - tokio::runtime::scheduler::current_thread::CoreGuard::block_on::{{closure}}::{{closure}}::hf89ed94fcf4c43e7
[INFO] [stdout]                                at /opt/rustwide/cargo-home/registry/src/index.crates.io-1949cf8c6b5b557f/tokio-1.36.0/src/runtime/scheduler/current_thread/mod.rs:659:25
[INFO] [stdout]   28:     0x5973d8e035fc - tokio::runtime::scheduler::current_thread::Context::enter::hf755d901de6c623b
[INFO] [stdout]                                at /opt/rustwide/cargo-home/registry/src/index.crates.io-1949cf8c6b5b557f/tokio-1.36.0/src/runtime/scheduler/current_thread/mod.rs:404:19
[INFO] [stdout]   29:     0x5973d8e040be - tokio::runtime::scheduler::current_thread::CoreGuard::block_on::{{closure}}::h0e5cd168906c9838
[INFO] [stdout]                                at /opt/rustwide/cargo-home/registry/src/index.crates.io-1949cf8c6b5b557f/tokio-1.36.0/src/runtime/scheduler/current_thread/mod.rs:658:36
[INFO] [stdout]   30:     0x5973d8e03e24 - tokio::runtime::scheduler::current_thread::CoreGuard::enter::{{closure}}::h044266d6e43abaa1
[INFO] [stdout]                                at /opt/rustwide/cargo-home/registry/src/index.crates.io-1949cf8c6b5b557f/tokio-1.36.0/src/runtime/scheduler/current_thread/mod.rs:737:68
[INFO] [stdout]   31:     0x5973d8e02c3b - tokio::runtime::context::scoped::Scoped<T>::set::h50a309d43409cf71
[INFO] [stdout]                                at /opt/rustwide/cargo-home/registry/src/index.crates.io-1949cf8c6b5b557f/tokio-1.36.0/src/runtime/context/scoped.rs:40:9
[INFO] [stdout]   32:     0x5973d8dfebe5 - tokio::runtime::context::set_scheduler::{{closure}}::h0146327a601384dd
[INFO] [stdout]                                at /opt/rustwide/cargo-home/registry/src/index.crates.io-1949cf8c6b5b557f/tokio-1.36.0/src/runtime/context.rs:176:26
[INFO] [stdout]   33:     0x5973d8e07872 - std::thread::local::LocalKey<T>::try_with::h400e8afa757712d4
[INFO] [stdout]                                at /rustc/6067b36314ab5eb2eb47cecc464545ba58e1ad24/library/std/src/thread/local.rs:308:12
[INFO] [stdout]   34:     0x5973d8e073ca - std::thread::local::LocalKey<T>::with::h2e9b7bca645bee24
[INFO] [stdout]                                at /rustc/6067b36314ab5eb2eb47cecc464545ba58e1ad24/library/std/src/thread/local.rs:272:9
[INFO] [stdout]   35:     0x5973d8dfeb9d - tokio::runtime::context::set_scheduler::hb3c258f6d89925bf
[INFO] [stdout]                                at /opt/rustwide/cargo-home/registry/src/index.crates.io-1949cf8c6b5b557f/tokio-1.36.0/src/runtime/context.rs:176:9
[INFO] [stdout]   36:     0x5973d8e03bd4 - tokio::runtime::scheduler::current_thread::CoreGuard::enter::h0aef14932c789baf
[INFO] [stdout]                                at /opt/rustwide/cargo-home/registry/src/index.crates.io-1949cf8c6b5b557f/tokio-1.36.0/src/runtime/scheduler/current_thread/mod.rs:737:27
[INFO] [stdout]   37:     0x5973d8e03e43 - tokio::runtime::scheduler::current_thread::CoreGuard::block_on::hf66d135385667a3a
[INFO] [stdout]                                at /opt/rustwide/cargo-home/registry/src/index.crates.io-1949cf8c6b5b557f/tokio-1.36.0/src/runtime/scheduler/current_thread/mod.rs:646:19
[INFO] [stdout]   38:     0x5973d8e02e4d - tokio::runtime::scheduler::current_thread::CurrentThread::block_on::{{closure}}::ha51fe3ee121caa35
[INFO] [stdout]                                at /opt/rustwide/cargo-home/registry/src/index.crates.io-1949cf8c6b5b557f/tokio-1.36.0/src/runtime/scheduler/current_thread/mod.rs:175:28
[INFO] [stdout]   39:     0x5973d8dfedd6 - tokio::runtime::context::runtime::enter_runtime::h22d45bf45fe3b6db
[INFO] [stdout]                                at /opt/rustwide/cargo-home/registry/src/index.crates.io-1949cf8c6b5b557f/tokio-1.36.0/src/runtime/context/runtime.rs:65:16
[INFO] [stdout]   40:     0x5973d8e02d61 - tokio::runtime::scheduler::current_thread::CurrentThread::block_on::h7709777f3ebe0b45
[INFO] [stdout]                                at /opt/rustwide/cargo-home/registry/src/index.crates.io-1949cf8c6b5b557f/tokio-1.36.0/src/runtime/scheduler/current_thread/mod.rs:167:9
[INFO] [stdout]   41:     0x5973d8df69e2 - tokio::runtime::runtime::Runtime::block_on::h0b03e092b070aa68
[INFO] [stdout]                                at /opt/rustwide/cargo-home/registry/src/index.crates.io-1949cf8c6b5b557f/tokio-1.36.0/src/runtime/runtime.rs:348:47
[INFO] [stdout]   42:     0x5973d8e0aa01 - basic_auto_gpt::apis::call_request::test::test_call_gpt::h56ab0e6c007d8953
[INFO] [stdout]                                at /opt/rustwide/workdir/src/apis/call_request.rs:75:9
[INFO] [stdout]   43:     0x5973d8e0a8a7 - basic_auto_gpt::apis::call_request::test::test_call_gpt::{{closure}}::h9be32591ecb6be33
[INFO] [stdout]                                at /opt/rustwide/workdir/src/apis/call_request.rs:69:29
[INFO] [stdout]   44:     0x5973d8e0c556 - core::ops::function::FnOnce::call_once::hb307d20960e8f3fa
[INFO] [stdout]                                at /rustc/6067b36314ab5eb2eb47cecc464545ba58e1ad24/library/core/src/ops/function.rs:250:5
[INFO] [stdout]   45:     0x5973d8e4e9db - core::ops::function::FnOnce::call_once::he27718dfdd183f43
[INFO] [stdout]                                at /rustc/6067b36314ab5eb2eb47cecc464545ba58e1ad24/library/core/src/ops/function.rs:250:5
[INFO] [stdout]   46:     0x5973d8e4e9db - test::__rust_begin_short_backtrace::h4e84902998457a5d
[INFO] [stdout]                                at /rustc/6067b36314ab5eb2eb47cecc464545ba58e1ad24/library/test/src/lib.rs:632:18
[INFO] [stdout]   47:     0x5973d8e4d913 - test::run_test_in_process::{{closure}}::h7176fd18fc1feca0
[INFO] [stdout]                                at /rustc/6067b36314ab5eb2eb47cecc464545ba58e1ad24/library/test/src/lib.rs:655:60
[INFO] [stdout]   48:     0x5973d8e4d913 - <core::panic::unwind_safe::AssertUnwindSafe<F> as core::ops::function::FnOnce<()>>::call_once::hf79cff2a624d8cf7
[INFO] [stdout]                                at /rustc/6067b36314ab5eb2eb47cecc464545ba58e1ad24/library/core/src/panic/unwind_safe.rs:272:9
[INFO] [stdout]   49:     0x5973d8e4d913 - std::panicking::try::do_call::h3da0561d9ab99c25
[INFO] [stdout]                                at /rustc/6067b36314ab5eb2eb47cecc464545ba58e1ad24/library/std/src/panicking.rs:587:40
[INFO] [stdout]   50:     0x5973d8e4d913 - std::panicking::try::h41c9fa508bc61df6
[INFO] [stdout]                                at /rustc/6067b36314ab5eb2eb47cecc464545ba58e1ad24/library/std/src/panicking.rs:550:19
[INFO] [stdout]   51:     0x5973d8e4d913 - std::panic::catch_unwind::h6b3ff07bb5afad93
[INFO] [stdout]                                at /rustc/6067b36314ab5eb2eb47cecc464545ba58e1ad24/library/std/src/panic.rs:358:14
[INFO] [stdout]   52:     0x5973d8e4d913 - test::run_test_in_process::hc7253dd11b39b9f4
[INFO] [stdout]                                at /rustc/6067b36314ab5eb2eb47cecc464545ba58e1ad24/library/test/src/lib.rs:655:27
[INFO] [stdout]   53:     0x5973d8e4d913 - test::run_test::{{closure}}::hfb2007f8649c30bb
[INFO] [stdout]                                at /rustc/6067b36314ab5eb2eb47cecc464545ba58e1ad24/library/test/src/lib.rs:576:43
[INFO] [stdout]   54:     0x5973d8e109f5 - test::run_test::{{closure}}::h56a17aa7a282a9f4
[INFO] [stdout]                                at /rustc/6067b36314ab5eb2eb47cecc464545ba58e1ad24/library/test/src/lib.rs:606:41
[INFO] [stdout]   55:     0x5973d8e109f5 - std::sys::backtrace::__rust_begin_short_backtrace::hd2d2d2fb8e8c6aac
[INFO] [stdout]                                at /rustc/6067b36314ab5eb2eb47cecc464545ba58e1ad24/library/std/src/sys/backtrace.rs:152:18
[INFO] [stdout]   56:     0x5973d8e142da - std::thread::Builder::spawn_unchecked_::{{closure}}::{{closure}}::h4faa3f9db6133423
[INFO] [stdout]                                at /rustc/6067b36314ab5eb2eb47cecc464545ba58e1ad24/library/std/src/thread/mod.rs:559:17
[INFO] [stdout]   57:     0x5973d8e142da - <core::panic::unwind_safe::AssertUnwindSafe<F> as core::ops::function::FnOnce<()>>::call_once::hf2e855a36a4ea846
[INFO] [stdout]                                at /rustc/6067b36314ab5eb2eb47cecc464545ba58e1ad24/library/core/src/panic/unwind_safe.rs:272:9
[INFO] [stdout]   58:     0x5973d8e142da - std::panicking::try::do_call::h2f73af3616c35465
[INFO] [stdout]                                at /rustc/6067b36314ab5eb2eb47cecc464545ba58e1ad24/library/std/src/panicking.rs:587:40
[INFO] [stdout]   59:     0x5973d8e142da - std::panicking::try::hd1660ce9efadef5a
[INFO] [stdout]                                at /rustc/6067b36314ab5eb2eb47cecc464545ba58e1ad24/library/std/src/panicking.rs:550:19
[INFO] [stdout]   60:     0x5973d8e142da - std::panic::catch_unwind::h5ee8d7823b8ca744
[INFO] [stdout]                                at /rustc/6067b36314ab5eb2eb47cecc464545ba58e1ad24/library/std/src/panic.rs:358:14
[INFO] [stdout]   61:     0x5973d8e142da - std::thread::Builder::spawn_unchecked_::{{closure}}::h53c3a1894dce8407
[INFO] [stdout]                                at /rustc/6067b36314ab5eb2eb47cecc464545ba58e1ad24/library/std/src/thread/mod.rs:557:30
[INFO] [stdout]   62:     0x5973d8e142da - core::ops::function::FnOnce::call_once{{vtable.shim}}::h048ce291ad4f62bf
[INFO] [stdout]                                at /rustc/6067b36314ab5eb2eb47cecc464545ba58e1ad24/library/core/src/ops/function.rs:250:5
[INFO] [stdout]   63:     0x5973d927fc1b - <alloc::boxed::Box<F,A> as core::ops::function::FnOnce<Args>>::call_once::ha52bedf99a3b4981
[INFO] [stdout]                                at /rustc/6067b36314ab5eb2eb47cecc464545ba58e1ad24/library/alloc/src/boxed.rs:2013:9
[INFO] [stdout]   64:     0x5973d927fc1b - <alloc::boxed::Box<F,A> as core::ops::function::FnOnce<Args>>::call_once::h567748934d80ccf8
[INFO] [stdout]                                at /rustc/6067b36314ab5eb2eb47cecc464545ba58e1ad24/library/alloc/src/boxed.rs:2013:9
[INFO] [stdout]   65:     0x5973d927fc1b - std::sys::pal::unix::thread::Thread::new::thread_start::h2d970728ae887adc
[INFO] [stdout]                                at /rustc/6067b36314ab5eb2eb47cecc464545ba58e1ad24/library/std/src/sys/pal/unix/thread.rs:106:17
[INFO] [stdout]   66:     0x7028dd9c7ac3 - <unknown>
[INFO] [stdout]   67:     0x7028dda58a04 - clone
[INFO] [stdout]   68:                0x0 - <unknown>
[INFO] [stdout] 
[INFO] [stdout] ---- helpers::general::tests::tests_ai_task_request stdout ----
[INFO] [stdout] Agent: Managing Agent: Defining user requirements
[INFO] [stdout] 
[INFO] [stdout] thread 'helpers::general::tests::tests_ai_task_request' panicked at src/apis/call_request.rs:12:51:
[INFO] [stdout] OPEN_AI_KEY not found in env: NotPresent
[INFO] [stdout] stack backtrace:
[INFO] [stdout]    0:     0x5973d927963a - std::backtrace_rs::backtrace::libunwind::trace::hb059275cfc8d6126
[INFO] [stdout]                                at /rustc/6067b36314ab5eb2eb47cecc464545ba58e1ad24/library/std/src/../../backtrace/src/backtrace/libunwind.rs:116:5
[INFO] [stdout]    1:     0x5973d927963a - std::backtrace_rs::backtrace::trace_unsynchronized::h2da071e4327ce3ee
[INFO] [stdout]                                at /rustc/6067b36314ab5eb2eb47cecc464545ba58e1ad24/library/std/src/../../backtrace/src/backtrace/mod.rs:66:5
[INFO] [stdout]    2:     0x5973d927963a - std::sys::backtrace::_print_fmt::h842a1474e6f8d23f
[INFO] [stdout]                                at /rustc/6067b36314ab5eb2eb47cecc464545ba58e1ad24/library/std/src/sys/backtrace.rs:66:9
[INFO] [stdout]    3:     0x5973d927963a - <std::sys::backtrace::BacktraceLock::print::DisplayBacktrace as core::fmt::Display>::fmt::h71a62eb3b9696b12
[INFO] [stdout]                                at /rustc/6067b36314ab5eb2eb47cecc464545ba58e1ad24/library/std/src/sys/backtrace.rs:39:26
[INFO] [stdout]    4:     0x5973d92a54d3 - core::fmt::rt::Argument::fmt::hdb6b616786b41dc1
[INFO] [stdout]                                at /rustc/6067b36314ab5eb2eb47cecc464545ba58e1ad24/library/core/src/fmt/rt.rs:177:76
[INFO] [stdout]    5:     0x5973d92a54d3 - core::fmt::write::h2cc1698af7e2d686
[INFO] [stdout]                                at /rustc/6067b36314ab5eb2eb47cecc464545ba58e1ad24/library/core/src/fmt/mod.rs:1440:21
[INFO] [stdout]    6:     0x5973d9274ea3 - std::io::Write::write_fmt::hab1b4cd059a79022
[INFO] [stdout]                                at /rustc/6067b36314ab5eb2eb47cecc464545ba58e1ad24/library/std/src/io/mod.rs:1887:15
[INFO] [stdout]    7:     0x5973d9279482 - std::sys::backtrace::BacktraceLock::print::h147fe35b4ea13b08
[INFO] [stdout]                                at /rustc/6067b36314ab5eb2eb47cecc464545ba58e1ad24/library/std/src/sys/backtrace.rs:42:9
[INFO] [stdout]    8:     0x5973d927aa5f - std::panicking::default_hook::{{closure}}::hbd44223dbdc0d208
[INFO] [stdout]                                at /rustc/6067b36314ab5eb2eb47cecc464545ba58e1ad24/library/std/src/panicking.rs:298:22
[INFO] [stdout]    9:     0x5973d927a878 - std::panicking::default_hook::h20f81eb0576efcec
[INFO] [stdout]                                at /rustc/6067b36314ab5eb2eb47cecc464545ba58e1ad24/library/std/src/panicking.rs:322:9
[INFO] [stdout]   10:     0x5973d8e49283 - <alloc::boxed::Box<F,A> as core::ops::function::Fn<Args>>::call::hdb53814c496a4d34
[INFO] [stdout]                                at /rustc/6067b36314ab5eb2eb47cecc464545ba58e1ad24/library/alloc/src/boxed.rs:2027:9
[INFO] [stdout]   11:     0x5973d8e49283 - test::test_main::{{closure}}::hc0a4963c59427c24
[INFO] [stdout]                                at /rustc/6067b36314ab5eb2eb47cecc464545ba58e1ad24/library/test/src/lib.rs:134:21
[INFO] [stdout]   12:     0x5973d927b553 - <alloc::boxed::Box<F,A> as core::ops::function::Fn<Args>>::call::h591b2225413a77e9
[INFO] [stdout]                                at /rustc/6067b36314ab5eb2eb47cecc464545ba58e1ad24/library/alloc/src/boxed.rs:2027:9
[INFO] [stdout]   13:     0x5973d927b553 - std::panicking::rust_panic_with_hook::h625eea43051b2edc
[INFO] [stdout]                                at /rustc/6067b36314ab5eb2eb47cecc464545ba58e1ad24/library/std/src/panicking.rs:839:13
[INFO] [stdout]   14:     0x5973d927b20a - std::panicking::begin_panic_handler::{{closure}}::h4f9159cfbc3f6bd3
[INFO] [stdout]                                at /rustc/6067b36314ab5eb2eb47cecc464545ba58e1ad24/library/std/src/panicking.rs:704:13
[INFO] [stdout]   15:     0x5973d9279b39 - std::sys::backtrace::__rust_end_short_backtrace::h0390abce48353151
[INFO] [stdout]                                at /rustc/6067b36314ab5eb2eb47cecc464545ba58e1ad24/library/std/src/sys/backtrace.rs:168:18
[INFO] [stdout]   16:     0x5973d927ae9d - rust_begin_unwind
[INFO] [stdout]                                at /rustc/6067b36314ab5eb2eb47cecc464545ba58e1ad24/library/std/src/panicking.rs:695:5
[INFO] [stdout]   17:     0x5973d92a36e0 - core::panicking::panic_fmt::h9e7c637e9e5f29c9
[INFO] [stdout]                                at /rustc/6067b36314ab5eb2eb47cecc464545ba58e1ad24/library/core/src/panicking.rs:75:14
[INFO] [stdout]   18:     0x5973d92a3bb6 - core::result::unwrap_failed::h7979f09313fe1849
[INFO] [stdout]                                at /rustc/6067b36314ab5eb2eb47cecc464545ba58e1ad24/library/core/src/result.rs:1704:5
[INFO] [stdout]   19:     0x5973d8deade6 - core::result::Result<T,E>::expect::h2f22b36721bf5bd5
[INFO] [stdout]                                at /rustc/6067b36314ab5eb2eb47cecc464545ba58e1ad24/library/core/src/result.rs:1061:23
[INFO] [stdout]   20:     0x5973d8dee225 - basic_auto_gpt::apis::call_request::call_gpt::{{closure}}::h42e3b20e0882b088
[INFO] [stdout]                                at /opt/rustwide/workdir/src/apis/call_request.rs:12:27
[INFO] [stdout]   21:     0x5973d8df0bdf - basic_auto_gpt::helpers::general::ai_task_request::{{closure}}::hec4157e8def369c5
[INFO] [stdout]                                at /opt/rustwide/workdir/src/helpers/general.rs:50:46
[INFO] [stdout]   22:     0x5973d8df3136 - basic_auto_gpt::helpers::general::tests::tests_ai_task_request::{{closure}}::h0f9575349cbcbe40
[INFO] [stdout]                                at /opt/rustwide/workdir/src/helpers/general.rs:123:10
[INFO] [stdout]   23:     0x5973d8df6eb2 - <core::pin::Pin<P> as core::future::future::Future>::poll::h9e5cca3c6064dde0
[INFO] [stdout]                                at /rustc/6067b36314ab5eb2eb47cecc464545ba58e1ad24/library/core/src/future/future.rs:124:9
[INFO] [stdout]   24:     0x5973d8df6e6d - <core::pin::Pin<P> as core::future::future::Future>::poll::h0fa503ddfe8d868e
[INFO] [stdout]                                at /rustc/6067b36314ab5eb2eb47cecc464545ba58e1ad24/library/core/src/future/future.rs:124:9
[INFO] [stdout]   25:     0x5973d8e0490f - tokio::runtime::scheduler::current_thread::CoreGuard::block_on::{{closure}}::{{closure}}::{{closure}}::h3535a2adca8da988
[INFO] [stdout]                                at /opt/rustwide/cargo-home/registry/src/index.crates.io-1949cf8c6b5b557f/tokio-1.36.0/src/runtime/scheduler/current_thread/mod.rs:659:57
[INFO] [stdout]   26:     0x5973d8e04855 - tokio::runtime::coop::with_budget::h0c816a90cec17efc
[INFO] [stdout]                                at /opt/rustwide/cargo-home/registry/src/index.crates.io-1949cf8c6b5b557f/tokio-1.36.0/src/runtime/coop.rs:107:5
[INFO] [stdout]   27:     0x5973d8e04855 - tokio::runtime::coop::budget::hb5c5f50baeedcfdf
[INFO] [stdout]                                at /opt/rustwide/cargo-home/registry/src/index.crates.io-1949cf8c6b5b557f/tokio-1.36.0/src/runtime/coop.rs:73:5
[INFO] [stdout]   28:     0x5973d8e04855 - tokio::runtime::scheduler::current_thread::CoreGuard::block_on::{{closure}}::{{closure}}::hf89ed94fcf4c43e7
[INFO] [stdout]                                at /opt/rustwide/cargo-home/registry/src/index.crates.io-1949cf8c6b5b557f/tokio-1.36.0/src/runtime/scheduler/current_thread/mod.rs:659:25
[INFO] [stdout]   29:     0x5973d8e035fc - tokio::runtime::scheduler::current_thread::Context::enter::hf755d901de6c623b
[INFO] [stdout]                                at /opt/rustwide/cargo-home/registry/src/index.crates.io-1949cf8c6b5b557f/tokio-1.36.0/src/runtime/scheduler/current_thread/mod.rs:404:19
[INFO] [stdout]   30:     0x5973d8e040be - tokio::runtime::scheduler::current_thread::CoreGuard::block_on::{{closure}}::h0e5cd168906c9838
[INFO] [stdout]                                at /opt/rustwide/cargo-home/registry/src/index.crates.io-1949cf8c6b5b557f/tokio-1.36.0/src/runtime/scheduler/current_thread/mod.rs:658:36
[INFO] [stdout]   31:     0x5973d8e03e24 - tokio::runtime::scheduler::current_thread::CoreGuard::enter::{{closure}}::h044266d6e43abaa1
[INFO] [stdout]                                at /opt/rustwide/cargo-home/registry/src/index.crates.io-1949cf8c6b5b557f/tokio-1.36.0/src/runtime/scheduler/current_thread/mod.rs:737:68
[INFO] [stdout]   32:     0x5973d8e02c3b - tokio::runtime::context::scoped::Scoped<T>::set::h50a309d43409cf71
[INFO] [stdout]                                at /opt/rustwide/cargo-home/registry/src/index.crates.io-1949cf8c6b5b557f/tokio-1.36.0/src/runtime/context/scoped.rs:40:9
[INFO] [stdout]   33:     0x5973d8dfebe5 - tokio::runtime::context::set_scheduler::{{closure}}::h0146327a601384dd
[INFO] [stdout]                                at /opt/rustwide/cargo-home/registry/src/index.crates.io-1949cf8c6b5b557f/tokio-1.36.0/src/runtime/context.rs:176:26
[INFO] [stdout]   34:     0x5973d8e07872 - std::thread::local::LocalKey<T>::try_with::h400e8afa757712d4
[INFO] [stdout]                                at /rustc/6067b36314ab5eb2eb47cecc464545ba58e1ad24/library/std/src/thread/local.rs:308:12
[INFO] [stdout]   35:     0x5973d8e073ca - std::thread::local::LocalKey<T>::with::h2e9b7bca645bee24
[INFO] [stdout]                                at /rustc/6067b36314ab5eb2eb47cecc464545ba58e1ad24/library/std/src/thread/local.rs:272:9
[INFO] [stdout]   36:     0x5973d8dfeb9d - tokio::runtime::context::set_scheduler::hb3c258f6d89925bf
[INFO] [stdout]                                at /opt/rustwide/cargo-home/registry/src/index.crates.io-1949cf8c6b5b557f/tokio-1.36.0/src/runtime/context.rs:176:9
[INFO] [stdout]   37:     0x5973d8e03bd4 - tokio::runtime::scheduler::current_thread::CoreGuard::enter::h0aef14932c789baf
[INFO] [stdout]                                at /opt/rustwide/cargo-home/registry/src/index.crates.io-1949cf8c6b5b557f/tokio-1.36.0/src/runtime/scheduler/current_thread/mod.rs:737:27
[INFO] [stdout]   38:     0x5973d8e03e43 - tokio::runtime::scheduler::current_thread::CoreGuard::block_on::hf66d135385667a3a
[INFO] [stdout]                                at /opt/rustwide/cargo-home/registry/src/index.crates.io-1949cf8c6b5b557f/tokio-1.36.0/src/runtime/scheduler/current_thread/mod.rs:646:19
[INFO] [stdout]   39:     0x5973d8e02e4d - tokio::runtime::scheduler::current_thread::CurrentThread::block_on::{{closure}}::ha51fe3ee121caa35
[INFO] [stdout]                                at /opt/rustwide/cargo-home/registry/src/index.crates.io-1949cf8c6b5b557f/tokio-1.36.0/src/runtime/scheduler/current_thread/mod.rs:175:28
[INFO] [stdout]   40:     0x5973d8dfedd6 - tokio::runtime::context::runtime::enter_runtime::h22d45bf45fe3b6db
[INFO] [stdout]                                at /opt/rustwide/cargo-home/registry/src/index.crates.io-1949cf8c6b5b557f/tokio-1.36.0/src/runtime/context/runtime.rs:65:16
[INFO] [stdout]   41:     0x5973d8e02d61 - tokio::runtime::scheduler::current_thread::CurrentThread::block_on::h7709777f3ebe0b45
[INFO] [stdout]                                at /opt/rustwide/cargo-home/registry/src/index.crates.io-1949cf8c6b5b557f/tokio-1.36.0/src/runtime/scheduler/current_thread/mod.rs:167:9
[INFO] [stdout]   42:     0x5973d8df69e2 - tokio::runtime::runtime::Runtime::block_on::h0b03e092b070aa68
[INFO] [stdout]                                at /opt/rustwide/cargo-home/registry/src/index.crates.io-1949cf8c6b5b557f/tokio-1.36.0/src/runtime/runtime.rs:348:47
[INFO] [stdout]   43:     0x5973d8df2f21 - basic_auto_gpt::helpers::general::tests::tests_ai_task_request::hd6a252cf18f5dd96
[INFO] [stdout]                                at /opt/rustwide/workdir/src/helpers/general.rs:124:9
[INFO] [stdout]   44:     0x5973d8df2dc7 - basic_auto_gpt::helpers::general::tests::tests_ai_task_request::{{closure}}::h45fff0e7e410943d
[INFO] [stdout]                                at /opt/rustwide/workdir/src/helpers/general.rs:114:37
[INFO] [stdout]   45:     0x5973d8e0c666 - core::ops::function::FnOnce::call_once::he0cfe29626e12986
[INFO] [stdout]                                at /rustc/6067b36314ab5eb2eb47cecc464545ba58e1ad24/library/core/src/ops/function.rs:250:5
[INFO] [stdout]   46:     0x5973d8e4e9db - core::ops::function::FnOnce::call_once::he27718dfdd183f43
[INFO] [stdout]                                at /rustc/6067b36314ab5eb2eb47cecc464545ba58e1ad24/library/core/src/ops/function.rs:250:5
[INFO] [stdout]   47:     0x5973d8e4e9db - test::__rust_begin_short_backtrace::h4e84902998457a5d
[INFO] [stdout]                                at /rustc/6067b36314ab5eb2eb47cecc464545ba58e1ad24/library/test/src/lib.rs:632:18
[INFO] [stdout]   48:     0x5973d8e4d913 - test::run_test_in_process::{{closure}}::h7176fd18fc1feca0
[INFO] [stdout]                                at /rustc/6067b36314ab5eb2eb47cecc464545ba58e1ad24/library/test/src/lib.rs:655:60
[INFO] [stdout]   49:     0x5973d8e4d913 - <core::panic::unwind_safe::AssertUnwindSafe<F> as core::ops::function::FnOnce<()>>::call_once::hf79cff2a624d8cf7
[INFO] [stdout]                                at /rustc/6067b36314ab5eb2eb47cecc464545ba58e1ad24/library/core/src/panic/unwind_safe.rs:272:9
[INFO] [stdout]   50:     0x5973d8e4d913 - std::panicking::try::do_call::h3da0561d9ab99c25
[INFO] [stdout]                                at /rustc/6067b36314ab5eb2eb47cecc464545ba58e1ad24/library/std/src/panicking.rs:587:40
[INFO] [stdout]   51:     0x5973d8e4d913 - std::panicking::try::h41c9fa508bc61df6
[INFO] [stdout]                                at /rustc/6067b36314ab5eb2eb47cecc464545ba58e1ad24/library/std/src/panicking.rs:550:19
[INFO] [stdout]   52:     0x5973d8e4d913 - std::panic::catch_unwind::h6b3ff07bb5afad93
[INFO] [stdout]                                at /rustc/6067b36314ab5eb2eb47cecc464545ba58e1ad24/library/std/src/panic.rs:358:14
[INFO] [stdout]   53:     0x5973d8e4d913 - test::run_test_in_process::hc7253dd11b39b9f4
[INFO] [stdout]                                at /rustc/6067b36314ab5eb2eb47cecc464545ba58e1ad24/library/test/src/lib.rs:655:27
[INFO] [stdout]   54:     0x5973d8e4d913 - test::run_test::{{closure}}::hfb2007f8649c30bb
[INFO] [stdout]                                at /rustc/6067b36314ab5eb2eb47cecc464545ba58e1ad24/library/test/src/lib.rs:576:43
[INFO] [stdout]   55:     0x5973d8e109f5 - test::run_test::{{closure}}::h56a17aa7a282a9f4
[INFO] [stdout]                                at /rustc/6067b36314ab5eb2eb47cecc464545ba58e1ad24/library/test/src/lib.rs:606:41
[INFO] [stdout]   56:     0x5973d8e109f5 - std::sys::backtrace::__rust_begin_short_backtrace::hd2d2d2fb8e8c6aac
[INFO] [stdout]                                at /rustc/6067b36314ab5eb2eb47cecc464545ba58e1ad24/library/std/src/sys/backtrace.rs:152:18
[INFO] [stdout]   57:     0x5973d8e142da - std::thread::Builder::spawn_unchecked_::{{closure}}::{{closure}}::h4faa3f9db6133423
[INFO] [stdout]                                at /rustc/6067b36314ab5eb2eb47cecc464545ba58e1ad24/library/std/src/thread/mod.rs:559:17
[INFO] [stdout]   58:     0x5973d8e142da - <core::panic::unwind_safe::AssertUnwindSafe<F> as core::ops::function::FnOnce<()>>::call_once::hf2e855a36a4ea846
[INFO] [stdout]                                at /rustc/6067b36314ab5eb2eb47cecc464545ba58e1ad24/library/core/src/panic/unwind_safe.rs:272:9
[INFO] [stdout]   59:     0x5973d8e142da - std::panicking::try::do_call::h2f73af3616c35465
[INFO] [stdout]                                at /rustc/6067b36314ab5eb2eb47cecc464545ba58e1ad24/library/std/src/panicking.rs:587:40
[INFO] [stdout]   60:     0x5973d8e142da - std::panicking::try::hd1660ce9efadef5a
[INFO] [stdout]                                at /rustc/6067b36314ab5eb2eb47cecc464545ba58e1ad24/library/std/src/panicking.rs:550:19
[INFO] [stdout]   61:     0x5973d8e142da - std::panic::catch_unwind::h5ee8d7823b8ca744
[INFO] [stdout]                                at /rustc/6067b36314ab5eb2eb47cecc464545ba58e1ad24/library/std/src/panic.rs:358:14
[INFO] [stdout]   62:     0x5973d8e142da - std::thread::Builder::spawn_unchecked_::{{closure}}::h53c3a1894dce8407
[INFO] [stdout]                                at /rustc/6067b36314ab5eb2eb47cecc464545ba58e1ad24/library/std/src/thread/mod.rs:557:30
[INFO] [stdout]   63:     0x5973d8e142da - core::ops::function::FnOnce::call_once{{vtable.shim}}::h048ce291ad4f62bf
[INFO] [stdout]                                at /rustc/6067b36314ab5eb2eb47cecc464545ba58e1ad24/library/core/src/ops/function.rs:250:5
[INFO] [stdout]   64:     0x5973d927fc1b - <alloc::boxed::Box<F,A> as core::ops::function::FnOnce<Args>>::call_once::ha52bedf99a3b4981
[INFO] [stdout]                                at /rustc/6067b36314ab5eb2eb47cecc464545ba58e1ad24/library/alloc/src/boxed.rs:2013:9
[INFO] [stdout]   65:     0x5973d927fc1b - <alloc::boxed::Box<F,A> as core::ops::function::FnOnce<Args>>::call_once::h567748934d80ccf8
[INFO] [stdout]                                at /rustc/6067b36314ab5eb2eb47cecc464545ba58e1ad24/library/alloc/src/boxed.rs:2013:9
[INFO] [stdout]   66:     0x5973d927fc1b - std::sys::pal::unix::thread::Thread::new::thread_start::h2d970728ae887adc
[INFO] [stdout]                                at /rustc/6067b36314ab5eb2eb47cecc464545ba58e1ad24/library/std/src/sys/pal/unix/thread.rs:106:17
[INFO] [stdout]   67:     0x7028dd9c7ac3 - <unknown>
[INFO] [stdout]   68:     0x7028dda58a04 - clone
[INFO] [stdout]   69:                0x0 - <unknown>
[INFO] [stdout] 
[INFO] [stdout] ---- models::agents::agent_architect::tests::tests_solution_architect stdout ----
[INFO] [stdout] Agent: Solutions Architect: print_project_scope
[INFO] [stdout] 
[INFO] [stdout] thread 'models::agents::agent_architect::tests::tests_solution_architect' panicked at src/apis/call_request.rs:12:51:
[INFO] [stdout] OPEN_AI_KEY not found in env: NotPresent
[INFO] [stdout] stack backtrace:
[INFO] [stdout]    0:     0x5973d927963a - std::backtrace_rs::backtrace::libunwind::trace::hb059275cfc8d6126
[INFO] [stdout]                                at /rustc/6067b36314ab5eb2eb47cecc464545ba58e1ad24/library/std/src/../../backtrace/src/backtrace/libunwind.rs:116:5
[INFO] [stdout]    1:     0x5973d927963a - std::backtrace_rs::backtrace::trace_unsynchronized::h2da071e4327ce3ee
[INFO] [stdout]                                at /rustc/6067b36314ab5eb2eb47cecc464545ba58e1ad24/library/std/src/../../backtrace/src/backtrace/mod.rs:66:5
[INFO] [stdout]    2:     0x5973d927963a - std::sys::backtrace::_print_fmt::h842a1474e6f8d23f
[INFO] [stdout]                                at /rustc/6067b36314ab5eb2eb47cecc464545ba58e1ad24/library/std/src/sys/backtrace.rs:66:9
[INFO] [stdout]    3:     0x5973d927963a - <std::sys::backtrace::BacktraceLock::print::DisplayBacktrace as core::fmt::Display>::fmt::h71a62eb3b9696b12
[INFO] [stdout]                                at /rustc/6067b36314ab5eb2eb47cecc464545ba58e1ad24/library/std/src/sys/backtrace.rs:39:26
[INFO] [stdout]    4:     0x5973d92a54d3 - core::fmt::rt::Argument::fmt::hdb6b616786b41dc1
[INFO] [stdout]                                at /rustc/6067b36314ab5eb2eb47cecc464545ba58e1ad24/library/core/src/fmt/rt.rs:177:76
[INFO] [stdout]    5:     0x5973d92a54d3 - core::fmt::write::h2cc1698af7e2d686
[INFO] [stdout]                                at /rustc/6067b36314ab5eb2eb47cecc464545ba58e1ad24/library/core/src/fmt/mod.rs:1440:21
[INFO] [stdout]    6:     0x5973d9274ea3 - std::io::Write::write_fmt::hab1b4cd059a79022
[INFO] [stdout]                                at /rustc/6067b36314ab5eb2eb47cecc464545ba58e1ad24/library/std/src/io/mod.rs:1887:15
[INFO] [stdout]    7:     0x5973d9279482 - std::sys::backtrace::BacktraceLock::print::h147fe35b4ea13b08
[INFO] [stdout]                                at /rustc/6067b36314ab5eb2eb47cecc464545ba58e1ad24/library/std/src/sys/backtrace.rs:42:9
[INFO] [stdout]    8:     0x5973d927aa5f - std::panicking::default_hook::{{closure}}::hbd44223dbdc0d208
[INFO] [stdout]                                at /rustc/6067b36314ab5eb2eb47cecc464545ba58e1ad24/library/std/src/panicking.rs:298:22
[INFO] [stdout]    9:     0x5973d927a878 - std::panicking::default_hook::h20f81eb0576efcec
[INFO] [stdout]                                at /rustc/6067b36314ab5eb2eb47cecc464545ba58e1ad24/library/std/src/panicking.rs:322:9
[INFO] [stdout]   10:     0x5973d8e49283 - <alloc::boxed::Box<F,A> as core::ops::function::Fn<Args>>::call::hdb53814c496a4d34
[INFO] [stdout]                                at /rustc/6067b36314ab5eb2eb47cecc464545ba58e1ad24/library/alloc/src/boxed.rs:2027:9
[INFO] [stdout]   11:     0x5973d8e49283 - test::test_main::{{closure}}::hc0a4963c59427c24
[INFO] [stdout]                                at /rustc/6067b36314ab5eb2eb47cecc464545ba58e1ad24/library/test/src/lib.rs:134:21
[INFO] [stdout]   12:     0x5973d927b553 - <alloc::boxed::Box<F,A> as core::ops::function::Fn<Args>>::call::h591b2225413a77e9
[INFO] [stdout]                                at /rustc/6067b36314ab5eb2eb47cecc464545ba58e1ad24/library/alloc/src/boxed.rs:2027:9
[INFO] [stdout]   13:     0x5973d927b553 - std::panicking::rust_panic_with_hook::h625eea43051b2edc
[INFO] [stdout]                                at /rustc/6067b36314ab5eb2eb47cecc464545ba58e1ad24/library/std/src/panicking.rs:839:13
[INFO] [stdout]   14:     0x5973d927b20a - std::panicking::begin_panic_handler::{{closure}}::h4f9159cfbc3f6bd3
[INFO] [stdout]                                at /rustc/6067b36314ab5eb2eb47cecc464545ba58e1ad24/library/std/src/panicking.rs:704:13
[INFO] [stdout]   15:     0x5973d9279b39 - std::sys::backtrace::__rust_end_short_backtrace::h0390abce48353151
[INFO] [stdout]                                at /rustc/6067b36314ab5eb2eb47cecc464545ba58e1ad24/library/std/src/sys/backtrace.rs:168:18
[INFO] [stdout]   16:     0x5973d927ae9d - rust_begin_unwind
[INFO] [stdout]                                at /rustc/6067b36314ab5eb2eb47cecc464545ba58e1ad24/library/std/src/panicking.rs:695:5
[INFO] [stdout]   17:     0x5973d92a36e0 - core::panicking::panic_fmt::h9e7c637e9e5f29c9
[INFO] [stdout]                                at /rustc/6067b36314ab5eb2eb47cecc464545ba58e1ad24/library/core/src/panicking.rs:75:14
[INFO] [stdout]   18:     0x5973d92a3bb6 - core::result::unwrap_failed::h7979f09313fe1849
[INFO] [stdout]                                at /rustc/6067b36314ab5eb2eb47cecc464545ba58e1ad24/library/core/src/result.rs:1704:5
[INFO] [stdout]   19:     0x5973d8deade6 - core::result::Result<T,E>::expect::h2f22b36721bf5bd5
[INFO] [stdout]                                at /rustc/6067b36314ab5eb2eb47cecc464545ba58e1ad24/library/core/src/result.rs:1061:23
[INFO] [stdout]   20:     0x5973d8dee225 - basic_auto_gpt::apis::call_request::call_gpt::{{closure}}::h42e3b20e0882b088
[INFO] [stdout]                                at /opt/rustwide/workdir/src/apis/call_request.rs:12:27
[INFO] [stdout]   21:     0x5973d8df0bdf - basic_auto_gpt::helpers::general::ai_task_request::{{closure}}::hec4157e8def369c5
[INFO] [stdout]                                at /opt/rustwide/workdir/src/helpers/general.rs:50:46
[INFO] [stdout]   22:     0x5973d8df136a - basic_auto_gpt::helpers::general::ai_task_request_decoded::{{closure}}::h234d77809a2ae774
[INFO] [stdout]                                at /opt/rustwide/workdir/src/helpers/general.rs:67:86
[INFO] [stdout]   23:     0x5973d8e0a1ff - basic_auto_gpt::models::agents::agent_architect::AgentSolutionArchitect::call_project_scope::{{closure}}::hf995905761f27fdf
[INFO] [stdout]                                at /opt/rustwide/workdir/src/models/agents/agent_architect.rs:46:10
[INFO] [stdout]   24:     0x5973d8e0bb65 - <basic_auto_gpt::models::agents::agent_architect::AgentSolutionArchitect as basic_auto_gpt::models::agents::agent_traits::SpecialFunctions>::execute::{{closure}}::h62e90216eb5e4d27
[INFO] [stdout]                                at /opt/rustwide/workdir/src/models/agents/agent_architect.rs:87:90
[INFO] [stdout]   25:     0x5973d8df6f0f - <core::pin::Pin<P> as core::future::future::Future>::poll::hd6dcd56f60dbdf58
[INFO] [stdout]                                at /rustc/6067b36314ab5eb2eb47cecc464545ba58e1ad24/library/core/src/future/future.rs:124:9
[INFO] [stdout]   26:     0x5973d8df59a9 - basic_auto_gpt::models::agents::agent_architect::tests::tests_solution_architect::{{closure}}::h5add3a51e39576d0
[INFO] [stdout]                                at /opt/rustwide/workdir/src/models/agents/agent_architect.rs:166:14
[INFO] [stdout]   27:     0x5973d8df6eb2 - <core::pin::Pin<P> as core::future::future::Future>::poll::h9e5cca3c6064dde0
[INFO] [stdout]                                at /rustc/6067b36314ab5eb2eb47cecc464545ba58e1ad24/library/core/src/future/future.rs:124:9
[INFO] [stdout]   28:     0x5973d8df6e6d - <core::pin::Pin<P> as core::future::future::Future>::poll::h0fa503ddfe8d868e
[INFO] [stdout]                                at /rustc/6067b36314ab5eb2eb47cecc464545ba58e1ad24/library/core/src/future/future.rs:124:9
[INFO] [stdout]   29:     0x5973d8e0490f - tokio::runtime::scheduler::current_thread::CoreGuard::block_on::{{closure}}::{{closure}}::{{closure}}::h3535a2adca8da988
[INFO] [stdout]                                at /opt/rustwide/cargo-home/registry/src/index.crates.io-1949cf8c6b5b557f/tokio-1.36.0/src/runtime/scheduler/current_thread/mod.rs:659:57
[INFO] [stdout]   30:     0x5973d8e04855 - tokio::runtime::coop::with_budget::h0c816a90cec17efc
[INFO] [stdout]                                at /opt/rustwide/cargo-home/registry/src/index.crates.io-1949cf8c6b5b557f/tokio-1.36.0/src/runtime/coop.rs:107:5
[INFO] [stdout]   31:     0x5973d8e04855 - tokio::runtime::coop::budget::hb5c5f50baeedcfdf
[INFO] [stdout]                                at /opt/rustwide/cargo-home/registry/src/index.crates.io-1949cf8c6b5b557f/tokio-1.36.0/src/runtime/coop.rs:73:5
[INFO] [stdout]   32:     0x5973d8e04855 - tokio::runtime::scheduler::current_thread::CoreGuard::block_on::{{closure}}::{{closure}}::hf89ed94fcf4c43e7
[INFO] [stdout]                                at /opt/rustwide/cargo-home/registry/src/index.crates.io-1949cf8c6b5b557f/tokio-1.36.0/src/runtime/scheduler/current_thread/mod.rs:659:25
[INFO] [stdout]   33:     0x5973d8e035fc - tokio::runtime::scheduler::current_thread::Context::enter::hf755d901de6c623b
[INFO] [stdout]                                at /opt/rustwide/cargo-home/registry/src/index.crates.io-1949cf8c6b5b557f/tokio-1.36.0/src/runtime/scheduler/current_thread/mod.rs:404:19
[INFO] [stdout]   34:     0x5973d8e040be - tokio::runtime::scheduler::current_thread::CoreGuard::block_on::{{closure}}::h0e5cd168906c9838
[INFO] [stdout]                                at /opt/rustwide/cargo-home/registry/src/index.crates.io-1949cf8c6b5b557f/tokio-1.36.0/src/runtime/scheduler/current_thread/mod.rs:658:36
[INFO] [stdout]   35:     0x5973d8e03e24 - tokio::runtime::scheduler::current_thread::CoreGuard::enter::{{closure}}::h044266d6e43abaa1
[INFO] [stdout]                                at /opt/rustwide/cargo-home/registry/src/index.crates.io-1949cf8c6b5b557f/tokio-1.36.0/src/runtime/scheduler/current_thread/mod.rs:737:68
[INFO] [stdout]   36:     0x5973d8e02c3b - tokio::runtime::context::scoped::Scoped<T>::set::h50a309d43409cf71
[INFO] [stdout]                                at /opt/rustwide/cargo-home/registry/src/index.crates.io-1949cf8c6b5b557f/tokio-1.36.0/src/runtime/context/scoped.rs:40:9
[INFO] [stdout]   37:     0x5973d8dfebe5 - tokio::runtime::context::set_scheduler::{{closure}}::h0146327a601384dd
[INFO] [stdout]                                at /opt/rustwide/cargo-home/registry/src/index.crates.io-1949cf8c6b5b557f/tokio-1.36.0/src/runtime/context.rs:176:26
[INFO] [stdout]   38:     0x5973d8e07872 - std::thread::local::LocalKey<T>::try_with::h400e8afa757712d4
[INFO] [stdout]                                at /rustc/6067b36314ab5eb2eb47cecc464545ba58e1ad24/library/std/src/thread/local.rs:308:12
[INFO] [stdout]   39:     0x5973d8e073ca - std::thread::local::LocalKey<T>::with::h2e9b7bca645bee24
[INFO] [stdout]                                at /rustc/6067b36314ab5eb2eb47cecc464545ba58e1ad24/library/std/src/thread/local.rs:272:9
[INFO] [stdout]   40:     0x5973d8dfeb9d - tokio::runtime::context::set_scheduler::hb3c258f6d89925bf
[INFO] [stdout]                                at /opt/rustwide/cargo-home/registry/src/index.crates.io-1949cf8c6b5b557f/tokio-1.36.0/src/runtime/context.rs:176:9
[INFO] [stdout]   41:     0x5973d8e03bd4 - tokio::runtime::scheduler::current_thread::CoreGuard::enter::h0aef14932c789baf
[INFO] [stdout]                                at /opt/rustwide/cargo-home/registry/src/index.crates.io-1949cf8c6b5b557f/tokio-1.36.0/src/runtime/scheduler/current_thread/mod.rs:737:27
[INFO] [stdout]   42:     0x5973d8e03e43 - tokio::runtime::scheduler::current_thread::CoreGuard::block_on::hf66d135385667a3a
[INFO] [stdout]                                at /opt/rustwide/cargo-home/registry/src/index.crates.io-1949cf8c6b5b557f/tokio-1.36.0/src/runtime/scheduler/current_thread/mod.rs:646:19
[INFO] [stdout]   43:     0x5973d8e02e4d - tokio::runtime::scheduler::current_thread::CurrentThread::block_on::{{closure}}::ha51fe3ee121caa35
[INFO] [stdout]                                at /opt/rustwide/cargo-home/registry/src/index.crates.io-1949cf8c6b5b557f/tokio-1.36.0/src/runtime/scheduler/current_thread/mod.rs:175:28
[INFO] [stdout]   44:     0x5973d8dfedd6 - tokio::runtime::context::runtime::enter_runtime::h22d45bf45fe3b6db
[INFO] [stdout]                                at /opt/rustwide/cargo-home/registry/src/index.crates.io-1949cf8c6b5b557f/tokio-1.36.0/src/runtime/context/runtime.rs:65:16
[INFO] [stdout]   45:     0x5973d8e02d61 - tokio::runtime::scheduler::current_thread::CurrentThread::block_on::h7709777f3ebe0b45
[INFO] [stdout]                                at /opt/rustwide/cargo-home/registry/src/index.crates.io-1949cf8c6b5b557f/tokio-1.36.0/src/runtime/scheduler/current_thread/mod.rs:167:9
[INFO] [stdout]   46:     0x5973d8df69e2 - tokio::runtime::runtime::Runtime::block_on::h0b03e092b070aa68
[INFO] [stdout]                                at /opt/rustwide/cargo-home/registry/src/index.crates.io-1949cf8c6b5b557f/tokio-1.36.0/src/runtime/runtime.rs:348:47
[INFO] [stdout]   47:     0x5973d8df5661 - basic_auto_gpt::models::agents::agent_architect::tests::tests_solution_architect::h7bd78b9a59b3247f
[INFO] [stdout]                                at /opt/rustwide/workdir/src/models/agents/agent_architect.rs:172:9
[INFO] [stdout]   48:     0x5973d8df5507 - basic_auto_gpt::models::agents::agent_architect::tests::tests_solution_architect::{{closure}}::hb0c0fd10fe39d42d
[INFO] [stdout]                                at /opt/rustwide/workdir/src/models/agents/agent_architect.rs:153:40
[INFO] [stdout]   49:     0x5973d8e0c4b6 - core::ops::function::FnOnce::call_once::h9922fce8a79b103c
[INFO] [stdout]                                at /rustc/6067b36314ab5eb2eb47cecc464545ba58e1ad24/library/core/src/ops/function.rs:250:5
[INFO] [stdout]   50:     0x5973d8e4e9db - core::ops::function::FnOnce::call_once::he27718dfdd183f43
[INFO] [stdout]                                at /rustc/6067b36314ab5eb2eb47cecc464545ba58e1ad24/library/core/src/ops/function.rs:250:5
[INFO] [stdout]   51:     0x5973d8e4e9db - test::__rust_begin_short_backtrace::h4e84902998457a5d
[INFO] [stdout]                                at /rustc/6067b36314ab5eb2eb47cecc464545ba58e1ad24/library/test/src/lib.rs:632:18
[INFO] [stdout]   52:     0x5973d8e4d913 - test::run_test_in_process::{{closure}}::h7176fd18fc1feca0
[INFO] [stdout]                                at /rustc/6067b36314ab5eb2eb47cecc464545ba58e1ad24/library/test/src/lib.rs:655:60
[INFO] [stdout]   53:     0x5973d8e4d913 - <core::panic::unwind_safe::AssertUnwindSafe<F> as core::ops::function::FnOnce<()>>::call_once::hf79cff2a624d8cf7
[INFO] [stdout]                                at /rustc/6067b36314ab5eb2eb47cecc464545ba58e1ad24/library/core/src/panic/unwind_safe.rs:272:9
[INFO] [stdout]   54:     0x5973d8e4d913 - std::panicking::try::do_call::h3da0561d9ab99c25
[INFO] [stdout]                                at /rustc/6067b36314ab5eb2eb47cecc464545ba58e1ad24/library/std/src/panicking.rs:587:40
[INFO] [stdout]   55:     0x5973d8e4d913 - std::panicking::try::h41c9fa508bc61df6
[INFO] [stdout]                                at /rustc/6067b36314ab5eb2eb47cecc464545ba58e1ad24/library/std/src/panicking.rs:550:19
[INFO] [stdout]   56:     0x5973d8e4d913 - std::panic::catch_unwind::h6b3ff07bb5afad93
[INFO] [stdout]                                at /rustc/6067b36314ab5eb2eb47cecc464545ba58e1ad24/library/std/src/panic.rs:358:14
[INFO] [stdout]   57:     0x5973d8e4d913 - test::run_test_in_process::hc7253dd11b39b9f4
[INFO] [stdout]                                at /rustc/6067b36314ab5eb2eb47cecc464545ba58e1ad24/library/test/src/lib.rs:655:27
[INFO] [stdout]   58:     0x5973d8e4d913 - test::run_test::{{closure}}::hfb2007f8649c30bb
[INFO] [stdout]                                at /rustc/6067b36314ab5eb2eb47cecc464545ba58e1ad24/library/test/src/lib.rs:576:43
[INFO] [stdout]   59:     0x5973d8e109f5 - test::run_test::{{closure}}::h56a17aa7a282a9f4
[INFO] [stdout]                                at /rustc/6067b36314ab5eb2eb47cecc464545ba58e1ad24/library/test/src/lib.rs:606:41
[INFO] [stdout]   60:     0x5973d8e109f5 - std::sys::backtrace::__rust_begin_short_backtrace::hd2d2d2fb8e8c6aac
[INFO] [stdout]                                at /rustc/6067b36314ab5eb2eb47cecc464545ba58e1ad24/library/std/src/sys/backtrace.rs:152:18
[INFO] [stdout]   61:     0x5973d8e142da - std::thread::Builder::spawn_unchecked_::{{closure}}::{{closure}}::h4faa3f9db6133423
[INFO] [stdout]                                at /rustc/6067b36314ab5eb2eb47cecc464545ba58e1ad24/library/std/src/thread/mod.rs:559:17
[INFO] [stdout]   62:     0x5973d8e142da - <core::panic::unwind_safe::AssertUnwindSafe<F> as core::ops::function::FnOnce<()>>::call_once::hf2e855a36a4ea846
[INFO] [stdout]                                at /rustc/6067b36314ab5eb2eb47cecc464545ba58e1ad24/library/core/src/panic/unwind_safe.rs:272:9
[INFO] [stdout]   63:     0x5973d8e142da - std::panicking::try::do_call::h2f73af3616c35465
[INFO] [stdout]                                at /rustc/6067b36314ab5eb2eb47cecc464545ba58e1ad24/library/std/src/panicking.rs:587:40
[INFO] [stdout]   64:     0x5973d8e142da - std::panicking::try::hd1660ce9efadef5a
[INFO] [stdout]                                at /rustc/6067b36314ab5eb2eb47cecc464545ba58e1ad24/library/std/src/panicking.rs:550:19
[INFO] [stdout]   65:     0x5973d8e142da - std::panic::catch_unwind::h5ee8d7823b8ca744
[INFO] [stdout]                                at /rustc/6067b36314ab5eb2eb47cecc464545ba58e1ad24/library/std/src/panic.rs:358:14
[INFO] [stdout]   66:     0x5973d8e142da - std::thread::Builder::spawn_unchecked_::{{closure}}::h53c3a1894dce8407
[INFO] [stdout]                                at /rustc/6067b36314ab5eb2eb47cecc464545ba58e1ad24/library/std/src/thread/mod.rs:557:30
[INFO] [stdout]   67:     0x5973d8e142da - core::ops::function::FnOnce::call_once{{vtable.shim}}::h048ce291ad4f62bf
[INFO] [stdout]                                at /rustc/6067b36314ab5eb2eb47cecc464545ba58e1ad24/library/core/src/ops/function.rs:250:5
[INFO] [stdout]   68:     0x5973d927fc1b - <alloc::boxed::Box<F,A> as core::ops::function::FnOnce<Args>>::call_once::ha52bedf99a3b4981
[INFO] [stdout]                                at /rustc/6067b36314ab5eb2eb47cecc464545ba58e1ad24/library/alloc/src/boxed.rs:2013:9
[INFO] [stdout]   69:     0x5973d927fc1b - <alloc::boxed::Box<F,A> as core::ops::function::FnOnce<Args>>::call_once::h567748934d80ccf8
[INFO] [stdout]                                at /rustc/6067b36314ab5eb2eb47cecc464545ba58e1ad24/library/alloc/src/boxed.rs:2013:9
[INFO] [stdout]   70:     0x5973d927fc1b - std::sys::pal::unix::thread::Thread::new::thread_start::h2d970728ae887adc
[INFO] [stdout]                                at /rustc/6067b36314ab5eb2eb47cecc464545ba58e1ad24/library/std/src/sys/pal/unix/thread.rs:106:17
[INFO] [stdout]   71:     0x7028dd9c7ac3 - <unknown>
[INFO] [stdout]   72:     0x7028dda58a04 - clone
[INFO] [stdout]   73:                0x0 - <unknown>
[INFO] [stdout] 
[INFO] [stdout] ---- models::agent_manager::managing_agent::tests::tests_managing_agent stdout ----
[INFO] [stdout] Agent: Project Manager: convert_user_input_to_goal
[INFO] [stdout] 
[INFO] [stdout] thread 'models::agent_manager::managing_agent::tests::tests_managing_agent' panicked at src/apis/call_request.rs:12:51:
[INFO] [stdout] OPEN_AI_KEY not found in env: NotPresent
[INFO] [stdout] stack backtrace:
[INFO] [stdout]    0:     0x5973d927963a - std::backtrace_rs::backtrace::libunwind::trace::hb059275cfc8d6126
[INFO] [stdout]                                at /rustc/6067b36314ab5eb2eb47cecc464545ba58e1ad24/library/std/src/../../backtrace/src/backtrace/libunwind.rs:116:5
[INFO] [stdout]    1:     0x5973d927963a - std::backtrace_rs::backtrace::trace_unsynchronized::h2da071e4327ce3ee
[INFO] [stdout]                                at /rustc/6067b36314ab5eb2eb47cecc464545ba58e1ad24/library/std/src/../../backtrace/src/backtrace/mod.rs:66:5
[INFO] [stdout]    2:     0x5973d927963a - std::sys::backtrace::_print_fmt::h842a1474e6f8d23f
[INFO] [stdout]                                at /rustc/6067b36314ab5eb2eb47cecc464545ba58e1ad24/library/std/src/sys/backtrace.rs:66:9
[INFO] [stdout]    3:     0x5973d927963a - <std::sys::backtrace::BacktraceLock::print::DisplayBacktrace as core::fmt::Display>::fmt::h71a62eb3b9696b12
[INFO] [stdout]                                at /rustc/6067b36314ab5eb2eb47cecc464545ba58e1ad24/library/std/src/sys/backtrace.rs:39:26
[INFO] [stdout]    4:     0x5973d92a54d3 - core::fmt::rt::Argument::fmt::hdb6b616786b41dc1
[INFO] [stdout]                                at /rustc/6067b36314ab5eb2eb47cecc464545ba58e1ad24/library/core/src/fmt/rt.rs:177:76
[INFO] [stdout]    5:     0x5973d92a54d3 - core::fmt::write::h2cc1698af7e2d686
[INFO] [stdout]                                at /rustc/6067b36314ab5eb2eb47cecc464545ba58e1ad24/library/core/src/fmt/mod.rs:1440:21
[INFO] [stdout]    6:     0x5973d9274ea3 - std::io::Write::write_fmt::hab1b4cd059a79022
[INFO] [stdout]                                at /rustc/6067b36314ab5eb2eb47cecc464545ba58e1ad24/library/std/src/io/mod.rs:1887:15
[INFO] [stdout]    7:     0x5973d9279482 - std::sys::backtrace::BacktraceLock::print::h147fe35b4ea13b08
[INFO] [stdout]                                at /rustc/6067b36314ab5eb2eb47cecc464545ba58e1ad24/library/std/src/sys/backtrace.rs:42:9
[INFO] [stdout]    8:     0x5973d927aa5f - std::panicking::default_hook::{{closure}}::hbd44223dbdc0d208
[INFO] [stdout]                                at /rustc/6067b36314ab5eb2eb47cecc464545ba58e1ad24/library/std/src/panicking.rs:298:22
[INFO] [stdout]    9:     0x5973d927a878 - std::panicking::default_hook::h20f81eb0576efcec
[INFO] [stdout]                                at /rustc/6067b36314ab5eb2eb47cecc464545ba58e1ad24/library/std/src/panicking.rs:322:9
[INFO] [stdout]   10:     0x5973d8e49283 - <alloc::boxed::Box<F,A> as core::ops::function::Fn<Args>>::call::hdb53814c496a4d34
[INFO] [stdout]                                at /rustc/6067b36314ab5eb2eb47cecc464545ba58e1ad24/library/alloc/src/boxed.rs:2027:9
[INFO] [stdout]   11:     0x5973d8e49283 - test::test_main::{{closure}}::hc0a4963c59427c24
[INFO] [stdout]                                at /rustc/6067b36314ab5eb2eb47cecc464545ba58e1ad24/library/test/src/lib.rs:134:21
[INFO] [stdout]   12:     0x5973d927b553 - <alloc::boxed::Box<F,A> as core::ops::function::Fn<Args>>::call::h591b2225413a77e9
[INFO] [stdout]                                at /rustc/6067b36314ab5eb2eb47cecc464545ba58e1ad24/library/alloc/src/boxed.rs:2027:9
[INFO] [stdout]   13:     0x5973d927b553 - std::panicking::rust_panic_with_hook::h625eea43051b2edc
[INFO] [stdout]                                at /rustc/6067b36314ab5eb2eb47cecc464545ba58e1ad24/library/std/src/panicking.rs:839:13
[INFO] [stdout]   14:     0x5973d927b20a - std::panicking::begin_panic_handler::{{closure}}::h4f9159cfbc3f6bd3
[INFO] [stdout]                                at /rustc/6067b36314ab5eb2eb47cecc464545ba58e1ad24/library/std/src/panicking.rs:704:13
[INFO] [stdout]   15:     0x5973d9279b39 - std::sys::backtrace::__rust_end_short_backtrace::h0390abce48353151
[INFO] [stdout]                                at /rustc/6067b36314ab5eb2eb47cecc464545ba58e1ad24/library/std/src/sys/backtrace.rs:168:18
[INFO] [stdout]   16:     0x5973d927ae9d - rust_begin_unwind
[INFO] [stdout]                                at /rustc/6067b36314ab5eb2eb47cecc464545ba58e1ad24/library/std/src/panicking.rs:695:5
[INFO] [stdout]   17:     0x5973d92a36e0 - core::panicking::panic_fmt::h9e7c637e9e5f29c9
[INFO] [stdout]                                at /rustc/6067b36314ab5eb2eb47cecc464545ba58e1ad24/library/core/src/panicking.rs:75:14
[INFO] [stdout]   18:     0x5973d92a3bb6 - core::result::unwrap_failed::h7979f09313fe1849
[INFO] [stdout]                                at /rustc/6067b36314ab5eb2eb47cecc464545ba58e1ad24/library/core/src/result.rs:1704:5
[INFO] [stdout]   19:     0x5973d8deade6 - core::result::Result<T,E>::expect::h2f22b36721bf5bd5
[INFO] [stdout]                                at /rustc/6067b36314ab5eb2eb47cecc464545ba58e1ad24/library/core/src/result.rs:1061:23
[INFO] [stdout]   20:     0x5973d8dee225 - basic_auto_gpt::apis::call_request::call_gpt::{{closure}}::h42e3b20e0882b088
[INFO] [stdout]                                at /opt/rustwide/workdir/src/apis/call_request.rs:12:27
[INFO] [stdout]   21:     0x5973d8df0bdf - basic_auto_gpt::helpers::general::ai_task_request::{{closure}}::hec4157e8def369c5
[INFO] [stdout]                                at /opt/rustwide/workdir/src/helpers/general.rs:50:46
[INFO] [stdout]   22:     0x5973d8df215f - basic_auto_gpt::models::agent_manager::managing_agent::ManagingAgent::new::{{closure}}::h2073acb4c5914d93
[INFO] [stdout]                                at /opt/rustwide/workdir/src/models/agent_manager/managing_agent.rs:40:10
[INFO] [stdout]   23:     0x5973d8dfbd42 - basic_auto_gpt::models::agent_manager::managing_agent::tests::tests_managing_agent::{{closure}}::h3e7f4ac31db14035
[INFO] [stdout]                                at /opt/rustwide/workdir/src/models/agent_manager/managing_agent.rs:88:93
[INFO] [stdout]   24:     0x5973d8df6eb2 - <core::pin::Pin<P> as core::future::future::Future>::poll::h9e5cca3c6064dde0
[INFO] [stdout]                                at /rustc/6067b36314ab5eb2eb47cecc464545ba58e1ad24/library/core/src/future/future.rs:124:9
[INFO] [stdout]   25:     0x5973d8df6e6d - <core::pin::Pin<P> as core::future::future::Future>::poll::h0fa503ddfe8d868e
[INFO] [stdout]                                at /rustc/6067b36314ab5eb2eb47cecc464545ba58e1ad24/library/core/src/future/future.rs:124:9
[INFO] [stdout]   26:     0x5973d8e0490f - tokio::runtime::scheduler::current_thread::CoreGuard::block_on::{{closure}}::{{closure}}::{{closure}}::h3535a2adca8da988
[INFO] [stdout]                                at /opt/rustwide/cargo-home/registry/src/index.crates.io-1949cf8c6b5b557f/tokio-1.36.0/src/runtime/scheduler/current_thread/mod.rs:659:57
[INFO] [stdout]   27:     0x5973d8e04855 - tokio::runtime::coop::with_budget::h0c816a90cec17efc
[INFO] [stdout]                                at /opt/rustwide/cargo-home/registry/src/index.crates.io-1949cf8c6b5b557f/tokio-1.36.0/src/runtime/coop.rs:107:5
[INFO] [stdout]   28:     0x5973d8e04855 - tokio::runtime::coop::budget::hb5c5f50baeedcfdf
[INFO] [stdout]                                at /opt/rustwide/cargo-home/registry/src/index.crates.io-1949cf8c6b5b557f/tokio-1.36.0/src/runtime/coop.rs:73:5
[INFO] [stdout]   29:     0x5973d8e04855 - tokio::runtime::scheduler::current_thread::CoreGuard::block_on::{{closure}}::{{closure}}::hf89ed94fcf4c43e7
[INFO] [stdout]                                at /opt/rustwide/cargo-home/registry/src/index.crates.io-1949cf8c6b5b557f/tokio-1.36.0/src/runtime/scheduler/current_thread/mod.rs:659:25
[INFO] [stdout]   30:     0x5973d8e035fc - tokio::runtime::scheduler::current_thread::Context::enter::hf755d901de6c623b
[INFO] [stdout]                                at /opt/rustwide/cargo-home/registry/src/index.crates.io-1949cf8c6b5b557f/tokio-1.36.0/src/runtime/scheduler/current_thread/mod.rs:404:19
[INFO] [stdout]   31:     0x5973d8e040be - tokio::runtime::scheduler::current_thread::CoreGuard::block_on::{{closure}}::h0e5cd168906c9838
[INFO] [stdout]                                at /opt/rustwide/cargo-home/registry/src/index.crates.io-1949cf8c6b5b557f/tokio-1.36.0/src/runtime/scheduler/current_thread/mod.rs:658:36
[INFO] [stdout]   32:     0x5973d8e03e24 - tokio::runtime::scheduler::current_thread::CoreGuard::enter::{{closure}}::h044266d6e43abaa1
[INFO] [stdout]                                at /opt/rustwide/cargo-home/registry/src/index.crates.io-1949cf8c6b5b557f/tokio-1.36.0/src/runtime/scheduler/current_thread/mod.rs:737:68
[INFO] [stdout]   33:     0x5973d8e02c3b - tokio::runtime::context::scoped::Scoped<T>::set::h50a309d43409cf71
[INFO] [stdout]                                at /opt/rustwide/cargo-home/registry/src/index.crates.io-1949cf8c6b5b557f/tokio-1.36.0/src/runtime/context/scoped.rs:40:9
[INFO] [stdout]   34:     0x5973d8dfebe5 - tokio::runtime::context::set_scheduler::{{closure}}::h0146327a601384dd
[INFO] [stdout]                                at /opt/rustwide/cargo-home/registry/src/index.crates.io-1949cf8c6b5b557f/tokio-1.36.0/src/runtime/context.rs:176:26
[INFO] [stdout]   35:     0x5973d8e07872 - std::thread::local::LocalKey<T>::try_with::h400e8afa757712d4
[INFO] [stdout]                                at /rustc/6067b36314ab5eb2eb47cecc464545ba58e1ad24/library/std/src/thread/local.rs:308:12
[INFO] [stdout]   36:     0x5973d8e073ca - std::thread::local::LocalKey<T>::with::h2e9b7bca645bee24
[INFO] [stdout]                                at /rustc/6067b36314ab5eb2eb47cecc464545ba58e1ad24/library/std/src/thread/local.rs:272:9
[INFO] [stdout]   37:     0x5973d8dfeb9d - tokio::runtime::context::set_scheduler::hb3c258f6d89925bf
[INFO] [stdout]                                at /opt/rustwide/cargo-home/registry/src/index.crates.io-1949cf8c6b5b557f/tokio-1.36.0/src/runtime/context.rs:176:9
[INFO] [stdout]   38:     0x5973d8e03bd4 - tokio::runtime::scheduler::current_thread::CoreGuard::enter::h0aef14932c789baf
[INFO] [stdout]                                at /opt/rustwide/cargo-home/registry/src/index.crates.io-1949cf8c6b5b557f/tokio-1.36.0/src/runtime/scheduler/current_thread/mod.rs:737:27
[INFO] [stdout]   39:     0x5973d8e03e43 - tokio::runtime::scheduler::current_thread::CoreGuard::block_on::hf66d135385667a3a
[INFO] [stdout]                                at /opt/rustwide/cargo-home/registry/src/index.crates.io-1949cf8c6b5b557f/tokio-1.36.0/src/runtime/scheduler/current_thread/mod.rs:646:19
[INFO] [stdout]   40:     0x5973d8e02e4d - tokio::runtime::scheduler::current_thread::CurrentThread::block_on::{{closure}}::ha51fe3ee121caa35
[INFO] [stdout]                                at /opt/rustwide/cargo-home/registry/src/index.crates.io-1949cf8c6b5b557f/tokio-1.36.0/src/runtime/scheduler/current_thread/mod.rs:175:28
[INFO] [stdout]   41:     0x5973d8dfedd6 - tokio::runtime::context::runtime::enter_runtime::h22d45bf45fe3b6db
[INFO] [stdout]                                at /opt/rustwide/cargo-home/registry/src/index.crates.io-1949cf8c6b5b557f/tokio-1.36.0/src/runtime/context/runtime.rs:65:16
[INFO] [stdout]   42:     0x5973d8e02d61 - tokio::runtime::scheduler::current_thread::CurrentThread::block_on::h7709777f3ebe0b45
[INFO] [stdout]                                at /opt/rustwide/cargo-home/registry/src/index.crates.io-1949cf8c6b5b557f/tokio-1.36.0/src/runtime/scheduler/current_thread/mod.rs:167:9
[INFO] [stdout]   43:     0x5973d8df69e2 - tokio::runtime::runtime::Runtime::block_on::h0b03e092b070aa68
[INFO] [stdout]                                at /opt/rustwide/cargo-home/registry/src/index.crates.io-1949cf8c6b5b557f/tokio-1.36.0/src/runtime/runtime.rs:348:47
[INFO] [stdout]   44:     0x5973d8dfbb0e - basic_auto_gpt::models::agent_manager::managing_agent::tests::tests_managing_agent::h68704b9d0d586bc8
[INFO] [stdout]                                at /opt/rustwide/workdir/src/models/agent_manager/managing_agent.rs:91:9
[INFO] [stdout]   45:     0x5973d8dfb9b7 - basic_auto_gpt::models::agent_manager::managing_agent::tests::tests_managing_agent::{{closure}}::hb62be05dc6734b27
[INFO] [stdout]                                at /opt/rustwide/workdir/src/models/agent_manager/managing_agent.rs:86:36
[INFO] [stdout]   46:     0x5973d8e0c6a6 - core::ops::function::FnOnce::call_once::he0e1e401601ea926
[INFO] [stdout]                                at /rustc/6067b36314ab5eb2eb47cecc464545ba58e1ad24/library/core/src/ops/function.rs:250:5
[INFO] [stdout]   47:     0x5973d8e4e9db - core::ops::function::FnOnce::call_once::he27718dfdd183f43
[INFO] [stdout]                                at /rustc/6067b36314ab5eb2eb47cecc464545ba58e1ad24/library/core/src/ops/function.rs:250:5
[INFO] [stdout]   48:     0x5973d8e4e9db - test::__rust_begin_short_backtrace::h4e84902998457a5d
[INFO] [stdout]                                at /rustc/6067b36314ab5eb2eb47cecc464545ba58e1ad24/library/test/src/lib.rs:632:18
[INFO] [stdout]   49:     0x5973d8e4d913 - test::run_test_in_process::{{closure}}::h7176fd18fc1feca0
[INFO] [stdout]                                at /rustc/6067b36314ab5eb2eb47cecc464545ba58e1ad24/library/test/src/lib.rs:655:60
[INFO] [stdout]   50:     0x5973d8e4d913 - <core::panic::unwind_safe::AssertUnwindSafe<F> as core::ops::function::FnOnce<()>>::call_once::hf79cff2a624d8cf7
[INFO] [stdout]                                at /rustc/6067b36314ab5eb2eb47cecc464545ba58e1ad24/library/core/src/panic/unwind_safe.rs:272:9
[INFO] [stdout]   51:     0x5973d8e4d913 - std::panicking::try::do_call::h3da0561d9ab99c25
[INFO] [stdout]                                at /rustc/6067b36314ab5eb2eb47cecc464545ba58e1ad24/library/std/src/panicking.rs:587:40
[INFO] [stdout]   52:     0x5973d8e4d913 - std::panicking::try::h41c9fa508bc61df6
[INFO] [stdout]                                at /rustc/6067b36314ab5eb2eb47cecc464545ba58e1ad24/library/std/src/panicking.rs:550:19
[INFO] [stdout]   53:     0x5973d8e4d913 - std::panic::catch_unwind::h6b3ff07bb5afad93
[INFO] [stdout]                                at /rustc/6067b36314ab5eb2eb47cecc464545ba58e1ad24/library/std/src/panic.rs:358:14
[INFO] [stdout]   54:     0x5973d8e4d913 - test::run_test_in_process::hc7253dd11b39b9f4
[INFO] [stdout]                                at /rustc/6067b36314ab5eb2eb47cecc464545ba58e1ad24/library/test/src/lib.rs:655:27
[INFO] [stdout]   55:     0x5973d8e4d913 - test::run_test::{{closure}}::hfb2007f8649c30bb
[INFO] [stdout]                                at /rustc/6067b36314ab5eb2eb47cecc464545ba58e1ad24/library/test/src/lib.rs:576:43
[INFO] [stdout]   56:     0x5973d8e109f5 - test::run_test::{{closure}}::h56a17aa7a282a9f4
[INFO] [stdout]                                at /rustc/6067b36314ab5eb2eb47cecc464545ba58e1ad24/library/test/src/lib.rs:606:41
[INFO] [stdout]   57:     0x5973d8e109f5 - std::sys::backtrace::__rust_begin_short_backtrace::hd2d2d2fb8e8c6aac
[INFO] [stdout]                                at /rustc/6067b36314ab5eb2eb47cecc464545ba58e1ad24/library/std/src/sys/backtrace.rs:152:18
[INFO] [stdout]   58:     0x5973d8e142da - std::thread::Builder::spawn_unchecked_::{{closure}}::{{closure}}::h4faa3f9db6133423
[INFO] [stdout]                                at /rustc/6067b36314ab5eb2eb47cecc464545ba58e1ad24/library/std/src/thread/mod.rs:559:17
[INFO] [stdout]   59:     0x5973d8e142da - <core::panic::unwind_safe::AssertUnwindSafe<F> as core::ops::function::FnOnce<()>>::call_once::hf2e855a36a4ea846
[INFO] [stdout]                                at /rustc/6067b36314ab5eb2eb47cecc464545ba58e1ad24/library/core/src/panic/unwind_safe.rs:272:9
[INFO] [stdout]   60:     0x5973d8e142da - std::panicking::try::do_call::h2f73af3616c35465
[INFO] [stdout]                                at /rustc/6067b36314ab5eb2eb47cecc464545ba58e1ad24/library/std/src/panicking.rs:587:40
[INFO] [stdout]   61:     0x5973d8e142da - std::panicking::try::hd1660ce9efadef5a
[INFO] [stdout]                                at /rustc/6067b36314ab5eb2eb47cecc464545ba58e1ad24/library/std/src/panicking.rs:550:19
[INFO] [stdout]   62:     0x5973d8e142da - std::panic::catch_unwind::h5ee8d7823b8ca744
[INFO] [stdout]                                at /rustc/6067b36314ab5eb2eb47cecc464545ba58e1ad24/library/std/src/panic.rs:358:14
[INFO] [stdout]   63:     0x5973d8e142da - std::thread::Builder::spawn_unchecked_::{{closure}}::h53c3a1894dce8407
[INFO] [stdout]                                at /rustc/6067b36314ab5eb2eb47cecc464545ba58e1ad24/library/std/src/thread/mod.rs:557:30
[INFO] [stdout]   64:     0x5973d8e142da - core::ops::function::FnOnce::call_once{{vtable.shim}}::h048ce291ad4f62bf
[INFO] [stdout]                                at /rustc/6067b36314ab5eb2eb47cecc464545ba58e1ad24/library/core/src/ops/function.rs:250:5
[INFO] [stdout]   65:     0x5973d927fc1b - <alloc::boxed::Box<F,A> as core::ops::function::FnOnce<Args>>::call_once::ha52bedf99a3b4981
[INFO] [stdout]                                at /rustc/6067b36314ab5eb2eb47cecc464545ba58e1ad24/library/alloc/src/boxed.rs:2013:9
[INFO] [stdout]   66:     0x5973d927fc1b - <alloc::boxed::Box<F,A> as core::ops::function::FnOnce<Args>>::call_once::h567748934d80ccf8
[INFO] [stdout]                                at /rustc/6067b36314ab5eb2eb47cecc464545ba58e1ad24/library/alloc/src/boxed.rs:2013:9
[INFO] [stdout]   67:     0x5973d927fc1b - std::sys::pal::unix::thread::Thread::new::thread_start::h2d970728ae887adc
[INFO] [stdout]                                at /rustc/6067b36314ab5eb2eb47cecc464545ba58e1ad24/library/std/src/sys/pal/unix/thread.rs:106:17
[INFO] [stdout]   68:     0x7028dd9c7ac3 - <unknown>
[INFO] [stdout]   69:     0x7028dda58a04 - clone
[INFO] [stdout]   70:                0x0 - <unknown>
[INFO] [stdout] 
[INFO] [stdout] ---- models::agents::agent_backend::tests::tests_writing_backend_developer stdout ----
[INFO] [stdout] 
[INFO] [stdout] thread 'models::agents::agent_backend::tests::tests_writing_backend_developer' panicked at src/helpers/general.rs:82:30:
[INFO] [stdout] Failed to read code template.: Os { code: 2, kind: NotFound, message: "No such file or directory" }
[INFO] [stdout] stack backtrace:
[INFO] [stdout]    0:     0x5973d927963a - std::backtrace_rs::backtrace::libunwind::trace::hb059275cfc8d6126
[INFO] [stdout]                                at /rustc/6067b36314ab5eb2eb47cecc464545ba58e1ad24/library/std/src/../../backtrace/src/backtrace/libunwind.rs:116:5
[INFO] [stdout]    1:     0x5973d927963a - std::backtrace_rs::backtrace::trace_unsynchronized::h2da071e4327ce3ee
[INFO] [stdout]                                at /rustc/6067b36314ab5eb2eb47cecc464545ba58e1ad24/library/std/src/../../backtrace/src/backtrace/mod.rs:66:5
[INFO] [stdout]    2:     0x5973d927963a - std::sys::backtrace::_print_fmt::h842a1474e6f8d23f
[INFO] [stdout]                                at /rustc/6067b36314ab5eb2eb47cecc464545ba58e1ad24/library/std/src/sys/backtrace.rs:66:9
[INFO] [stdout]    3:     0x5973d927963a - <std::sys::backtrace::BacktraceLock::print::DisplayBacktrace as core::fmt::Display>::fmt::h71a62eb3b9696b12
[INFO] [stdout]                                at /rustc/6067b36314ab5eb2eb47cecc464545ba58e1ad24/library/std/src/sys/backtrace.rs:39:26
[INFO] [stdout]    4:     0x5973d92a54d3 - core::fmt::rt::Argument::fmt::hdb6b616786b41dc1
[INFO] [stdout]                                at /rustc/6067b36314ab5eb2eb47cecc464545ba58e1ad24/library/core/src/fmt/rt.rs:177:76
[INFO] [stdout]    5:     0x5973d92a54d3 - core::fmt::write::h2cc1698af7e2d686
[INFO] [stdout]                                at /rustc/6067b36314ab5eb2eb47cecc464545ba58e1ad24/library/core/src/fmt/mod.rs:1440:21
[INFO] [stdout]    6:     0x5973d9274ea3 - std::io::Write::write_fmt::hab1b4cd059a79022
[INFO] [stdout]                                at /rustc/6067b36314ab5eb2eb47cecc464545ba58e1ad24/library/std/src/io/mod.rs:1887:15
[INFO] [stdout]    7:     0x5973d9279482 - std::sys::backtrace::BacktraceLock::print::h147fe35b4ea13b08
[INFO] [stdout]                                at /rustc/6067b36314ab5eb2eb47cecc464545ba58e1ad24/library/std/src/sys/backtrace.rs:42:9
[INFO] [stdout]    8:     0x5973d927aa5f - std::panicking::default_hook::{{closure}}::hbd44223dbdc0d208
[INFO] [stdout]                                at /rustc/6067b36314ab5eb2eb47cecc464545ba58e1ad24/library/std/src/panicking.rs:298:22
[INFO] [stdout]    9:     0x5973d927a878 - std::panicking::default_hook::h20f81eb0576efcec
[INFO] [stdout]                                at /rustc/6067b36314ab5eb2eb47cecc464545ba58e1ad24/library/std/src/panicking.rs:322:9
[INFO] [stdout]   10:     0x5973d8e49283 - <alloc::boxed::Box<F,A> as core::ops::function::Fn<Args>>::call::hdb53814c496a4d34
[INFO] [stdout]                                at /rustc/6067b36314ab5eb2eb47cecc464545ba58e1ad24/library/alloc/src/boxed.rs:2027:9
[INFO] [stdout]   11:     0x5973d8e49283 - test::test_main::{{closure}}::hc0a4963c59427c24
[INFO] [stdout]                                at /rustc/6067b36314ab5eb2eb47cecc464545ba58e1ad24/library/test/src/lib.rs:134:21
[INFO] [stdout]   12:     0x5973d927b553 - <alloc::boxed::Box<F,A> as core::ops::function::Fn<Args>>::call::h591b2225413a77e9
[INFO] [stdout]                                at /rustc/6067b36314ab5eb2eb47cecc464545ba58e1ad24/library/alloc/src/boxed.rs:2027:9
[INFO] [stdout]   13:     0x5973d927b553 - std::panicking::rust_panic_with_hook::h625eea43051b2edc
[INFO] [stdout]                                at /rustc/6067b36314ab5eb2eb47cecc464545ba58e1ad24/library/std/src/panicking.rs:839:13
[INFO] [stdout]   14:     0x5973d927b20a - std::panicking::begin_panic_handler::{{closure}}::h4f9159cfbc3f6bd3
[INFO] [stdout]                                at /rustc/6067b36314ab5eb2eb47cecc464545ba58e1ad24/library/std/src/panicking.rs:704:13
[INFO] [stdout]   15:     0x5973d9279b39 - std::sys::backtrace::__rust_end_short_backtrace::h0390abce48353151
[INFO] [stdout]                                at /rustc/6067b36314ab5eb2eb47cecc464545ba58e1ad24/library/std/src/sys/backtrace.rs:168:18
[INFO] [stdout]   16:     0x5973d927ae9d - rust_begin_unwind
[INFO] [stdout]                                at /rustc/6067b36314ab5eb2eb47cecc464545ba58e1ad24/library/std/src/panicking.rs:695:5
[INFO] [stdout]   17:     0x5973d92a36e0 - core::panicking::panic_fmt::h9e7c637e9e5f29c9
[INFO] [stdout]                                at /rustc/6067b36314ab5eb2eb47cecc464545ba58e1ad24/library/core/src/panicking.rs:75:14
[INFO] [stdout]   18:     0x5973d92a3bb6 - core::result::unwrap_failed::h7979f09313fe1849
[INFO] [stdout]                                at /rustc/6067b36314ab5eb2eb47cecc464545ba58e1ad24/library/core/src/result.rs:1704:5
[INFO] [stdout]   19:     0x5973d8deb004 - core::result::Result<T,E>::expect::h5d646d1caae995a9
[INFO] [stdout]                                at /rustc/6067b36314ab5eb2eb47cecc464545ba58e1ad24/library/core/src/result.rs:1061:23
[INFO] [stdout]   20:     0x5973d8df1c65 - basic_auto_gpt::helpers::general::read_code_template_contents::h711b300fe44c551b
[INFO] [stdout]                                at /opt/rustwide/workdir/src/helpers/general.rs:82:5
[INFO] [stdout]   21:     0x5973d8df8186 - basic_auto_gpt::models::agents::agent_backend::AgentBackendDeveloper::call_initial_backend_code::{{closure}}::h82380c233f0362a1
[INFO] [stdout]                                at /opt/rustwide/workdir/src/models/agents/agent_backend.rs:52:41
[INFO] [stdout]   22:     0x5973d8dfa315 - <basic_auto_gpt::models::agents::agent_backend::AgentBackendDeveloper as basic_auto_gpt::models::agents::agent_traits::SpecialFunctions>::execute::{{closure}}::ha14cbde911c18676
[INFO] [stdout]                                at /opt/rustwide/workdir/src/models/agents/agent_backend.rs:139:63
[INFO] [stdout]   23:     0x5973d8df6f0f - <core::pin::Pin<P> as core::future::future::Future>::poll::hd6dcd56f60dbdf58
[INFO] [stdout]                                at /rustc/6067b36314ab5eb2eb47cecc464545ba58e1ad24/library/core/src/future/future.rs:124:9
[INFO] [stdout]   24:     0x5973d8e010ca - basic_auto_gpt::models::agents::agent_backend::tests::tests_writing_backend_developer::{{closure}}::h8fbb3ed33d43bcc8
[INFO] [stdout]                                at /opt/rustwide/workdir/src/models/agents/agent_backend.rs:332:14
[INFO] [stdout]   25:     0x5973d8df6eb2 - <core::pin::Pin<P> as core::future::future::Future>::poll::h9e5cca3c6064dde0
[INFO] [stdout]                                at /rustc/6067b36314ab5eb2eb47cecc464545ba58e1ad24/library/core/src/future/future.rs:124:9
[INFO] [stdout]   26:     0x5973d8df6e6d - <core::pin::Pin<P> as core::future::future::Future>::poll::h0fa503ddfe8d868e
[INFO] [stdout]                                at /rustc/6067b36314ab5eb2eb47cecc464545ba58e1ad24/library/core/src/future/future.rs:124:9
[INFO] [stdout]   27:     0x5973d8e0490f - tokio::runtime::scheduler::current_thread::CoreGuard::block_on::{{closure}}::{{closure}}::{{closure}}::h3535a2adca8da988
[INFO] [stdout]                                at /opt/rustwide/cargo-home/registry/src/index.crates.io-1949cf8c6b5b557f/tokio-1.36.0/src/runtime/scheduler/current_thread/mod.rs:659:57
[INFO] [stdout]   28:     0x5973d8e04855 - tokio::runtime::coop::with_budget::h0c816a90cec17efc
[INFO] [stdout]                                at /opt/rustwide/cargo-home/registry/src/index.crates.io-1949cf8c6b5b557f/tokio-1.36.0/src/runtime/coop.rs:107:5
[INFO] [stdout]   29:     0x5973d8e04855 - tokio::runtime::coop::budget::hb5c5f50baeedcfdf
[INFO] [stdout]                                at /opt/rustwide/cargo-home/registry/src/index.crates.io-1949cf8c6b5b557f/tokio-1.36.0/src/runtime/coop.rs:73:5
[INFO] [stdout]   30:     0x5973d8e04855 - tokio::runtime::scheduler::current_thread::CoreGuard::block_on::{{closure}}::{{closure}}::hf89ed94fcf4c43e7
[INFO] [stdout]                                at /opt/rustwide/cargo-home/registry/src/index.crates.io-1949cf8c6b5b557f/tokio-1.36.0/src/runtime/scheduler/current_thread/mod.rs:659:25
[INFO] [stdout]   31:     0x5973d8e035fc - tokio::runtime::scheduler::current_thread::Context::enter::hf755d901de6c623b
[INFO] [stdout]                                at /opt/rustwide/cargo-home/registry/src/index.crates.io-1949cf8c6b5b557f/tokio-1.36.0/src/runtime/scheduler/current_thread/mod.rs:404:19
[INFO] [stdout]   32:     0x5973d8e040be - tokio::runtime::scheduler::current_thread::CoreGuard::block_on::{{closure}}::h0e5cd168906c9838
[INFO] [stdout]                                at /opt/rustwide/cargo-home/registry/src/index.crates.io-1949cf8c6b5b557f/tokio-1.36.0/src/runtime/scheduler/current_thread/mod.rs:658:36
[INFO] [stdout]   33:     0x5973d8e03e24 - tokio::runtime::scheduler::current_thread::CoreGuard::enter::{{closure}}::h044266d6e43abaa1
[INFO] [stdout]                                at /opt/rustwide/cargo-home/registry/src/index.crates.io-1949cf8c6b5b557f/tokio-1.36.0/src/runtime/scheduler/current_thread/mod.rs:737:68
[INFO] [stdout]   34:     0x5973d8e02c3b - tokio::runtime::context::scoped::Scoped<T>::set::h50a309d43409cf71
[INFO] [stdout]                                at /opt/rustwide/cargo-home/registry/src/index.crates.io-1949cf8c6b5b557f/tokio-1.36.0/src/runtime/context/scoped.rs:40:9
[INFO] [stdout]   35:     0x5973d8dfebe5 - tokio::runtime::context::set_scheduler::{{closure}}::h0146327a601384dd
[INFO] [stdout]                                at /opt/rustwide/cargo-home/registry/src/index.crates.io-1949cf8c6b5b557f/tokio-1.36.0/src/runtime/context.rs:176:26
[INFO] [stdout]   36:     0x5973d8e07872 - std::thread::local::LocalKey<T>::try_with::h400e8afa757712d4
[INFO] [stdout]                                at /rustc/6067b36314ab5eb2eb47cecc464545ba58e1ad24/library/std/src/thread/local.rs:308:12
[INFO] [stdout]   37:     0x5973d8e073ca - std::thread::local::LocalKey<T>::with::h2e9b7bca645bee24
[INFO] [stdout]                                at /rustc/6067b36314ab5eb2eb47cecc464545ba58e1ad24/library/std/src/thread/local.rs:272:9
[INFO] [stdout]   38:     0x5973d8dfeb9d - tokio::runtime::context::set_scheduler::hb3c258f6d89925bf
[INFO] [stdout]                                at /opt/rustwide/cargo-home/registry/src/index.crates.io-1949cf8c6b5b557f/tokio-1.36.0/src/runtime/context.rs:176:9
[INFO] [stdout]   39:     0x5973d8e03bd4 - tokio::runtime::scheduler::current_thread::CoreGuard::enter::h0aef14932c789baf
[INFO] [stdout]                                at /opt/rustwide/cargo-home/registry/src/index.crates.io-1949cf8c6b5b557f/tokio-1.36.0/src/runtime/scheduler/current_thread/mod.rs:737:27
[INFO] [stdout]   40:     0x5973d8e03e43 - tokio::runtime::scheduler::current_thread::CoreGuard::block_on::hf66d135385667a3a
[INFO] [stdout]                                at /opt/rustwide/cargo-home/registry/src/index.crates.io-1949cf8c6b5b557f/tokio-1.36.0/src/runtime/scheduler/current_thread/mod.rs:646:19
[INFO] [stdout]   41:     0x5973d8e02e4d - tokio::runtime::scheduler::current_thread::CurrentThread::block_on::{{closure}}::ha51fe3ee121caa35
[INFO] [stdout]                                at /opt/rustwide/cargo-home/registry/src/index.crates.io-1949cf8c6b5b557f/tokio-1.36.0/src/runtime/scheduler/current_thread/mod.rs:175:28
[INFO] [stdout]   42:     0x5973d8dfedd6 - tokio::runtime::context::runtime::enter_runtime::h22d45bf45fe3b6db
[INFO] [stdout]                                at /opt/rustwide/cargo-home/registry/src/index.crates.io-1949cf8c6b5b557f/tokio-1.36.0/src/runtime/context/runtime.rs:65:16
[INFO] [stdout]   43:     0x5973d8e02d61 - tokio::runtime::scheduler::current_thread::CurrentThread::block_on::h7709777f3ebe0b45
[INFO] [stdout]                                at /opt/rustwide/cargo-home/registry/src/index.crates.io-1949cf8c6b5b557f/tokio-1.36.0/src/runtime/scheduler/current_thread/mod.rs:167:9
[INFO] [stdout]   44:     0x5973d8df69e2 - tokio::runtime::runtime::Runtime::block_on::h0b03e092b070aa68
[INFO] [stdout]                                at /opt/rustwide/cargo-home/registry/src/index.crates.io-1949cf8c6b5b557f/tokio-1.36.0/src/runtime/runtime.rs:348:47
[INFO] [stdout]   45:     0x5973d8e00d51 - basic_auto_gpt::models::agents::agent_backend::tests::tests_writing_backend_developer::hbd51af3bc5ddd2ca
[INFO] [stdout]                                at /opt/rustwide/workdir/src/models/agents/agent_backend.rs:330:9
[INFO] [stdout]   46:     0x5973d8e00bf7 - basic_auto_gpt::models::agents::agent_backend::tests::tests_writing_backend_developer::{{closure}}::hb9d96b9edd1c99a3
[INFO] [stdout]                                at /opt/rustwide/workdir/src/models/agents/agent_backend.rs:309:47
[INFO] [stdout]   47:     0x5973d8e0c3a6 - core::ops::function::FnOnce::call_once::h6003bbeafb5bdd1e
[INFO] [stdout]                                at /rustc/6067b36314ab5eb2eb47cecc464545ba58e1ad24/library/core/src/ops/function.rs:250:5
[INFO] [stdout]   48:     0x5973d8e4e9db - core::ops::function::FnOnce::call_once::he27718dfdd183f43
[INFO] [stdout]                                at /rustc/6067b36314ab5eb2eb47cecc464545ba58e1ad24/library/core/src/ops/function.rs:250:5
[INFO] [stdout]   49:     0x5973d8e4e9db - test::__rust_begin_short_backtrace::h4e84902998457a5d
[INFO] [stdout]                                at /rustc/6067b36314ab5eb2eb47cecc464545ba58e1ad24/library/test/src/lib.rs:632:18
[INFO] [stdout]   50:     0x5973d8e4d913 - test::run_test_in_process::{{closure}}::h7176fd18fc1feca0
[INFO] [stdout]                                at /rustc/6067b36314ab5eb2eb47cecc464545ba58e1ad24/library/test/src/lib.rs:655:60
[INFO] [stdout]   51:     0x5973d8e4d913 - <core::panic::unwind_safe::AssertUnwindSafe<F> as core::ops::function::FnOnce<()>>::call_once::hf79cff2a624d8cf7
[INFO] [stdout]                                at /rustc/6067b36314ab5eb2eb47cecc464545ba58e1ad24/library/core/src/panic/unwind_safe.rs:272:9
[INFO] [stdout]   52:     0x5973d8e4d913 - std::panicking::try::do_call::h3da0561d9ab99c25
[INFO] [stdout]                                at /rustc/6067b36314ab5eb2eb47cecc464545ba58e1ad24/library/std/src/panicking.rs:587:40
[INFO] [stdout]   53:     0x5973d8e4d913 - std::panicking::try::h41c9fa508bc61df6
[INFO] [stdout]                                at /rustc/6067b36314ab5eb2eb47cecc464545ba58e1ad24/library/std/src/panicking.rs:550:19
[INFO] [stdout]   54:     0x5973d8e4d913 - std::panic::catch_unwind::h6b3ff07bb5afad93
[INFO] [stdout]                                at /rustc/6067b36314ab5eb2eb47cecc464545ba58e1ad24/library/std/src/panic.rs:358:14
[INFO] [stdout]   55:     0x5973d8e4d913 - test::run_test_in_process::hc7253dd11b39b9f4
[INFO] [stdout]                                at /rustc/6067b36314ab5eb2eb47cecc464545ba58e1ad24/library/test/src/lib.rs:655:27
[INFO] [stdout]   56:     0x5973d8e4d913 - test::run_test::{{closure}}::hfb2007f8649c30bb
[INFO] [stdout]                                at /rustc/6067b36314ab5eb2eb47cecc464545ba58e1ad24/library/test/src/lib.rs:576:43
[INFO] [stdout]   57:     0x5973d8e109f5 - test::run_test::{{closure}}::h56a17aa7a282a9f4
[INFO] [stdout]                                at /rustc/6067b36314ab5eb2eb47cecc464545ba58e1ad24/library/test/src/lib.rs:606:41
[INFO] [stdout]   58:     0x5973d8e109f5 - std::sys::backtrace::__rust_begin_short_backtrace::hd2d2d2fb8e8c6aac
[INFO] [stdout]                                at /rustc/6067b36314ab5eb2eb47cecc464545ba58e1ad24/library/std/src/sys/backtrace.rs:152:18
[INFO] [stdout]   59:     0x5973d8e142da - std::thread::Builder::spawn_unchecked_::{{closure}}::{{closure}}::h4faa3f9db6133423
[INFO] [stderr] error: test failed, to rerun pass `--bin basic_auto_gpt`
[INFO] [stdout]                                at /rustc/6067b36314ab5eb2eb47cecc464545ba58e1ad24/library/std/src/thread/mod.rs:559:17
[INFO] [stdout]   60:     0x5973d8e142da - <core::panic::unwind_safe::AssertUnwindSafe<F> as core::ops::function::FnOnce<()>>::call_once::hf2e855a36a4ea846
[INFO] [stdout]                                at /rustc/6067b36314ab5eb2eb47cecc464545ba58e1ad24/library/core/src/panic/unwind_safe.rs:272:9
[INFO] [stdout]   61:     0x5973d8e142da - std::panicking::try::do_call::h2f73af3616c35465
[INFO] [stdout]                                at /rustc/6067b36314ab5eb2eb47cecc464545ba58e1ad24/library/std/src/panicking.rs:587:40
[INFO] [stdout]   62:     0x5973d8e142da - std::panicking::try::hd1660ce9efadef5a
[INFO] [stdout]                                at /rustc/6067b36314ab5eb2eb47cecc464545ba58e1ad24/library/std/src/panicking.rs:550:19
[INFO] [stdout]   63:     0x5973d8e142da - std::panic::catch_unwind::h5ee8d7823b8ca744
[INFO] [stdout]                                at /rustc/6067b36314ab5eb2eb47cecc464545ba58e1ad24/library/std/src/panic.rs:358:14
[INFO] [stdout]   64:     0x5973d8e142da - std::thread::Builder::spawn_unchecked_::{{closure}}::h53c3a1894dce8407
[INFO] [stdout]                                at /rustc/6067b36314ab5eb2eb47cecc464545ba58e1ad24/library/std/src/thread/mod.rs:557:30
[INFO] [stdout]   65:     0x5973d8e142da - core::ops::function::FnOnce::call_once{{vtable.shim}}::h048ce291ad4f62bf
[INFO] [stdout]                                at /rustc/6067b36314ab5eb2eb47cecc464545ba58e1ad24/library/core/src/ops/function.rs:250:5
[INFO] [stdout]   66:     0x5973d927fc1b - <alloc::boxed::Box<F,A> as core::ops::function::FnOnce<Args>>::call_once::ha52bedf99a3b4981
[INFO] [stdout]                                at /rustc/6067b36314ab5eb2eb47cecc464545ba58e1ad24/library/alloc/src/boxed.rs:2013:9
[INFO] [stdout]   67:     0x5973d927fc1b - <alloc::boxed::Box<F,A> as core::ops::function::FnOnce<Args>>::call_once::h567748934d80ccf8
[INFO] [stdout]                                at /rustc/6067b36314ab5eb2eb47cecc464545ba58e1ad24/library/alloc/src/boxed.rs:2013:9
[INFO] [stdout]   68:     0x5973d927fc1b - std::sys::pal::unix::thread::Thread::new::thread_start::h2d970728ae887adc
[INFO] [stdout]                                at /rustc/6067b36314ab5eb2eb47cecc464545ba58e1ad24/library/std/src/sys/pal/unix/thread.rs:106:17
[INFO] [stdout]   69:     0x7028dd9c7ac3 - <unknown>
[INFO] [stdout]   70:     0x7028dda58a04 - clone
[INFO] [stdout]   71:                0x0 - <unknown>
[INFO] [stdout] 
[INFO] [stdout] 
[INFO] [stdout] failures:
[INFO] [stdout]     apis::call_request::test::test_call_gpt
[INFO] [stdout]     helpers::general::tests::tests_ai_task_request
[INFO] [stdout]     models::agent_manager::managing_agent::tests::tests_managing_agent
[INFO] [stdout]     models::agents::agent_architect::tests::tests_solution_architect
[INFO] [stdout]     models::agents::agent_backend::tests::tests_writing_backend_developer
[INFO] [stdout] 
[INFO] [stdout] test result: FAILED. 2 passed; 5 failed; 0 ignored; 0 measured; 0 filtered out; finished in 0.06s
[INFO] [stdout] 
[INFO] running `Command { std: "docker" "inspect" "17af0c819a9051f2cd7fdf3c23d43ef2b918c1b9b145e0ef6b7fd787152bc36e", kill_on_drop: false }`
[INFO] running `Command { std: "docker" "rm" "-f" "17af0c819a9051f2cd7fdf3c23d43ef2b918c1b9b145e0ef6b7fd787152bc36e", kill_on_drop: false }`
[INFO] [stdout] 17af0c819a9051f2cd7fdf3c23d43ef2b918c1b9b145e0ef6b7fd787152bc36e
