[INFO] cloning repository https://github.com/Mrp1Dev/loop_unwrap
[INFO] running `Command { std: "git" "-c" "credential.helper=" "-c" "credential.helper=/workspace/cargo-home/bin/git-credential-null" "clone" "--bare" "https://github.com/Mrp1Dev/loop_unwrap" "/workspace/cache/git-repos/https%3A%2F%2Fgithub.com%2FMrp1Dev%2Floop_unwrap", kill_on_drop: false }`
[INFO] [stderr] Cloning into bare repository '/workspace/cache/git-repos/https%3A%2F%2Fgithub.com%2FMrp1Dev%2Floop_unwrap'...
[INFO] running `Command { std: "git" "rev-parse" "HEAD", kill_on_drop: false }`
[INFO] [stdout] ce430bfe767375ddd4177057ffdf8a36fdb8a9ba
[INFO] testing Mrp1Dev/loop_unwrap against nightly-2025-01-18 for randomize-layout-2
[INFO] running `Command { std: "git" "clone" "/workspace/cache/git-repos/https%3A%2F%2Fgithub.com%2FMrp1Dev%2Floop_unwrap" "/workspace/builds/worker-5-tc1/source", kill_on_drop: false }`
[INFO] [stderr] Cloning into '/workspace/builds/worker-5-tc1/source'...
[INFO] [stderr] done.
[INFO] validating manifest of git repo https://github.com/Mrp1Dev/loop_unwrap on toolchain nightly-2025-01-18
[INFO] running `Command { std: CARGO_HOME="/workspace/cargo-home" RUSTUP_HOME="/workspace/rustup-home" "/workspace/cargo-home/bin/cargo" "+nightly-2025-01-18" "metadata" "--manifest-path" "Cargo.toml" "--no-deps", kill_on_drop: false }`
[INFO] started tweaking git repo https://github.com/Mrp1Dev/loop_unwrap
[INFO] finished tweaking git repo https://github.com/Mrp1Dev/loop_unwrap
[INFO] tweaked toml for git repo https://github.com/Mrp1Dev/loop_unwrap written to /workspace/builds/worker-5-tc1/source/Cargo.toml
[INFO] crate git repo https://github.com/Mrp1Dev/loop_unwrap already has a lockfile, it will not be regenerated
[INFO] running `Command { std: CARGO_HOME="/workspace/cargo-home" RUSTUP_HOME="/workspace/rustup-home" "/workspace/cargo-home/bin/cargo" "+nightly-2025-01-18" "fetch" "--manifest-path" "Cargo.toml", kill_on_drop: false }`
[INFO] running `Command { std: "docker" "create" "-v" "/var/lib/crater-agent-workspace/builds/worker-5-tc1/target:/opt/rustwide/target:rw,Z" "-v" "/var/lib/crater-agent-workspace/builds/worker-5-tc1/source:/opt/rustwide/workdir:ro,Z" "-v" "/var/lib/crater-agent-workspace/cargo-home:/opt/rustwide/cargo-home:ro,Z" "-v" "/var/lib/crater-agent-workspace/rustup-home:/opt/rustwide/rustup-home:ro,Z" "-e" "SOURCE_DIR=/opt/rustwide/workdir" "-e" "CARGO_TARGET_DIR=/opt/rustwide/target" "-e" "CARGO_HOME=/opt/rustwide/cargo-home" "-e" "RUSTUP_HOME=/opt/rustwide/rustup-home" "-w" "/opt/rustwide/workdir" "-m" "1610612736" "--user" "0:0" "--network" "none" "ghcr.io/rust-lang/crates-build-env/linux@sha256:819108c5571ea2e421544af4d832f968d213c87fbe3707a016657f43d2f853bc" "/opt/rustwide/cargo-home/bin/cargo" "+nightly-2025-01-18" "metadata" "--no-deps" "--format-version=1", kill_on_drop: false }`
[INFO] [stdout] 41e18d452163c99709f387f0725233765934ec27b5e906dc3454cd3b11709470
[INFO] running `Command { std: "docker" "start" "-a" "41e18d452163c99709f387f0725233765934ec27b5e906dc3454cd3b11709470", kill_on_drop: false }`
[INFO] running `Command { std: "docker" "inspect" "41e18d452163c99709f387f0725233765934ec27b5e906dc3454cd3b11709470", kill_on_drop: false }`
[INFO] running `Command { std: "docker" "rm" "-f" "41e18d452163c99709f387f0725233765934ec27b5e906dc3454cd3b11709470", kill_on_drop: false }`
[INFO] [stdout] 41e18d452163c99709f387f0725233765934ec27b5e906dc3454cd3b11709470
[INFO] running `Command { std: "docker" "create" "-v" "/var/lib/crater-agent-workspace/builds/worker-5-tc1/target:/opt/rustwide/target:rw,Z" "-v" "/var/lib/crater-agent-workspace/builds/worker-5-tc1/source:/opt/rustwide/workdir:ro,Z" "-v" "/var/lib/crater-agent-workspace/cargo-home:/opt/rustwide/cargo-home:ro,Z" "-v" "/var/lib/crater-agent-workspace/rustup-home:/opt/rustwide/rustup-home:ro,Z" "-e" "SOURCE_DIR=/opt/rustwide/workdir" "-e" "CARGO_TARGET_DIR=/opt/rustwide/target" "-e" "CARGO_INCREMENTAL=0" "-e" "RUST_BACKTRACE=full" "-e" "RUSTFLAGS=--cap-lints=forbid" "-e" "RUSTDOCFLAGS=--cap-lints=forbid" "-e" "CARGO_HOME=/opt/rustwide/cargo-home" "-e" "RUSTUP_HOME=/opt/rustwide/rustup-home" "-w" "/opt/rustwide/workdir" "-m" "1610612736" "--user" "0:0" "--network" "none" "ghcr.io/rust-lang/crates-build-env/linux@sha256:819108c5571ea2e421544af4d832f968d213c87fbe3707a016657f43d2f853bc" "/opt/rustwide/cargo-home/bin/cargo" "+nightly-2025-01-18" "build" "--frozen" "--message-format=json", kill_on_drop: false }`
[INFO] [stdout] a95aaa9a94377e6ac5a1822146a46325c3f1bf3b3728eb72c976bd5ba8fbd38e
[INFO] running `Command { std: "docker" "start" "-a" "a95aaa9a94377e6ac5a1822146a46325c3f1bf3b3728eb72c976bd5ba8fbd38e", kill_on_drop: false }`
[INFO] [stderr]    Compiling loop_unwrap v0.2.0 (/opt/rustwide/workdir)
[INFO] [stderr]     Finished `dev` profile [unoptimized + debuginfo] target(s) in 0.07s
[INFO] running `Command { std: "docker" "inspect" "a95aaa9a94377e6ac5a1822146a46325c3f1bf3b3728eb72c976bd5ba8fbd38e", kill_on_drop: false }`
[INFO] running `Command { std: "docker" "rm" "-f" "a95aaa9a94377e6ac5a1822146a46325c3f1bf3b3728eb72c976bd5ba8fbd38e", kill_on_drop: false }`
[INFO] [stdout] a95aaa9a94377e6ac5a1822146a46325c3f1bf3b3728eb72c976bd5ba8fbd38e
[INFO] running `Command { std: "docker" "create" "-v" "/var/lib/crater-agent-workspace/builds/worker-5-tc1/target:/opt/rustwide/target:rw,Z" "-v" "/var/lib/crater-agent-workspace/builds/worker-5-tc1/source:/opt/rustwide/workdir:ro,Z" "-v" "/var/lib/crater-agent-workspace/cargo-home:/opt/rustwide/cargo-home:ro,Z" "-v" "/var/lib/crater-agent-workspace/rustup-home:/opt/rustwide/rustup-home:ro,Z" "-e" "SOURCE_DIR=/opt/rustwide/workdir" "-e" "CARGO_TARGET_DIR=/opt/rustwide/target" "-e" "CARGO_INCREMENTAL=0" "-e" "RUST_BACKTRACE=full" "-e" "RUSTFLAGS=--cap-lints=forbid" "-e" "RUSTDOCFLAGS=--cap-lints=forbid" "-e" "CARGO_HOME=/opt/rustwide/cargo-home" "-e" "RUSTUP_HOME=/opt/rustwide/rustup-home" "-w" "/opt/rustwide/workdir" "-m" "1610612736" "--user" "0:0" "--network" "none" "ghcr.io/rust-lang/crates-build-env/linux@sha256:819108c5571ea2e421544af4d832f968d213c87fbe3707a016657f43d2f853bc" "/opt/rustwide/cargo-home/bin/cargo" "+nightly-2025-01-18" "test" "--frozen" "--no-run" "--message-format=json", kill_on_drop: false }`
[INFO] [stdout] 4e7d10a50256896496f6657e4cc70293df5dee23f9f648ddc058497d513281c2
[INFO] running `Command { std: "docker" "start" "-a" "4e7d10a50256896496f6657e4cc70293df5dee23f9f648ddc058497d513281c2", kill_on_drop: false }`
[INFO] [stderr]    Compiling loop_unwrap v0.2.0 (/opt/rustwide/workdir)
[INFO] [stderr]     Finished `test` profile [unoptimized + debuginfo] target(s) in 0.30s
[INFO] running `Command { std: "docker" "inspect" "4e7d10a50256896496f6657e4cc70293df5dee23f9f648ddc058497d513281c2", kill_on_drop: false }`
[INFO] running `Command { std: "docker" "rm" "-f" "4e7d10a50256896496f6657e4cc70293df5dee23f9f648ddc058497d513281c2", kill_on_drop: false }`
[INFO] [stdout] 4e7d10a50256896496f6657e4cc70293df5dee23f9f648ddc058497d513281c2
[INFO] running `Command { std: "docker" "create" "-v" "/var/lib/crater-agent-workspace/builds/worker-5-tc1/target:/opt/rustwide/target:rw,Z" "-v" "/var/lib/crater-agent-workspace/builds/worker-5-tc1/source:/opt/rustwide/workdir:ro,Z" "-v" "/var/lib/crater-agent-workspace/cargo-home:/opt/rustwide/cargo-home:ro,Z" "-v" "/var/lib/crater-agent-workspace/rustup-home:/opt/rustwide/rustup-home:ro,Z" "-e" "SOURCE_DIR=/opt/rustwide/workdir" "-e" "CARGO_TARGET_DIR=/opt/rustwide/target" "-e" "CARGO_INCREMENTAL=0" "-e" "RUST_BACKTRACE=full" "-e" "RUSTFLAGS=--cap-lints=forbid" "-e" "RUSTDOCFLAGS=--cap-lints=forbid" "-e" "CARGO_HOME=/opt/rustwide/cargo-home" "-e" "RUSTUP_HOME=/opt/rustwide/rustup-home" "-w" "/opt/rustwide/workdir" "-m" "1610612736" "--user" "0:0" "--network" "none" "ghcr.io/rust-lang/crates-build-env/linux@sha256:819108c5571ea2e421544af4d832f968d213c87fbe3707a016657f43d2f853bc" "/opt/rustwide/cargo-home/bin/cargo" "+nightly-2025-01-18" "test" "--frozen", kill_on_drop: false }`
[INFO] [stdout] edc8e34b62bd8460cb1d1d6d52716dc00756ba10754c4da8ee8c230b8dab7396
[INFO] running `Command { std: "docker" "start" "-a" "edc8e34b62bd8460cb1d1d6d52716dc00756ba10754c4da8ee8c230b8dab7396", kill_on_drop: false }`
[INFO] [stderr]     Finished `test` profile [unoptimized + debuginfo] target(s) in 0.01s
[INFO] [stderr]      Running unittests src/lib.rs (/opt/rustwide/target/debug/deps/loop_unwrap-e81da0b3cb550972)
[INFO] [stderr]    Doc-tests loop_unwrap
[INFO] [stdout] 
[INFO] [stdout] running 0 tests
[INFO] [stdout] 
[INFO] [stdout] test result: ok. 0 passed; 0 failed; 0 ignored; 0 measured; 0 filtered out; finished in 0.00s
[INFO] [stdout] 
[INFO] [stdout] 
[INFO] [stdout] running 10 tests
[INFO] [stdout] test src/lib.rs - unwrap_continue (line 9) ... FAILED
[INFO] [stdout] test src/lib.rs - unwrap_break (line 102) ... FAILED
[INFO] [stdout] test src/lib.rs - unwrap_break (line 117) ... FAILED
[INFO] [stdout] test src/lib.rs - unwrap_continue (line 30) ... FAILED
[INFO] [stdout] test src/lib.rs - unwrap_break (line 95) ... FAILED
[INFO] [stdout] test src/lib.rs - unwrap_continue (line 24) ... FAILED
[INFO] [stdout] test src/lib.rs - unwrap_break_err (line 185) ... FAILED
[INFO] [stdout] test src/lib.rs - unwrap_break (line 110) ... FAILED
[INFO] [stdout] test src/lib.rs - unwrap_break_err (line 177) ... FAILED
[INFO] [stdout] test src/lib.rs - unwrap_continue (line 16) ... FAILED
[INFO] [stdout] 
[INFO] [stdout] failures:
[INFO] [stdout] 
[INFO] [stdout] ---- src/lib.rs - unwrap_continue (line 9) stdout ----
[INFO] [stdout] error: cannot find macro `unwrap_continue` in this scope
[INFO] [stdout]  --> src/lib.rs:12:33
[INFO] [stdout]   |
[INFO] [stdout] 5 |         let parsed_input: i32 = unwrap_continue!(input.parse()); //parse returns Err for this input
[INFO] [stdout]   |                                 ^^^^^^^^^^^^^^^
[INFO] [stdout]   |
[INFO] [stdout] help: consider importing this macro
[INFO] [stdout]   |
[INFO] [stdout] 2 + use loop_unwrap::unwrap_continue;
[INFO] [stdout]   |
[INFO] [stdout] 
[INFO] [stdout] error: aborting due to 1 previous error
[INFO] [stdout] 
[INFO] [stdout] Couldn't compile the test.
[INFO] [stdout] ---- src/lib.rs - unwrap_break (line 102) stdout ----
[INFO] [stdout] error: cannot find macro `unwrap_break` in this scope
[INFO] [stdout]  --> src/lib.rs:105:33
[INFO] [stdout]   |
[INFO] [stdout] 5 |         let parsed_input: i32 = unwrap_break!(input.parse(), "Please Enter a Number!");
[INFO] [stdout]   |                                 ^^^^^^^^^^^^
[INFO] [stdout]   |
[INFO] [stdout] help: consider importing this macro
[INFO] [stdout]   |
[INFO] [stdout] 2 + use loop_unwrap::unwrap_break;
[INFO] [stdout]   |
[INFO] [stdout] 
[INFO] [stdout] error: aborting due to 1 previous error
[INFO] [stdout] 
[INFO] [stdout] Couldn't compile the test.
[INFO] [stdout] ---- src/lib.rs - unwrap_break (line 117) stdout ----
[INFO] [stdout] error: cannot find macro `unwrap_break` in this scope
[INFO] [stdout]  --> src/lib.rs:120:20
[INFO] [stdout]   |
[INFO] [stdout] 5 |            let n = unwrap_break!("t".parse::<i32>(), "Couldn't parse, exiting main loop", 'main);
[INFO] [stdout]   |                    ^^^^^^^^^^^^
[INFO] [stdout]   |
[INFO] [stdout] help: consider importing this macro
[INFO] [stdout]   |
[INFO] [stdout] 2 + use loop_unwrap::unwrap_break;
[INFO] [stdout]   |
[INFO] [stdout] 
[INFO] [stdout] error: aborting due to 1 previous error
[INFO] [stdout] 
[INFO] [stdout] Couldn't compile the test.
[INFO] [stdout] ---- src/lib.rs - unwrap_continue (line 30) stdout ----
[INFO] [stdout] error: cannot find macro `unwrap_continue` in this scope
[INFO] [stdout]  --> src/lib.rs:34:17
[INFO] [stdout]   |
[INFO] [stdout] 6 |                 unwrap_continue!("t".parse::<i32>(), "Couldn't parse, retrying main loop", 'main);
[INFO] [stdout]   |                 ^^^^^^^^^^^^^^^
[INFO] [stdout]   |
[INFO] [stdout] help: consider importing this macro
[INFO] [stdout]   |
[INFO] [stdout] 2 + use loop_unwrap::unwrap_continue;
[INFO] [stdout]   |
[INFO] [stdout] 
[INFO] [stdout] error: aborting due to 1 previous error
[INFO] [stdout] 
[INFO] [stdout] Couldn't compile the test.
[INFO] [stdout] ---- src/lib.rs - unwrap_break (line 95) stdout ----
[INFO] [stdout] error: cannot find macro `unwrap_break` in this scope
[INFO] [stdout]  --> src/lib.rs:98:33
[INFO] [stdout]   |
[INFO] [stdout] 5 |         let parsed_input: i32 = unwrap_break!(input.parse()); //parse returns Err for this input
[INFO] [stdout]   |                                 ^^^^^^^^^^^^
[INFO] [stdout]   |
[INFO] [stdout] help: consider importing this macro
[INFO] [stdout]   |
[INFO] [stdout] 2 + use loop_unwrap::unwrap_break;
[INFO] [stdout]   |
[INFO] [stdout] 
[INFO] [stdout] error: aborting due to 1 previous error
[INFO] [stdout] 
[INFO] [stdout] Couldn't compile the test.
[INFO] [stdout] ---- src/lib.rs - unwrap_continue (line 24) stdout ----
[INFO] [stdout] error: cannot find macro `unwrap_continue` in this scope
[INFO] [stdout]  --> src/lib.rs:26:31
[INFO] [stdout]   |
[INFO] [stdout] 4 |         let some_value: i32 = unwrap_continue!(Some(32), "Please Enter a Number!");
[INFO] [stdout]   |                               ^^^^^^^^^^^^^^^
[INFO] [stdout]   |
[INFO] [stdout] help: consider importing this macro
[INFO] [stdout]   |
[INFO] [stdout] 2 + use loop_unwrap::unwrap_continue;
[INFO] [stdout]   |
[INFO] [stdout] 
[INFO] [stdout] error: aborting due to 1 previous error
[INFO] [stdout] 
[INFO] [stdout] Couldn't compile the test.
[INFO] [stdout] ---- src/lib.rs - unwrap_break_err (line 185) stdout ----
[INFO] [stdout] error: cannot find macro `unwrap_break_err` in this scope
[INFO] [stdout]  --> src/lib.rs:188:21
[INFO] [stdout]   |
[INFO] [stdout] 5 |             let n = unwrap_break_err!("t".parse::<i32>(), 'main);
[INFO] [stdout]   |                     ^^^^^^^^^^^^^^^^
[INFO] [stdout]   |
[INFO] [stdout] help: consider importing this macro
[INFO] [stdout]   |
[INFO] [stdout] 2 + use loop_unwrap::unwrap_break_err;
[INFO] [stdout]   |
[INFO] [stdout] 
[INFO] [stdout] error: aborting due to 1 previous error
[INFO] [stdout] 
[INFO] [stdout] Couldn't compile the test.
[INFO] [stdout] ---- src/lib.rs - unwrap_break (line 110) stdout ----
[INFO] [stdout] error: cannot find macro `unwrap_break` in this scope
[INFO] [stdout]  --> src/lib.rs:112:31
[INFO] [stdout]   |
[INFO] [stdout] 4 |         let some_value: i32 = unwrap_break!(Some(32), "Please Enter a Number!");
[INFO] [stdout]   |                               ^^^^^^^^^^^^
[INFO] [stdout]   |
[INFO] [stdout] help: consider importing this macro
[INFO] [stdout]   |
[INFO] [stdout] 2 + use loop_unwrap::unwrap_break;
[INFO] [stdout]   |
[INFO] [stdout] 
[INFO] [stdout] error: aborting due to 1 previous error
[INFO] [stdout] 
[INFO] [stdout] Couldn't compile the test.
[INFO] [stdout] ---- src/lib.rs - unwrap_break_err (line 177) stdout ----
[INFO] [stdout] error: cannot find macro `unwrap_break_err` in this scope
[INFO] [stdout]  --> src/lib.rs:180:16
[INFO] [stdout]   |
[INFO] [stdout] 5 |        let n = unwrap_break_err!(s.parse::<i32>(), "Couldn't parse number."); // breaks with error value
[INFO] [stdout]   |                ^^^^^^^^^^^^^^^^
[INFO] [stdout]   |
[INFO] [stdout] help: consider importing this macro
[INFO] [stdout]   |
[INFO] [stdout] 2 + use loop_unwrap::unwrap_break_err;
[INFO] [stdout]   |
[INFO] [stdout] 
[INFO] [stdout] error: aborting due to 1 previous error
[INFO] [stdout] 
[INFO] [stdout] Couldn't compile the test.
[INFO] [stdout] ---- src/lib.rs - unwrap_continue (line 16) stdout ----
[INFO] [stdout] error: cannot find macro `unwrap_continue` in this scope
[INFO] [stdout]  --> src/lib.rs:19:33
[INFO] [stdout]   |
[INFO] [stdout] 5 |         let parsed_input: i32 = unwrap_continue!(input.parse(), "Please Enter a Number!");
[INFO] [stdout]   |                                 ^^^^^^^^^^^^^^^
[INFO] [stdout]   |
[INFO] [stdout] help: consider importing this macro
[INFO] [stdout]   |
[INFO] [stdout] 2 + use loop_unwrap::unwrap_continue;
[INFO] [stdout]   |
[INFO] [stdout] 
[INFO] [stdout] error: aborting due to 1 previous error
[INFO] [stdout] 
[INFO] [stdout] Couldn't compile the test.
[INFO] [stdout] 
[INFO] [stdout] failures:
[INFO] [stdout]     src/lib.rs - unwrap_break (line 102)
[INFO] [stdout]     src/lib.rs - unwrap_break (line 110)
[INFO] [stdout]     src/lib.rs - unwrap_break (line 117)
[INFO] [stdout]     src/lib.rs - unwrap_break (line 95)
[INFO] [stdout]     src/lib.rs - unwrap_break_err (line 177)
[INFO] [stdout]     src/lib.rs - unwrap_break_err (line 185)
[INFO] [stdout]     src/lib.rs - unwrap_continue (line 16)
[INFO] [stdout]     src/lib.rs - unwrap_continue (line 24)
[INFO] [stdout]     src/lib.rs - unwrap_continue (line 30)
[INFO] [stdout]     src/lib.rs - unwrap_continue (line 9)
[INFO] [stdout] 
[INFO] [stdout] test result: FAILED. 0 passed; 10 failed; 0 ignored; 0 measured; 0 filtered out; finished in 0.25s
[INFO] [stdout] 
[INFO] [stderr] error: doctest failed, to rerun pass `--doc`
[INFO] running `Command { std: "docker" "inspect" "edc8e34b62bd8460cb1d1d6d52716dc00756ba10754c4da8ee8c230b8dab7396", kill_on_drop: false }`
[INFO] running `Command { std: "docker" "rm" "-f" "edc8e34b62bd8460cb1d1d6d52716dc00756ba10754c4da8ee8c230b8dab7396", kill_on_drop: false }`
[INFO] [stdout] edc8e34b62bd8460cb1d1d6d52716dc00756ba10754c4da8ee8c230b8dab7396
