[INFO] cloning repository https://github.com/MoritzMy/adventofcode2022
[INFO] running `Command { std: "git" "-c" "credential.helper=" "-c" "credential.helper=/workspace/cargo-home/bin/git-credential-null" "clone" "--bare" "https://github.com/MoritzMy/adventofcode2022" "/workspace/cache/git-repos/https%3A%2F%2Fgithub.com%2FMoritzMy%2Fadventofcode2022", kill_on_drop: false }`
[INFO] [stderr] Cloning into bare repository '/workspace/cache/git-repos/https%3A%2F%2Fgithub.com%2FMoritzMy%2Fadventofcode2022'...
[INFO] running `Command { std: "git" "rev-parse" "HEAD", kill_on_drop: false }`
[INFO] [stdout] 8e70298cba51a8d969b1b36938e14571c15e3ddf
[INFO] testing MoritzMy/adventofcode2022 against nightly-2025-01-18+rustflags=-Zrandomize-layout for randomize-layout-2
[INFO] running `Command { std: "git" "clone" "/workspace/cache/git-repos/https%3A%2F%2Fgithub.com%2FMoritzMy%2Fadventofcode2022" "/workspace/builds/worker-4-tc2/source", kill_on_drop: false }`
[INFO] [stderr] Cloning into '/workspace/builds/worker-4-tc2/source'...
[INFO] [stderr] done.
[INFO] validating manifest of git repo https://github.com/MoritzMy/adventofcode2022 on toolchain nightly-2025-01-18
[INFO] running `Command { std: CARGO_HOME="/workspace/cargo-home" RUSTUP_HOME="/workspace/rustup-home" "/workspace/cargo-home/bin/cargo" "+nightly-2025-01-18" "metadata" "--manifest-path" "Cargo.toml" "--no-deps", kill_on_drop: false }`
[INFO] removed /workspace/builds/worker-4-tc2/source/.cargo/config.toml
[INFO] started tweaking git repo https://github.com/MoritzMy/adventofcode2022
[INFO] finished tweaking git repo https://github.com/MoritzMy/adventofcode2022
[INFO] tweaked toml for git repo https://github.com/MoritzMy/adventofcode2022 written to /workspace/builds/worker-4-tc2/source/Cargo.toml
[INFO] crate git repo https://github.com/MoritzMy/adventofcode2022 already has a lockfile, it will not be regenerated
[INFO] running `Command { std: CARGO_HOME="/workspace/cargo-home" RUSTUP_HOME="/workspace/rustup-home" "/workspace/cargo-home/bin/cargo" "+nightly-2025-01-18" "fetch" "--manifest-path" "Cargo.toml", kill_on_drop: false }`
[INFO] running `Command { std: "docker" "create" "-v" "/var/lib/crater-agent-workspace/builds/worker-4-tc2/target:/opt/rustwide/target:rw,Z" "-v" "/var/lib/crater-agent-workspace/builds/worker-4-tc2/source:/opt/rustwide/workdir:ro,Z" "-v" "/var/lib/crater-agent-workspace/cargo-home:/opt/rustwide/cargo-home:ro,Z" "-v" "/var/lib/crater-agent-workspace/rustup-home:/opt/rustwide/rustup-home:ro,Z" "-e" "SOURCE_DIR=/opt/rustwide/workdir" "-e" "CARGO_TARGET_DIR=/opt/rustwide/target" "-e" "CARGO_HOME=/opt/rustwide/cargo-home" "-e" "RUSTUP_HOME=/opt/rustwide/rustup-home" "-w" "/opt/rustwide/workdir" "-m" "1610612736" "--user" "0:0" "--network" "none" "ghcr.io/rust-lang/crates-build-env/linux@sha256:819108c5571ea2e421544af4d832f968d213c87fbe3707a016657f43d2f853bc" "/opt/rustwide/cargo-home/bin/cargo" "+nightly-2025-01-18" "metadata" "--no-deps" "--format-version=1", kill_on_drop: false }`
[INFO] [stdout] ff0789513278a2ef9bfc51570867e4aa8efb0df62ac43a48bd3fdf4f0030a732
[INFO] running `Command { std: "docker" "start" "-a" "ff0789513278a2ef9bfc51570867e4aa8efb0df62ac43a48bd3fdf4f0030a732", kill_on_drop: false }`
[INFO] running `Command { std: "docker" "inspect" "ff0789513278a2ef9bfc51570867e4aa8efb0df62ac43a48bd3fdf4f0030a732", kill_on_drop: false }`
[INFO] running `Command { std: "docker" "rm" "-f" "ff0789513278a2ef9bfc51570867e4aa8efb0df62ac43a48bd3fdf4f0030a732", kill_on_drop: false }`
[INFO] [stdout] ff0789513278a2ef9bfc51570867e4aa8efb0df62ac43a48bd3fdf4f0030a732
[INFO] running `Command { std: "docker" "create" "-v" "/var/lib/crater-agent-workspace/builds/worker-4-tc2/target:/opt/rustwide/target:rw,Z" "-v" "/var/lib/crater-agent-workspace/builds/worker-4-tc2/source:/opt/rustwide/workdir:ro,Z" "-v" "/var/lib/crater-agent-workspace/cargo-home:/opt/rustwide/cargo-home:ro,Z" "-v" "/var/lib/crater-agent-workspace/rustup-home:/opt/rustwide/rustup-home:ro,Z" "-e" "SOURCE_DIR=/opt/rustwide/workdir" "-e" "CARGO_TARGET_DIR=/opt/rustwide/target" "-e" "CARGO_INCREMENTAL=0" "-e" "RUST_BACKTRACE=full" "-e" "RUSTFLAGS=--cap-lints=forbid -Zrandomize-layout" "-e" "RUSTDOCFLAGS=--cap-lints=forbid" "-e" "CARGO_HOME=/opt/rustwide/cargo-home" "-e" "RUSTUP_HOME=/opt/rustwide/rustup-home" "-w" "/opt/rustwide/workdir" "-m" "1610612736" "--user" "0:0" "--network" "none" "ghcr.io/rust-lang/crates-build-env/linux@sha256:819108c5571ea2e421544af4d832f968d213c87fbe3707a016657f43d2f853bc" "/opt/rustwide/cargo-home/bin/cargo" "+nightly-2025-01-18" "build" "--frozen" "--message-format=json", kill_on_drop: false }`
[INFO] [stdout] bfe9bc22ca943cf59df962b3d50b8f39281f70f2659f69083ed840a7b444e044
[INFO] running `Command { std: "docker" "start" "-a" "bfe9bc22ca943cf59df962b3d50b8f39281f70f2659f69083ed840a7b444e044", kill_on_drop: false }`
[INFO] [stderr]    Compiling tinyjson v2.5.1
[INFO] [stderr]    Compiling pico-args v0.5.0
[INFO] [stderr]    Compiling advent_of_code v0.11.0 (/opt/rustwide/workdir)
[INFO] [stdout] warning: field `0` is never read
[INFO] [stdout]   --> src/template/readme_benchmarks.rs:12:12
[INFO] [stdout]    |
[INFO] [stdout] 12 |     Parser(String),
[INFO] [stdout]    |     ------ ^^^^^^
[INFO] [stdout]    |     |
[INFO] [stdout]    |     field in this variant
[INFO] [stdout]    |
[INFO] [stdout]    = note: `Error` has a derived impl for the trait `Debug`, but this is intentionally ignored during dead code analysis
[INFO] [stdout]    = note: `#[warn(dead_code)]` on by default
[INFO] [stdout] help: consider changing the field to be of unit type to suppress this warning while preserving the field numbering, or remove the field
[INFO] [stdout]    |
[INFO] [stdout] 12 |     Parser(()),
[INFO] [stdout]    |            ~~
[INFO] [stdout] 
[INFO] [stdout] 
[INFO] [stdout] warning: field `0` is never read
[INFO] [stdout]   --> src/template/readme_benchmarks.rs:13:8
[INFO] [stdout]    |
[INFO] [stdout] 13 |     IO(io::Error),
[INFO] [stdout]    |     -- ^^^^^^^^^
[INFO] [stdout]    |     |
[INFO] [stdout]    |     field in this variant
[INFO] [stdout]    |
[INFO] [stdout]    = note: `Error` has a derived impl for the trait `Debug`, but this is intentionally ignored during dead code analysis
[INFO] [stdout] help: consider changing the field to be of unit type to suppress this warning while preserving the field numbering, or remove the field
[INFO] [stdout]    |
[INFO] [stdout] 13 |     IO(()),
[INFO] [stdout]    |        ~~
[INFO] [stdout] 
[INFO] [stdout] 
[INFO] [stdout] warning: field `0` is never read
[INFO] [stdout]   --> src/template/run_multi.rs:52:8
[INFO] [stdout]    |
[INFO] [stdout] 52 |     IO(io::Error),
[INFO] [stdout]    |     -- ^^^^^^^^^
[INFO] [stdout]    |     |
[INFO] [stdout]    |     field in this variant
[INFO] [stdout]    |
[INFO] [stdout]    = note: `Error` has a derived impl for the trait `Debug`, but this is intentionally ignored during dead code analysis
[INFO] [stdout] help: consider changing the field to be of unit type to suppress this warning while preserving the field numbering, or remove the field
[INFO] [stdout]    |
[INFO] [stdout] 52 |     IO(()),
[INFO] [stdout]    |        ~~
[INFO] [stdout] 
[INFO] [stdout] 
[INFO] [stdout] warning: unnecessary parentheses around `if` condition
[INFO] [stdout]   --> src/bin/04.rs:15:12
[INFO] [stdout]    |
[INFO] [stdout] 15 |         if ((left_min >= right_min && left_max <= right_max) || (right_min >= left_min && right_max <= left_max)) {
[INFO] [stdout]    |            ^                                                                                                    ^
[INFO] [stdout]    |
[INFO] [stdout]    = note: `#[warn(unused_parens)]` on by default
[INFO] [stdout] help: remove these parentheses
[INFO] [stdout]    |
[INFO] [stdout] 15 -         if ((left_min >= right_min && left_max <= right_max) || (right_min >= left_min && right_max <= left_max)) {
[INFO] [stdout] 15 +         if (left_min >= right_min && left_max <= right_max) || (right_min >= left_min && right_max <= left_max) {
[INFO] [stdout]    |
[INFO] [stdout] 
[INFO] [stdout] 
[INFO] [stdout] warning: unnecessary parentheses around `if` condition
[INFO] [stdout]   --> src/bin/04.rs:35:12
[INFO] [stdout]    |
[INFO] [stdout] 35 | ...if ((left_min >= right_min && left_min <= right_max) || (left_max >= right_min && left_max <= right_max) || (right_min >= left_min && right_min <= left_max) || (right_max >= left_min && right_max<= left_max)...
[INFO] [stdout]    |       ^                                                                                                                                                                                                           ^
[INFO] [stdout]    |
[INFO] [stdout] help: remove these parentheses
[INFO] [stdout]    |
[INFO] [stdout] 35 -         if ((left_min >= right_min && left_min <= right_max) || (left_max >= right_min && left_max <= right_max) || (right_min >= left_min && right_min <= left_max) || (right_max >= left_min && right_max<= left_max)) {
[INFO] [stdout] 35 +         if (left_min >= right_min && left_min <= right_max) || (left_max >= right_min && left_max <= right_max) || (right_min >= left_min && right_min <= left_max) || (right_max >= left_min && right_max<= left_max) {
[INFO] [stdout]    |
[INFO] [stdout] 
[INFO] [stdout] 
[INFO] [stdout] warning: unused import: `std::ffi::c_char`
[INFO] [stdout]  --> src/bin/02.rs:2:5
[INFO] [stdout]   |
[INFO] [stdout] 2 | use std::ffi::c_char;
[INFO] [stdout]   |     ^^^^^^^^^^^^^^^^
[INFO] [stdout]   |
[INFO] [stdout]   = note: `#[warn(unused_imports)]` on by default
[INFO] [stdout] 
[INFO] [stdout] 
[INFO] [stdout] warning: unused variable: `i`
[INFO] [stdout]   --> src/bin/05.rs:29:9
[INFO] [stdout]    |
[INFO] [stdout] 29 |     for i in 0..set_amount {
[INFO] [stdout]    |         ^ help: if this is intentional, prefix it with an underscore: `_i`
[INFO] [stdout]    |
[INFO] [stdout]    = note: `#[warn(unused_variables)]` on by default
[INFO] [stdout] 
[INFO] [stdout] 
[INFO] [stdout] warning: variable does not need to be mutable
[INFO] [stdout]    --> src/bin/05.rs:102:13
[INFO] [stdout]     |
[INFO] [stdout] 102 |         let mut from_list = &mut list_of_sets[from - 1];
[INFO] [stdout]     |             ----^^^^^^^^^
[INFO] [stdout]     |             |
[INFO] [stdout]     |             help: remove this `mut`
[INFO] [stdout]     |
[INFO] [stdout]     = note: `#[warn(unused_mut)]` on by default
[INFO] [stdout] 
[INFO] [stdout] 
[INFO] [stdout] warning: variable does not need to be mutable
[INFO] [stdout]  --> src/bin/01.rs:6:9
[INFO] [stdout]   |
[INFO] [stdout] 6 |     let mut calories = create_calorie_list(input);
[INFO] [stdout]   |         ----^^^^^^^^
[INFO] [stdout]   |         |
[INFO] [stdout]   |         help: remove this `mut`
[INFO] [stdout]   |
[INFO] [stdout]   = note: `#[warn(unused_mut)]` on by default
[INFO] [stdout] 
[INFO] [stdout] 
[INFO] [stdout] warning: unnecessary parentheses around method argument
[INFO] [stdout]   --> src/bin/03.rs:23:39
[INFO] [stdout]    |
[INFO] [stdout] 23 |         let first_elf = all_elves.get((0 + i * 3)).unwrap();
[INFO] [stdout]    |                                       ^         ^
[INFO] [stdout]    |
[INFO] [stdout]    = note: `#[warn(unused_parens)]` on by default
[INFO] [stdout] help: remove these parentheses
[INFO] [stdout]    |
[INFO] [stdout] 23 -         let first_elf = all_elves.get((0 + i * 3)).unwrap();
[INFO] [stdout] 23 +         let first_elf = all_elves.get(0 + i * 3).unwrap();
[INFO] [stdout]    |
[INFO] [stdout] 
[INFO] [stdout] 
[INFO] [stdout] warning: unnecessary parentheses around method argument
[INFO] [stdout]   --> src/bin/03.rs:24:40
[INFO] [stdout]    |
[INFO] [stdout] 24 |         let second_elf = all_elves.get((1 + i * 3)).unwrap();
[INFO] [stdout]    |                                        ^         ^
[INFO] [stdout]    |
[INFO] [stdout] help: remove these parentheses
[INFO] [stdout]    |
[INFO] [stdout] 24 -         let second_elf = all_elves.get((1 + i * 3)).unwrap();
[INFO] [stdout] 24 +         let second_elf = all_elves.get(1 + i * 3).unwrap();
[INFO] [stdout]    |
[INFO] [stdout] 
[INFO] [stdout] 
[INFO] [stderr]     Finished `dev` profile [unoptimized + debuginfo] target(s) in 3.60s
[INFO] running `Command { std: "docker" "inspect" "bfe9bc22ca943cf59df962b3d50b8f39281f70f2659f69083ed840a7b444e044", kill_on_drop: false }`
[INFO] running `Command { std: "docker" "rm" "-f" "bfe9bc22ca943cf59df962b3d50b8f39281f70f2659f69083ed840a7b444e044", kill_on_drop: false }`
[INFO] [stdout] bfe9bc22ca943cf59df962b3d50b8f39281f70f2659f69083ed840a7b444e044
[INFO] running `Command { std: "docker" "create" "-v" "/var/lib/crater-agent-workspace/builds/worker-4-tc2/target:/opt/rustwide/target:rw,Z" "-v" "/var/lib/crater-agent-workspace/builds/worker-4-tc2/source:/opt/rustwide/workdir:ro,Z" "-v" "/var/lib/crater-agent-workspace/cargo-home:/opt/rustwide/cargo-home:ro,Z" "-v" "/var/lib/crater-agent-workspace/rustup-home:/opt/rustwide/rustup-home:ro,Z" "-e" "SOURCE_DIR=/opt/rustwide/workdir" "-e" "CARGO_TARGET_DIR=/opt/rustwide/target" "-e" "CARGO_INCREMENTAL=0" "-e" "RUST_BACKTRACE=full" "-e" "RUSTFLAGS=--cap-lints=forbid -Zrandomize-layout" "-e" "RUSTDOCFLAGS=--cap-lints=forbid" "-e" "CARGO_HOME=/opt/rustwide/cargo-home" "-e" "RUSTUP_HOME=/opt/rustwide/rustup-home" "-w" "/opt/rustwide/workdir" "-m" "1610612736" "--user" "0:0" "--network" "none" "ghcr.io/rust-lang/crates-build-env/linux@sha256:819108c5571ea2e421544af4d832f968d213c87fbe3707a016657f43d2f853bc" "/opt/rustwide/cargo-home/bin/cargo" "+nightly-2025-01-18" "test" "--frozen" "--no-run" "--message-format=json", kill_on_drop: false }`
[INFO] [stdout] ae3d6c0bd8332eae6237ddb523e703f87c686893e9be362fbee152767e05cb68
[INFO] running `Command { std: "docker" "start" "-a" "ae3d6c0bd8332eae6237ddb523e703f87c686893e9be362fbee152767e05cb68", kill_on_drop: false }`
[INFO] [stdout] warning: field `0` is never read
[INFO] [stdout]   --> src/template/readme_benchmarks.rs:12:12
[INFO] [stdout]    |
[INFO] [stdout] 12 |     Parser(String),
[INFO] [stdout]    |     ------ ^^^^^^
[INFO] [stdout]    |     |
[INFO] [stdout]    |     field in this variant
[INFO] [stdout]    |
[INFO] [stdout]    = note: `Error` has a derived impl for the trait `Debug`, but this is intentionally ignored during dead code analysis
[INFO] [stdout]    = note: `#[warn(dead_code)]` on by default
[INFO] [stdout] help: consider changing the field to be of unit type to suppress this warning while preserving the field numbering, or remove the field
[INFO] [stdout]    |
[INFO] [stdout] 12 |     Parser(()),
[INFO] [stdout]    |            ~~
[INFO] [stdout] 
[INFO] [stdout] 
[INFO] [stdout] warning: field `0` is never read
[INFO] [stdout]   --> src/template/readme_benchmarks.rs:13:8
[INFO] [stdout]    |
[INFO] [stdout] 13 |     IO(io::Error),
[INFO] [stdout]    |     -- ^^^^^^^^^
[INFO] [stdout]    |     |
[INFO] [stdout]    |     field in this variant
[INFO] [stdout]    |
[INFO] [stdout]    = note: `Error` has a derived impl for the trait `Debug`, but this is intentionally ignored during dead code analysis
[INFO] [stdout] help: consider changing the field to be of unit type to suppress this warning while preserving the field numbering, or remove the field
[INFO] [stdout]    |
[INFO] [stdout] 13 |     IO(()),
[INFO] [stdout]    |        ~~
[INFO] [stdout] 
[INFO] [stdout] 
[INFO] [stdout] warning: field `0` is never read
[INFO] [stdout]   --> src/template/run_multi.rs:52:8
[INFO] [stdout]    |
[INFO] [stdout] 52 |     IO(io::Error),
[INFO] [stdout]    |     -- ^^^^^^^^^
[INFO] [stdout]    |     |
[INFO] [stdout]    |     field in this variant
[INFO] [stdout]    |
[INFO] [stdout]    = note: `Error` has a derived impl for the trait `Debug`, but this is intentionally ignored during dead code analysis
[INFO] [stdout] help: consider changing the field to be of unit type to suppress this warning while preserving the field numbering, or remove the field
[INFO] [stdout]    |
[INFO] [stdout] 52 |     IO(()),
[INFO] [stdout]    |        ~~
[INFO] [stdout] 
[INFO] [stdout] 
[INFO] [stderr]    Compiling advent_of_code v0.11.0 (/opt/rustwide/workdir)
[INFO] [stdout] warning: unnecessary parentheses around `if` condition
[INFO] [stdout]   --> src/bin/04.rs:15:12
[INFO] [stdout]    |
[INFO] [stdout] 15 |         if ((left_min >= right_min && left_max <= right_max) || (right_min >= left_min && right_max <= left_max)) {
[INFO] [stdout]    |            ^                                                                                                    ^
[INFO] [stdout]    |
[INFO] [stdout]    = note: `#[warn(unused_parens)]` on by default
[INFO] [stdout] help: remove these parentheses
[INFO] [stdout]    |
[INFO] [stdout] 15 -         if ((left_min >= right_min && left_max <= right_max) || (right_min >= left_min && right_max <= left_max)) {
[INFO] [stdout] 15 +         if (left_min >= right_min && left_max <= right_max) || (right_min >= left_min && right_max <= left_max) {
[INFO] [stdout]    |
[INFO] [stdout] 
[INFO] [stdout] 
[INFO] [stdout] warning: unnecessary parentheses around `if` condition
[INFO] [stdout]   --> src/bin/04.rs:35:12
[INFO] [stdout]    |
[INFO] [stdout] 35 | ...if ((left_min >= right_min && left_min <= right_max) || (left_max >= right_min && left_max <= right_max) || (right_min >= left_min && right_min <= left_max) || (right_max >= left_min && right_max<= left_max)...
[INFO] [stdout]    |       ^                                                                                                                                                                                                           ^
[INFO] [stdout]    |
[INFO] [stdout] help: remove these parentheses
[INFO] [stdout]    |
[INFO] [stdout] 35 -         if ((left_min >= right_min && left_min <= right_max) || (left_max >= right_min && left_max <= right_max) || (right_min >= left_min && right_min <= left_max) || (right_max >= left_min && right_max<= left_max)) {
[INFO] [stdout] 35 +         if (left_min >= right_min && left_min <= right_max) || (left_max >= right_min && left_max <= right_max) || (right_min >= left_min && right_min <= left_max) || (right_max >= left_min && right_max<= left_max) {
[INFO] [stdout]    |
[INFO] [stdout] 
[INFO] [stdout] 
[INFO] [stdout] warning: unnecessary parentheses around method argument
[INFO] [stdout]   --> src/bin/03.rs:23:39
[INFO] [stdout]    |
[INFO] [stdout] 23 |         let first_elf = all_elves.get((0 + i * 3)).unwrap();
[INFO] [stdout]    |                                       ^         ^
[INFO] [stdout]    |
[INFO] [stdout]    = note: `#[warn(unused_parens)]` on by default
[INFO] [stdout] help: remove these parentheses
[INFO] [stdout]    |
[INFO] [stdout] 23 -         let first_elf = all_elves.get((0 + i * 3)).unwrap();
[INFO] [stdout] 23 +         let first_elf = all_elves.get(0 + i * 3).unwrap();
[INFO] [stdout]    |
[INFO] [stdout] 
[INFO] [stdout] 
[INFO] [stdout] warning: unnecessary parentheses around method argument
[INFO] [stdout]   --> src/bin/03.rs:24:40
[INFO] [stdout]    |
[INFO] [stdout] 24 |         let second_elf = all_elves.get((1 + i * 3)).unwrap();
[INFO] [stdout]    |                                        ^         ^
[INFO] [stdout]    |
[INFO] [stdout] help: remove these parentheses
[INFO] [stdout]    |
[INFO] [stdout] 24 -         let second_elf = all_elves.get((1 + i * 3)).unwrap();
[INFO] [stdout] 24 +         let second_elf = all_elves.get(1 + i * 3).unwrap();
[INFO] [stdout]    |
[INFO] [stdout] 
[INFO] [stdout] 
[INFO] [stdout] warning: unused import: `std::ffi::c_char`
[INFO] [stdout]  --> src/bin/02.rs:2:5
[INFO] [stdout]   |
[INFO] [stdout] 2 | use std::ffi::c_char;
[INFO] [stdout]   |     ^^^^^^^^^^^^^^^^
[INFO] [stdout]   |
[INFO] [stdout]   = note: `#[warn(unused_imports)]` on by default
[INFO] [stdout] 
[INFO] [stdout] 
[INFO] [stdout] warning: variable does not need to be mutable
[INFO] [stdout]  --> src/bin/01.rs:6:9
[INFO] [stdout]   |
[INFO] [stdout] 6 |     let mut calories = create_calorie_list(input);
[INFO] [stdout]   |         ----^^^^^^^^
[INFO] [stdout]   |         |
[INFO] [stdout]   |         help: remove this `mut`
[INFO] [stdout]   |
[INFO] [stdout]   = note: `#[warn(unused_mut)]` on by default
[INFO] [stdout] 
[INFO] [stdout] 
[INFO] [stdout] warning: unused variable: `i`
[INFO] [stdout]   --> src/bin/05.rs:29:9
[INFO] [stdout]    |
[INFO] [stdout] 29 |     for i in 0..set_amount {
[INFO] [stdout]    |         ^ help: if this is intentional, prefix it with an underscore: `_i`
[INFO] [stdout]    |
[INFO] [stdout]    = note: `#[warn(unused_variables)]` on by default
[INFO] [stdout] 
[INFO] [stdout] 
[INFO] [stdout] warning: variable does not need to be mutable
[INFO] [stdout]    --> src/bin/05.rs:102:13
[INFO] [stdout]     |
[INFO] [stdout] 102 |         let mut from_list = &mut list_of_sets[from - 1];
[INFO] [stdout]     |             ----^^^^^^^^^
[INFO] [stdout]     |             |
[INFO] [stdout]     |             help: remove this `mut`
[INFO] [stdout]     |
[INFO] [stdout]     = note: `#[warn(unused_mut)]` on by default
[INFO] [stdout] 
[INFO] [stdout] 
[INFO] [stdout] warning: field `0` is never read
[INFO] [stdout]   --> src/template/readme_benchmarks.rs:12:12
[INFO] [stdout]    |
[INFO] [stdout] 12 |     Parser(String),
[INFO] [stdout]    |     ------ ^^^^^^
[INFO] [stdout]    |     |
[INFO] [stdout]    |     field in this variant
[INFO] [stdout]    |
[INFO] [stdout]    = note: `Error` has a derived impl for the trait `Debug`, but this is intentionally ignored during dead code analysis
[INFO] [stdout]    = note: `#[warn(dead_code)]` on by default
[INFO] [stdout] help: consider changing the field to be of unit type to suppress this warning while preserving the field numbering, or remove the field
[INFO] [stdout]    |
[INFO] [stdout] 12 |     Parser(()),
[INFO] [stdout]    |            ~~
[INFO] [stdout] 
[INFO] [stdout] 
[INFO] [stdout] warning: field `0` is never read
[INFO] [stdout]   --> src/template/readme_benchmarks.rs:13:8
[INFO] [stdout]    |
[INFO] [stdout] 13 |     IO(io::Error),
[INFO] [stdout]    |     -- ^^^^^^^^^
[INFO] [stdout]    |     |
[INFO] [stdout]    |     field in this variant
[INFO] [stdout]    |
[INFO] [stdout]    = note: `Error` has a derived impl for the trait `Debug`, but this is intentionally ignored during dead code analysis
[INFO] [stdout] help: consider changing the field to be of unit type to suppress this warning while preserving the field numbering, or remove the field
[INFO] [stdout]    |
[INFO] [stdout] 13 |     IO(()),
[INFO] [stdout]    |        ~~
[INFO] [stdout] 
[INFO] [stdout] 
[INFO] [stdout] warning: field `0` is never read
[INFO] [stdout]   --> src/template/run_multi.rs:52:8
[INFO] [stdout]    |
[INFO] [stdout] 52 |     IO(io::Error),
[INFO] [stdout]    |     -- ^^^^^^^^^
[INFO] [stdout]    |     |
[INFO] [stdout]    |     field in this variant
[INFO] [stdout]    |
[INFO] [stdout]    = note: `Error` has a derived impl for the trait `Debug`, but this is intentionally ignored during dead code analysis
[INFO] [stdout] help: consider changing the field to be of unit type to suppress this warning while preserving the field numbering, or remove the field
[INFO] [stdout]    |
[INFO] [stdout] 52 |     IO(()),
[INFO] [stdout]    |        ~~
[INFO] [stdout] 
[INFO] [stdout] 
[INFO] [stderr]     Finished `test` profile [unoptimized + debuginfo] target(s) in 1.46s
[INFO] running `Command { std: "docker" "inspect" "ae3d6c0bd8332eae6237ddb523e703f87c686893e9be362fbee152767e05cb68", kill_on_drop: false }`
[INFO] running `Command { std: "docker" "rm" "-f" "ae3d6c0bd8332eae6237ddb523e703f87c686893e9be362fbee152767e05cb68", kill_on_drop: false }`
[INFO] [stdout] ae3d6c0bd8332eae6237ddb523e703f87c686893e9be362fbee152767e05cb68
[INFO] running `Command { std: "docker" "create" "-v" "/var/lib/crater-agent-workspace/builds/worker-4-tc2/target:/opt/rustwide/target:rw,Z" "-v" "/var/lib/crater-agent-workspace/builds/worker-4-tc2/source:/opt/rustwide/workdir:ro,Z" "-v" "/var/lib/crater-agent-workspace/cargo-home:/opt/rustwide/cargo-home:ro,Z" "-v" "/var/lib/crater-agent-workspace/rustup-home:/opt/rustwide/rustup-home:ro,Z" "-e" "SOURCE_DIR=/opt/rustwide/workdir" "-e" "CARGO_TARGET_DIR=/opt/rustwide/target" "-e" "CARGO_INCREMENTAL=0" "-e" "RUST_BACKTRACE=full" "-e" "RUSTFLAGS=--cap-lints=forbid -Zrandomize-layout" "-e" "RUSTDOCFLAGS=--cap-lints=forbid" "-e" "CARGO_HOME=/opt/rustwide/cargo-home" "-e" "RUSTUP_HOME=/opt/rustwide/rustup-home" "-w" "/opt/rustwide/workdir" "-m" "1610612736" "--user" "0:0" "--network" "none" "ghcr.io/rust-lang/crates-build-env/linux@sha256:819108c5571ea2e421544af4d832f968d213c87fbe3707a016657f43d2f853bc" "/opt/rustwide/cargo-home/bin/cargo" "+nightly-2025-01-18" "test" "--frozen", kill_on_drop: false }`
[INFO] [stdout] 0798701aacedf7bc80e5f0206d49a58523247e6b3a39d31dcef2bffa8fe2dd18
[INFO] running `Command { std: "docker" "start" "-a" "0798701aacedf7bc80e5f0206d49a58523247e6b3a39d31dcef2bffa8fe2dd18", kill_on_drop: false }`
[INFO] [stderr] warning: field `0` is never read
[INFO] [stdout] 
[INFO] [stderr]   --> src/template/readme_benchmarks.rs:12:12
[INFO] [stdout] running 0 tests
[INFO] [stderr]    |
[INFO] [stdout] 
[INFO] [stderr] 12 |     Parser(String),
[INFO] [stdout] test result: ok. 0 passed; 0 failed; 0 ignored; 0 measured; 0 filtered out; finished in 0.00s
[INFO] [stderr]    |     ------ ^^^^^^
[INFO] [stdout] 
[INFO] [stderr]    |     |
[INFO] [stderr]    |     field in this variant
[INFO] [stderr]    |
[INFO] [stderr]    = note: `Error` has a derived impl for the trait `Debug`, but this is intentionally ignored during dead code analysis
[INFO] [stderr]    = note: `#[warn(dead_code)]` on by default
[INFO] [stderr] help: consider changing the field to be of unit type to suppress this warning while preserving the field numbering, or remove the field
[INFO] [stderr]    |
[INFO] [stderr] 12 |     Parser(()),
[INFO] [stderr]    |            ~~
[INFO] [stderr] 
[INFO] [stderr] warning: field `0` is never read
[INFO] [stderr]   --> src/template/readme_benchmarks.rs:13:8
[INFO] [stderr]    |
[INFO] [stderr] 13 |     IO(io::Error),
[INFO] [stderr]    |     -- ^^^^^^^^^
[INFO] [stderr]    |     |
[INFO] [stderr]    |     field in this variant
[INFO] [stderr]    |
[INFO] [stderr]    = note: `Error` has a derived impl for the trait `Debug`, but this is intentionally ignored during dead code analysis
[INFO] [stderr] help: consider changing the field to be of unit type to suppress this warning while preserving the field numbering, or remove the field
[INFO] [stderr]    |
[INFO] [stderr] 13 |     IO(()),
[INFO] [stderr]    |        ~~
[INFO] [stderr] 
[INFO] [stderr] warning: field `0` is never read
[INFO] [stderr]   --> src/template/run_multi.rs:52:8
[INFO] [stderr]    |
[INFO] [stderr] 52 |     IO(io::Error),
[INFO] [stderr]    |     -- ^^^^^^^^^
[INFO] [stderr]    |     |
[INFO] [stderr]    |     field in this variant
[INFO] [stderr]    |
[INFO] [stderr]    = note: `Error` has a derived impl for the trait `Debug`, but this is intentionally ignored during dead code analysis
[INFO] [stderr] help: consider changing the field to be of unit type to suppress this warning while preserving the field numbering, or remove the field
[INFO] [stderr]    |
[INFO] [stderr] 52 |     IO(()),
[INFO] [stderr]    |        ~~
[INFO] [stderr] 
[INFO] [stderr] warning: `advent_of_code` (lib) generated 3 warnings
[INFO] [stderr] warning: unused import: `std::ffi::c_char`
[INFO] [stderr]  --> src/bin/02.rs:2:5
[INFO] [stderr]   |
[INFO] [stderr] 2 | use std::ffi::c_char;
[INFO] [stderr]   |     ^^^^^^^^^^^^^^^^
[INFO] [stderr]   |
[INFO] [stderr]   = note: `#[warn(unused_imports)]` on by default
[INFO] [stderr] 
[INFO] [stderr] warning: `advent_of_code` (bin "02" test) generated 1 warning (run `cargo fix --bin "02" --tests` to apply 1 suggestion)
[INFO] [stderr] warning: unnecessary parentheses around method argument
[INFO] [stderr]   --> src/bin/03.rs:23:39
[INFO] [stderr]    |
[INFO] [stderr] 23 |         let first_elf = all_elves.get((0 + i * 3)).unwrap();
[INFO] [stderr]    |                                       ^         ^
[INFO] [stderr]    |
[INFO] [stderr]    = note: `#[warn(unused_parens)]` on by default
[INFO] [stderr] help: remove these parentheses
[INFO] [stderr]    |
[INFO] [stderr] 23 -         let first_elf = all_elves.get((0 + i * 3)).unwrap();
[INFO] [stderr] 23 +         let first_elf = all_elves.get(0 + i * 3).unwrap();
[INFO] [stderr]    |
[INFO] [stderr] 
[INFO] [stderr] warning: unnecessary parentheses around method argument
[INFO] [stderr]   --> src/bin/03.rs:24:40
[INFO] [stderr]    |
[INFO] [stderr] 24 |         let second_elf = all_elves.get((1 + i * 3)).unwrap();
[INFO] [stderr]    |                                        ^         ^
[INFO] [stderr]    |
[INFO] [stderr] help: remove these parentheses
[INFO] [stderr]    |
[INFO] [stderr] 24 -         let second_elf = all_elves.get((1 + i * 3)).unwrap();
[INFO] [stderr] 24 +         let second_elf = all_elves.get(1 + i * 3).unwrap();
[INFO] [stderr]    |
[INFO] [stderr] 
[INFO] [stderr] warning: `advent_of_code` (bin "03" test) generated 2 warnings (run `cargo fix --bin "03" --tests` to apply 2 suggestions)
[INFO] [stderr] warning: unused variable: `i`
[INFO] [stderr]   --> src/bin/05.rs:29:9
[INFO] [stderr]    |
[INFO] [stderr] 29 |     for i in 0..set_amount {
[INFO] [stderr]    |         ^ help: if this is intentional, prefix it with an underscore: `_i`
[INFO] [stderr]    |
[INFO] [stderr]    = note: `#[warn(unused_variables)]` on by default
[INFO] [stderr] 
[INFO] [stderr] warning: variable does not need to be mutable
[INFO] [stderr]    --> src/bin/05.rs:102:13
[INFO] [stderr]     |
[INFO] [stderr] 102 |         let mut from_list = &mut list_of_sets[from - 1];
[INFO] [stderr]     |             ----^^^^^^^^^
[INFO] [stderr]     |             |
[INFO] [stderr]     |             help: remove this `mut`
[INFO] [stderr]     |
[INFO] [stderr]     = note: `#[warn(unused_mut)]` on by default
[INFO] [stderr] 
[INFO] [stderr] warning: `advent_of_code` (bin "05" test) generated 2 warnings (run `cargo fix --bin "05" --tests` to apply 1 suggestion)
[INFO] [stderr] warning: variable does not need to be mutable
[INFO] [stderr]  --> src/bin/01.rs:6:9
[INFO] [stderr]   |
[INFO] [stderr] 6 |     let mut calories = create_calorie_list(input);
[INFO] [stderr]   |         ----^^^^^^^^
[INFO] [stderr]   |         |
[INFO] [stderr]   |         help: remove this `mut`
[INFO] [stderr]   |
[INFO] [stderr]   = note: `#[warn(unused_mut)]` on by default
[INFO] [stderr] 
[INFO] [stderr] warning: `advent_of_code` (bin "01" test) generated 1 warning (run `cargo fix --bin "01" --tests` to apply 1 suggestion)
[INFO] [stderr] warning: unnecessary parentheses around `if` condition
[INFO] [stderr]   --> src/bin/04.rs:15:12
[INFO] [stderr]    |
[INFO] [stderr] 15 |         if ((left_min >= right_min && left_max <= right_max) || (right_min >= left_min && right_max <= left_max)) {
[INFO] [stderr]    |            ^                                                                                                    ^
[INFO] [stderr]    |
[INFO] [stderr]    = note: `#[warn(unused_parens)]` on by default
[INFO] [stderr] help: remove these parentheses
[INFO] [stderr]    |
[INFO] [stderr] 15 -         if ((left_min >= right_min && left_max <= right_max) || (right_min >= left_min && right_max <= left_max)) {
[INFO] [stderr] 15 +         if (left_min >= right_min && left_max <= right_max) || (right_min >= left_min && right_max <= left_max) {
[INFO] [stderr]    |
[INFO] [stderr] 
[INFO] [stderr] warning: unnecessary parentheses around `if` condition
[INFO] [stderr]   --> src/bin/04.rs:35:12
[INFO] [stderr]    |
[INFO] [stderr] 35 | ...if ((left_min >= right_min && left_min <= right_max) || (left_max >= right_min && left_max <= right_max) || (right_min >= left_min && right_min <= left_max) || (right_max >= left_min && right_max<= left_max)...
[INFO] [stderr]    |       ^                                                                                                                                                                                                           ^
[INFO] [stderr]    |
[INFO] [stderr] help: remove these parentheses
[INFO] [stderr]    |
[INFO] [stderr] 35 -         if ((left_min >= right_min && left_min <= right_max) || (left_max >= right_min && left_max <= right_max) || (right_min >= left_min && right_min <= left_max) || (right_max >= left_min && right_max<= left_max)) {
[INFO] [stderr] 35 +         if (left_min >= right_min && left_min <= right_max) || (left_max >= right_min && left_max <= right_max) || (right_min >= left_min && right_min <= left_max) || (right_max >= left_min && right_max<= left_max) {
[INFO] [stderr]    |
[INFO] [stderr] 
[INFO] [stderr] warning: `advent_of_code` (bin "04" test) generated 2 warnings (run `cargo fix --bin "04" --tests` to apply 2 suggestions)
[INFO] [stderr] warning: `advent_of_code` (lib test) generated 3 warnings (3 duplicates)
[INFO] [stderr]     Finished `test` profile [unoptimized + debuginfo] target(s) in 0.03s
[INFO] [stderr]      Running unittests src/lib.rs (/opt/rustwide/target/debug/deps/advent_of_code-275d707dbadb6dcd)
[INFO] [stderr]      Running unittests src/bin/01.rs (/opt/rustwide/target/debug/deps/01-2d41a79ac07ebfbc)
[INFO] [stdout] 
[INFO] [stdout] running 2 tests
[INFO] [stdout] test tests::test_part_two ... ok
[INFO] [stdout] test tests::test_part_one ... ok
[INFO] [stdout] 
[INFO] [stdout] test result: ok. 2 passed; 0 failed; 0 ignored; 0 measured; 0 filtered out; finished in 0.00s
[INFO] [stdout] 
[INFO] [stderr]      Running unittests src/bin/02.rs (/opt/rustwide/target/debug/deps/02-2d50c395be4d8dab)
[INFO] [stdout] 
[INFO] [stdout] running 2 tests
[INFO] [stdout] test tests::test_part_two ... FAILED
[INFO] [stdout] test tests::test_part_one ... FAILED
[INFO] [stdout] 
[INFO] [stdout] failures:
[INFO] [stdout] 
[INFO] [stdout] ---- tests::test_part_two stdout ----
[INFO] [stdout] 
[INFO] [stdout] thread 'tests::test_part_two' panicked at src/bin/02.rs:22:43:
[INFO] [stdout] called `Option::unwrap()` on a `None` value
[INFO] [stdout] stack backtrace:
[INFO] [stdout]    0:     0x5b5564ca21da - std::backtrace_rs::backtrace::libunwind::trace::hb059275cfc8d6126
[INFO] [stdout]                                at /rustc/6067b36314ab5eb2eb47cecc464545ba58e1ad24/library/std/src/../../backtrace/src/backtrace/libunwind.rs:116:5
[INFO] [stdout]    1:     0x5b5564ca21da - std::backtrace_rs::backtrace::trace_unsynchronized::h2da071e4327ce3ee
[INFO] [stdout]                                at /rustc/6067b36314ab5eb2eb47cecc464545ba58e1ad24/library/std/src/../../backtrace/src/backtrace/mod.rs:66:5
[INFO] [stdout]    2:     0x5b5564ca21da - std::sys::backtrace::_print_fmt::h842a1474e6f8d23f
[INFO] [stdout]                                at /rustc/6067b36314ab5eb2eb47cecc464545ba58e1ad24/library/std/src/sys/backtrace.rs:66:9
[INFO] [stdout]    3:     0x5b5564ca21da - <std::sys::backtrace::BacktraceLock::print::DisplayBacktrace as core::fmt::Display>::fmt::h71a62eb3b9696b12
[INFO] [stdout]                                at /rustc/6067b36314ab5eb2eb47cecc464545ba58e1ad24/library/std/src/sys/backtrace.rs:39:26
[INFO] [stdout]    4:     0x5b5564cc97f3 - core::fmt::rt::Argument::fmt::hdb6b616786b41dc1
[INFO] [stderr] error: test failed, to rerun pass `--bin 02`
[INFO] [stdout]                                at /rustc/6067b36314ab5eb2eb47cecc464545ba58e1ad24/library/core/src/fmt/rt.rs:177:76
[INFO] [stdout]    5:     0x5b5564cc97f3 - core::fmt::write::h2cc1698af7e2d686
[INFO] [stdout]                                at /rustc/6067b36314ab5eb2eb47cecc464545ba58e1ad24/library/core/src/fmt/mod.rs:1440:21
[INFO] [stdout]    6:     0x5b5564c9eb93 - std::io::Write::write_fmt::hab1b4cd059a79022
[INFO] [stdout]                                at /rustc/6067b36314ab5eb2eb47cecc464545ba58e1ad24/library/std/src/io/mod.rs:1887:15
[INFO] [stdout]    7:     0x5b5564ca2022 - std::sys::backtrace::BacktraceLock::print::h147fe35b4ea13b08
[INFO] [stdout]                                at /rustc/6067b36314ab5eb2eb47cecc464545ba58e1ad24/library/std/src/sys/backtrace.rs:42:9
[INFO] [stdout]    8:     0x5b5564ca35ff - std::panicking::default_hook::{{closure}}::hbd44223dbdc0d208
[INFO] [stdout]                                at /rustc/6067b36314ab5eb2eb47cecc464545ba58e1ad24/library/std/src/panicking.rs:298:22
[INFO] [stdout]    9:     0x5b5564ca3418 - std::panicking::default_hook::h20f81eb0576efcec
[INFO] [stdout]                                at /rustc/6067b36314ab5eb2eb47cecc464545ba58e1ad24/library/std/src/panicking.rs:322:9
[INFO] [stdout]   10:     0x5b5564c647f3 - <alloc::boxed::Box<F,A> as core::ops::function::Fn<Args>>::call::hdb53814c496a4d34
[INFO] [stdout]                                at /rustc/6067b36314ab5eb2eb47cecc464545ba58e1ad24/library/alloc/src/boxed.rs:2027:9
[INFO] [stdout]   11:     0x5b5564c647f3 - test::test_main::{{closure}}::hc0a4963c59427c24
[INFO] [stdout]                                at /rustc/6067b36314ab5eb2eb47cecc464545ba58e1ad24/library/test/src/lib.rs:134:21
[INFO] [stdout]   12:     0x5b5564ca40f3 - <alloc::boxed::Box<F,A> as core::ops::function::Fn<Args>>::call::h591b2225413a77e9
[INFO] [stdout]                                at /rustc/6067b36314ab5eb2eb47cecc464545ba58e1ad24/library/alloc/src/boxed.rs:2027:9
[INFO] [stdout]   13:     0x5b5564ca40f3 - std::panicking::rust_panic_with_hook::h625eea43051b2edc
[INFO] [stdout]                                at /rustc/6067b36314ab5eb2eb47cecc464545ba58e1ad24/library/std/src/panicking.rs:839:13
[INFO] [stdout]   14:     0x5b5564ca3d76 - std::panicking::begin_panic_handler::{{closure}}::h4f9159cfbc3f6bd3
[INFO] [stdout]                                at /rustc/6067b36314ab5eb2eb47cecc464545ba58e1ad24/library/std/src/panicking.rs:697:13
[INFO] [stdout]   15:     0x5b5564ca26d9 - std::sys::backtrace::__rust_end_short_backtrace::h0390abce48353151
[INFO] [stdout]                                at /rustc/6067b36314ab5eb2eb47cecc464545ba58e1ad24/library/std/src/sys/backtrace.rs:168:18
[INFO] [stdout]   16:     0x5b5564ca3a3d - rust_begin_unwind
[INFO] [stdout]                                at /rustc/6067b36314ab5eb2eb47cecc464545ba58e1ad24/library/std/src/panicking.rs:695:5
[INFO] [stdout]   17:     0x5b5564cc82a0 - core::panicking::panic_fmt::h9e7c637e9e5f29c9
[INFO] [stdout]                                at /rustc/6067b36314ab5eb2eb47cecc464545ba58e1ad24/library/core/src/panicking.rs:75:14
[INFO] [stdout]   18:     0x5b5564cc832c - core::panicking::panic::haa3255ea20181a33
[INFO] [stdout]                                at /rustc/6067b36314ab5eb2eb47cecc464545ba58e1ad24/library/core/src/panicking.rs:145:5
[INFO] [stdout]   19:     0x5b5564cc8219 - core::option::unwrap_failed::h5e50c20db1c9e8f1
[INFO] [stdout]                                at /rustc/6067b36314ab5eb2eb47cecc464545ba58e1ad24/library/core/src/option.rs:2015:5
[INFO] [stdout]   20:     0x5b5564c2a11e - core::option::Option<T>::unwrap::h63b7bc9ccae1bb78
[INFO] [stdout]                                at /rustc/6067b36314ab5eb2eb47cecc464545ba58e1ad24/library/core/src/option.rs:978:21
[INFO] [stdout]   21:     0x5b5564c2a11e - _02::part_two::he3d5a7f3b0b8beac
[INFO] [stdout]                                at /opt/rustwide/workdir/src/bin/02.rs:22:16
[INFO] [stdout]   22:     0x5b5564c2a646 - _02::tests::test_part_two::h10680f9779381b25
[INFO] [stdout]                                at /opt/rustwide/workdir/src/bin/02.rs:65:22
[INFO] [stdout]   23:     0x5b5564c2a5b7 - _02::tests::test_part_two::{{closure}}::hc79718b62913de61
[INFO] [stdout]                                at /opt/rustwide/workdir/src/bin/02.rs:64:23
[INFO] [stdout]   24:     0x5b5564c25e16 - core::ops::function::FnOnce::call_once::he0d94c7f0aaf0724
[INFO] [stdout]                                at /rustc/6067b36314ab5eb2eb47cecc464545ba58e1ad24/library/core/src/ops/function.rs:250:5
[INFO] [stdout]   25:     0x5b5564c69f4b - core::ops::function::FnOnce::call_once::he27718dfdd183f43
[INFO] [stdout]                                at /rustc/6067b36314ab5eb2eb47cecc464545ba58e1ad24/library/core/src/ops/function.rs:250:5
[INFO] [stdout]   26:     0x5b5564c69f4b - test::__rust_begin_short_backtrace::h4e84902998457a5d
[INFO] [stdout]                                at /rustc/6067b36314ab5eb2eb47cecc464545ba58e1ad24/library/test/src/lib.rs:632:18
[INFO] [stdout]   27:     0x5b5564c68e83 - test::run_test_in_process::{{closure}}::h7176fd18fc1feca0
[INFO] [stdout]                                at /rustc/6067b36314ab5eb2eb47cecc464545ba58e1ad24/library/test/src/lib.rs:655:60
[INFO] [stdout]   28:     0x5b5564c68e83 - <core::panic::unwind_safe::AssertUnwindSafe<F> as core::ops::function::FnOnce<()>>::call_once::hf79cff2a624d8cf7
[INFO] [stdout]                                at /rustc/6067b36314ab5eb2eb47cecc464545ba58e1ad24/library/core/src/panic/unwind_safe.rs:272:9
[INFO] [stdout]   29:     0x5b5564c68e83 - std::panicking::try::do_call::h3da0561d9ab99c25
[INFO] [stdout]                                at /rustc/6067b36314ab5eb2eb47cecc464545ba58e1ad24/library/std/src/panicking.rs:587:40
[INFO] [stdout]   30:     0x5b5564c68e83 - std::panicking::try::h41c9fa508bc61df6
[INFO] [stdout]                                at /rustc/6067b36314ab5eb2eb47cecc464545ba58e1ad24/library/std/src/panicking.rs:550:19
[INFO] [stdout]   31:     0x5b5564c68e83 - std::panic::catch_unwind::h6b3ff07bb5afad93
[INFO] [stdout]                                at /rustc/6067b36314ab5eb2eb47cecc464545ba58e1ad24/library/std/src/panic.rs:358:14
[INFO] [stdout]   32:     0x5b5564c68e83 - test::run_test_in_process::hc7253dd11b39b9f4
[INFO] [stdout]                                at /rustc/6067b36314ab5eb2eb47cecc464545ba58e1ad24/library/test/src/lib.rs:655:27
[INFO] [stdout]   33:     0x5b5564c68e83 - test::run_test::{{closure}}::hfb2007f8649c30bb
[INFO] [stdout]                                at /rustc/6067b36314ab5eb2eb47cecc464545ba58e1ad24/library/test/src/lib.rs:576:43
[INFO] [stdout]   34:     0x5b5564c2bf65 - test::run_test::{{closure}}::h56a17aa7a282a9f4
[INFO] [stdout]                                at /rustc/6067b36314ab5eb2eb47cecc464545ba58e1ad24/library/test/src/lib.rs:606:41
[INFO] [stdout]   35:     0x5b5564c2bf65 - std::sys::backtrace::__rust_begin_short_backtrace::hd2d2d2fb8e8c6aac
[INFO] [stdout]                                at /rustc/6067b36314ab5eb2eb47cecc464545ba58e1ad24/library/std/src/sys/backtrace.rs:152:18
[INFO] [stdout]   36:     0x5b5564c2f84a - std::thread::Builder::spawn_unchecked_::{{closure}}::{{closure}}::h4faa3f9db6133423
[INFO] [stdout]                                at /rustc/6067b36314ab5eb2eb47cecc464545ba58e1ad24/library/std/src/thread/mod.rs:559:17
[INFO] [stdout]   37:     0x5b5564c2f84a - <core::panic::unwind_safe::AssertUnwindSafe<F> as core::ops::function::FnOnce<()>>::call_once::hf2e855a36a4ea846
[INFO] [stdout]                                at /rustc/6067b36314ab5eb2eb47cecc464545ba58e1ad24/library/core/src/panic/unwind_safe.rs:272:9
[INFO] [stdout]   38:     0x5b5564c2f84a - std::panicking::try::do_call::h2f73af3616c35465
[INFO] [stdout]                                at /rustc/6067b36314ab5eb2eb47cecc464545ba58e1ad24/library/std/src/panicking.rs:587:40
[INFO] [stdout]   39:     0x5b5564c2f84a - std::panicking::try::hd1660ce9efadef5a
[INFO] [stdout]                                at /rustc/6067b36314ab5eb2eb47cecc464545ba58e1ad24/library/std/src/panicking.rs:550:19
[INFO] [stdout]   40:     0x5b5564c2f84a - std::panic::catch_unwind::h5ee8d7823b8ca744
[INFO] [stdout]                                at /rustc/6067b36314ab5eb2eb47cecc464545ba58e1ad24/library/std/src/panic.rs:358:14
[INFO] [stdout]   41:     0x5b5564c2f84a - std::thread::Builder::spawn_unchecked_::{{closure}}::h53c3a1894dce8407
[INFO] [stdout]                                at /rustc/6067b36314ab5eb2eb47cecc464545ba58e1ad24/library/std/src/thread/mod.rs:557:30
[INFO] [stdout]   42:     0x5b5564c2f84a - core::ops::function::FnOnce::call_once{{vtable.shim}}::h048ce291ad4f62bf
[INFO] [stdout]                                at /rustc/6067b36314ab5eb2eb47cecc464545ba58e1ad24/library/core/src/ops/function.rs:250:5
[INFO] [stdout]   43:     0x5b5564ca802b - <alloc::boxed::Box<F,A> as core::ops::function::FnOnce<Args>>::call_once::ha52bedf99a3b4981
[INFO] [stdout]                                at /rustc/6067b36314ab5eb2eb47cecc464545ba58e1ad24/library/alloc/src/boxed.rs:2013:9
[INFO] [stdout]   44:     0x5b5564ca802b - <alloc::boxed::Box<F,A> as core::ops::function::FnOnce<Args>>::call_once::h567748934d80ccf8
[INFO] [stdout]                                at /rustc/6067b36314ab5eb2eb47cecc464545ba58e1ad24/library/alloc/src/boxed.rs:2013:9
[INFO] [stdout]   45:     0x5b5564ca802b - std::sys::pal::unix::thread::Thread::new::thread_start::h2d970728ae887adc
[INFO] [stdout]                                at /rustc/6067b36314ab5eb2eb47cecc464545ba58e1ad24/library/std/src/sys/pal/unix/thread.rs:106:17
[INFO] [stdout]   46:     0x75c9bda0bac3 - <unknown>
[INFO] [stdout]   47:     0x75c9bda9ca04 - clone
[INFO] [stdout]   48:                0x0 - <unknown>
[INFO] [stdout] 
[INFO] [stdout] ---- tests::test_part_one stdout ----
[INFO] [stdout] 
[INFO] [stdout] thread 'tests::test_part_one' panicked at src/bin/02.rs:11:43:
[INFO] [stdout] called `Option::unwrap()` on a `None` value
[INFO] [stdout] stack backtrace:
[INFO] [stdout]    0:     0x5b5564ca21da - std::backtrace_rs::backtrace::libunwind::trace::hb059275cfc8d6126
[INFO] [stdout]                                at /rustc/6067b36314ab5eb2eb47cecc464545ba58e1ad24/library/std/src/../../backtrace/src/backtrace/libunwind.rs:116:5
[INFO] [stdout]    1:     0x5b5564ca21da - std::backtrace_rs::backtrace::trace_unsynchronized::h2da071e4327ce3ee
[INFO] [stdout]                                at /rustc/6067b36314ab5eb2eb47cecc464545ba58e1ad24/library/std/src/../../backtrace/src/backtrace/mod.rs:66:5
[INFO] [stdout]    2:     0x5b5564ca21da - std::sys::backtrace::_print_fmt::h842a1474e6f8d23f
[INFO] [stdout]                                at /rustc/6067b36314ab5eb2eb47cecc464545ba58e1ad24/library/std/src/sys/backtrace.rs:66:9
[INFO] [stdout]    3:     0x5b5564ca21da - <std::sys::backtrace::BacktraceLock::print::DisplayBacktrace as core::fmt::Display>::fmt::h71a62eb3b9696b12
[INFO] [stdout]                                at /rustc/6067b36314ab5eb2eb47cecc464545ba58e1ad24/library/std/src/sys/backtrace.rs:39:26
[INFO] [stdout]    4:     0x5b5564cc97f3 - core::fmt::rt::Argument::fmt::hdb6b616786b41dc1
[INFO] [stdout]                                at /rustc/6067b36314ab5eb2eb47cecc464545ba58e1ad24/library/core/src/fmt/rt.rs:177:76
[INFO] [stdout]    5:     0x5b5564cc97f3 - core::fmt::write::h2cc1698af7e2d686
[INFO] [stdout]                                at /rustc/6067b36314ab5eb2eb47cecc464545ba58e1ad24/library/core/src/fmt/mod.rs:1440:21
[INFO] [stdout]    6:     0x5b5564c9eb93 - std::io::Write::write_fmt::hab1b4cd059a79022
[INFO] [stdout]                                at /rustc/6067b36314ab5eb2eb47cecc464545ba58e1ad24/library/std/src/io/mod.rs:1887:15
[INFO] [stdout]    7:     0x5b5564ca2022 - std::sys::backtrace::BacktraceLock::print::h147fe35b4ea13b08
[INFO] [stdout]                                at /rustc/6067b36314ab5eb2eb47cecc464545ba58e1ad24/library/std/src/sys/backtrace.rs:42:9
[INFO] [stdout]    8:     0x5b5564ca35ff - std::panicking::default_hook::{{closure}}::hbd44223dbdc0d208
[INFO] [stdout]                                at /rustc/6067b36314ab5eb2eb47cecc464545ba58e1ad24/library/std/src/panicking.rs:298:22
[INFO] [stdout]    9:     0x5b5564ca3418 - std::panicking::default_hook::h20f81eb0576efcec
[INFO] [stdout]                                at /rustc/6067b36314ab5eb2eb47cecc464545ba58e1ad24/library/std/src/panicking.rs:322:9
[INFO] [stdout]   10:     0x5b5564c647f3 - <alloc::boxed::Box<F,A> as core::ops::function::Fn<Args>>::call::hdb53814c496a4d34
[INFO] [stdout]                                at /rustc/6067b36314ab5eb2eb47cecc464545ba58e1ad24/library/alloc/src/boxed.rs:2027:9
[INFO] [stdout]   11:     0x5b5564c647f3 - test::test_main::{{closure}}::hc0a4963c59427c24
[INFO] [stdout]                                at /rustc/6067b36314ab5eb2eb47cecc464545ba58e1ad24/library/test/src/lib.rs:134:21
[INFO] [stdout]   12:     0x5b5564ca40f3 - <alloc::boxed::Box<F,A> as core::ops::function::Fn<Args>>::call::h591b2225413a77e9
[INFO] [stdout]                                at /rustc/6067b36314ab5eb2eb47cecc464545ba58e1ad24/library/alloc/src/boxed.rs:2027:9
[INFO] [stdout]   13:     0x5b5564ca40f3 - std::panicking::rust_panic_with_hook::h625eea43051b2edc
[INFO] [stdout]                                at /rustc/6067b36314ab5eb2eb47cecc464545ba58e1ad24/library/std/src/panicking.rs:839:13
[INFO] [stdout]   14:     0x5b5564ca3d76 - std::panicking::begin_panic_handler::{{closure}}::h4f9159cfbc3f6bd3
[INFO] [stdout]                                at /rustc/6067b36314ab5eb2eb47cecc464545ba58e1ad24/library/std/src/panicking.rs:697:13
[INFO] [stdout]   15:     0x5b5564ca26d9 - std::sys::backtrace::__rust_end_short_backtrace::h0390abce48353151
[INFO] [stdout]                                at /rustc/6067b36314ab5eb2eb47cecc464545ba58e1ad24/library/std/src/sys/backtrace.rs:168:18
[INFO] [stdout]   16:     0x5b5564ca3a3d - rust_begin_unwind
[INFO] [stdout]                                at /rustc/6067b36314ab5eb2eb47cecc464545ba58e1ad24/library/std/src/panicking.rs:695:5
[INFO] [stdout]   17:     0x5b5564cc82a0 - core::panicking::panic_fmt::h9e7c637e9e5f29c9
[INFO] [stdout]                                at /rustc/6067b36314ab5eb2eb47cecc464545ba58e1ad24/library/core/src/panicking.rs:75:14
[INFO] [stdout]   18:     0x5b5564cc832c - core::panicking::panic::haa3255ea20181a33
[INFO] [stdout]                                at /rustc/6067b36314ab5eb2eb47cecc464545ba58e1ad24/library/core/src/panicking.rs:145:5
[INFO] [stdout]   19:     0x5b5564cc8219 - core::option::unwrap_failed::h5e50c20db1c9e8f1
[INFO] [stdout]                                at /rustc/6067b36314ab5eb2eb47cecc464545ba58e1ad24/library/core/src/option.rs:2015:5
[INFO] [stdout]   20:     0x5b5564c29f3e - core::option::Option<T>::unwrap::h63b7bc9ccae1bb78
[INFO] [stdout]                                at /rustc/6067b36314ab5eb2eb47cecc464545ba58e1ad24/library/core/src/option.rs:978:21
[INFO] [stdout]   21:     0x5b5564c29f3e - _02::part_one::h7ff7580cd44bc5f0
[INFO] [stdout]                                at /opt/rustwide/workdir/src/bin/02.rs:11:16
[INFO] [stdout]   22:     0x5b5564c2a4f6 - _02::tests::test_part_one::hcf7193cb18a52dd0
[INFO] [stdout]                                at /opt/rustwide/workdir/src/bin/02.rs:59:22
[INFO] [stdout]   23:     0x5b5564c2a467 - _02::tests::test_part_one::{{closure}}::h9e6c6a573cd8e57a
[INFO] [stdout]                                at /opt/rustwide/workdir/src/bin/02.rs:58:23
[INFO] [stdout]   24:     0x5b5564c25c96 - core::ops::function::FnOnce::call_once::h0b051a91bc0d49d8
[INFO] [stdout]                                at /rustc/6067b36314ab5eb2eb47cecc464545ba58e1ad24/library/core/src/ops/function.rs:250:5
[INFO] [stdout]   25:     0x5b5564c69f4b - core::ops::function::FnOnce::call_once::he27718dfdd183f43
[INFO] [stdout]                                at /rustc/6067b36314ab5eb2eb47cecc464545ba58e1ad24/library/core/src/ops/function.rs:250:5
[INFO] [stdout]   26:     0x5b5564c69f4b - test::__rust_begin_short_backtrace::h4e84902998457a5d
[INFO] [stdout]                                at /rustc/6067b36314ab5eb2eb47cecc464545ba58e1ad24/library/test/src/lib.rs:632:18
[INFO] [stdout]   27:     0x5b5564c68e83 - test::run_test_in_process::{{closure}}::h7176fd18fc1feca0
[INFO] [stdout]                                at /rustc/6067b36314ab5eb2eb47cecc464545ba58e1ad24/library/test/src/lib.rs:655:60
[INFO] [stdout]   28:     0x5b5564c68e83 - <core::panic::unwind_safe::AssertUnwindSafe<F> as core::ops::function::FnOnce<()>>::call_once::hf79cff2a624d8cf7
[INFO] [stdout]                                at /rustc/6067b36314ab5eb2eb47cecc464545ba58e1ad24/library/core/src/panic/unwind_safe.rs:272:9
[INFO] [stdout]   29:     0x5b5564c68e83 - std::panicking::try::do_call::h3da0561d9ab99c25
[INFO] [stdout]                                at /rustc/6067b36314ab5eb2eb47cecc464545ba58e1ad24/library/std/src/panicking.rs:587:40
[INFO] [stdout]   30:     0x5b5564c68e83 - std::panicking::try::h41c9fa508bc61df6
[INFO] [stdout]                                at /rustc/6067b36314ab5eb2eb47cecc464545ba58e1ad24/library/std/src/panicking.rs:550:19
[INFO] [stdout]   31:     0x5b5564c68e83 - std::panic::catch_unwind::h6b3ff07bb5afad93
[INFO] [stdout]                                at /rustc/6067b36314ab5eb2eb47cecc464545ba58e1ad24/library/std/src/panic.rs:358:14
[INFO] [stdout]   32:     0x5b5564c68e83 - test::run_test_in_process::hc7253dd11b39b9f4
[INFO] [stdout]                                at /rustc/6067b36314ab5eb2eb47cecc464545ba58e1ad24/library/test/src/lib.rs:655:27
[INFO] [stdout]   33:     0x5b5564c68e83 - test::run_test::{{closure}}::hfb2007f8649c30bb
[INFO] [stdout]                                at /rustc/6067b36314ab5eb2eb47cecc464545ba58e1ad24/library/test/src/lib.rs:576:43
[INFO] [stdout]   34:     0x5b5564c2bf65 - test::run_test::{{closure}}::h56a17aa7a282a9f4
[INFO] [stdout]                                at /rustc/6067b36314ab5eb2eb47cecc464545ba58e1ad24/library/test/src/lib.rs:606:41
[INFO] [stdout]   35:     0x5b5564c2bf65 - std::sys::backtrace::__rust_begin_short_backtrace::hd2d2d2fb8e8c6aac
[INFO] [stdout]                                at /rustc/6067b36314ab5eb2eb47cecc464545ba58e1ad24/library/std/src/sys/backtrace.rs:152:18
[INFO] [stdout]   36:     0x5b5564c2f84a - std::thread::Builder::spawn_unchecked_::{{closure}}::{{closure}}::h4faa3f9db6133423
[INFO] [stdout]                                at /rustc/6067b36314ab5eb2eb47cecc464545ba58e1ad24/library/std/src/thread/mod.rs:559:17
[INFO] [stdout]   37:     0x5b5564c2f84a - <core::panic::unwind_safe::AssertUnwindSafe<F> as core::ops::function::FnOnce<()>>::call_once::hf2e855a36a4ea846
[INFO] [stdout]                                at /rustc/6067b36314ab5eb2eb47cecc464545ba58e1ad24/library/core/src/panic/unwind_safe.rs:272:9
[INFO] [stdout]   38:     0x5b5564c2f84a - std::panicking::try::do_call::h2f73af3616c35465
[INFO] [stdout]                                at /rustc/6067b36314ab5eb2eb47cecc464545ba58e1ad24/library/std/src/panicking.rs:587:40
[INFO] [stdout]   39:     0x5b5564c2f84a - std::panicking::try::hd1660ce9efadef5a
[INFO] [stdout]                                at /rustc/6067b36314ab5eb2eb47cecc464545ba58e1ad24/library/std/src/panicking.rs:550:19
[INFO] [stdout]   40:     0x5b5564c2f84a - std::panic::catch_unwind::h5ee8d7823b8ca744
[INFO] [stdout]                                at /rustc/6067b36314ab5eb2eb47cecc464545ba58e1ad24/library/std/src/panic.rs:358:14
[INFO] [stdout]   41:     0x5b5564c2f84a - std::thread::Builder::spawn_unchecked_::{{closure}}::h53c3a1894dce8407
[INFO] [stdout]                                at /rustc/6067b36314ab5eb2eb47cecc464545ba58e1ad24/library/std/src/thread/mod.rs:557:30
[INFO] [stdout]   42:     0x5b5564c2f84a - core::ops::function::FnOnce::call_once{{vtable.shim}}::h048ce291ad4f62bf
[INFO] [stdout]                                at /rustc/6067b36314ab5eb2eb47cecc464545ba58e1ad24/library/core/src/ops/function.rs:250:5
[INFO] [stdout]   43:     0x5b5564ca802b - <alloc::boxed::Box<F,A> as core::ops::function::FnOnce<Args>>::call_once::ha52bedf99a3b4981
[INFO] [stdout]                                at /rustc/6067b36314ab5eb2eb47cecc464545ba58e1ad24/library/alloc/src/boxed.rs:2013:9
[INFO] [stdout]   44:     0x5b5564ca802b - <alloc::boxed::Box<F,A> as core::ops::function::FnOnce<Args>>::call_once::h567748934d80ccf8
[INFO] [stdout]                                at /rustc/6067b36314ab5eb2eb47cecc464545ba58e1ad24/library/alloc/src/boxed.rs:2013:9
[INFO] [stdout]   45:     0x5b5564ca802b - std::sys::pal::unix::thread::Thread::new::thread_start::h2d970728ae887adc
[INFO] [stdout]                                at /rustc/6067b36314ab5eb2eb47cecc464545ba58e1ad24/library/std/src/sys/pal/unix/thread.rs:106:17
[INFO] [stdout]   46:     0x75c9bda0bac3 - <unknown>
[INFO] [stdout]   47:     0x75c9bda9ca04 - clone
[INFO] [stdout]   48:                0x0 - <unknown>
[INFO] [stdout] 
[INFO] [stdout] 
[INFO] [stdout] failures:
[INFO] [stdout]     tests::test_part_one
[INFO] [stdout]     tests::test_part_two
[INFO] [stdout] 
[INFO] [stdout] test result: FAILED. 0 passed; 2 failed; 0 ignored; 0 measured; 0 filtered out; finished in 0.03s
[INFO] [stdout] 
[INFO] running `Command { std: "docker" "inspect" "0798701aacedf7bc80e5f0206d49a58523247e6b3a39d31dcef2bffa8fe2dd18", kill_on_drop: false }`
[INFO] running `Command { std: "docker" "rm" "-f" "0798701aacedf7bc80e5f0206d49a58523247e6b3a39d31dcef2bffa8fe2dd18", kill_on_drop: false }`
[INFO] [stdout] 0798701aacedf7bc80e5f0206d49a58523247e6b3a39d31dcef2bffa8fe2dd18
