[INFO] cloning repository https://github.com/MoreDelay/aoc2024
[INFO] running `Command { std: "git" "-c" "credential.helper=" "-c" "credential.helper=/workspace/cargo-home/bin/git-credential-null" "clone" "--bare" "https://github.com/MoreDelay/aoc2024" "/workspace/cache/git-repos/https%3A%2F%2Fgithub.com%2FMoreDelay%2Faoc2024", kill_on_drop: false }`
[INFO] [stderr] Cloning into bare repository '/workspace/cache/git-repos/https%3A%2F%2Fgithub.com%2FMoreDelay%2Faoc2024'...
[INFO] running `Command { std: "git" "rev-parse" "HEAD", kill_on_drop: false }`
[INFO] [stdout] 7e49082c09c843f6ae8c7a850488cfc6994a9128
[INFO] testing MoreDelay/aoc2024 against nightly-2025-01-18 for randomize-layout-2
[INFO] running `Command { std: "git" "clone" "/workspace/cache/git-repos/https%3A%2F%2Fgithub.com%2FMoreDelay%2Faoc2024" "/workspace/builds/worker-4-tc1/source", kill_on_drop: false }`
[INFO] [stderr] Cloning into '/workspace/builds/worker-4-tc1/source'...
[INFO] [stderr] done.
[INFO] validating manifest of git repo https://github.com/MoreDelay/aoc2024 on toolchain nightly-2025-01-18
[INFO] running `Command { std: CARGO_HOME="/workspace/cargo-home" RUSTUP_HOME="/workspace/rustup-home" "/workspace/cargo-home/bin/cargo" "+nightly-2025-01-18" "metadata" "--manifest-path" "Cargo.toml" "--no-deps", kill_on_drop: false }`
[INFO] started tweaking git repo https://github.com/MoreDelay/aoc2024
[INFO] finished tweaking git repo https://github.com/MoreDelay/aoc2024
[INFO] tweaked toml for git repo https://github.com/MoreDelay/aoc2024 written to /workspace/builds/worker-4-tc1/source/Cargo.toml
[INFO] crate git repo https://github.com/MoreDelay/aoc2024 already has a lockfile, it will not be regenerated
[INFO] running `Command { std: CARGO_HOME="/workspace/cargo-home" RUSTUP_HOME="/workspace/rustup-home" "/workspace/cargo-home/bin/cargo" "+nightly-2025-01-18" "fetch" "--manifest-path" "Cargo.toml", kill_on_drop: false }`
[INFO] running `Command { std: "docker" "create" "-v" "/var/lib/crater-agent-workspace/builds/worker-4-tc1/target:/opt/rustwide/target:rw,Z" "-v" "/var/lib/crater-agent-workspace/builds/worker-4-tc1/source:/opt/rustwide/workdir:ro,Z" "-v" "/var/lib/crater-agent-workspace/cargo-home:/opt/rustwide/cargo-home:ro,Z" "-v" "/var/lib/crater-agent-workspace/rustup-home:/opt/rustwide/rustup-home:ro,Z" "-e" "SOURCE_DIR=/opt/rustwide/workdir" "-e" "CARGO_TARGET_DIR=/opt/rustwide/target" "-e" "CARGO_HOME=/opt/rustwide/cargo-home" "-e" "RUSTUP_HOME=/opt/rustwide/rustup-home" "-w" "/opt/rustwide/workdir" "-m" "1610612736" "--user" "0:0" "--network" "none" "ghcr.io/rust-lang/crates-build-env/linux@sha256:819108c5571ea2e421544af4d832f968d213c87fbe3707a016657f43d2f853bc" "/opt/rustwide/cargo-home/bin/cargo" "+nightly-2025-01-18" "metadata" "--no-deps" "--format-version=1", kill_on_drop: false }`
[INFO] [stdout] bfe71b953d14860ce7ac24790a4dce6ae6927cda09c900a6b995f32d0349a334
[INFO] running `Command { std: "docker" "start" "-a" "bfe71b953d14860ce7ac24790a4dce6ae6927cda09c900a6b995f32d0349a334", kill_on_drop: false }`
[INFO] running `Command { std: "docker" "inspect" "bfe71b953d14860ce7ac24790a4dce6ae6927cda09c900a6b995f32d0349a334", kill_on_drop: false }`
[INFO] running `Command { std: "docker" "rm" "-f" "bfe71b953d14860ce7ac24790a4dce6ae6927cda09c900a6b995f32d0349a334", kill_on_drop: false }`
[INFO] [stdout] bfe71b953d14860ce7ac24790a4dce6ae6927cda09c900a6b995f32d0349a334
[INFO] running `Command { std: "docker" "create" "-v" "/var/lib/crater-agent-workspace/builds/worker-4-tc1/target:/opt/rustwide/target:rw,Z" "-v" "/var/lib/crater-agent-workspace/builds/worker-4-tc1/source:/opt/rustwide/workdir:ro,Z" "-v" "/var/lib/crater-agent-workspace/cargo-home:/opt/rustwide/cargo-home:ro,Z" "-v" "/var/lib/crater-agent-workspace/rustup-home:/opt/rustwide/rustup-home:ro,Z" "-e" "SOURCE_DIR=/opt/rustwide/workdir" "-e" "CARGO_TARGET_DIR=/opt/rustwide/target" "-e" "CARGO_INCREMENTAL=0" "-e" "RUST_BACKTRACE=full" "-e" "RUSTFLAGS=--cap-lints=forbid" "-e" "RUSTDOCFLAGS=--cap-lints=forbid" "-e" "CARGO_HOME=/opt/rustwide/cargo-home" "-e" "RUSTUP_HOME=/opt/rustwide/rustup-home" "-w" "/opt/rustwide/workdir" "-m" "1610612736" "--user" "0:0" "--network" "none" "ghcr.io/rust-lang/crates-build-env/linux@sha256:819108c5571ea2e421544af4d832f968d213c87fbe3707a016657f43d2f853bc" "/opt/rustwide/cargo-home/bin/cargo" "+nightly-2025-01-18" "build" "--frozen" "--message-format=json", kill_on_drop: false }`
[INFO] [stdout] 50c756f4e03cffa5a00f9d2a9644cee079ae9551028aaf8fc78286d3938318d2
[INFO] running `Command { std: "docker" "start" "-a" "50c756f4e03cffa5a00f9d2a9644cee079ae9551028aaf8fc78286d3938318d2", kill_on_drop: false }`
[INFO] [stderr]    Compiling proc-macro2 v1.0.92
[INFO] [stderr]    Compiling unicode-ident v1.0.14
[INFO] [stderr]    Compiling thiserror v2.0.6
[INFO] [stderr]    Compiling anyhow v1.0.93
[INFO] [stderr]    Compiling quote v1.0.37
[INFO] [stderr]    Compiling syn v2.0.90
[INFO] [stderr]    Compiling thiserror-impl v2.0.6
[INFO] [stderr]    Compiling aoc2024 v0.1.0 (/opt/rustwide/workdir)
[INFO] [stderr]     Finished `dev` profile [unoptimized + debuginfo] target(s) in 6.96s
[INFO] running `Command { std: "docker" "inspect" "50c756f4e03cffa5a00f9d2a9644cee079ae9551028aaf8fc78286d3938318d2", kill_on_drop: false }`
[INFO] running `Command { std: "docker" "rm" "-f" "50c756f4e03cffa5a00f9d2a9644cee079ae9551028aaf8fc78286d3938318d2", kill_on_drop: false }`
[INFO] [stdout] 50c756f4e03cffa5a00f9d2a9644cee079ae9551028aaf8fc78286d3938318d2
[INFO] running `Command { std: "docker" "create" "-v" "/var/lib/crater-agent-workspace/builds/worker-4-tc1/target:/opt/rustwide/target:rw,Z" "-v" "/var/lib/crater-agent-workspace/builds/worker-4-tc1/source:/opt/rustwide/workdir:ro,Z" "-v" "/var/lib/crater-agent-workspace/cargo-home:/opt/rustwide/cargo-home:ro,Z" "-v" "/var/lib/crater-agent-workspace/rustup-home:/opt/rustwide/rustup-home:ro,Z" "-e" "SOURCE_DIR=/opt/rustwide/workdir" "-e" "CARGO_TARGET_DIR=/opt/rustwide/target" "-e" "CARGO_INCREMENTAL=0" "-e" "RUST_BACKTRACE=full" "-e" "RUSTFLAGS=--cap-lints=forbid" "-e" "RUSTDOCFLAGS=--cap-lints=forbid" "-e" "CARGO_HOME=/opt/rustwide/cargo-home" "-e" "RUSTUP_HOME=/opt/rustwide/rustup-home" "-w" "/opt/rustwide/workdir" "-m" "1610612736" "--user" "0:0" "--network" "none" "ghcr.io/rust-lang/crates-build-env/linux@sha256:819108c5571ea2e421544af4d832f968d213c87fbe3707a016657f43d2f853bc" "/opt/rustwide/cargo-home/bin/cargo" "+nightly-2025-01-18" "test" "--frozen" "--no-run" "--message-format=json", kill_on_drop: false }`
[INFO] [stdout] d58399db8ff674931b61ce8364ec281756844e9441ce1e61649b415aeb304169
[INFO] running `Command { std: "docker" "start" "-a" "d58399db8ff674931b61ce8364ec281756844e9441ce1e61649b415aeb304169", kill_on_drop: false }`
[INFO] [stderr]    Compiling aoc2024 v0.1.0 (/opt/rustwide/workdir)
[INFO] [stderr]     Finished `test` profile [unoptimized + debuginfo] target(s) in 3.22s
[INFO] running `Command { std: "docker" "inspect" "d58399db8ff674931b61ce8364ec281756844e9441ce1e61649b415aeb304169", kill_on_drop: false }`
[INFO] running `Command { std: "docker" "rm" "-f" "d58399db8ff674931b61ce8364ec281756844e9441ce1e61649b415aeb304169", kill_on_drop: false }`
[INFO] [stdout] d58399db8ff674931b61ce8364ec281756844e9441ce1e61649b415aeb304169
[INFO] running `Command { std: "docker" "create" "-v" "/var/lib/crater-agent-workspace/builds/worker-4-tc1/target:/opt/rustwide/target:rw,Z" "-v" "/var/lib/crater-agent-workspace/builds/worker-4-tc1/source:/opt/rustwide/workdir:ro,Z" "-v" "/var/lib/crater-agent-workspace/cargo-home:/opt/rustwide/cargo-home:ro,Z" "-v" "/var/lib/crater-agent-workspace/rustup-home:/opt/rustwide/rustup-home:ro,Z" "-e" "SOURCE_DIR=/opt/rustwide/workdir" "-e" "CARGO_TARGET_DIR=/opt/rustwide/target" "-e" "CARGO_INCREMENTAL=0" "-e" "RUST_BACKTRACE=full" "-e" "RUSTFLAGS=--cap-lints=forbid" "-e" "RUSTDOCFLAGS=--cap-lints=forbid" "-e" "CARGO_HOME=/opt/rustwide/cargo-home" "-e" "RUSTUP_HOME=/opt/rustwide/rustup-home" "-w" "/opt/rustwide/workdir" "-m" "1610612736" "--user" "0:0" "--network" "none" "ghcr.io/rust-lang/crates-build-env/linux@sha256:819108c5571ea2e421544af4d832f968d213c87fbe3707a016657f43d2f853bc" "/opt/rustwide/cargo-home/bin/cargo" "+nightly-2025-01-18" "test" "--frozen", kill_on_drop: false }`
[INFO] [stdout] 9f2b5dcf32544b145e346be873e6f19c263e03ceb46db8ba8b7e69f171a0d4c3
[INFO] running `Command { std: "docker" "start" "-a" "9f2b5dcf32544b145e346be873e6f19c263e03ceb46db8ba8b7e69f171a0d4c3", kill_on_drop: false }`
[INFO] [stderr]     Finished `test` profile [unoptimized + debuginfo] target(s) in 0.02s
[INFO] [stderr]      Running unittests src/main.rs (/opt/rustwide/target/debug/deps/aoc2024-4ea8e9b3661db862)
[INFO] [stdout] 
[INFO] [stdout] running 71 tests
[INFO] [stdout] test day02::tests::test_decr_skip_first ... ok
[INFO] [stdout] test day02::tests::test_decr_skip_last ... ok
[INFO] [stdout] test day02::tests::test_decr_skip_twice ... ok
[INFO] [stdout] test day02::tests::test_incr ... ok
[INFO] [stdout] test day02::tests::test_incr_skip_first ... ok
[INFO] [stdout] test day02::tests::test_incr_skip_twice ... ok
[INFO] [stdout] test day02::tests::test_incr_skip_last ... ok
[INFO] [stdout] test day02::tests::test_small ... ok
[INFO] [stdout] test day03::tests::test_parse ... ok
[INFO] [stdout] test day04::tests::test_find_patterns_diagonal_1 ... ok
[INFO] [stdout] test day04::tests::test_find_patterns_diagonal_2 ... ok
[INFO] [stdout] test day02::tests::test_decr ... ok
[INFO] [stdout] test day04::tests::test_find_patterns_horizontal ... ok
[INFO] [stdout] test day02::tests::test_decr_skip_middle ... ok
[INFO] [stdout] test day04::tests::test_find_patterns_multiple ... ok
[INFO] [stdout] test day04::tests::test_find_patterns_vertical ... ok
[INFO] [stdout] test day03::tests::test_parse_cond ... ok
[INFO] [stdout] test day06::tests::test_loop ... ok
[INFO] [stdout] test day06::tests::test_loop_edgecase ... ok
[INFO] [stdout] test day06::tests::test_visited ... ok
[INFO] [stdout] test day09::tests::test_blockwise ... ok
[INFO] [stdout] test day11::tests::test_stone_from_str ... ok
[INFO] [stdout] test day11::tests::test_two_blinks ... ok
[INFO] [stdout] test day02::tests::test_one ... ok
[INFO] [stdout] test day09::tests::test_filewise ... ok
[INFO] [stdout] test day10::tests::test_one_path ... ok
[INFO] [stdout] test day10::tests::test_two_paths_for_peak ... ok
[INFO] [stdout] test day11::tests::test_example_cached ... ok
[INFO] [stdout] test day12::tests::test_plot_with_holes ... ok
[INFO] [stdout] test day11::tests::test_single_blink ... ok
[INFO] [stdout] test day13::tests::test_equation_solution_same_as_dijkstra_solution ... ignored
[INFO] [stdout] test day12::tests::test_plot_with_holes_bulk ... ok
[INFO] [stdout] test day02::tests::test_incr_skip_middle ... ok
[INFO] [stdout] test day13::tests::test_far_prize_1 ... ok
[INFO] [stdout] test day13::tests::test_far_prize_4 ... ok
[INFO] [stdout] test day12::tests::test_simple_plot ... ok
[INFO] [stdout] test day13::tests::test_far_prize_2 ... ok
[INFO] [stdout] test day14::tests::test_example ... ok
[INFO] [stdout] test day13::tests::test_far_prize_3 ... ok
[INFO] [stdout] test day14::tests::test_robot_movement ... ok
[INFO] [stdout] test day15::tests::test_example_big ... ok
[INFO] [stdout] test day12::tests::test_simple_plot_bulk ... ok
[INFO] [stdout] test day15::tests::test_example_small ... ok
[INFO] [stdout] test day15::tests::test_parse_small_warehouse ... ok
[INFO] [stdout] test day18::tests::test_example_memory ... ok
[INFO] [stdout] test day18::tests::test_memory_cutoff ... ok
[INFO] [stdout] test day19::tests::test_count_pattern_arrangements ... ok
[INFO] [stdout] test day16::tests::test_example_maze ... ok
[INFO] [stdout] test day17::tests::test_example_computer ... ok
[INFO] [stdout] test day16::tests::test_maze_path_unique_pos_and_dir ... ok
[INFO] [stdout] test day16::tests::test_maze_seats ... ok
[INFO] [stdout] test day20::tests::test_circle_iter ... ok
[INFO] [stdout] test day15::tests::test_parse_big_warehouse ... ok
[INFO] [stdout] test day21::tests::test_path_iter_on_numpad ... ok
[INFO] [stdout] test day17::tests::test_find_register_value ... ok
[INFO] [stdout] test day23::tests::test_tripple_clique ... ok
[INFO] [stdout] test day21::tests::test_example_complexity ... ok
[INFO] [stdout] test day20::tests::test_small_cheats ... ok
[INFO] [stdout] test day22::tests::test_secret_evolve ... ok
[INFO] [stdout] test day24::tests::test_large_wires ... ok
[INFO] [stdout] test day19::tests::test_example_patterns ... ok
[INFO] [stdout] test day22::tests::test_example_secrets ... ok
[INFO] [stdout] test day24::tests::test_small_wires ... ok
[INFO] [stdout] test day23::tests::test_largest_clique ... ok
[INFO] [stdout] test day13::tests::test_winnable_machine ... ok
[INFO] [stdout] test day13::tests::test_unwinnable_machine ... ok
[INFO] [stdout] test day13::tests::test_two_machines ... ok
[INFO] [stdout] test day22::tests::test_example_banana_bargain ... ok
[INFO] [stdout] test day25::tests::test_small_wires ... FAILED
[INFO] [stdout] test day20::tests::test_large_cheats ... ok
[INFO] [stdout] test day11::tests::test_example ... ok
[INFO] [stdout] 
[INFO] [stdout] failures:
[INFO] [stdout] 
[INFO] [stdout] ---- day25::tests::test_small_wires stdout ----
[INFO] [stdout] 
[INFO] [stdout] thread 'day25::tests::test_small_wires' panicked at src/day25.rs:31:21:
[INFO] [stdout] index out of bounds: the len is 5 but the index is 5
[INFO] [stdout] stack backtrace:
[INFO] [stdout]    0:     0x59c23a1b8c9a - std::backtrace_rs::backtrace::libunwind::trace::hb059275cfc8d6126
[INFO] [stdout]                                at /rustc/6067b36314ab5eb2eb47cecc464545ba58e1ad24/library/std/src/../../backtrace/src/backtrace/libunwind.rs:116:5
[INFO] [stdout]    1:     0x59c23a1b8c9a - std::backtrace_rs::backtrace::trace_unsynchronized::h2da071e4327ce3ee
[INFO] [stdout]                                at /rustc/6067b36314ab5eb2eb47cecc464545ba58e1ad24/library/std/src/../../backtrace/src/backtrace/mod.rs:66:5
[INFO] [stdout]    2:     0x59c23a1b8c9a - std::sys::backtrace::_print_fmt::h842a1474e6f8d23f
[INFO] [stdout]                                at /rustc/6067b36314ab5eb2eb47cecc464545ba58e1ad24/library/std/src/sys/backtrace.rs:66:9
[INFO] [stdout]    3:     0x59c23a1b8c9a - <std::sys::backtrace::BacktraceLock::print::DisplayBacktrace as core::fmt::Display>::fmt::h71a62eb3b9696b12
[INFO] [stdout]                                at /rustc/6067b36314ab5eb2eb47cecc464545ba58e1ad24/library/std/src/sys/backtrace.rs:39:26
[INFO] [stdout]    4:     0x59c23a1e0543 - core::fmt::rt::Argument::fmt::hdb6b616786b41dc1
[INFO] [stdout]                                at /rustc/6067b36314ab5eb2eb47cecc464545ba58e1ad24/library/core/src/fmt/rt.rs:177:76
[INFO] [stdout]    5:     0x59c23a1e0543 - core::fmt::write::h2cc1698af7e2d686
[INFO] [stdout]                                at /rustc/6067b36314ab5eb2eb47cecc464545ba58e1ad24/library/core/src/fmt/mod.rs:1440:21
[INFO] [stdout]    6:     0x59c23a1b5603 - std::io::Write::write_fmt::hab1b4cd059a79022
[INFO] [stdout]                                at /rustc/6067b36314ab5eb2eb47cecc464545ba58e1ad24/library/std/src/io/mod.rs:1887:15
[INFO] [stdout]    7:     0x59c23a1b8ae2 - std::sys::backtrace::BacktraceLock::print::h147fe35b4ea13b08
[INFO] [stdout]                                at /rustc/6067b36314ab5eb2eb47cecc464545ba58e1ad24/library/std/src/sys/backtrace.rs:42:9
[INFO] [stdout]    8:     0x59c23a1ba0bf - std::panicking::default_hook::{{closure}}::hbd44223dbdc0d208
[INFO] [stdout]                                at /rustc/6067b36314ab5eb2eb47cecc464545ba58e1ad24/library/std/src/panicking.rs:298:22
[INFO] [stdout]    9:     0x59c23a1b9ed8 - std::panicking::default_hook::h20f81eb0576efcec
[INFO] [stdout]                                at /rustc/6067b36314ab5eb2eb47cecc464545ba58e1ad24/library/std/src/panicking.rs:322:9
[INFO] [stdout]   10:     0x59c23a178ad3 - <alloc::boxed::Box<F,A> as core::ops::function::Fn<Args>>::call::hdb53814c496a4d34
[INFO] [stdout]                                at /rustc/6067b36314ab5eb2eb47cecc464545ba58e1ad24/library/alloc/src/boxed.rs:2027:9
[INFO] [stdout]   11:     0x59c23a178ad3 - test::test_main::{{closure}}::hc0a4963c59427c24
[INFO] [stdout]                                at /rustc/6067b36314ab5eb2eb47cecc464545ba58e1ad24/library/test/src/lib.rs:134:21
[INFO] [stdout]   12:     0x59c23a1babb3 - <alloc::boxed::Box<F,A> as core::ops::function::Fn<Args>>::call::h591b2225413a77e9
[INFO] [stdout]                                at /rustc/6067b36314ab5eb2eb47cecc464545ba58e1ad24/library/alloc/src/boxed.rs:2027:9
[INFO] [stdout]   13:     0x59c23a1babb3 - std::panicking::rust_panic_with_hook::h625eea43051b2edc
[INFO] [stdout]                                at /rustc/6067b36314ab5eb2eb47cecc464545ba58e1ad24/library/std/src/panicking.rs:839:13
[INFO] [stdout]   14:     0x59c23a1ba86a - std::panicking::begin_panic_handler::{{closure}}::h4f9159cfbc3f6bd3
[INFO] [stdout]                                at /rustc/6067b36314ab5eb2eb47cecc464545ba58e1ad24/library/std/src/panicking.rs:704:13
[INFO] [stdout]   15:     0x59c23a1b9199 - std::sys::backtrace::__rust_end_short_backtrace::h0390abce48353151
[INFO] [stdout]                                at /rustc/6067b36314ab5eb2eb47cecc464545ba58e1ad24/library/std/src/sys/backtrace.rs:168:18
[INFO] [stdout]   16:     0x59c23a1ba4fd - rust_begin_unwind
[INFO] [stdout]                                at /rustc/6067b36314ab5eb2eb47cecc464545ba58e1ad24/library/std/src/panicking.rs:695:5
[INFO] [stdout]   17:     0x59c23a1def20 - core::panicking::panic_fmt::h9e7c637e9e5f29c9
[INFO] [stdout]                                at /rustc/6067b36314ab5eb2eb47cecc464545ba58e1ad24/library/core/src/panicking.rs:75:14
[INFO] [stdout]   18:     0x59c23a1df0a1 - core::panicking::panic_bounds_check::hab62625bddb22ea0
[INFO] [stdout]                                at /rustc/6067b36314ab5eb2eb47cecc464545ba58e1ad24/library/core/src/panicking.rs:273:5
[INFO] [stdout]   19:     0x59c23a0ad112 - aoc2024::day25::parse_locks_and_keys::he6fddf860bd958d2
[INFO] [stdout]                                at /opt/rustwide/workdir/src/day25.rs:31:21
[INFO] [stdout]   20:     0x59c23a0dcc2b - aoc2024::day25::tests::test_small_wires::hddd2526b46ea6f50
[INFO] [stdout]                                at /opt/rustwide/workdir/src/day25.rs:117:29
[INFO] [stdout]   21:     0x59c23a0dcbd7 - aoc2024::day25::tests::test_small_wires::{{closure}}::h1d9e46f1114c178c
[INFO] [stdout]                                at /opt/rustwide/workdir/src/day25.rs:77:26
[INFO] [stdout]   22:     0x59c23a12e796 - core::ops::function::FnOnce::call_once::h954720584703b9b0
[INFO] [stdout]                                at /rustc/6067b36314ab5eb2eb47cecc464545ba58e1ad24/library/core/src/ops/function.rs:250:5
[INFO] [stdout]   23:     0x59c23a17e22b - core::ops::function::FnOnce::call_once::he27718dfdd183f43
[INFO] [stdout]                                at /rustc/6067b36314ab5eb2eb47cecc464545ba58e1ad24/library/core/src/ops/function.rs:250:5
[INFO] [stdout]   24:     0x59c23a17e22b - test::__rust_begin_short_backtrace::h4e84902998457a5d
[INFO] [stdout]                                at /rustc/6067b36314ab5eb2eb47cecc464545ba58e1ad24/library/test/src/lib.rs:632:18
[INFO] [stdout]   25:     0x59c23a17d163 - test::run_test_in_process::{{closure}}::h7176fd18fc1feca0
[INFO] [stdout]                                at /rustc/6067b36314ab5eb2eb47cecc464545ba58e1ad24/library/test/src/lib.rs:655:60
[INFO] [stdout]   26:     0x59c23a17d163 - <core::panic::unwind_safe::AssertUnwindSafe<F> as core::ops::function::FnOnce<()>>::call_once::hf79cff2a624d8cf7
[INFO] [stdout]                                at /rustc/6067b36314ab5eb2eb47cecc464545ba58e1ad24/library/core/src/panic/unwind_safe.rs:272:9
[INFO] [stdout]   27:     0x59c23a17d163 - std::panicking::try::do_call::h3da0561d9ab99c25
[INFO] [stdout]                                at /rustc/6067b36314ab5eb2eb47cecc464545ba58e1ad24/library/std/src/panicking.rs:587:40
[INFO] [stdout]   28:     0x59c23a17d163 - std::panicking::try::h41c9fa508bc61df6
[INFO] [stdout]                                at /rustc/6067b36314ab5eb2eb47cecc464545ba58e1ad24/library/std/src/panicking.rs:550:19
[INFO] [stdout]   29:     0x59c23a17d163 - std::panic::catch_unwind::h6b3ff07bb5afad93
[INFO] [stdout]                                at /rustc/6067b36314ab5eb2eb47cecc464545ba58e1ad24/library/std/src/panic.rs:358:14
[INFO] [stdout]   30:     0x59c23a17d163 - test::run_test_in_process::hc7253dd11b39b9f4
[INFO] [stdout]                                at /rustc/6067b36314ab5eb2eb47cecc464545ba58e1ad24/library/test/src/lib.rs:655:27
[INFO] [stdout]   31:     0x59c23a17d163 - test::run_test::{{closure}}::hfb2007f8649c30bb
[INFO] [stdout]                                at /rustc/6067b36314ab5eb2eb47cecc464545ba58e1ad24/library/test/src/lib.rs:576:43
[INFO] [stdout]   32:     0x59c23a140245 - test::run_test::{{closure}}::h56a17aa7a282a9f4
[INFO] [stdout]                                at /rustc/6067b36314ab5eb2eb47cecc464545ba58e1ad24/library/test/src/lib.rs:606:41
[INFO] [stdout]   33:     0x59c23a140245 - std::sys::backtrace::__rust_begin_short_backtrace::hd2d2d2fb8e8c6aac
[INFO] [stdout]                                at /rustc/6067b36314ab5eb2eb47cecc464545ba58e1ad24/library/std/src/sys/backtrace.rs:152:18
[INFO] [stdout]   34:     0x59c23a143b2a - std::thread::Builder::spawn_unchecked_::{{closure}}::{{closure}}::h4faa3f9db6133423
[INFO] [stdout]                                at /rustc/6067b36314ab5eb2eb47cecc464545ba58e1ad24/library/std/src/thread/mod.rs:559:17
[INFO] [stdout]   35:     0x59c23a143b2a - <core::panic::unwind_safe::AssertUnwindSafe<F> as core::ops::function::FnOnce<()>>::call_once::hf2e855a36a4ea846
[INFO] [stdout]                                at /rustc/6067b36314ab5eb2eb47cecc464545ba58e1ad24/library/core/src/panic/unwind_safe.rs:272:9
[INFO] [stdout]   36:     0x59c23a143b2a - std::panicking::try::do_call::h2f73af3616c35465
[INFO] [stdout]                                at /rustc/6067b36314ab5eb2eb47cecc464545ba58e1ad24/library/std/src/panicking.rs:587:40
[INFO] [stdout]   37:     0x59c23a143b2a - std::panicking::try::hd1660ce9efadef5a
[INFO] [stdout]                                at /rustc/6067b36314ab5eb2eb47cecc464545ba58e1ad24/library/std/src/panicking.rs:550:19
[INFO] [stdout]   38:     0x59c23a143b2a - std::panic::catch_unwind::h5ee8d7823b8ca744
[INFO] [stdout]                                at /rustc/6067b36314ab5eb2eb47cecc464545ba58e1ad24/library/std/src/panic.rs:358:14
[INFO] [stdout]   39:     0x59c23a143b2a - std::thread::Builder::spawn_unchecked_::{{closure}}::h53c3a1894dce8407
[INFO] [stdout]                                at /rustc/6067b36314ab5eb2eb47cecc464545ba58e1ad24/library/std/src/thread/mod.rs:557:30
[INFO] [stdout]   40:     0x59c23a143b2a - core::ops::function::FnOnce::call_once{{vtable.shim}}::h048ce291ad4f62bf
[INFO] [stdout]                                at /rustc/6067b36314ab5eb2eb47cecc464545ba58e1ad24/library/core/src/ops/function.rs:250:5
[INFO] [stdout]   41:     0x59c23a1beafb - <alloc::boxed::Box<F,A> as core::ops::function::FnOnce<Args>>::call_once::ha52bedf99a3b4981
[INFO] [stdout]                                at /rustc/6067b36314ab5eb2eb47cecc464545ba58e1ad24/library/alloc/src/boxed.rs:2013:9
[INFO] [stdout]   42:     0x59c23a1beafb - <alloc::boxed::Box<F,A> as core::ops::function::FnOnce<Args>>::call_once::h567748934d80ccf8
[INFO] [stdout]                                at /rustc/6067b36314ab5eb2eb47cecc464545ba58e1ad24/library/alloc/src/boxed.rs:2013:9
[INFO] [stdout]   43:     0x59c23a1beafb - std::sys::pal::unix::thread::Thread::new::thread_start::h2d970728ae887adc
[INFO] [stdout]                                at /rustc/6067b36314ab5eb2eb47cecc464545ba58e1ad24/library/std/src/sys/pal/unix/thread.rs:106:17
[INFO] [stdout]   44:     0x7a1db3fd8ac3 - <unknown>
[INFO] [stdout]   45:     0x7a1db4069a04 - clone
[INFO] [stdout]   46:                0x0 - <unknown>
[INFO] [stdout] 
[INFO] [stdout] 
[INFO] [stdout] failures:
[INFO] [stdout]     day25::tests::test_small_wires
[INFO] [stdout] 
[INFO] [stdout] test result: FAILED. 69 passed; 1 failed; 1 ignored; 0 measured; 0 filtered out; finished in 0.18s
[INFO] [stdout] 
[INFO] [stderr] error: test failed, to rerun pass `--bin aoc2024`
[INFO] running `Command { std: "docker" "inspect" "9f2b5dcf32544b145e346be873e6f19c263e03ceb46db8ba8b7e69f171a0d4c3", kill_on_drop: false }`
[INFO] running `Command { std: "docker" "rm" "-f" "9f2b5dcf32544b145e346be873e6f19c263e03ceb46db8ba8b7e69f171a0d4c3", kill_on_drop: false }`
[INFO] [stdout] 9f2b5dcf32544b145e346be873e6f19c263e03ceb46db8ba8b7e69f171a0d4c3
