[INFO] cloning repository https://github.com/MordragT/grph
[INFO] running `Command { std: "git" "-c" "credential.helper=" "-c" "credential.helper=/workspace/cargo-home/bin/git-credential-null" "clone" "--bare" "https://github.com/MordragT/grph" "/workspace/cache/git-repos/https%3A%2F%2Fgithub.com%2FMordragT%2Fgrph", kill_on_drop: false }`
[INFO] [stderr] Cloning into bare repository '/workspace/cache/git-repos/https%3A%2F%2Fgithub.com%2FMordragT%2Fgrph'...
[INFO] running `Command { std: "git" "rev-parse" "HEAD", kill_on_drop: false }`
[INFO] [stdout] 9dd10591fa6a75a4eb9c81b301a3f4cbd0862a30
[INFO] testing MordragT/grph against nightly-2025-01-18 for randomize-layout-2
[INFO] running `Command { std: "git" "clone" "/workspace/cache/git-repos/https%3A%2F%2Fgithub.com%2FMordragT%2Fgrph" "/workspace/builds/worker-4-tc1/source", kill_on_drop: false }`
[INFO] [stderr] Cloning into '/workspace/builds/worker-4-tc1/source'...
[INFO] [stderr] done.
[INFO] [stderr] Updating files:  16% (17/101)
Updating files:  17% (18/101)
Updating files:  18% (19/101)
Updating files:  19% (20/101)
Updating files:  20% (21/101)
Updating files:  21% (22/101)
Updating files:  22% (23/101)
Updating files:  23% (24/101)
Updating files:  24% (25/101)
Updating files:  25% (26/101)
Updating files:  26% (27/101)
Updating files:  27% (28/101)
Updating files:  28% (29/101)
Updating files:  29% (30/101)
Updating files:  30% (31/101)
Updating files:  31% (32/101)
Updating files:  32% (33/101)
Updating files:  33% (34/101)
Updating files:  34% (35/101)
Updating files:  35% (36/101)
Updating files:  36% (37/101)
Updating files:  37% (38/101)
Updating files:  38% (39/101)
Updating files:  39% (40/101)
Updating files:  40% (41/101)
Updating files:  41% (42/101)
Updating files:  42% (43/101)
Updating files:  43% (44/101)
Updating files:  44% (45/101)
Updating files:  45% (46/101)
Updating files:  46% (47/101)
Updating files:  47% (48/101)
Updating files:  48% (49/101)
Updating files:  49% (50/101)
Updating files:  50% (51/101)
Updating files:  51% (52/101)
Updating files:  52% (53/101)
Updating files:  53% (54/101)
Updating files:  54% (55/101)
Updating files:  55% (56/101)
Updating files:  56% (57/101)
Updating files:  57% (58/101)
Updating files:  58% (59/101)
Updating files:  59% (60/101)
Updating files:  60% (61/101)
Updating files:  61% (62/101)
Updating files:  62% (63/101)
Updating files:  63% (64/101)
Updating files:  64% (65/101)
Updating files:  65% (66/101)
Updating files:  66% (67/101)
Updating files:  67% (68/101)
Updating files:  68% (69/101)
Updating files:  69% (70/101)
Updating files:  70% (71/101)
Updating files:  71% (72/101)
Updating files:  72% (73/101)
Updating files:  73% (74/101)
Updating files:  74% (75/101)
Updating files:  75% (76/101)
Updating files:  76% (77/101)
Updating files:  77% (78/101)
Updating files:  78% (79/101)
Updating files:  79% (80/101)
Updating files:  80% (81/101)
Updating files:  81% (82/101)
Updating files:  82% (83/101)
Updating files:  83% (84/101)
Updating files:  84% (85/101)
Updating files:  85% (86/101)
Updating files:  86% (87/101)
Updating files:  87% (88/101)
Updating files:  88% (89/101)
Updating files:  89% (90/101)
Updating files:  90% (91/101)
Updating files:  91% (92/101)
Updating files:  92% (93/101)
Updating files:  93% (94/101)
Updating files:  94% (95/101)
Updating files:  95% (96/101)
Updating files:  96% (97/101)
Updating files:  97% (98/101)
Updating files:  98% (99/101)
Updating files:  99% (100/101)
Updating files: 100% (101/101)
Updating files: 100% (101/101), done.
[INFO] validating manifest of git repo https://github.com/MordragT/grph on toolchain nightly-2025-01-18
[INFO] running `Command { std: CARGO_HOME="/workspace/cargo-home" RUSTUP_HOME="/workspace/rustup-home" "/workspace/cargo-home/bin/cargo" "+nightly-2025-01-18" "metadata" "--manifest-path" "Cargo.toml" "--no-deps", kill_on_drop: false }`
[INFO] started tweaking git repo https://github.com/MordragT/grph
[INFO] finished tweaking git repo https://github.com/MordragT/grph
[INFO] tweaked toml for git repo https://github.com/MordragT/grph written to /workspace/builds/worker-4-tc1/source/Cargo.toml
[INFO] crate git repo https://github.com/MordragT/grph already has a lockfile, it will not be regenerated
[INFO] running `Command { std: CARGO_HOME="/workspace/cargo-home" RUSTUP_HOME="/workspace/rustup-home" "/workspace/cargo-home/bin/cargo" "+nightly-2025-01-18" "fetch" "--manifest-path" "Cargo.toml", kill_on_drop: false }`
[INFO] [stderr]     Updating crates.io index
[INFO] [stderr]  Downloading crates ...
[INFO] [stderr]   Downloaded more-asserts v0.3.1
[INFO] [stderr]   Downloaded stable-vec v0.4.0
[INFO] [stderr]   Downloaded orx-priority-queue v1.0.0
[INFO] [stderr]   Downloaded permute v0.2.1
[INFO] [stderr]   Downloaded no-std-compat v0.2.0
[INFO] [stderr]   Downloaded priq v0.2.0
[INFO] running `Command { std: "docker" "create" "-v" "/var/lib/crater-agent-workspace/builds/worker-4-tc1/target:/opt/rustwide/target:rw,Z" "-v" "/var/lib/crater-agent-workspace/builds/worker-4-tc1/source:/opt/rustwide/workdir:ro,Z" "-v" "/var/lib/crater-agent-workspace/cargo-home:/opt/rustwide/cargo-home:ro,Z" "-v" "/var/lib/crater-agent-workspace/rustup-home:/opt/rustwide/rustup-home:ro,Z" "-e" "SOURCE_DIR=/opt/rustwide/workdir" "-e" "CARGO_TARGET_DIR=/opt/rustwide/target" "-e" "CARGO_HOME=/opt/rustwide/cargo-home" "-e" "RUSTUP_HOME=/opt/rustwide/rustup-home" "-w" "/opt/rustwide/workdir" "-m" "1610612736" "--user" "0:0" "--network" "none" "ghcr.io/rust-lang/crates-build-env/linux@sha256:819108c5571ea2e421544af4d832f968d213c87fbe3707a016657f43d2f853bc" "/opt/rustwide/cargo-home/bin/cargo" "+nightly-2025-01-18" "metadata" "--no-deps" "--format-version=1", kill_on_drop: false }`
[INFO] [stdout] 3a93ac9628b65509e130f5b1ce6505b09267ec06d09dfc325fc5950280eeab00
[INFO] running `Command { std: "docker" "start" "-a" "3a93ac9628b65509e130f5b1ce6505b09267ec06d09dfc325fc5950280eeab00", kill_on_drop: false }`
[INFO] running `Command { std: "docker" "inspect" "3a93ac9628b65509e130f5b1ce6505b09267ec06d09dfc325fc5950280eeab00", kill_on_drop: false }`
[INFO] running `Command { std: "docker" "rm" "-f" "3a93ac9628b65509e130f5b1ce6505b09267ec06d09dfc325fc5950280eeab00", kill_on_drop: false }`
[INFO] [stdout] 3a93ac9628b65509e130f5b1ce6505b09267ec06d09dfc325fc5950280eeab00
[INFO] running `Command { std: "docker" "create" "-v" "/var/lib/crater-agent-workspace/builds/worker-4-tc1/target:/opt/rustwide/target:rw,Z" "-v" "/var/lib/crater-agent-workspace/builds/worker-4-tc1/source:/opt/rustwide/workdir:ro,Z" "-v" "/var/lib/crater-agent-workspace/cargo-home:/opt/rustwide/cargo-home:ro,Z" "-v" "/var/lib/crater-agent-workspace/rustup-home:/opt/rustwide/rustup-home:ro,Z" "-e" "SOURCE_DIR=/opt/rustwide/workdir" "-e" "CARGO_TARGET_DIR=/opt/rustwide/target" "-e" "CARGO_INCREMENTAL=0" "-e" "RUST_BACKTRACE=full" "-e" "RUSTFLAGS=--cap-lints=forbid" "-e" "RUSTDOCFLAGS=--cap-lints=forbid" "-e" "CARGO_HOME=/opt/rustwide/cargo-home" "-e" "RUSTUP_HOME=/opt/rustwide/rustup-home" "-w" "/opt/rustwide/workdir" "-m" "1610612736" "--user" "0:0" "--network" "none" "ghcr.io/rust-lang/crates-build-env/linux@sha256:819108c5571ea2e421544af4d832f968d213c87fbe3707a016657f43d2f853bc" "/opt/rustwide/cargo-home/bin/cargo" "+nightly-2025-01-18" "build" "--frozen" "--message-format=json", kill_on_drop: false }`
[INFO] [stdout] 06f6ab23f4e8297315be90c0c292bc911502fbfb13e22d38db9f079b7bd901ab
[INFO] running `Command { std: "docker" "start" "-a" "06f6ab23f4e8297315be90c0c292bc911502fbfb13e22d38db9f079b7bd901ab", kill_on_drop: false }`
[INFO] [stderr]    Compiling proc-macro2 v1.0.76
[INFO] [stderr]    Compiling unicode-ident v1.0.12
[INFO] [stderr]    Compiling libc v0.2.150
[INFO] [stderr]    Compiling serde v1.0.195
[INFO] [stderr]    Compiling thiserror v1.0.63
[INFO] [stderr]    Compiling either v1.9.0
[INFO] [stderr]    Compiling radium v0.7.0
[INFO] [stderr]    Compiling num-traits v0.2.17
[INFO] [stderr]    Compiling tap v1.0.1
[INFO] [stderr]    Compiling wyz v0.5.1
[INFO] [stderr]    Compiling no-std-compat v0.2.0
[INFO] [stderr]    Compiling rayon v1.8.0
[INFO] [stderr]    Compiling itertools v0.13.0
[INFO] [stderr]    Compiling funty v2.0.0
[INFO] [stderr]    Compiling more-asserts v0.3.1
[INFO] [stderr]    Compiling stable-vec v0.4.0
[INFO] [stderr]    Compiling orx-priority-queue v1.0.0
[INFO] [stderr]    Compiling permute v0.2.1
[INFO] [stderr]    Compiling bitvec v1.0.1
[INFO] [stderr]    Compiling quote v1.0.35
[INFO] [stderr]    Compiling getrandom v0.2.11
[INFO] [stderr]    Compiling syn v2.0.48
[INFO] [stderr]    Compiling rand_core v0.6.4
[INFO] [stderr]    Compiling rand_chacha v0.3.1
[INFO] [stderr]    Compiling rand v0.8.5
[INFO] [stderr]    Compiling priq v0.2.0
[INFO] [stderr]    Compiling serde_derive v1.0.195
[INFO] [stderr]    Compiling thiserror-impl v1.0.63
[INFO] [stderr]    Compiling grax-core v0.1.0 (/opt/rustwide/workdir/grax-core)
[INFO] [stderr]    Compiling grax-algorithms v0.1.0 (/opt/rustwide/workdir/grax-algorithms)
[INFO] [stderr]    Compiling grax-impl v0.1.0 (/opt/rustwide/workdir/grax-impl)
[INFO] [stdout] warning: unused import: `vec::Drain`
[INFO] [stdout]  --> grax-impl/src/edges/csr.rs:4:5
[INFO] [stdout]   |
[INFO] [stdout] 4 |     vec::Drain,
[INFO] [stdout]   |     ^^^^^^^^^^
[INFO] [stdout]   |
[INFO] [stdout]   = note: `#[warn(unused_imports)]` on by default
[INFO] [stdout] 
[INFO] [stdout] 
[INFO] [stdout] warning: unused imports: `BitAnd` and `Not`
[INFO] [stdout]  --> grax-algorithms/src/algorithms/cdcl.rs:1:16
[INFO] [stdout]   |
[INFO] [stdout] 1 | use std::ops::{BitAnd, Not};
[INFO] [stdout]   |                ^^^^^^  ^^^
[INFO] [stdout]   |
[INFO] [stdout]   = note: `#[warn(unused_imports)]` on by default
[INFO] [stdout] 
[INFO] [stdout] 
[INFO] [stdout] warning: trait `Candidate` is never used
[INFO] [stdout]   --> grax-algorithms/src/algorithms/cdcl.rs:19:11
[INFO] [stdout]    |
[INFO] [stdout] 19 | pub trait Candidate: Ord {}
[INFO] [stdout]    |           ^^^^^^^^^
[INFO] [stdout]    |
[INFO] [stdout]    = note: `#[warn(dead_code)]` on by default
[INFO] [stdout] 
[INFO] [stdout] 
[INFO] [stdout] warning: trait `Requirement` is never used
[INFO] [stdout]   --> grax-algorithms/src/algorithms/cdcl.rs:21:11
[INFO] [stdout]    |
[INFO] [stdout] 21 | pub trait Requirement {
[INFO] [stdout]    |           ^^^^^^^^^^^
[INFO] [stdout] 
[INFO] [stdout] 
[INFO] [stdout] warning: trait `Term` is never used
[INFO] [stdout]   --> grax-algorithms/src/algorithms/cdcl.rs:30:11
[INFO] [stdout]    |
[INFO] [stdout] 30 | pub trait Term {
[INFO] [stdout]    |           ^^^^
[INFO] [stdout] 
[INFO] [stdout] 
[INFO] [stdout] warning: unused variable: `visit`
[INFO] [stdout]    --> grax-impl/src/nodes/stable.rs:131:39
[INFO] [stdout]     |
[INFO] [stdout] 131 |     fn retain_nodes<F>(&mut self, mut visit: F)
[INFO] [stdout]     |                                       ^^^^^ help: if this is intentional, prefix it with an underscore: `_visit`
[INFO] [stdout]     |
[INFO] [stdout]     = note: `#[warn(unused_variables)]` on by default
[INFO] [stdout] 
[INFO] [stdout] 
[INFO] [stdout] warning: variable does not need to be mutable
[INFO] [stdout]    --> grax-impl/src/nodes/stable.rs:131:35
[INFO] [stdout]     |
[INFO] [stdout] 131 |     fn retain_nodes<F>(&mut self, mut visit: F)
[INFO] [stdout]     |                                   ----^^^^^
[INFO] [stdout]     |                                   |
[INFO] [stdout]     |                                   help: remove this `mut`
[INFO] [stdout]     |
[INFO] [stdout]     = note: `#[warn(unused_mut)]` on by default
[INFO] [stdout] 
[INFO] [stdout] 
[INFO] [stdout] warning: unused variable: `visit`
[INFO] [stdout]    --> grax-impl/src/nodes/unstable.rs:133:35
[INFO] [stdout]     |
[INFO] [stdout] 133 |     fn retain_nodes<F>(&mut self, visit: F)
[INFO] [stdout]     |                                   ^^^^^ help: if this is intentional, prefix it with an underscore: `_visit`
[INFO] [stdout] 
[INFO] [stdout] 
[INFO] [stderr]    Compiling grax v0.1.0 (/opt/rustwide/workdir/grax)
[INFO] [stderr]     Finished `dev` profile [unoptimized + debuginfo] target(s) in 28.58s
[INFO] running `Command { std: "docker" "inspect" "06f6ab23f4e8297315be90c0c292bc911502fbfb13e22d38db9f079b7bd901ab", kill_on_drop: false }`
[INFO] running `Command { std: "docker" "rm" "-f" "06f6ab23f4e8297315be90c0c292bc911502fbfb13e22d38db9f079b7bd901ab", kill_on_drop: false }`
[INFO] [stdout] 06f6ab23f4e8297315be90c0c292bc911502fbfb13e22d38db9f079b7bd901ab
[INFO] running `Command { std: "docker" "create" "-v" "/var/lib/crater-agent-workspace/builds/worker-4-tc1/target:/opt/rustwide/target:rw,Z" "-v" "/var/lib/crater-agent-workspace/builds/worker-4-tc1/source:/opt/rustwide/workdir:ro,Z" "-v" "/var/lib/crater-agent-workspace/cargo-home:/opt/rustwide/cargo-home:ro,Z" "-v" "/var/lib/crater-agent-workspace/rustup-home:/opt/rustwide/rustup-home:ro,Z" "-e" "SOURCE_DIR=/opt/rustwide/workdir" "-e" "CARGO_TARGET_DIR=/opt/rustwide/target" "-e" "CARGO_INCREMENTAL=0" "-e" "RUST_BACKTRACE=full" "-e" "RUSTFLAGS=--cap-lints=forbid" "-e" "RUSTDOCFLAGS=--cap-lints=forbid" "-e" "CARGO_HOME=/opt/rustwide/cargo-home" "-e" "RUSTUP_HOME=/opt/rustwide/rustup-home" "-w" "/opt/rustwide/workdir" "-m" "1610612736" "--user" "0:0" "--network" "none" "ghcr.io/rust-lang/crates-build-env/linux@sha256:819108c5571ea2e421544af4d832f968d213c87fbe3707a016657f43d2f853bc" "/opt/rustwide/cargo-home/bin/cargo" "+nightly-2025-01-18" "test" "--frozen" "--no-run" "--message-format=json", kill_on_drop: false }`
[INFO] [stdout] 8b6c63b2076faadd42097204f5b8eb3a0b7b6813b86fc20a2cedf883109dd388
[INFO] running `Command { std: "docker" "start" "-a" "8b6c63b2076faadd42097204f5b8eb3a0b7b6813b86fc20a2cedf883109dd388", kill_on_drop: false }`
[INFO] [stderr]    Compiling serde v1.0.195
[INFO] [stderr]    Compiling serde_json v1.0.111
[INFO] [stderr]    Compiling rustix v0.38.26
[INFO] [stderr]    Compiling clap_lex v0.6.0
[INFO] [stderr]    Compiling ciborium-io v0.2.1
[INFO] [stderr]    Compiling regex-syntax v0.8.2
[INFO] [stderr]    Compiling plotters-backend v0.3.5
[INFO] [stderr]    Compiling linux-raw-sys v0.4.12
[INFO] [stderr]    Compiling anstyle v1.0.4
[INFO] [stderr]    Compiling half v1.8.2
[INFO] [stderr]    Compiling itoa v1.0.9
[INFO] [stderr]    Compiling ryu v1.0.15
[INFO] [stderr]    Compiling bitflags v2.4.1
[INFO] [stderr]    Compiling clap_builder v4.4.11
[INFO] [stderr]    Compiling plotters-svg v0.3.5
[INFO] [stderr]    Compiling ciborium-ll v0.2.1
[INFO] [stderr]    Compiling itertools v0.10.5
[INFO] [stderr]    Compiling cast v0.3.0
[INFO] [stderr]    Compiling walkdir v2.4.0
[INFO] [stderr]    Compiling plotters v0.3.5
[INFO] [stderr]    Compiling oorandom v11.1.3
[INFO] [stderr]    Compiling once_cell v1.18.0
[INFO] [stderr]    Compiling anes v0.1.6
[INFO] [stderr]    Compiling regex-automata v0.4.3
[INFO] [stderr]    Compiling is-terminal v0.4.9
[INFO] [stderr]    Compiling criterion-plot v0.5.0
[INFO] [stderr]    Compiling clap v4.4.11
[INFO] [stderr]    Compiling regex v1.10.2
[INFO] [stderr]    Compiling grax-core v0.1.0 (/opt/rustwide/workdir/grax-core)
[INFO] [stderr]    Compiling ciborium v0.2.1
[INFO] [stderr]    Compiling grax-impl v0.1.0 (/opt/rustwide/workdir/grax-impl)
[INFO] [stderr]    Compiling grax-algorithms v0.1.0 (/opt/rustwide/workdir/grax-algorithms)
[INFO] [stdout] warning: unused imports: `BitAnd` and `Not`
[INFO] [stdout]  --> grax-algorithms/src/algorithms/cdcl.rs:1:16
[INFO] [stdout]   |
[INFO] [stdout] 1 | use std::ops::{BitAnd, Not};
[INFO] [stdout]   |                ^^^^^^  ^^^
[INFO] [stdout]   |
[INFO] [stdout]   = note: `#[warn(unused_imports)]` on by default
[INFO] [stdout] 
[INFO] [stdout] 
[INFO] [stdout] warning: unused import: `vec::Drain`
[INFO] [stdout]  --> grax-impl/src/edges/csr.rs:4:5
[INFO] [stdout]   |
[INFO] [stdout] 4 |     vec::Drain,
[INFO] [stdout]   |     ^^^^^^^^^^
[INFO] [stdout]   |
[INFO] [stdout]   = note: `#[warn(unused_imports)]` on by default
[INFO] [stdout] 
[INFO] [stdout] 
[INFO] [stdout] warning: trait `Candidate` is never used
[INFO] [stdout]   --> grax-algorithms/src/algorithms/cdcl.rs:19:11
[INFO] [stdout]    |
[INFO] [stdout] 19 | pub trait Candidate: Ord {}
[INFO] [stdout]    |           ^^^^^^^^^
[INFO] [stdout]    |
[INFO] [stdout]    = note: `#[warn(dead_code)]` on by default
[INFO] [stdout] 
[INFO] [stdout] 
[INFO] [stdout] warning: trait `Requirement` is never used
[INFO] [stdout]   --> grax-algorithms/src/algorithms/cdcl.rs:21:11
[INFO] [stdout]    |
[INFO] [stdout] 21 | pub trait Requirement {
[INFO] [stdout]    |           ^^^^^^^^^^^
[INFO] [stdout] 
[INFO] [stdout] 
[INFO] [stdout] warning: trait `Term` is never used
[INFO] [stdout]   --> grax-algorithms/src/algorithms/cdcl.rs:30:11
[INFO] [stdout]    |
[INFO] [stdout] 30 | pub trait Term {
[INFO] [stdout]    |           ^^^^
[INFO] [stdout] 
[INFO] [stdout] 
[INFO] [stdout] warning: unused variable: `visit`
[INFO] [stdout]    --> grax-impl/src/nodes/stable.rs:131:39
[INFO] [stdout]     |
[INFO] [stdout] 131 |     fn retain_nodes<F>(&mut self, mut visit: F)
[INFO] [stdout]     |                                       ^^^^^ help: if this is intentional, prefix it with an underscore: `_visit`
[INFO] [stdout]     |
[INFO] [stdout]     = note: `#[warn(unused_variables)]` on by default
[INFO] [stdout] 
[INFO] [stdout] 
[INFO] [stdout] warning: variable does not need to be mutable
[INFO] [stdout]    --> grax-impl/src/nodes/stable.rs:131:35
[INFO] [stdout]     |
[INFO] [stdout] 131 |     fn retain_nodes<F>(&mut self, mut visit: F)
[INFO] [stdout]     |                                   ----^^^^^
[INFO] [stdout]     |                                   |
[INFO] [stdout]     |                                   help: remove this `mut`
[INFO] [stdout]     |
[INFO] [stdout]     = note: `#[warn(unused_mut)]` on by default
[INFO] [stdout] 
[INFO] [stdout] 
[INFO] [stdout] warning: unused variable: `visit`
[INFO] [stdout]    --> grax-impl/src/nodes/unstable.rs:133:35
[INFO] [stdout]     |
[INFO] [stdout] 133 |     fn retain_nodes<F>(&mut self, visit: F)
[INFO] [stdout]     |                                   ^^^^^ help: if this is intentional, prefix it with an underscore: `_visit`
[INFO] [stdout] 
[INFO] [stdout] 
[INFO] [stderr]    Compiling tinytemplate v1.2.1
[INFO] [stderr]    Compiling grax v0.1.0 (/opt/rustwide/workdir/grax)
[INFO] [stdout] warning: unused imports: `BitAnd` and `Not`
[INFO] [stdout]  --> grax-algorithms/src/algorithms/cdcl.rs:1:16
[INFO] [stdout]   |
[INFO] [stdout] 1 | use std::ops::{BitAnd, Not};
[INFO] [stdout]   |                ^^^^^^  ^^^
[INFO] [stdout]   |
[INFO] [stdout]   = note: `#[warn(unused_imports)]` on by default
[INFO] [stdout] 
[INFO] [stdout] 
[INFO] [stderr]    Compiling criterion v0.5.1
[INFO] [stdout] warning: trait `Candidate` is never used
[INFO] [stdout]   --> grax-algorithms/src/algorithms/cdcl.rs:19:11
[INFO] [stdout]    |
[INFO] [stdout] 19 | pub trait Candidate: Ord {}
[INFO] [stdout]    |           ^^^^^^^^^
[INFO] [stdout]    |
[INFO] [stdout]    = note: `#[warn(dead_code)]` on by default
[INFO] [stdout] 
[INFO] [stdout] 
[INFO] [stdout] warning: trait `Requirement` is never used
[INFO] [stdout]   --> grax-algorithms/src/algorithms/cdcl.rs:21:11
[INFO] [stdout]    |
[INFO] [stdout] 21 | pub trait Requirement {
[INFO] [stdout]    |           ^^^^^^^^^^^
[INFO] [stdout] 
[INFO] [stdout] 
[INFO] [stdout] warning: trait `Term` is never used
[INFO] [stdout]   --> grax-algorithms/src/algorithms/cdcl.rs:30:11
[INFO] [stdout]    |
[INFO] [stdout] 30 | pub trait Term {
[INFO] [stdout]    |           ^^^^
[INFO] [stdout] 
[INFO] [stdout] 
[INFO] [stdout] warning: unused import: `vec::Drain`
[INFO] [stdout]  --> grax-impl/src/edges/csr.rs:4:5
[INFO] [stdout]   |
[INFO] [stdout] 4 |     vec::Drain,
[INFO] [stdout]   |     ^^^^^^^^^^
[INFO] [stdout]   |
[INFO] [stdout]   = note: `#[warn(unused_imports)]` on by default
[INFO] [stdout] 
[INFO] [stdout] 
[INFO] [stdout] warning: unused variable: `zero_one`
[INFO] [stdout]   --> grax-impl/src/edges/test.rs:93:9
[INFO] [stdout]    |
[INFO] [stdout] 93 |     let zero_one = assert_eq!(
[INFO] [stdout]    |         ^^^^^^^^ help: if this is intentional, prefix it with an underscore: `_zero_one`
[INFO] [stdout]    |
[INFO] [stdout]    = note: `#[warn(unused_variables)]` on by default
[INFO] [stdout] 
[INFO] [stdout] 
[INFO] [stdout] warning: unused variable: `two`
[INFO] [stdout]    --> grax-impl/src/edges/test.rs:105:9
[INFO] [stdout]     |
[INFO] [stdout] 105 |     let two = id(2);
[INFO] [stdout]     |         ^^^ help: if this is intentional, prefix it with an underscore: `_two`
[INFO] [stdout] 
[INFO] [stdout] 
[INFO] [stdout] warning: unused variable: `visit`
[INFO] [stdout]    --> grax-impl/src/nodes/stable.rs:131:39
[INFO] [stdout]     |
[INFO] [stdout] 131 |     fn retain_nodes<F>(&mut self, mut visit: F)
[INFO] [stdout]     |                                       ^^^^^ help: if this is intentional, prefix it with an underscore: `_visit`
[INFO] [stdout] 
[INFO] [stdout] 
[INFO] [stdout] warning: variable does not need to be mutable
[INFO] [stdout]    --> grax-impl/src/nodes/stable.rs:131:35
[INFO] [stdout]     |
[INFO] [stdout] 131 |     fn retain_nodes<F>(&mut self, mut visit: F)
[INFO] [stdout]     |                                   ----^^^^^
[INFO] [stdout]     |                                   |
[INFO] [stdout]     |                                   help: remove this `mut`
[INFO] [stdout]     |
[INFO] [stdout]     = note: `#[warn(unused_mut)]` on by default
[INFO] [stdout] 
[INFO] [stdout] 
[INFO] [stdout] warning: unused variable: `visit`
[INFO] [stdout]    --> grax-impl/src/nodes/unstable.rs:133:35
[INFO] [stdout]     |
[INFO] [stdout] 133 |     fn retain_nodes<F>(&mut self, visit: F)
[INFO] [stdout]     |                                   ^^^^^ help: if this is intentional, prefix it with an underscore: `_visit`
[INFO] [stdout] 
[INFO] [stdout] 
[INFO] [stdout] warning: unused variable: `one_two`
[INFO] [stdout]   --> grax-impl/src/graph/test.rs:66:9
[INFO] [stdout]    |
[INFO] [stdout] 66 |     let one_two = graph.insert_edge(one, two, 2.0);
[INFO] [stdout]    |         ^^^^^^^ help: if this is intentional, prefix it with an underscore: `_one_two`
[INFO] [stdout] 
[INFO] [stdout] 
[INFO] [stdout] warning: unused variable: `two_three`
[INFO] [stdout]   --> grax-impl/src/graph/test.rs:67:9
[INFO] [stdout]    |
[INFO] [stdout] 67 |     let two_three = graph.insert_edge(two, three, 3.0);
[INFO] [stdout]    |         ^^^^^^^^^ help: if this is intentional, prefix it with an underscore: `_two_three`
[INFO] [stdout] 
[INFO] [stdout] 
[INFO] [stderr]     Finished `test` profile [unoptimized + debuginfo] target(s) in 42.73s
[INFO] running `Command { std: "docker" "inspect" "8b6c63b2076faadd42097204f5b8eb3a0b7b6813b86fc20a2cedf883109dd388", kill_on_drop: false }`
[INFO] running `Command { std: "docker" "rm" "-f" "8b6c63b2076faadd42097204f5b8eb3a0b7b6813b86fc20a2cedf883109dd388", kill_on_drop: false }`
[INFO] [stdout] 8b6c63b2076faadd42097204f5b8eb3a0b7b6813b86fc20a2cedf883109dd388
[INFO] running `Command { std: "docker" "create" "-v" "/var/lib/crater-agent-workspace/builds/worker-4-tc1/target:/opt/rustwide/target:rw,Z" "-v" "/var/lib/crater-agent-workspace/builds/worker-4-tc1/source:/opt/rustwide/workdir:ro,Z" "-v" "/var/lib/crater-agent-workspace/cargo-home:/opt/rustwide/cargo-home:ro,Z" "-v" "/var/lib/crater-agent-workspace/rustup-home:/opt/rustwide/rustup-home:ro,Z" "-e" "SOURCE_DIR=/opt/rustwide/workdir" "-e" "CARGO_TARGET_DIR=/opt/rustwide/target" "-e" "CARGO_INCREMENTAL=0" "-e" "RUST_BACKTRACE=full" "-e" "RUSTFLAGS=--cap-lints=forbid" "-e" "RUSTDOCFLAGS=--cap-lints=forbid" "-e" "CARGO_HOME=/opt/rustwide/cargo-home" "-e" "RUSTUP_HOME=/opt/rustwide/rustup-home" "-w" "/opt/rustwide/workdir" "-m" "1610612736" "--user" "0:0" "--network" "none" "ghcr.io/rust-lang/crates-build-env/linux@sha256:819108c5571ea2e421544af4d832f968d213c87fbe3707a016657f43d2f853bc" "/opt/rustwide/cargo-home/bin/cargo" "+nightly-2025-01-18" "test" "--frozen", kill_on_drop: false }`
[INFO] [stdout] d571f4228b467bb2c1677f0beb86c62712e40b0df49af83e8766fd6a8c167a3b
[INFO] running `Command { std: "docker" "start" "-a" "d571f4228b467bb2c1677f0beb86c62712e40b0df49af83e8766fd6a8c167a3b", kill_on_drop: false }`
[INFO] [stderr] warning: unused import: `vec::Drain`
[INFO] [stderr]  --> grax-impl/src/edges/csr.rs:4:5
[INFO] [stderr]   |
[INFO] [stderr] 4 |     vec::Drain,
[INFO] [stderr]   |     ^^^^^^^^^^
[INFO] [stderr]   |
[INFO] [stderr]   = note: `#[warn(unused_imports)]` on by default
[INFO] [stderr] 
[INFO] [stderr] warning: unused variable: `visit`
[INFO] [stderr]    --> grax-impl/src/nodes/stable.rs:131:39
[INFO] [stderr]     |
[INFO] [stderr] 131 |     fn retain_nodes<F>(&mut self, mut visit: F)
[INFO] [stderr]     |                                       ^^^^^ help: if this is intentional, prefix it with an underscore: `_visit`
[INFO] [stderr]     |
[INFO] [stderr]     = note: `#[warn(unused_variables)]` on by default
[INFO] [stderr] 
[INFO] [stderr] warning: variable does not need to be mutable
[INFO] [stderr]    --> grax-impl/src/nodes/stable.rs:131:35
[INFO] [stderr]     |
[INFO] [stderr] 131 |     fn retain_nodes<F>(&mut self, mut visit: F)
[INFO] [stderr]     |                                   ----^^^^^
[INFO] [stderr]     |                                   |
[INFO] [stderr]     |                                   help: remove this `mut`
[INFO] [stderr]     |
[INFO] [stderr]     = note: `#[warn(unused_mut)]` on by default
[INFO] [stderr] 
[INFO] [stderr] warning: unused variable: `visit`
[INFO] [stderr]    --> grax-impl/src/nodes/unstable.rs:133:35
[INFO] [stderr]     |
[INFO] [stderr] 133 |     fn retain_nodes<F>(&mut self, visit: F)
[INFO] [stderr]     |                                   ^^^^^ help: if this is intentional, prefix it with an underscore: `_visit`
[INFO] [stderr] 
[INFO] [stderr] warning: `grax-impl` (lib) generated 4 warnings (run `cargo fix --lib -p grax-impl` to apply 2 suggestions)
[INFO] [stderr] warning: unused imports: `BitAnd` and `Not`
[INFO] [stderr]  --> grax-algorithms/src/algorithms/cdcl.rs:1:16
[INFO] [stderr]   |
[INFO] [stderr] 1 | use std::ops::{BitAnd, Not};
[INFO] [stderr]   |                ^^^^^^  ^^^
[INFO] [stderr]   |
[INFO] [stderr]   = note: `#[warn(unused_imports)]` on by default
[INFO] [stderr] 
[INFO] [stderr] warning: trait `Candidate` is never used
[INFO] [stderr]   --> grax-algorithms/src/algorithms/cdcl.rs:19:11
[INFO] [stderr]    |
[INFO] [stderr] 19 | pub trait Candidate: Ord {}
[INFO] [stderr]    |           ^^^^^^^^^
[INFO] [stderr]    |
[INFO] [stderr]    = note: `#[warn(dead_code)]` on by default
[INFO] [stderr] 
[INFO] [stderr] warning: trait `Requirement` is never used
[INFO] [stderr]   --> grax-algorithms/src/algorithms/cdcl.rs:21:11
[INFO] [stderr]    |
[INFO] [stderr] 21 | pub trait Requirement {
[INFO] [stderr]    |           ^^^^^^^^^^^
[INFO] [stderr] 
[INFO] [stderr] warning: trait `Term` is never used
[INFO] [stderr]   --> grax-algorithms/src/algorithms/cdcl.rs:30:11
[INFO] [stderr]    |
[INFO] [stderr] 30 | pub trait Term {
[INFO] [stderr]    |           ^^^^
[INFO] [stderr] 
[INFO] [stderr] warning: `grax-algorithms` (lib) generated 4 warnings (run `cargo fix --lib -p grax-algorithms` to apply 1 suggestion)
[INFO] [stderr] warning: `grax-algorithms` (lib test) generated 4 warnings (4 duplicates)
[INFO] [stderr] warning: unused variable: `zero_one`
[INFO] [stderr]   --> grax-impl/src/edges/test.rs:93:9
[INFO] [stderr]    |
[INFO] [stderr] 93 |     let zero_one = assert_eq!(
[INFO] [stderr]    |         ^^^^^^^^ help: if this is intentional, prefix it with an underscore: `_zero_one`
[INFO] [stderr]    |
[INFO] [stderr]    = note: `#[warn(unused_variables)]` on by default
[INFO] [stderr] 
[INFO] [stderr] warning: unused variable: `two`
[INFO] [stderr]    --> grax-impl/src/edges/test.rs:105:9
[INFO] [stderr]     |
[INFO] [stderr] 105 |     let two = id(2);
[INFO] [stderr]     |         ^^^ help: if this is intentional, prefix it with an underscore: `_two`
[INFO] [stderr] 
[INFO] [stderr] warning: unused variable: `visit`
[INFO] [stderr]    --> grax-impl/src/nodes/stable.rs:131:39
[INFO] [stderr]     |
[INFO] [stderr] 131 |     fn retain_nodes<F>(&mut self, mut visit: F)
[INFO] [stderr]     |                                       ^^^^^ help: if this is intentional, prefix it with an underscore: `_visit`
[INFO] [stderr] 
[INFO] [stderr] warning: unused variable: `one_two`
[INFO] [stderr]   --> grax-impl/src/graph/test.rs:66:9
[INFO] [stderr]    |
[INFO] [stderr] 66 |     let one_two = graph.insert_edge(one, two, 2.0);
[INFO] [stderr]    |         ^^^^^^^ help: if this is intentional, prefix it with an underscore: `_one_two`
[INFO] [stderr] 
[INFO] [stderr] warning: unused variable: `two_three`
[INFO] [stderr]   --> grax-impl/src/graph/test.rs:67:9
[INFO] [stderr]    |
[INFO] [stderr] 67 |     let two_three = graph.insert_edge(two, three, 3.0);
[INFO] [stderr]    |         ^^^^^^^^^ help: if this is intentional, prefix it with an underscore: `_two_three`
[INFO] [stderr] 
[INFO] [stderr] warning: `grax-impl` (lib test) generated 8 warnings (3 duplicates)
[INFO] [stderr]     Finished `test` profile [unoptimized + debuginfo] target(s) in 0.21s
[INFO] [stderr]      Running unittests src/lib.rs (/opt/rustwide/target/debug/deps/grax-8d92514238c469ac)
[INFO] [stdout] 
[INFO] [stdout] running 0 tests
[INFO] [stdout] 
[INFO] [stdout] test result: ok. 0 passed; 0 failed; 0 ignored; 0 measured; 0 filtered out; finished in 0.00s
[INFO] [stdout] 
[INFO] [stderr]      Running unittests src/lib.rs (/opt/rustwide/target/debug/deps/grax_algorithms-9e455a94f1c60f29)
[INFO] [stdout] 
[INFO] [stdout] running 145 tests
[INFO] [stdout] test algorithms::bellman_ford::test::bellman_ford_wege_1_di_adj_list ... ok
[INFO] [stdout] test algorithms::bellman_ford::test::bellman_ford_wege_1_di_csr_graph ... ok
[INFO] [stdout] test algorithms::bellman_ford::test::bellman_ford_wege_3_di_adj_list ... ok
[INFO] [stdout] test algorithms::bellman_ford::test::bellman_ford_wege_3_di_csr_graph ... ok
[INFO] [stdout] test algorithms::bfs::test::bfs_bipartite_test ... ok
[INFO] [stdout] test algorithms::bellman_ford::test::bellman_ford_wege_2_di_csr_graph ... ok
[INFO] [stdout] test algorithms::bellman_ford::test::bellman_ford_wege_2_di_adj_list ... ok
[INFO] [stdout] test algorithms::bfs::test::bfs_scc_graph1_adj_list ... ok
[INFO] [stdout] test algorithms::bellman_ford::test::bellman_ford_g_1_2_undi_adj_list ... ok
[INFO] [stdout] test algorithms::bellman_ford::test::bellman_ford_g_1_2_di_adj_list ... ok
[INFO] [stdout] test algorithms::bfs::test::bfs_scc_graph2_adj_list ... ok
[INFO] [stdout] test algorithms::bellman_ford::test::bellman_ford_g_1_2_undi_csr_graph ... ok
[INFO] [stdout] test algorithms::bfs::test::bfs_scc_graph1_csr_mat ... ok
[INFO] [stdout] test algorithms::bfs::test::bfs_scc_graph3_adj_list ... ok
[INFO] [stdout] test algorithms::bfs::test::bfs_scc_graph2_csr_mat ... ok
[INFO] [stdout] test algorithms::bfs::test::bfs_scc_graph3_csr_mat ... ok
[INFO] [stdout] test algorithms::cycle_canceling::test::cycle_canceling_kostenminimal_1_adj_list ... ok
[INFO] [stdout] test algorithms::cycle_canceling::test::cycle_canceling_kostenminimal_1_csr_mat ... ok
[INFO] [stdout] test algorithms::bellman_ford::test::bellman_ford_g_1_2_di_csr_graph ... ok
[INFO] [stdout] test algorithms::cycle_canceling::test::cycle_canceling_kostenminimal_2_adj_list ... ok
[INFO] [stdout] test algorithms::cycle_canceling::test::cycle_canceling_kostenminimal_3_csr_mat ... ok
[INFO] [stdout] test algorithms::cycle_canceling::test::cycle_canceling_kostenminimal_2_csr_mat ... ok
[INFO] [stdout] test algorithms::cycle_canceling::test::cycle_canceling_kostenminimal_3_adj_list ... ok
[INFO] [stdout] test algorithms::cycle_canceling::test::cycle_canceling_kostenminimal_4_adj_list ... ok
[INFO] [stdout] test algorithms::cycle_canceling::test::cycle_canceling_kostenminimal_4_csr_mat ... ok
[INFO] [stdout] test algorithms::branch_bound::test::branch_bound_rec_k_10e_adj_list ... ok
[INFO] [stdout] test algorithms::branch_bound::test::branch_bound_k_10e_adj_list ... ok
[INFO] [stdout] test algorithms::cycle_canceling::test::cycle_canceling_kostenminimal_gross_3_adj_list ... ok
[INFO] [stdout] test algorithms::cycle_canceling::test::cycle_canceling_kostenminimal_gross_3_csr_mat ... ok
[INFO] [stdout] test algorithms::dfs::test::dfs_scc_graph1_adj_list ... ok
[INFO] [stdout] test algorithms::dfs::test::dfs_scc_graph1_csr_mat ... ok
[INFO] [stdout] test algorithms::dfs::test::dfs_scc_graph2_adj_list ... ok
[INFO] [stdout] test algorithms::dfs::test::dfs_scc_graph2_csr_mat ... ok
[INFO] [stdout] test algorithms::dfs::test::dfs_scc_graph3_adj_list ... ok
[INFO] [stdout] test algorithms::dfs::test::dfs_scc_graph3_csr_mat ... ok
[INFO] [stdout] test algorithms::dijkstra::test::dijkstra_g_1_2_di_adj_list ... ok
[INFO] [stdout] test algorithms::dijkstra::test::dijkstra_g_1_2_undi_adj_list ... ok
[INFO] [stdout] test algorithms::dijkstra::test::dijkstra_wege_1_di_adj_list ... ok
[INFO] [stdout] test algorithms::dijkstra::test::dijkstra_wege_2_di_adj_list ... ok
[INFO] [stdout] test algorithms::dijkstra::test::dijkstra_wege_3_di_adj_list - should panic ... ok
[INFO] [stdout] test algorithms::double_tree::test::double_tree_k_10_adj_list ... ok
[INFO] [stdout] test algorithms::double_tree::test::double_tree_k_10_csr_graph ... ok
[INFO] [stdout] test algorithms::double_tree::test::double_tree_k_10_dense_mat ... ok
[INFO] [stdout] test algorithms::double_tree::test::double_tree_k_10e_adj_list ... ok
[INFO] [stdout] test algorithms::double_tree::test::double_tree_k_10e_csr_graph ... ok
[INFO] [stdout] test algorithms::double_tree::test::double_tree_k_10e_dense_mat ... ok
[INFO] [stdout] test algorithms::double_tree::test::double_tree_k_12_adj_list ... ok
[INFO] [stdout] test algorithms::double_tree::test::double_tree_k_12_csr_graph ... ok
[INFO] [stdout] test algorithms::double_tree::test::double_tree_k_12_dense_mat ... ok
[INFO] [stdout] test algorithms::double_tree::test::double_tree_k_12e_adj_list ... ok
[INFO] [stdout] test algorithms::double_tree::test::double_tree_k_12e_csr_graph ... ok
[INFO] [stdout] test algorithms::double_tree::test::double_tree_k_12e_dense_mat ... ok
[INFO] [stdout] test algorithms::edmonds_karp::test::edmonds_karp_fluss2_adj_list ... ok
[INFO] [stdout] test algorithms::edmonds_karp::test::edmonds_karp_fluss2_csr_mat ... ok
[INFO] [stdout] test algorithms::edmonds_karp::test::edmonds_karp_fluss2_dense_mat ... ok
[INFO] [stdout] test algorithms::edmonds_karp::test::edmonds_karp_fluss_adj_list ... ok
[INFO] [stdout] test algorithms::edmonds_karp::test::edmonds_karp_fluss_csr_mat ... ok
[INFO] [stdout] test algorithms::edmonds_karp::test::edmonds_karp_fluss_dense_mat ... ok
[INFO] [stdout] test algorithms::edmonds_karp::test::edmonds_karp_g_1_2_adj_list ... ok
[INFO] [stdout] test algorithms::edmonds_karp::test::edmonds_karp_g_1_2_csr_mat ... ok
[INFO] [stdout] test algorithms::branch_bound::test::branch_bound_rec_k_10_adj_list ... ok
[INFO] [stdout] test algorithms::ford_fulkerson::test::ford_fulkerson_fluss2_adj_list ... ok
[INFO] [stdout] test algorithms::ford_fulkerson::test::ford_fulkerson_fluss2_csr_mat ... ok
[INFO] [stdout] test algorithms::ford_fulkerson::test::ford_fulkerson_fluss2_dense_mat ... ok
[INFO] [stdout] test algorithms::ford_fulkerson::test::ford_fulkerson_fluss_adj_list ... ok
[INFO] [stdout] test algorithms::ford_fulkerson::test::ford_fulkerson_fluss_csr_mat ... ok
[INFO] [stdout] test algorithms::ford_fulkerson::test::ford_fulkerson_fluss_dense_mat ... ok
[INFO] [stdout] test algorithms::branch_bound::test::branch_bound_k_10_adj_list ... ok
[INFO] [stdout] test algorithms::edmonds_karp::test::edmonds_karp_g_1_2_dense_mat ... ok
[INFO] [stdout] test algorithms::kruskal::test::kruskal_graph_10_200_csr_mat ... ok
[INFO] [stdout] test algorithms::kruskal::test::kruskal_graph_10_200_adj_list ... ok
[INFO] [stdout] test algorithms::kruskal::test::kruskal_graph_10_20_csr_mat ... ok
[INFO] [stdout] test algorithms::kruskal::test::kruskal_graph_10_20_adj_list ... ok
[INFO] [stdout] test algorithms::kruskal::test::kruskal_graph_10_20_hash_graph ... ok
[INFO] [stdout] test algorithms::kruskal::test::kruskal_graph_10_200_hash_graph ... ok
[INFO] [stdout] test algorithms::cycle_canceling::test::cycle_canceling_kostenminimal_gross_2_adj_list ... ok
[INFO] [stdout] test algorithms::cycle_canceling::test::cycle_canceling_kostenminimal_gross_1_adj_list ... ok
[INFO] [stdout] test algorithms::cycle_canceling::test::cycle_canceling_kostenminimal_gross_1_csr_mat ... ok
[INFO] [stdout] test algorithms::cycle_canceling::test::cycle_canceling_kostenminimal_gross_2_csr_mat ... ok
[INFO] [stdout] test algorithms::kruskal::test::kruskal_graph_1_20_adj_list ... ok
[INFO] [stdout] test algorithms::kruskal::test::kruskal_graph_1_20_csr_mat ... ok
[INFO] [stdout] test algorithms::brute_force::test::brute_force_k_10_adj_list ... ok
[INFO] [stdout] test algorithms::kruskal::test::kruskal_graph_1_20_dense_mat ... ok
[INFO] [stdout] test algorithms::kruskal::test::kruskal_graph_1_200_dense_mat ... ok
[INFO] [stdout] test algorithms::kruskal::test::kruskal_graph_1_2_csr_mat ... ok
[INFO] [stdout] test algorithms::kruskal::test::kruskal_graph_1_2_adj_list ... ok
[INFO] [stdout] test algorithms::nearest_neighbor::test::nearest_neighbor_k_10_adj_list ... ok
[INFO] [stdout] test algorithms::nearest_neighbor::test::nearest_neighbor_k_10e_adj_list ... ok
[INFO] [stdout] test algorithms::nearest_neighbor::test::nearest_neighbor_k_12_adj_list ... ok
[INFO] [stdout] test algorithms::kruskal::test::kruskal_graph_1_2_hash_graph ... ok
[INFO] [stdout] test algorithms::nearest_neighbor::test::nearest_neighbor_k_12e_adj_list ... ok
[INFO] [stdout] test algorithms::kruskal::test::kruskal_graph_1_2_dense_mat ... ok
[INFO] [stdout] test algorithms::kruskal::test::kruskal_graph_1_200_adj_list ... ok
[INFO] [stdout] test algorithms::kruskal::test::kruskal_graph_1_200_hash_graph ... ok
[INFO] [stdout] test algorithms::kruskal::test::kruskal_graph_1_200_csr_mat ... ok
[INFO] [stdout] test algorithms::prim::test::prim_graph_10_20_adj_list ... ok
[INFO] [stdout] test algorithms::prim::test::prim_graph_10_20_csr_mat ... ok
[INFO] [stdout] test algorithms::kruskal::test::kruskal_graph_1_20_hash_graph ... ok
[INFO] [stdout] test algorithms::prim::test::prim_graph_1_20_adj_list ... ok
[INFO] [stdout] test algorithms::prim::test::prim_graph_1_20_csr_mat ... ok
[INFO] [stdout] test algorithms::prim::test::prim_graph_100_200_adj_list ... ok
[INFO] [stdout] test algorithms::prim::test::prim_graph_1_2_adj_list ... ok
[INFO] [stdout] test algorithms::prim::test::prim_graph_1_2_csr_mat ... ok
[INFO] [stdout] test algorithms::prim::test::prim_graph_1_20_dense_mat ... ok
[INFO] [stdout] test algorithms::ssp::test::ssp_kostenminimal_1_adj_list ... ok
[INFO] [stdout] test algorithms::ssp::test::ssp_kostenminimal_1_csr_mat ... ok
[INFO] [stdout] test algorithms::ssp::test::ssp_kostenminimal_2_adj_list ... ok
[INFO] [stdout] test algorithms::ssp::test::ssp_kostenminimal_2_csr_mat ... ok
[INFO] [stdout] test algorithms::ssp::test::ssp_kostenminimal_3_adj_list ... ok
[INFO] [stdout] test algorithms::ssp::test::ssp_kostenminimal_3_csr_mat ... ok
[INFO] [stdout] test algorithms::ssp::test::ssp_kostenminimal_4_adj_list ... ok
[INFO] [stdout] test algorithms::ssp::test::ssp_kostenminimal_4_csr_mat ... ok
[INFO] [stdout] test algorithms::prim::test::prim_graph_1_2_dense_mat ... ok
[INFO] [stdout] test algorithms::prim::test::prim_graph_10_200_csr_mat ... ok
[INFO] [stdout] test algorithms::prim::test::prim_graph_1_200_adj_list ... ok
[INFO] [stdout] test algorithms::prim::test::prim_graph_10_200_adj_list ... ok
[INFO] [stdout] test algorithms::ssp::test::ssp_kostenminimal_gross_1_csr_mat ... ok
[INFO] [stdout] test algorithms::ssp::test::ssp_kostenminimal_gross_1_adj_list ... ok
[INFO] [stdout] test algorithms::prim::test::prim_graph_100_200_csr_mat ... ok
[INFO] [stdout] test algorithms::kruskal::test::kruskal_graph_10_20_dense_mat ... ok
[INFO] [stdout] test test::read_digraph_10_20_adj_list ... ok
[INFO] [stdout] test algorithms::ssp::test::ssp_kostenminimal_gross_2_csr_mat ... ok
[INFO] [stdout] test test::read_digraph_1_20_adj_list ... ok
[INFO] [stdout] test test::read_digraph_1_2_adj_list ... ok
[INFO] [stdout] test algorithms::ssp::test::ssp_kostenminimal_gross_2_adj_list ... ok
[INFO] [stdout] test test::read_digraph_100_200_adj_list ... ok
[INFO] [stdout] test test::read_graph_10_20_adj_list ... ok
[INFO] [stdout] test test::read_digraph_10_200_adj_list ... ok
[INFO] [stdout] test test::read_graph_1_20_adj_list ... ok
[INFO] [stdout] test test::read_graph_1_2_adj_list ... ok
[INFO] [stdout] test test::read_kostenminimal1_adj_list ... ok
[INFO] [stdout] test test::read_kostenminimal2_adj_list ... ok
[INFO] [stdout] test test::read_kostenminimal3_adj_list ... ok
[INFO] [stdout] test test::read_kostenminimal4_adj_list ... ok
[INFO] [stdout] test test::read_kostenminimal_gross1_adj_list ... ok
[INFO] [stdout] test test::read_kostenminimal_gross2_adj_list ... ok
[INFO] [stdout] test test::read_kostenminimal_gross3_adj_list ... ok
[INFO] [stdout] test test::read_digraph_1_200_adj_list ... ok
[INFO] [stdout] test test::read_graph_10_200_adj_list ... ok
[INFO] [stdout] test test::read_graph_100_200_adj_list ... ok
[INFO] [stdout] test algorithms::ssp::test::ssp_kostenminimal_gross_3_adj_list ... ok
[INFO] [stdout] test test::read_graph_1_200_adj_list ... ok
[INFO] [stdout] test algorithms::ssp::test::ssp_kostenminimal_gross_3_csr_mat ... ok
[INFO] [stdout] test test::read_weightless_graph_gross_adj_graph ... ok
[INFO] [stdout] test algorithms::prim::test::prim_graph_10_20_dense_mat ... ok
[INFO] [stdout] 
[INFO] [stdout] test result: ok. 145 passed; 0 failed; 0 ignored; 0 measured; 0 filtered out; finished in 59.47s
[INFO] [stdout] 
[INFO] [stderr]      Running unittests src/lib.rs (/opt/rustwide/target/debug/deps/grax_core-306b483c19b66798)
[INFO] [stdout] 
[INFO] [stdout] running 0 tests
[INFO] [stdout] 
[INFO] [stdout] test result: ok. 0 passed; 0 failed; 0 ignored; 0 measured; 0 filtered out; finished in 0.00s
[INFO] [stdout] 
[INFO] [stderr]      Running unittests src/lib.rs (/opt/rustwide/target/debug/deps/grax_impl-5c3087059f45a40c)
[INFO] [stdout] 
[INFO] [stdout] running 56 tests
[INFO] [stdout] test edges::adj::test::adj_edge_storage_get ... ok
[INFO] [stdout] test edges::csr::test::csr_edge_storage_adjacent ... ok
[INFO] [stdout] test edges::csr::test::csr_edge_storage_capacity ... ok
[INFO] [stdout] test edges::csr::test::csr_edge_storage_clear ... ok
[INFO] [stdout] test edges::csr::test::csr_edge_storage_count ... ok
[INFO] [stdout] test edges::adj::test::adj_edge_storage_clear ... ok
[INFO] [stdout] test edges::adj::test::adj_edge_storage_adjacent ... ok
[INFO] [stdout] test edges::adj::test::adj_edge_storage_count ... ok
[INFO] [stdout] test edges::hash::test::hash_edge_storage_clear ... ok
[INFO] [stdout] test edges::hash::test::hash_edge_storage_count ... ok
[INFO] [stdout] test edges::csr::test::csr_edge_storage_remove ... ok
[INFO] [stdout] test edges::hash::test::hash_edge_storage_adjacent ... ok
[INFO] [stdout] test edges::adj::test::adj_edge_storage_remove ... ok
[INFO] [stdout] test edges::csr::test::csr_edge_storage_get ... ok
[INFO] [stdout] test edges::hash::test::hash_edge_storage_get ... ok
[INFO] [stdout] test edges::mat::test::dense_edge_storage_count ... ok
[INFO] [stdout] test edges::mat::test::dense_edge_storage_get ... ok
[INFO] [stdout] test edges::mat::test::dense_edge_storage_remove ... ok
[INFO] [stdout] test edges::hash::test::hash_edge_storage_capacity ... ok
[INFO] [stdout] test graph::graph::test::adj_graph_clear ... ok
[INFO] [stdout] test edges::hash::test::hash_edge_storage_remove ... ok
[INFO] [stdout] test edges::mat::test::dense_edge_storage_adjacent ... ok
[INFO] [stdout] test edges::mat::test::dense_edge_storage_clear ... ok
[INFO] [stdout] test graph::graph::test::adj_graph_get ... ok
[INFO] [stdout] test graph::graph::test::adj_graph_index ... ok
[INFO] [stdout] test graph::graph::test::adj_graph_index_adjacent ... ok
[INFO] [stdout] test graph::graph::test::csr_graph_clear ... ok
[INFO] [stdout] test graph::graph::test::csr_graph_create_with_nodes ... ok
[INFO] [stdout] test graph::graph::test::adj_graph_insert_and_contains ... ok
[INFO] [stdout] test graph::graph::test::adj_graph_iter_adjacent ... ok
[INFO] [stdout] test graph::graph::test::adj_graph_create_with_nodes ... ok
[INFO] [stdout] test graph::graph::test::csr_graph_get ... ok
[INFO] [stdout] test graph::graph::test::csr_graph_index ... ok
[INFO] [stdout] test graph::graph::test::csr_graph_index_adjacent ... ok
[INFO] [stdout] test graph::graph::test::csr_graph_insert_and_contains ... ok
[INFO] [stdout] test graph::graph::test::csr_graph_iter_adjacent ... ok
[INFO] [stdout] test graph::graph::test::csr_graph_create_with_capacity ... ok
[INFO] [stdout] test graph::graph::test::dense_graph_create_with_nodes ... ok
[INFO] [stdout] test graph::graph::test::dense_graph_clear ... ok
[INFO] [stdout] test graph::graph::test::dense_graph_get ... ok
[INFO] [stdout] test graph::graph::test::dense_graph_index ... ok
[INFO] [stdout] test graph::graph::test::dense_graph_insert_and_contains ... ok
[INFO] [stdout] test graph::graph::test::dense_graph_iter_adjacent ... ok
[INFO] [stdout] test graph::graph::test::hash_graph_clear ... ok
[INFO] [stdout] test graph::graph::test::hash_graph_create_with_nodes ... ok
[INFO] [stdout] test graph::graph::test::dense_graph_index_adjacent ... ok
[INFO] [stdout] test graph::graph::test::hash_graph_get ... ok
[INFO] [stdout] test graph::graph::test::hash_graph_index ... ok
[INFO] [stdout] test graph::graph::test::hash_graph_insert_and_contains ... ok
[INFO] [stdout] test graph::graph::test::hash_graph_index_adjacent ... ok
[INFO] [stdout] test graph::graph::test::hash_graph_iter_adjacent ... ok
[INFO] [stdout] test graph::graph::test::hash_graph_create_with_capacity ... ok
[INFO] [stdout] test edges::adj::test::adj_edge_storage_capacity ... FAILED
[INFO] [stdout] test graph::graph::test::adj_graph_create_with_capacity ... FAILED
[INFO] [stdout] test edges::mat::test::dense_edge_storage_capacity ... FAILED
[INFO] [stdout] test graph::graph::test::dense_graph_create_with_capacity ... FAILED
[INFO] [stdout] 
[INFO] [stdout] failures:
[INFO] [stdout] 
[INFO] [stdout] ---- edges::adj::test::adj_edge_storage_capacity stdout ----
[INFO] [stdout] 
[INFO] [stdout] thread 'edges::adj::test::adj_edge_storage_capacity' panicked at grax-impl/src/edges/test.rs:19:5:
[INFO] [stdout] assertion failed: cap >= 10
[INFO] [stdout] stack backtrace:
[INFO] [stdout]    0:     0x5634cf3191ba - std::backtrace_rs::backtrace::libunwind::trace::hb059275cfc8d6126
[INFO] [stdout]                                at /rustc/6067b36314ab5eb2eb47cecc464545ba58e1ad24/library/std/src/../../backtrace/src/backtrace/libunwind.rs:116:5
[INFO] [stdout]    1:     0x5634cf3191ba - std::backtrace_rs::backtrace::trace_unsynchronized::h2da071e4327ce3ee
[INFO] [stdout]                                at /rustc/6067b36314ab5eb2eb47cecc464545ba58e1ad24/library/std/src/../../backtrace/src/backtrace/mod.rs:66:5
[INFO] [stdout]    2:     0x5634cf3191ba - std::sys::backtrace::_print_fmt::h842a1474e6f8d23f
[INFO] [stdout]                                at /rustc/6067b36314ab5eb2eb47cecc464545ba58e1ad24/library/std/src/sys/backtrace.rs:66:9
[INFO] [stdout]    3:     0x5634cf3191ba - <std::sys::backtrace::BacktraceLock::print::DisplayBacktrace as core::fmt::Display>::fmt::h71a62eb3b9696b12
[INFO] [stdout]                                at /rustc/6067b36314ab5eb2eb47cecc464545ba58e1ad24/library/std/src/sys/backtrace.rs:39:26
[INFO] [stdout]    4:     0x5634cf341563 - core::fmt::rt::Argument::fmt::hdb6b616786b41dc1
[INFO] [stdout]                                at /rustc/6067b36314ab5eb2eb47cecc464545ba58e1ad24/library/core/src/fmt/rt.rs:177:76
[INFO] [stdout]    5:     0x5634cf341563 - core::fmt::write::h2cc1698af7e2d686
[INFO] [stdout]                                at /rustc/6067b36314ab5eb2eb47cecc464545ba58e1ad24/library/core/src/fmt/mod.rs:1440:21
[INFO] [stdout]    6:     0x5634cf315ca3 - std::io::Write::write_fmt::hab1b4cd059a79022
[INFO] [stdout]                                at /rustc/6067b36314ab5eb2eb47cecc464545ba58e1ad24/library/std/src/io/mod.rs:1887:15
[INFO] [stdout]    7:     0x5634cf319002 - std::sys::backtrace::BacktraceLock::print::h147fe35b4ea13b08
[INFO] [stdout]                                at /rustc/6067b36314ab5eb2eb47cecc464545ba58e1ad24/library/std/src/sys/backtrace.rs:42:9
[INFO] [stdout]    8:     0x5634cf31a5df - std::panicking::default_hook::{{closure}}::hbd44223dbdc0d208
[INFO] [stdout]                                at /rustc/6067b36314ab5eb2eb47cecc464545ba58e1ad24/library/std/src/panicking.rs:298:22
[INFO] [stdout]    9:     0x5634cf31a3f8 - std::panicking::default_hook::h20f81eb0576efcec
[INFO] [stdout]                                at /rustc/6067b36314ab5eb2eb47cecc464545ba58e1ad24/library/std/src/panicking.rs:322:9
[INFO] [stdout]   10:     0x5634cf2ba003 - <alloc::boxed::Box<F,A> as core::ops::function::Fn<Args>>::call::hdb53814c496a4d34
[INFO] [stdout]                                at /rustc/6067b36314ab5eb2eb47cecc464545ba58e1ad24/library/alloc/src/boxed.rs:2027:9
[INFO] [stdout]   11:     0x5634cf2ba003 - test::test_main::{{closure}}::hc0a4963c59427c24
[INFO] [stdout]                                at /rustc/6067b36314ab5eb2eb47cecc464545ba58e1ad24/library/test/src/lib.rs:134:21
[INFO] [stdout]   12:     0x5634cf31b0d3 - <alloc::boxed::Box<F,A> as core::ops::function::Fn<Args>>::call::h591b2225413a77e9
[INFO] [stdout]                                at /rustc/6067b36314ab5eb2eb47cecc464545ba58e1ad24/library/alloc/src/boxed.rs:2027:9
[INFO] [stdout]   13:     0x5634cf31b0d3 - std::panicking::rust_panic_with_hook::h625eea43051b2edc
[INFO] [stdout]                                at /rustc/6067b36314ab5eb2eb47cecc464545ba58e1ad24/library/std/src/panicking.rs:839:13
[INFO] [stdout]   14:     0x5634cf31ad56 - std::panicking::begin_panic_handler::{{closure}}::h4f9159cfbc3f6bd3
[INFO] [stdout]                                at /rustc/6067b36314ab5eb2eb47cecc464545ba58e1ad24/library/std/src/panicking.rs:697:13
[INFO] [stdout]   15:     0x5634cf3196b9 - std::sys::backtrace::__rust_end_short_backtrace::h0390abce48353151
[INFO] [stdout]                                at /rustc/6067b36314ab5eb2eb47cecc464545ba58e1ad24/library/std/src/sys/backtrace.rs:168:18
[INFO] [stdout]   16:     0x5634cf31aa1d - rust_begin_unwind
[INFO] [stdout]                                at /rustc/6067b36314ab5eb2eb47cecc464545ba58e1ad24/library/std/src/panicking.rs:695:5
[INFO] [stdout]   17:     0x5634cf33f4e0 - core::panicking::panic_fmt::h9e7c637e9e5f29c9
[INFO] [stdout]                                at /rustc/6067b36314ab5eb2eb47cecc464545ba58e1ad24/library/core/src/panicking.rs:75:14
[INFO] [stdout]   18:     0x5634cf33f56c - core::panicking::panic::haa3255ea20181a33
[INFO] [stdout]                                at /rustc/6067b36314ab5eb2eb47cecc464545ba58e1ad24/library/core/src/panicking.rs:145:5
[INFO] [stdout]   19:     0x5634cf25ad09 - grax_impl::edges::test::edge_storage_capacity::h1dffd2c21ee5c891
[INFO] [stdout]                                at /opt/rustwide/workdir/grax-impl/src/edges/test.rs:19:5
[INFO] [stdout]   20:     0x5634cf266356 - grax_impl::edges::adj::test::adj_edge_storage_capacity::hd32ef816a51e558d
[INFO] [stdout]                                at /opt/rustwide/workdir/grax-impl/src/edges/adj.rs:300:9
[INFO] [stdout]   21:     0x5634cf266337 - grax_impl::edges::adj::test::adj_edge_storage_capacity::{{closure}}::hef741381c41ae3b3
[INFO] [stdout]                                at /opt/rustwide/workdir/grax-impl/src/edges/adj.rs:299:35
[INFO] [stdout]   22:     0x5634cf261396 - core::ops::function::FnOnce::call_once::h0ba6b0d359f9f7b6
[INFO] [stdout]                                at /rustc/6067b36314ab5eb2eb47cecc464545ba58e1ad24/library/core/src/ops/function.rs:250:5
[INFO] [stdout]   23:     0x5634cf2bf75b - core::ops::function::FnOnce::call_once::he27718dfdd183f43
[INFO] [stdout]                                at /rustc/6067b36314ab5eb2eb47cecc464545ba58e1ad24/library/core/src/ops/function.rs:250:5
[INFO] [stdout]   24:     0x5634cf2bf75b - test::__rust_begin_short_backtrace::h4e84902998457a5d
[INFO] [stdout]                                at /rustc/6067b36314ab5eb2eb47cecc464545ba58e1ad24/library/test/src/lib.rs:632:18
[INFO] [stdout]   25:     0x5634cf2be693 - test::run_test_in_process::{{closure}}::h7176fd18fc1feca0
[INFO] [stdout]                                at /rustc/6067b36314ab5eb2eb47cecc464545ba58e1ad24/library/test/src/lib.rs:655:60
[INFO] [stdout]   26:     0x5634cf2be693 - <core::panic::unwind_safe::AssertUnwindSafe<F> as core::ops::function::FnOnce<()>>::call_once::hf79cff2a624d8cf7
[INFO] [stdout]                                at /rustc/6067b36314ab5eb2eb47cecc464545ba58e1ad24/library/core/src/panic/unwind_safe.rs:272:9
[INFO] [stdout]   27:     0x5634cf2be693 - std::panicking::try::do_call::h3da0561d9ab99c25
[INFO] [stdout]                                at /rustc/6067b36314ab5eb2eb47cecc464545ba58e1ad24/library/std/src/panicking.rs:587:40
[INFO] [stdout]   28:     0x5634cf2be693 - std::panicking::try::h41c9fa508bc61df6
[INFO] [stdout]                                at /rustc/6067b36314ab5eb2eb47cecc464545ba58e1ad24/library/std/src/panicking.rs:550:19
[INFO] [stdout]   29:     0x5634cf2be693 - std::panic::catch_unwind::h6b3ff07bb5afad93
[INFO] [stdout]                                at /rustc/6067b36314ab5eb2eb47cecc464545ba58e1ad24/library/std/src/panic.rs:358:14
[INFO] [stdout]   30:     0x5634cf2be693 - test::run_test_in_process::hc7253dd11b39b9f4
[INFO] [stdout]                                at /rustc/6067b36314ab5eb2eb47cecc464545ba58e1ad24/library/test/src/lib.rs:655:27
[INFO] [stdout]   31:     0x5634cf2be693 - test::run_test::{{closure}}::hfb2007f8649c30bb
[INFO] [stdout]                                at /rustc/6067b36314ab5eb2eb47cecc464545ba58e1ad24/library/test/src/lib.rs:576:43
[INFO] [stdout]   32:     0x5634cf281775 - test::run_test::{{closure}}::h56a17aa7a282a9f4
[INFO] [stdout]                                at /rustc/6067b36314ab5eb2eb47cecc464545ba58e1ad24/library/test/src/lib.rs:606:41
[INFO] [stdout]   33:     0x5634cf281775 - std::sys::backtrace::__rust_begin_short_backtrace::hd2d2d2fb8e8c6aac
[INFO] [stdout]                                at /rustc/6067b36314ab5eb2eb47cecc464545ba58e1ad24/library/std/src/sys/backtrace.rs:152:18
[INFO] [stdout]   34:     0x5634cf28505a - std::thread::Builder::spawn_unchecked_::{{closure}}::{{closure}}::h4faa3f9db6133423
[INFO] [stdout]                                at /rustc/6067b36314ab5eb2eb47cecc464545ba58e1ad24/library/std/src/thread/mod.rs:559:17
[INFO] [stdout]   35:     0x5634cf28505a - <core::panic::unwind_safe::AssertUnwindSafe<F> as core::ops::function::FnOnce<()>>::call_once::hf2e855a36a4ea846
[INFO] [stdout]                                at /rustc/6067b36314ab5eb2eb47cecc464545ba58e1ad24/library/core/src/panic/unwind_safe.rs:272:9
[INFO] [stdout]   36:     0x5634cf28505a - std::panicking::try::do_call::h2f73af3616c35465
[INFO] [stdout]                                at /rustc/6067b36314ab5eb2eb47cecc464545ba58e1ad24/library/std/src/panicking.rs:587:40
[INFO] [stdout]   37:     0x5634cf28505a - std::panicking::try::hd1660ce9efadef5a
[INFO] [stdout]                                at /rustc/6067b36314ab5eb2eb47cecc464545ba58e1ad24/library/std/src/panicking.rs:550:19
[INFO] [stdout]   38:     0x5634cf28505a - std::panic::catch_unwind::h5ee8d7823b8ca744
[INFO] [stdout]                                at /rustc/6067b36314ab5eb2eb47cecc464545ba58e1ad24/library/std/src/panic.rs:358:14
[INFO] [stdout]   39:     0x5634cf28505a - std::thread::Builder::spawn_unchecked_::{{closure}}::h53c3a1894dce8407
[INFO] [stdout]                                at /rustc/6067b36314ab5eb2eb47cecc464545ba58e1ad24/library/std/src/thread/mod.rs:557:30
[INFO] [stdout]   40:     0x5634cf28505a - core::ops::function::FnOnce::call_once{{vtable.shim}}::h048ce291ad4f62bf
[INFO] [stdout]                                at /rustc/6067b36314ab5eb2eb47cecc464545ba58e1ad24/library/core/src/ops/function.rs:250:5
[INFO] [stdout]   41:     0x5634cf31f10b - <alloc::boxed::Box<F,A> as core::ops::function::FnOnce<Args>>::call_once::ha52bedf99a3b4981
[INFO] [stdout]                                at /rustc/6067b36314ab5eb2eb47cecc464545ba58e1ad24/library/alloc/src/boxed.rs:2013:9
[INFO] [stdout]   42:     0x5634cf31f10b - <alloc::boxed::Box<F,A> as core::ops::function::FnOnce<Args>>::call_once::h567748934d80ccf8
[INFO] [stdout]                                at /rustc/6067b36314ab5eb2eb47cecc464545ba58e1ad24/library/alloc/src/boxed.rs:2013:9
[INFO] [stdout]   43:     0x5634cf31f10b - std::sys::pal::unix::thread::Thread::new::thread_start::h2d970728ae887adc
[INFO] [stdout]                                at /rustc/6067b36314ab5eb2eb47cecc464545ba58e1ad24/library/std/src/sys/pal/unix/thread.rs:106:17
[INFO] [stdout]   44:     0x7ae72bef8ac3 - <unknown>
[INFO] [stdout]   45:     0x7ae72bf89a04 - clone
[INFO] [stdout]   46:                0x0 - <unknown>
[INFO] [stdout] 
[INFO] [stdout] ---- graph::graph::test::adj_graph_create_with_capacity stdout ----
[INFO] [stdout] 
[INFO] [stdout] thread 'graph::graph::test::adj_graph_create_with_capacity' panicked at grax-impl/src/graph/test.rs:18:5:
[INFO] [stdout] assertion failed: `(left >= right)`
[INFO] [stdout]   left: `10`,
[INFO] [stdout]  right: `20`
[INFO] [stdout] stack backtrace:
[INFO] [stdout]    0:     0x5634cf3191ba - std::backtrace_rs::backtrace::libunwind::trace::hb059275cfc8d6126
[INFO] [stdout]                                at /rustc/6067b36314ab5eb2eb47cecc464545ba58e1ad24/library/std/src/../../backtrace/src/backtrace/libunwind.rs:116:5
[INFO] [stdout]    1:     0x5634cf3191ba - std::backtrace_rs::backtrace::trace_unsynchronized::h2da071e4327ce3ee
[INFO] [stdout]                                at /rustc/6067b36314ab5eb2eb47cecc464545ba58e1ad24/library/std/src/../../backtrace/src/backtrace/mod.rs:66:5
[INFO] [stdout]    2:     0x5634cf3191ba - std::sys::backtrace::_print_fmt::h842a1474e6f8d23f
[INFO] [stdout]                                at /rustc/6067b36314ab5eb2eb47cecc464545ba58e1ad24/library/std/src/sys/backtrace.rs:66:9
[INFO] [stdout]    3:     0x5634cf3191ba - <std::sys::backtrace::BacktraceLock::print::DisplayBacktrace as core::fmt::Display>::fmt::h71a62eb3b9696b12
[INFO] [stdout]                                at /rustc/6067b36314ab5eb2eb47cecc464545ba58e1ad24/library/std/src/sys/backtrace.rs:39:26
[INFO] [stdout]    4:     0x5634cf341563 - core::fmt::rt::Argument::fmt::hdb6b616786b41dc1
[INFO] [stdout]                                at /rustc/6067b36314ab5eb2eb47cecc464545ba58e1ad24/library/core/src/fmt/rt.rs:177:76
[INFO] [stdout]    5:     0x5634cf341563 - core::fmt::write::h2cc1698af7e2d686
[INFO] [stdout]                                at /rustc/6067b36314ab5eb2eb47cecc464545ba58e1ad24/library/core/src/fmt/mod.rs:1440:21
[INFO] [stdout]    6:     0x5634cf315ca3 - std::io::Write::write_fmt::hab1b4cd059a79022
[INFO] [stdout]                                at /rustc/6067b36314ab5eb2eb47cecc464545ba58e1ad24/library/std/src/io/mod.rs:1887:15
[INFO] [stdout]    7:     0x5634cf319002 - std::sys::backtrace::BacktraceLock::print::h147fe35b4ea13b08
[INFO] [stdout]                                at /rustc/6067b36314ab5eb2eb47cecc464545ba58e1ad24/library/std/src/sys/backtrace.rs:42:9
[INFO] [stdout]    8:     0x5634cf31a5df - std::panicking::default_hook::{{closure}}::hbd44223dbdc0d208
[INFO] [stdout]                                at /rustc/6067b36314ab5eb2eb47cecc464545ba58e1ad24/library/std/src/panicking.rs:298:22
[INFO] [stdout]    9:     0x5634cf31a3f8 - std::panicking::default_hook::h20f81eb0576efcec
[INFO] [stdout]                                at /rustc/6067b36314ab5eb2eb47cecc464545ba58e1ad24/library/std/src/panicking.rs:322:9
[INFO] [stdout]   10:     0x5634cf2ba003 - <alloc::boxed::Box<F,A> as core::ops::function::Fn<Args>>::call::hdb53814c496a4d34
[INFO] [stdout]                                at /rustc/6067b36314ab5eb2eb47cecc464545ba58e1ad24/library/alloc/src/boxed.rs:2027:9
[INFO] [stdout]   11:     0x5634cf2ba003 - test::test_main::{{closure}}::hc0a4963c59427c24
[INFO] [stdout]                                at /rustc/6067b36314ab5eb2eb47cecc464545ba58e1ad24/library/test/src/lib.rs:134:21
[INFO] [stdout]   12:     0x5634cf31b0d3 - <alloc::boxed::Box<F,A> as core::ops::function::Fn<Args>>::call::h591b2225413a77e9
[INFO] [stdout]                                at /rustc/6067b36314ab5eb2eb47cecc464545ba58e1ad24/library/alloc/src/boxed.rs:2027:9
[INFO] [stdout]   13:     0x5634cf31b0d3 - std::panicking::rust_panic_with_hook::h625eea43051b2edc
[INFO] [stdout]                                at /rustc/6067b36314ab5eb2eb47cecc464545ba58e1ad24/library/std/src/panicking.rs:839:13
[INFO] [stdout]   14:     0x5634cf31ad8a - std::panicking::begin_panic_handler::{{closure}}::h4f9159cfbc3f6bd3
[INFO] [stdout]                                at /rustc/6067b36314ab5eb2eb47cecc464545ba58e1ad24/library/std/src/panicking.rs:704:13
[INFO] [stdout]   15:     0x5634cf3196b9 - std::sys::backtrace::__rust_end_short_backtrace::h0390abce48353151
[INFO] [stdout]                                at /rustc/6067b36314ab5eb2eb47cecc464545ba58e1ad24/library/std/src/sys/backtrace.rs:168:18
[INFO] [stdout]   16:     0x5634cf31aa1d - rust_begin_unwind
[INFO] [stdout]                                at /rustc/6067b36314ab5eb2eb47cecc464545ba58e1ad24/library/std/src/panicking.rs:695:5
[INFO] [stdout]   17:     0x5634cf33f4e0 - core::panicking::panic_fmt::h9e7c637e9e5f29c9
[INFO] [stdout]                                at /rustc/6067b36314ab5eb2eb47cecc464545ba58e1ad24/library/core/src/panicking.rs:75:14
[INFO] [stdout]   18:     0x5634cf2ed6e3 - more_asserts::inner::assert_failed_impl::h6c2a4ecd09884be9
[INFO] [stdout]                                at /opt/rustwide/cargo-home/registry/src/index.crates.io-1949cf8c6b5b557f/more-asserts-0.3.1/src/inner.rs:60:9
[INFO] [stdout]   19:     0x5634cf2ed46c - more_asserts::inner::assert_failed_nomsg_impl::h1fc10f8a72a8c1f6
[INFO] [stdout]                                at /opt/rustwide/cargo-home/registry/src/index.crates.io-1949cf8c6b5b557f/more-asserts-0.3.1/src/inner.rs:25:5
[INFO] [stdout]   20:     0x5634cf2607b0 - more_asserts::__private::assert_failed_nomsg::h2b47caec5fba8b6f
[INFO] [stdout]                                at /opt/rustwide/cargo-home/registry/src/index.crates.io-1949cf8c6b5b557f/more-asserts-0.3.1/src/lib.rs:76:9
[INFO] [stdout]   21:     0x5634cf26be02 - grax_impl::graph::test::graph_create_with_capacity::ha3d13c15e29e3ada
[INFO] [stdout]                                at /opt/rustwide/workdir/grax-impl/src/graph/test.rs:18:5
[INFO] [stdout]   22:     0x5634cf277da6 - grax_impl::graph::graph::test::adj_graph_create_with_capacity::h0fbdad1cc0d452d8
[INFO] [stdout]                                at /opt/rustwide/workdir/grax-impl/src/graph/graph.rs:648:9
[INFO] [stdout]   23:     0x5634cf277d87 - grax_impl::graph::graph::test::adj_graph_create_with_capacity::{{closure}}::h9de26300d20f208e
[INFO] [stdout]                                at /opt/rustwide/workdir/grax-impl/src/graph/graph.rs:647:44
[INFO] [stdout]   24:     0x5634cf2622c6 - core::ops::function::FnOnce::call_once::hed92cefb223fb8ed
[INFO] [stdout]                                at /rustc/6067b36314ab5eb2eb47cecc464545ba58e1ad24/library/core/src/ops/function.rs:250:5
[INFO] [stdout]   25:     0x5634cf2bf75b - core::ops::function::FnOnce::call_once::he27718dfdd183f43
[INFO] [stdout]                                at /rustc/6067b36314ab5eb2eb47cecc464545ba58e1ad24/library/core/src/ops/function.rs:250:5
[INFO] [stdout]   26:     0x5634cf2bf75b - test::__rust_begin_short_backtrace::h4e84902998457a5d
[INFO] [stdout]                                at /rustc/6067b36314ab5eb2eb47cecc464545ba58e1ad24/library/test/src/lib.rs:632:18
[INFO] [stdout]   27:     0x5634cf2be693 - test::run_test_in_process::{{closure}}::h7176fd18fc1feca0
[INFO] [stdout]                                at /rustc/6067b36314ab5eb2eb47cecc464545ba58e1ad24/library/test/src/lib.rs:655:60
[INFO] [stdout]   28:     0x5634cf2be693 - <core::panic::unwind_safe::AssertUnwindSafe<F> as core::ops::function::FnOnce<()>>::call_once::hf79cff2a624d8cf7
[INFO] [stdout]                                at /rustc/6067b36314ab5eb2eb47cecc464545ba58e1ad24/library/core/src/panic/unwind_safe.rs:272:9
[INFO] [stdout]   29:     0x5634cf2be693 - std::panicking::try::do_call::h3da0561d9ab99c25
[INFO] [stdout]                                at /rustc/6067b36314ab5eb2eb47cecc464545ba58e1ad24/library/std/src/panicking.rs:587:40
[INFO] [stdout]   30:     0x5634cf2be693 - std::panicking::try::h41c9fa508bc61df6
[INFO] [stdout]                                at /rustc/6067b36314ab5eb2eb47cecc464545ba58e1ad24/library/std/src/panicking.rs:550:19
[INFO] [stdout]   31:     0x5634cf2be693 - std::panic::catch_unwind::h6b3ff07bb5afad93
[INFO] [stdout]                                at /rustc/6067b36314ab5eb2eb47cecc464545ba58e1ad24/library/std/src/panic.rs:358:14
[INFO] [stdout]   32:     0x5634cf2be693 - test::run_test_in_process::hc7253dd11b39b9f4
[INFO] [stdout]                                at /rustc/6067b36314ab5eb2eb47cecc464545ba58e1ad24/library/test/src/lib.rs:655:27
[INFO] [stdout]   33:     0x5634cf2be693 - test::run_test::{{closure}}::hfb2007f8649c30bb
[INFO] [stdout]                                at /rustc/6067b36314ab5eb2eb47cecc464545ba58e1ad24/library/test/src/lib.rs:576:43
[INFO] [stdout]   34:     0x5634cf281775 - test::run_test::{{closure}}::h56a17aa7a282a9f4
[INFO] [stdout]                                at /rustc/6067b36314ab5eb2eb47cecc464545ba58e1ad24/library/test/src/lib.rs:606:41
[INFO] [stdout]   35:     0x5634cf281775 - std::sys::backtrace::__rust_begin_short_backtrace::hd2d2d2fb8e8c6aac
[INFO] [stdout]                                at /rustc/6067b36314ab5eb2eb47cecc464545ba58e1ad24/library/std/src/sys/backtrace.rs:152:18
[INFO] [stdout]   36:     0x5634cf28505a - std::thread::Builder::spawn_unchecked_::{{closure}}::{{closure}}::h4faa3f9db6133423
[INFO] [stdout]                                at /rustc/6067b36314ab5eb2eb47cecc464545ba58e1ad24/library/std/src/thread/mod.rs:559:17
[INFO] [stdout]   37:     0x5634cf28505a - <core::panic::unwind_safe::AssertUnwindSafe<F> as core::ops::function::FnOnce<()>>::call_once::hf2e855a36a4ea846
[INFO] [stdout]                                at /rustc/6067b36314ab5eb2eb47cecc464545ba58e1ad24/library/core/src/panic/unwind_safe.rs:272:9
[INFO] [stdout]   38:     0x5634cf28505a - std::panicking::try::do_call::h2f73af3616c35465
[INFO] [stdout]                                at /rustc/6067b36314ab5eb2eb47cecc464545ba58e1ad24/library/std/src/panicking.rs:587:40
[INFO] [stdout]   39:     0x5634cf28505a - std::panicking::try::hd1660ce9efadef5a
[INFO] [stdout]                                at /rustc/6067b36314ab5eb2eb47cecc464545ba58e1ad24/library/std/src/panicking.rs:550:19
[INFO] [stdout]   40:     0x5634cf28505a - std::panic::catch_unwind::h5ee8d7823b8ca744
[INFO] [stdout]                                at /rustc/6067b36314ab5eb2eb47cecc464545ba58e1ad24/library/std/src/panic.rs:358:14
[INFO] [stdout]   41:     0x5634cf28505a - std::thread::Builder::spawn_unchecked_::{{closure}}::h53c3a1894dce8407
[INFO] [stdout]                                at /rustc/6067b36314ab5eb2eb47cecc464545ba58e1ad24/library/std/src/thread/mod.rs:557:30
[INFO] [stdout]   42:     0x5634cf28505a - core::ops::function::FnOnce::call_once{{vtable.shim}}::h048ce291ad4f62bf
[INFO] [stdout]                                at /rustc/6067b36314ab5eb2eb47cecc464545ba58e1ad24/library/core/src/ops/function.rs:250:5
[INFO] [stdout]   43:     0x5634cf31f10b - <alloc::boxed::Box<F,A> as core::ops::function::FnOnce<Args>>::call_once::ha52bedf99a3b4981
[INFO] [stdout]                                at /rustc/6067b36314ab5eb2eb47cecc464545ba58e1ad24/library/alloc/src/boxed.rs:2013:9
[INFO] [stdout]   44:     0x5634cf31f10b - <alloc::boxed::Box<F,A> as core::ops::function::FnOnce<Args>>::call_once::h567748934d80ccf8
[INFO] [stdout]                                at /rustc/6067b36314ab5eb2eb47cecc464545ba58e1ad24/library/alloc/src/boxed.rs:2013:9
[INFO] [stdout]   45:     0x5634cf31f10b - std::sys::pal::unix::thread::Thread::new::thread_start::h2d970728ae887adc
[INFO] [stdout]                                at /rustc/6067b36314ab5eb2eb47cecc464545ba58e1ad24/library/std/src/sys/pal/unix/thread.rs:106:17
[INFO] [stdout]   46:     0x7ae72bef8ac3 - <unknown>
[INFO] [stdout]   47:     0x7ae72bf89a04 - clone
[INFO] [stdout]   48:                0x0 - <unknown>
[INFO] [stdout] 
[INFO] [stdout] ---- edges::mat::test::dense_edge_storage_capacity stdout ----
[INFO] [stdout] 
[INFO] [stdout] thread 'edges::mat::test::dense_edge_storage_capacity' panicked at grax-impl/src/edges/test.rs:19:5:
[INFO] [stdout] assertion failed: cap >= 10
[INFO] [stdout] stack backtrace:
[INFO] [stdout]    0:     0x5634cf3191ba - std::backtrace_rs::backtrace::libunwind::trace::hb059275cfc8d6126
[INFO] [stdout]                                at /rustc/6067b36314ab5eb2eb47cecc464545ba58e1ad24/library/std/src/../../backtrace/src/backtrace/libunwind.rs:116:5
[INFO] [stdout]    1:     0x5634cf3191ba - std::backtrace_rs::backtrace::trace_unsynchronized::h2da071e4327ce3ee
[INFO] [stdout]                                at /rustc/6067b36314ab5eb2eb47cecc464545ba58e1ad24/library/std/src/../../backtrace/src/backtrace/mod.rs:66:5
[INFO] [stdout]    2:     0x5634cf3191ba - std::sys::backtrace::_print_fmt::h842a1474e6f8d23f
[INFO] [stdout]                                at /rustc/6067b36314ab5eb2eb47cecc464545ba58e1ad24/library/std/src/sys/backtrace.rs:66:9
[INFO] [stdout]    3:     0x5634cf3191ba - <std::sys::backtrace::BacktraceLock::print::DisplayBacktrace as core::fmt::Display>::fmt::h71a62eb3b9696b12
[INFO] [stdout]                                at /rustc/6067b36314ab5eb2eb47cecc464545ba58e1ad24/library/std/src/sys/backtrace.rs:39:26
[INFO] [stdout]    4:     0x5634cf341563 - core::fmt::rt::Argument::fmt::hdb6b616786b41dc1
[INFO] [stdout]                                at /rustc/6067b36314ab5eb2eb47cecc464545ba58e1ad24/library/core/src/fmt/rt.rs:177:76
[INFO] [stdout]    5:     0x5634cf341563 - core::fmt::write::h2cc1698af7e2d686
[INFO] [stdout]                                at /rustc/6067b36314ab5eb2eb47cecc464545ba58e1ad24/library/core/src/fmt/mod.rs:1440:21
[INFO] [stdout]    6:     0x5634cf315ca3 - std::io::Write::write_fmt::hab1b4cd059a79022
[INFO] [stdout]                                at /rustc/6067b36314ab5eb2eb47cecc464545ba58e1ad24/library/std/src/io/mod.rs:1887:15
[INFO] [stdout]    7:     0x5634cf319002 - std::sys::backtrace::BacktraceLock::print::h147fe35b4ea13b08
[INFO] [stdout]                                at /rustc/6067b36314ab5eb2eb47cecc464545ba58e1ad24/library/std/src/sys/backtrace.rs:42:9
[INFO] [stdout]    8:     0x5634cf31a5df - std::panicking::default_hook::{{closure}}::hbd44223dbdc0d208
[INFO] [stdout]                                at /rustc/6067b36314ab5eb2eb47cecc464545ba58e1ad24/library/std/src/panicking.rs:298:22
[INFO] [stdout]    9:     0x5634cf31a3f8 - std::panicking::default_hook::h20f81eb0576efcec
[INFO] [stdout]                                at /rustc/6067b36314ab5eb2eb47cecc464545ba58e1ad24/library/std/src/panicking.rs:322:9
[INFO] [stdout]   10:     0x5634cf2ba003 - <alloc::boxed::Box<F,A> as core::ops::function::Fn<Args>>::call::hdb53814c496a4d34
[INFO] [stdout]                                at /rustc/6067b36314ab5eb2eb47cecc464545ba58e1ad24/library/alloc/src/boxed.rs:2027:9
[INFO] [stdout]   11:     0x5634cf2ba003 - test::test_main::{{closure}}::hc0a4963c59427c24
[INFO] [stdout]                                at /rustc/6067b36314ab5eb2eb47cecc464545ba58e1ad24/library/test/src/lib.rs:134:21
[INFO] [stdout]   12:     0x5634cf31b0d3 - <alloc::boxed::Box<F,A> as core::ops::function::Fn<Args>>::call::h591b2225413a77e9
[INFO] [stdout]                                at /rustc/6067b36314ab5eb2eb47cecc464545ba58e1ad24/library/alloc/src/boxed.rs:2027:9
[INFO] [stdout]   13:     0x5634cf31b0d3 - std::panicking::rust_panic_with_hook::h625eea43051b2edc
[INFO] [stdout]                                at /rustc/6067b36314ab5eb2eb47cecc464545ba58e1ad24/library/std/src/panicking.rs:839:13
[INFO] [stdout]   14:     0x5634cf31ad56 - std::panicking::begin_panic_handler::{{closure}}::h4f9159cfbc3f6bd3
[INFO] [stdout]                                at /rustc/6067b36314ab5eb2eb47cecc464545ba58e1ad24/library/std/src/panicking.rs:697:13
[INFO] [stdout]   15:     0x5634cf3196b9 - std::sys::backtrace::__rust_end_short_backtrace::h0390abce48353151
[INFO] [stdout]                                at /rustc/6067b36314ab5eb2eb47cecc464545ba58e1ad24/library/std/src/sys/backtrace.rs:168:18
[INFO] [stdout]   16:     0x5634cf31aa1d - rust_begin_unwind
[INFO] [stdout]                                at /rustc/6067b36314ab5eb2eb47cecc464545ba58e1ad24/library/std/src/panicking.rs:695:5
[INFO] [stdout]   17:     0x5634cf33f4e0 - core::panicking::panic_fmt::h9e7c637e9e5f29c9
[INFO] [stdout]                                at /rustc/6067b36314ab5eb2eb47cecc464545ba58e1ad24/library/core/src/panicking.rs:75:14
[INFO] [stdout]   18:     0x5634cf33f56c - core::panicking::panic::haa3255ea20181a33
[INFO] [stdout]                                at /rustc/6067b36314ab5eb2eb47cecc464545ba58e1ad24/library/core/src/panicking.rs:145:5
[INFO] [stdout]   19:     0x5634cf25ae09 - grax_impl::edges::test::edge_storage_capacity::h26d101dd7620fbdd
[INFO] [stdout]                                at /opt/rustwide/workdir/grax-impl/src/edges/test.rs:19:5
[INFO] [stdout]   20:     0x5634cf2576a6 - grax_impl::edges::mat::test::dense_edge_storage_capacity::h916066964404c529
[INFO] [stdout]                                at /opt/rustwide/workdir/grax-impl/src/edges/mat.rs:290:9
[INFO] [stdout]   21:     0x5634cf257687 - grax_impl::edges::mat::test::dense_edge_storage_capacity::{{closure}}::h4a03ded817c04356
[INFO] [stdout]                                at /opt/rustwide/workdir/grax-impl/src/edges/mat.rs:289:37
[INFO] [stdout]   22:     0x5634cf261726 - core::ops::function::FnOnce::call_once::h5a31f9004d4b58fd
[INFO] [stdout]                                at /rustc/6067b36314ab5eb2eb47cecc464545ba58e1ad24/library/core/src/ops/function.rs:250:5
[INFO] [stdout]   23:     0x5634cf2bf75b - core::ops::function::FnOnce::call_once::he27718dfdd183f43
[INFO] [stdout]                                at /rustc/6067b36314ab5eb2eb47cecc464545ba58e1ad24/library/core/src/ops/function.rs:250:5
[INFO] [stdout]   24:     0x5634cf2bf75b - test::__rust_begin_short_backtrace::h4e84902998457a5d
[INFO] [stdout]                                at /rustc/6067b36314ab5eb2eb47cecc464545ba58e1ad24/library/test/src/lib.rs:632:18
[INFO] [stdout]   25:     0x5634cf2be693 - test::run_test_in_process::{{closure}}::h7176fd18fc1feca0
[INFO] [stdout]                                at /rustc/6067b36314ab5eb2eb47cecc464545ba58e1ad24/library/test/src/lib.rs:655:60
[INFO] [stdout]   26:     0x5634cf2be693 - <core::panic::unwind_safe::AssertUnwindSafe<F> as core::ops::function::FnOnce<()>>::call_once::hf79cff2a624d8cf7
[INFO] [stdout]                                at /rustc/6067b36314ab5eb2eb47cecc464545ba58e1ad24/library/core/src/panic/unwind_safe.rs:272:9
[INFO] [stdout]   27:     0x5634cf2be693 - std::panicking::try::do_call::h3da0561d9ab99c25
[INFO] [stdout]                                at /rustc/6067b36314ab5eb2eb47cecc464545ba58e1ad24/library/std/src/panicking.rs:587:40
[INFO] [stdout]   28:     0x5634cf2be693 - std::panicking::try::h41c9fa508bc61df6
[INFO] [stdout]                                at /rustc/6067b36314ab5eb2eb47cecc464545ba58e1ad24/library/std/src/panicking.rs:550:19
[INFO] [stdout]   29:     0x5634cf2be693 - std::panic::catch_unwind::h6b3ff07bb5afad93
[INFO] [stdout]                                at /rustc/6067b36314ab5eb2eb47cecc464545ba58e1ad24/library/std/src/panic.rs:358:14
[INFO] [stdout]   30:     0x5634cf2be693 - test::run_test_in_process::hc7253dd11b39b9f4
[INFO] [stdout]                                at /rustc/6067b36314ab5eb2eb47cecc464545ba58e1ad24/library/test/src/lib.rs:655:27
[INFO] [stdout]   31:     0x5634cf2be693 - test::run_test::{{closure}}::hfb2007f8649c30bb
[INFO] [stdout]                                at /rustc/6067b36314ab5eb2eb47cecc464545ba58e1ad24/library/test/src/lib.rs:576:43
[INFO] [stdout]   32:     0x5634cf281775 - test::run_test::{{closure}}::h56a17aa7a282a9f4
[INFO] [stdout]                                at /rustc/6067b36314ab5eb2eb47cecc464545ba58e1ad24/library/test/src/lib.rs:606:41
[INFO] [stdout]   33:     0x5634cf281775 - std::sys::backtrace::__rust_begin_short_backtrace::hd2d2d2fb8e8c6aac
[INFO] [stdout]                                at /rustc/6067b36314ab5eb2eb47cecc464545ba58e1ad24/library/std/src/sys/backtrace.rs:152:18
[INFO] [stdout]   34:     0x5634cf28505a - std::thread::Builder::spawn_unchecked_::{{closure}}::{{closure}}::h4faa3f9db6133423
[INFO] [stdout]                                at /rustc/6067b36314ab5eb2eb47cecc464545ba58e1ad24/library/std/src/thread/mod.rs:559:17
[INFO] [stdout]   35:     0x5634cf28505a - <core::panic::unwind_safe::AssertUnwindSafe<F> as core::ops::function::FnOnce<()>>::call_once::hf2e855a36a4ea846
[INFO] [stdout]                                at /rustc/6067b36314ab5eb2eb47cecc464545ba58e1ad24/library/core/src/panic/unwind_safe.rs:272:9
[INFO] [stdout]   36:     0x5634cf28505a - std::panicking::try::do_call::h2f73af3616c35465
[INFO] [stdout]                                at /rustc/6067b36314ab5eb2eb47cecc464545ba58e1ad24/library/std/src/panicking.rs:587:40
[INFO] [stdout]   37:     0x5634cf28505a - std::panicking::try::hd1660ce9efadef5a
[INFO] [stdout]                                at /rustc/6067b36314ab5eb2eb47cecc464545ba58e1ad24/library/std/src/panicking.rs:550:19
[INFO] [stdout]   38:     0x5634cf28505a - std::panic::catch_unwind::h5ee8d7823b8ca744
[INFO] [stdout]                                at /rustc/6067b36314ab5eb2eb47cecc464545ba58e1ad24/library/std/src/panic.rs:358:14
[INFO] [stdout]   39:     0x5634cf28505a - std::thread::Builder::spawn_unchecked_::{{closure}}::h53c3a1894dce8407
[INFO] [stdout]                                at /rustc/6067b36314ab5eb2eb47cecc464545ba58e1ad24/library/std/src/thread/mod.rs:557:30
[INFO] [stdout]   40:     0x5634cf28505a - core::ops::function::FnOnce::call_once{{vtable.shim}}::h048ce291ad4f62bf
[INFO] [stdout]                                at /rustc/6067b36314ab5eb2eb47cecc464545ba58e1ad24/library/core/src/ops/function.rs:250:5
[INFO] [stdout]   41:     0x5634cf31f10b - <alloc::boxed::Box<F,A> as core::ops::function::FnOnce<Args>>::call_once::ha52bedf99a3b4981
[INFO] [stdout]                                at /rustc/6067b36314ab5eb2eb47cecc464545ba58e1ad24/library/alloc/src/boxed.rs:2013:9
[INFO] [stdout]   42:     0x5634cf31f10b - <alloc::boxed::Box<F,A> as core::ops::function::FnOnce<Args>>::call_once::h567748934d80ccf8
[INFO] [stdout]                                at /rustc/6067b36314ab5eb2eb47cecc464545ba58e1ad24/library/alloc/src/boxed.rs:2013:9
[INFO] [stdout]   43:     0x5634cf31f10b - std::sys::pal::unix::thread::Thread::new::thread_start::h2d970728ae887adc
[INFO] [stdout]                                at /rustc/6067b36314ab5eb2eb47cecc464545ba58e1ad24/library/std/src/sys/pal/unix/thread.rs:106:17
[INFO] [stdout]   44:     0x7ae72bef8ac3 - <unknown>
[INFO] [stdout]   45:     0x7ae72bf89a04 - clone
[INFO] [stdout]   46:                0x0 - <unknown>
[INFO] [stdout] 
[INFO] [stdout] ---- graph::graph::test::dense_graph_create_with_capacity stdout ----
[INFO] [stdout] 
[INFO] [stdout] thread 'graph::graph::test::dense_graph_create_with_capacity' panicked at grax-impl/src/graph/test.rs:18:5:
[INFO] [stdout] assertion failed: `(left >= right)`
[INFO] [stdout]   left: `8`,
[INFO] [stdout]  right: `20`
[INFO] [stdout] stack backtrace:
[INFO] [stdout]    0:     0x5634cf3191ba - std::backtrace_rs::backtrace::libunwind::trace::hb059275cfc8d6126
[INFO] [stdout]                                at /rustc/6067b36314ab5eb2eb47cecc464545ba58e1ad24/library/std/src/../../backtrace/src/backtrace/libunwind.rs:116:5
[INFO] [stdout]    1:     0x5634cf3191ba - std::backtrace_rs::backtrace::trace_unsynchronized::h2da071e4327ce3ee
[INFO] [stdout]                                at /rustc/6067b36314ab5eb2eb47cecc464545ba58e1ad24/library/std/src/../../backtrace/src/backtrace/mod.rs:66:5
[INFO] [stdout]    2:     0x5634cf3191ba - std::sys::backtrace::_print_fmt::h842a1474e6f8d23f
[INFO] [stdout]                                at /rustc/6067b36314ab5eb2eb47cecc464545ba58e1ad24/library/std/src/sys/backtrace.rs:66:9
[INFO] [stdout]    3:     0x5634cf3191ba - <std::sys::backtrace::BacktraceLock::print::DisplayBacktrace as core::fmt::Display>::fmt::h71a62eb3b9696b12
[INFO] [stdout]                                at /rustc/6067b36314ab5eb2eb47cecc464545ba58e1ad24/library/std/src/sys/backtrace.rs:39:26
[INFO] [stdout]    4:     0x5634cf341563 - core::fmt::rt::Argument::fmt::hdb6b616786b41dc1
[INFO] [stdout]                                at /rustc/6067b36314ab5eb2eb47cecc464545ba58e1ad24/library/core/src/fmt/rt.rs:177:76
[INFO] [stdout]    5:     0x5634cf341563 - core::fmt::write::h2cc1698af7e2d686
[INFO] [stdout]                                at /rustc/6067b36314ab5eb2eb47cecc464545ba58e1ad24/library/core/src/fmt/mod.rs:1440:21
[INFO] [stdout]    6:     0x5634cf315ca3 - std::io::Write::write_fmt::hab1b4cd059a79022
[INFO] [stdout]                                at /rustc/6067b36314ab5eb2eb47cecc464545ba58e1ad24/library/std/src/io/mod.rs:1887:15
[INFO] [stdout]    7:     0x5634cf319002 - std::sys::backtrace::BacktraceLock::print::h147fe35b4ea13b08
[INFO] [stdout]                                at /rustc/6067b36314ab5eb2eb47cecc464545ba58e1ad24/library/std/src/sys/backtrace.rs:42:9
[INFO] [stdout]    8:     0x5634cf31a5df - std::panicking::default_hook::{{closure}}::hbd44223dbdc0d208
[INFO] [stdout]                                at /rustc/6067b36314ab5eb2eb47cecc464545ba58e1ad24/library/std/src/panicking.rs:298:22
[INFO] [stdout]    9:     0x5634cf31a3f8 - std::panicking::default_hook::h20f81eb0576efcec
[INFO] [stdout]                                at /rustc/6067b36314ab5eb2eb47cecc464545ba58e1ad24/library/std/src/panicking.rs:322:9
[INFO] [stdout]   10:     0x5634cf2ba003 - <alloc::boxed::Box<F,A> as core::ops::function::Fn<Args>>::call::hdb53814c496a4d34
[INFO] [stdout]                                at /rustc/6067b36314ab5eb2eb47cecc464545ba58e1ad24/library/alloc/src/boxed.rs:2027:9
[INFO] [stdout]   11:     0x5634cf2ba003 - test::test_main::{{closure}}::hc0a4963c59427c24
[INFO] [stdout]                                at /rustc/6067b36314ab5eb2eb47cecc464545ba58e1ad24/library/test/src/lib.rs:134:21
[INFO] [stdout]   12:     0x5634cf31b0d3 - <alloc::boxed::Box<F,A> as core::ops::function::Fn<Args>>::call::h591b2225413a77e9
[INFO] [stdout]                                at /rustc/6067b36314ab5eb2eb47cecc464545ba58e1ad24/library/alloc/src/boxed.rs:2027:9
[INFO] [stdout]   13:     0x5634cf31b0d3 - std::panicking::rust_panic_with_hook::h625eea43051b2edc
[INFO] [stdout]                                at /rustc/6067b36314ab5eb2eb47cecc464545ba58e1ad24/library/std/src/panicking.rs:839:13
[INFO] [stdout]   14:     0x5634cf31ad8a - std::panicking::begin_panic_handler::{{closure}}::h4f9159cfbc3f6bd3
[INFO] [stdout]                                at /rustc/6067b36314ab5eb2eb47cecc464545ba58e1ad24/library/std/src/panicking.rs:704:13
[INFO] [stdout]   15:     0x5634cf3196b9 - std::sys::backtrace::__rust_end_short_backtrace::h0390abce48353151
[INFO] [stdout]                                at /rustc/6067b36314ab5eb2eb47cecc464545ba58e1ad24/library/std/src/sys/backtrace.rs:168:18
[INFO] [stdout]   16:     0x5634cf31aa1d - rust_begin_unwind
[INFO] [stdout]                                at /rustc/6067b36314ab5eb2eb47cecc464545ba58e1ad24/library/std/src/panicking.rs:695:5
[INFO] [stdout]   17:     0x5634cf33f4e0 - core::panicking::panic_fmt::h9e7c637e9e5f29c9
[INFO] [stdout]                                at /rustc/6067b36314ab5eb2eb47cecc464545ba58e1ad24/library/core/src/panicking.rs:75:14
[INFO] [stdout]   18:     0x5634cf2ed6e3 - more_asserts::inner::assert_failed_impl::h6c2a4ecd09884be9
[INFO] [stdout]                                at /opt/rustwide/cargo-home/registry/src/index.crates.io-1949cf8c6b5b557f/more-asserts-0.3.1/src/inner.rs:60:9
[INFO] [stdout]   19:     0x5634cf2ed46c - more_asserts::inner::assert_failed_nomsg_impl::h1fc10f8a72a8c1f6
[INFO] [stdout]                                at /opt/rustwide/cargo-home/registry/src/index.crates.io-1949cf8c6b5b557f/more-asserts-0.3.1/src/inner.rs:25:5
[INFO] [stdout]   20:     0x5634cf2607b0 - more_asserts::__private::assert_failed_nomsg::h2b47caec5fba8b6f
[INFO] [stdout]                                at /opt/rustwide/cargo-home/registry/src/index.crates.io-1949cf8c6b5b557f/more-asserts-0.3.1/src/lib.rs:76:9
[INFO] [stdout]   21:     0x5634cf26bf82 - grax_impl::graph::test::graph_create_with_capacity::hfe819fd4e0dce596
[INFO] [stdout]                                at /opt/rustwide/workdir/grax-impl/src/graph/test.rs:18:5
[INFO] [stdout]   22:     0x5634cf2781a6 - grax_impl::graph::graph::test::dense_graph_create_with_capacity::h486deefb1a088087
[INFO] [stdout]                                at /opt/rustwide/workdir/grax-impl/src/graph/graph.rs:732:9
[INFO] [stdout]   23:     0x5634cf278187 - grax_impl::graph::graph::test::dense_graph_create_with_capacity::{{closure}}::hf6b3bf73783a7a99
[INFO] [stdout]                                at /opt/rustwide/workdir/grax-impl/src/graph/graph.rs:731:46
[INFO] [stdout]   24:     0x5634cf261d96 - core::ops::function::FnOnce::call_once::hb2eb621a5e66ea6a
[INFO] [stdout]                                at /rustc/6067b36314ab5eb2eb47cecc464545ba58e1ad24/library/core/src/ops/function.rs:250:5
[INFO] [stdout]   25:     0x5634cf2bf75b - core::ops::function::FnOnce::call_once::he27718dfdd183f43
[INFO] [stdout]                                at /rustc/6067b36314ab5eb2eb47cecc464545ba58e1ad24/library/core/src/ops/function.rs:250:5
[INFO] [stdout]   26:     0x5634cf2bf75b - test::__rust_begin_short_backtrace::h4e84902998457a5d
[INFO] [stdout]                                at /rustc/6067b36314ab5eb2eb47cecc464545ba58e1ad24/library/test/src/lib.rs:632:18
[INFO] [stdout]   27:     0x5634cf2be693 - test::run_test_in_process::{{closure}}::h7176fd18fc1feca0
[INFO] [stdout]                                at /rustc/6067b36314ab5eb2eb47cecc464545ba58e1ad24/library/test/src/lib.rs:655:60
[INFO] [stdout]   28:     0x5634cf2be693 - <core::panic::unwind_safe::AssertUnwindSafe<F> as core::ops::function::FnOnce<()>>::call_once::hf79cff2a624d8cf7
[INFO] [stdout]                                at /rustc/6067b36314ab5eb2eb47cecc464545ba58e1ad24/library/core/src/panic/unwind_safe.rs:272:9
[INFO] [stdout]   29:     0x5634cf2be693 - std::panicking::try::do_call::h3da0561d9ab99c25
[INFO] [stdout]                                at /rustc/6067b36314ab5eb2eb47cecc464545ba58e1ad24/library/std/src/panicking.rs:587:40
[INFO] [stdout]   30:     0x5634cf2be693 - std::panicking::try::h41c9fa508bc61df6
[INFO] [stdout]                                at /rustc/6067b36314ab5eb2eb47cecc464545ba58e1ad24/library/std/src/panicking.rs:550:19
[INFO] [stdout]   31:     0x5634cf2be693 - std::panic::catch_unwind::h6b3ff07bb5afad93
[INFO] [stdout]                                at /rustc/6067b36314ab5eb2eb47cecc464545ba58e1ad24/library/std/src/panic.rs:358:14
[INFO] [stdout]   32:     0x5634cf2be693 - test::run_test_in_process::hc7253dd11b39b9f4
[INFO] [stdout]                                at /rustc/6067b36314ab5eb2eb47cecc464545ba58e1ad24/library/test/src/lib.rs:655:27
[INFO] [stdout]   33:     0x5634cf2be693 - test::run_test::{{closure}}::hfb2007f8649c30bb
[INFO] [stdout]                                at /rustc/6067b36314ab5eb2eb47cecc464545ba58e1ad24/library/test/src/lib.rs:576:43
[INFO] [stdout]   34:     0x5634cf281775 - test::run_test::{{closure}}::h56a17aa7a282a9f4
[INFO] [stdout]                                at /rustc/6067b36314ab5eb2eb47cecc464545ba58e1ad24/library/test/src/lib.rs:606:41
[INFO] [stdout]   35:     0x5634cf281775 - std::sys::backtrace::__rust_begin_short_backtrace::hd2d2d2fb8e8c6aac
[INFO] [stdout]                                at /rustc/6067b36314ab5eb2eb47cecc464545ba58e1ad24/library/std/src/sys/backtrace.rs:152:18
[INFO] [stdout]   36:     0x5634cf28505a - std::thread::Builder::spawn_unchecked_::{{closure}}::{{closure}}::h4faa3f9db6133423
[INFO] [stdout]                                at /rustc/6067b36314ab5eb2eb47cecc464545ba58e1ad24/library/std/src/thread/mod.rs:559:17
[INFO] [stdout]   37:     0x5634cf28505a - <core::panic::unwind_safe::AssertUnwindSafe<F> as core::ops::function::FnOnce<()>>::call_once::hf2e855a36a4ea846
[INFO] [stdout]                                at /rustc/6067b36314ab5eb2eb47cecc464545ba58e1ad24/library/core/src/panic/unwind_safe.rs:272:9
[INFO] [stdout]   38:     0x5634cf28505a - std::panicking::try::do_call::h2f73af3616c35465
[INFO] [stdout]                                at /rustc/6067b36314ab5eb2eb47cecc464545ba58e1ad24/library/std/src/panicking.rs:587:40
[INFO] [stdout]   39:     0x5634cf28505a - std::panicking::try::hd1660ce9efadef5a
[INFO] [stdout]                                at /rustc/6067b36314ab5eb2eb47cecc464545ba58e1ad24/library/std/src/panicking.rs:550:19
[INFO] [stdout]   40:     0x5634cf28505a - std::panic::catch_unwind::h5ee8d7823b8ca744
[INFO] [stdout]                                at /rustc/6067b36314ab5eb2eb47cecc464545ba58e1ad24/library/std/src/panic.rs:358:14
[INFO] [stdout]   41:     0x5634cf28505a - std::thread::Builder::spawn_unchecked_::{{closure}}::h53c3a1894dce8407
[INFO] [stdout]                                at /rustc/6067b36314ab5eb2eb47cecc464545ba58e1ad24/library/std/src/thread/mod.rs:557:30
[INFO] [stdout]   42:     0x5634cf28505a - core::ops::function::FnOnce::call_once{{vtable.shim}}::h048ce291ad4f62bf
[INFO] [stdout]                                at /rustc/6067b36314ab5eb2eb47cecc464545ba58e1ad24/library/core/src/ops/function.rs:250:5
[INFO] [stdout]   43:     0x5634cf31f10b - <alloc::boxed::Box<F,A> as core::ops::function::FnOnce<Args>>::call_once::ha52bedf99a3b4981
[INFO] [stdout]                                at /rustc/6067b36314ab5eb2eb47cecc464545ba58e1ad24/library/alloc/src/boxed.rs:2013:9
[INFO] [stdout]   44:     0x5634cf31f10b - <alloc::boxed::Box<F,A> as core::ops::function::FnOnce<Args>>::call_once::h567748934d80ccf8
[INFO] [stdout]                                at /rustc/6067b36314ab5eb2eb47cecc464545ba58e1ad24/library/alloc/src/boxed.rs:2013:9
[INFO] [stdout]   45:     0x5634cf31f10b - std::sys::pal::unix::thread::Thread::new::thread_start::h2d970728ae887adc
[INFO] [stdout]                                at /rustc/6067b36314ab5eb2eb47cecc464545ba58e1ad24/library/std/src/sys/pal/unix/thread.rs:106:17
[INFO] [stdout]   46:     0x7ae72bef8ac3 - <unknown>
[INFO] [stdout]   47:     0x7ae72bf89a04 - clone
[INFO] [stdout]   48:                0x0 - <unknown>
[INFO] [stdout] 
[INFO] [stdout] 
[INFO] [stdout] failures:
[INFO] [stdout]     edges::adj::test::adj_edge_storage_capacity
[INFO] [stdout]     edges::mat::test::dense_edge_storage_capacity
[INFO] [stdout]     graph::graph::test::adj_graph_create_with_capacity
[INFO] [stdout]     graph::graph::test::dense_graph_create_with_capacity
[INFO] [stdout] 
[INFO] [stdout] test result: FAILED. 52 passed; 4 failed; 0 ignored; 0 measured; 0 filtered out; finished in 0.10s
[INFO] [stdout] 
[INFO] [stderr] error: test failed, to rerun pass `-p grax-impl --lib`
[INFO] running `Command { std: "docker" "inspect" "d571f4228b467bb2c1677f0beb86c62712e40b0df49af83e8766fd6a8c167a3b", kill_on_drop: false }`
[INFO] running `Command { std: "docker" "rm" "-f" "d571f4228b467bb2c1677f0beb86c62712e40b0df49af83e8766fd6a8c167a3b", kill_on_drop: false }`
[INFO] [stdout] d571f4228b467bb2c1677f0beb86c62712e40b0df49af83e8766fd6a8c167a3b
