[INFO] cloning repository https://github.com/Mordinel/gargoyle
[INFO] running `Command { std: "git" "-c" "credential.helper=" "-c" "credential.helper=/workspace/cargo-home/bin/git-credential-null" "clone" "--bare" "https://github.com/Mordinel/gargoyle" "/workspace/cache/git-repos/https%3A%2F%2Fgithub.com%2FMordinel%2Fgargoyle", kill_on_drop: false }`
[INFO] [stderr] Cloning into bare repository '/workspace/cache/git-repos/https%3A%2F%2Fgithub.com%2FMordinel%2Fgargoyle'...
[INFO] running `Command { std: "git" "rev-parse" "HEAD", kill_on_drop: false }`
[INFO] [stdout] dc97e4353e463ac90763f7858d983124ad36df5a
[INFO] testing Mordinel/gargoyle against nightly-2025-01-18 for randomize-layout-2
[INFO] running `Command { std: "git" "clone" "/workspace/cache/git-repos/https%3A%2F%2Fgithub.com%2FMordinel%2Fgargoyle" "/workspace/builds/worker-4-tc1/source", kill_on_drop: false }`
[INFO] [stderr] Cloning into '/workspace/builds/worker-4-tc1/source'...
[INFO] [stderr] done.
[INFO] validating manifest of git repo https://github.com/Mordinel/gargoyle on toolchain nightly-2025-01-18
[INFO] running `Command { std: CARGO_HOME="/workspace/cargo-home" RUSTUP_HOME="/workspace/rustup-home" "/workspace/cargo-home/bin/cargo" "+nightly-2025-01-18" "metadata" "--manifest-path" "Cargo.toml" "--no-deps", kill_on_drop: false }`
[INFO] started tweaking git repo https://github.com/Mordinel/gargoyle
[INFO] finished tweaking git repo https://github.com/Mordinel/gargoyle
[INFO] tweaked toml for git repo https://github.com/Mordinel/gargoyle written to /workspace/builds/worker-4-tc1/source/Cargo.toml
[INFO] crate git repo https://github.com/Mordinel/gargoyle already has a lockfile, it will not be regenerated
[INFO] running `Command { std: CARGO_HOME="/workspace/cargo-home" RUSTUP_HOME="/workspace/rustup-home" "/workspace/cargo-home/bin/cargo" "+nightly-2025-01-18" "fetch" "--manifest-path" "Cargo.toml", kill_on_drop: false }`
[INFO] running `Command { std: "docker" "create" "-v" "/var/lib/crater-agent-workspace/builds/worker-4-tc1/target:/opt/rustwide/target:rw,Z" "-v" "/var/lib/crater-agent-workspace/builds/worker-4-tc1/source:/opt/rustwide/workdir:ro,Z" "-v" "/var/lib/crater-agent-workspace/cargo-home:/opt/rustwide/cargo-home:ro,Z" "-v" "/var/lib/crater-agent-workspace/rustup-home:/opt/rustwide/rustup-home:ro,Z" "-e" "SOURCE_DIR=/opt/rustwide/workdir" "-e" "CARGO_TARGET_DIR=/opt/rustwide/target" "-e" "CARGO_HOME=/opt/rustwide/cargo-home" "-e" "RUSTUP_HOME=/opt/rustwide/rustup-home" "-w" "/opt/rustwide/workdir" "-m" "1610612736" "--user" "0:0" "--network" "none" "ghcr.io/rust-lang/crates-build-env/linux@sha256:819108c5571ea2e421544af4d832f968d213c87fbe3707a016657f43d2f853bc" "/opt/rustwide/cargo-home/bin/cargo" "+nightly-2025-01-18" "metadata" "--no-deps" "--format-version=1", kill_on_drop: false }`
[INFO] [stdout] b3a893a3fd081948660e7df95c7119e423df44bc726574f67fea13640d948d6d
[INFO] running `Command { std: "docker" "start" "-a" "b3a893a3fd081948660e7df95c7119e423df44bc726574f67fea13640d948d6d", kill_on_drop: false }`
[INFO] running `Command { std: "docker" "inspect" "b3a893a3fd081948660e7df95c7119e423df44bc726574f67fea13640d948d6d", kill_on_drop: false }`
[INFO] running `Command { std: "docker" "rm" "-f" "b3a893a3fd081948660e7df95c7119e423df44bc726574f67fea13640d948d6d", kill_on_drop: false }`
[INFO] [stdout] b3a893a3fd081948660e7df95c7119e423df44bc726574f67fea13640d948d6d
[INFO] running `Command { std: "docker" "create" "-v" "/var/lib/crater-agent-workspace/builds/worker-4-tc1/target:/opt/rustwide/target:rw,Z" "-v" "/var/lib/crater-agent-workspace/builds/worker-4-tc1/source:/opt/rustwide/workdir:ro,Z" "-v" "/var/lib/crater-agent-workspace/cargo-home:/opt/rustwide/cargo-home:ro,Z" "-v" "/var/lib/crater-agent-workspace/rustup-home:/opt/rustwide/rustup-home:ro,Z" "-e" "SOURCE_DIR=/opt/rustwide/workdir" "-e" "CARGO_TARGET_DIR=/opt/rustwide/target" "-e" "CARGO_INCREMENTAL=0" "-e" "RUST_BACKTRACE=full" "-e" "RUSTFLAGS=--cap-lints=forbid" "-e" "RUSTDOCFLAGS=--cap-lints=forbid" "-e" "CARGO_HOME=/opt/rustwide/cargo-home" "-e" "RUSTUP_HOME=/opt/rustwide/rustup-home" "-w" "/opt/rustwide/workdir" "-m" "1610612736" "--user" "0:0" "--network" "none" "ghcr.io/rust-lang/crates-build-env/linux@sha256:819108c5571ea2e421544af4d832f968d213c87fbe3707a016657f43d2f853bc" "/opt/rustwide/cargo-home/bin/cargo" "+nightly-2025-01-18" "build" "--frozen" "--message-format=json", kill_on_drop: false }`
[INFO] [stdout] 2da5a0ea813e03cca70851073cc09f92ad728028fac99fc39dcca2c3175e6a5c
[INFO] running `Command { std: "docker" "start" "-a" "2da5a0ea813e03cca70851073cc09f92ad728028fac99fc39dcca2c3175e6a5c", kill_on_drop: false }`
[INFO] [stderr]    Compiling crossbeam-utils v0.8.19
[INFO] [stderr]    Compiling rayon-core v1.12.1
[INFO] [stderr]    Compiling either v1.11.0
[INFO] [stderr]    Compiling log v0.4.21
[INFO] [stderr]    Compiling crossbeam-epoch v0.9.18
[INFO] [stderr]    Compiling crossbeam-deque v0.8.5
[INFO] [stderr]    Compiling rayon v1.10.0
[INFO] [stderr]    Compiling gargoyle v0.1.5 (/opt/rustwide/workdir)
[INFO] [stderr]     Finished `dev` profile [unoptimized + debuginfo] target(s) in 6.44s
[INFO] running `Command { std: "docker" "inspect" "2da5a0ea813e03cca70851073cc09f92ad728028fac99fc39dcca2c3175e6a5c", kill_on_drop: false }`
[INFO] running `Command { std: "docker" "rm" "-f" "2da5a0ea813e03cca70851073cc09f92ad728028fac99fc39dcca2c3175e6a5c", kill_on_drop: false }`
[INFO] [stdout] 2da5a0ea813e03cca70851073cc09f92ad728028fac99fc39dcca2c3175e6a5c
[INFO] running `Command { std: "docker" "create" "-v" "/var/lib/crater-agent-workspace/builds/worker-4-tc1/target:/opt/rustwide/target:rw,Z" "-v" "/var/lib/crater-agent-workspace/builds/worker-4-tc1/source:/opt/rustwide/workdir:ro,Z" "-v" "/var/lib/crater-agent-workspace/cargo-home:/opt/rustwide/cargo-home:ro,Z" "-v" "/var/lib/crater-agent-workspace/rustup-home:/opt/rustwide/rustup-home:ro,Z" "-e" "SOURCE_DIR=/opt/rustwide/workdir" "-e" "CARGO_TARGET_DIR=/opt/rustwide/target" "-e" "CARGO_INCREMENTAL=0" "-e" "RUST_BACKTRACE=full" "-e" "RUSTFLAGS=--cap-lints=forbid" "-e" "RUSTDOCFLAGS=--cap-lints=forbid" "-e" "CARGO_HOME=/opt/rustwide/cargo-home" "-e" "RUSTUP_HOME=/opt/rustwide/rustup-home" "-w" "/opt/rustwide/workdir" "-m" "1610612736" "--user" "0:0" "--network" "none" "ghcr.io/rust-lang/crates-build-env/linux@sha256:819108c5571ea2e421544af4d832f968d213c87fbe3707a016657f43d2f853bc" "/opt/rustwide/cargo-home/bin/cargo" "+nightly-2025-01-18" "test" "--frozen" "--no-run" "--message-format=json", kill_on_drop: false }`
[INFO] [stdout] 6569f4dcd9187a544b34b73300f9cffb2704e3f010ef3216b9e51dc09bbc1c5a
[INFO] running `Command { std: "docker" "start" "-a" "6569f4dcd9187a544b34b73300f9cffb2704e3f010ef3216b9e51dc09bbc1c5a", kill_on_drop: false }`
[INFO] [stderr]    Compiling gargoyle v0.1.5 (/opt/rustwide/workdir)
[INFO] [stderr]     Finished `test` profile [unoptimized + debuginfo] target(s) in 0.20s
[INFO] running `Command { std: "docker" "inspect" "6569f4dcd9187a544b34b73300f9cffb2704e3f010ef3216b9e51dc09bbc1c5a", kill_on_drop: false }`
[INFO] running `Command { std: "docker" "rm" "-f" "6569f4dcd9187a544b34b73300f9cffb2704e3f010ef3216b9e51dc09bbc1c5a", kill_on_drop: false }`
[INFO] [stdout] 6569f4dcd9187a544b34b73300f9cffb2704e3f010ef3216b9e51dc09bbc1c5a
[INFO] running `Command { std: "docker" "create" "-v" "/var/lib/crater-agent-workspace/builds/worker-4-tc1/target:/opt/rustwide/target:rw,Z" "-v" "/var/lib/crater-agent-workspace/builds/worker-4-tc1/source:/opt/rustwide/workdir:ro,Z" "-v" "/var/lib/crater-agent-workspace/cargo-home:/opt/rustwide/cargo-home:ro,Z" "-v" "/var/lib/crater-agent-workspace/rustup-home:/opt/rustwide/rustup-home:ro,Z" "-e" "SOURCE_DIR=/opt/rustwide/workdir" "-e" "CARGO_TARGET_DIR=/opt/rustwide/target" "-e" "CARGO_INCREMENTAL=0" "-e" "RUST_BACKTRACE=full" "-e" "RUSTFLAGS=--cap-lints=forbid" "-e" "RUSTDOCFLAGS=--cap-lints=forbid" "-e" "CARGO_HOME=/opt/rustwide/cargo-home" "-e" "RUSTUP_HOME=/opt/rustwide/rustup-home" "-w" "/opt/rustwide/workdir" "-m" "1610612736" "--user" "0:0" "--network" "none" "ghcr.io/rust-lang/crates-build-env/linux@sha256:819108c5571ea2e421544af4d832f968d213c87fbe3707a016657f43d2f853bc" "/opt/rustwide/cargo-home/bin/cargo" "+nightly-2025-01-18" "test" "--frozen", kill_on_drop: false }`
[INFO] [stdout] 7af397979ef7b5053c52c895b7d072c41d7d766b2179ecd2b1ee50a8f1104830
[INFO] running `Command { std: "docker" "start" "-a" "7af397979ef7b5053c52c895b7d072c41d7d766b2179ecd2b1ee50a8f1104830", kill_on_drop: false }`
[INFO] [stderr]     Finished `test` profile [unoptimized + debuginfo] target(s) in 0.02s
[INFO] [stderr]      Running unittests src/lib.rs (/opt/rustwide/target/debug/deps/gargoyle-e1eb7bf8e1811fbd)
[INFO] [stdout] 
[INFO] [stdout] running 0 tests
[INFO] [stdout] 
[INFO] [stdout] test result: ok. 0 passed; 0 failed; 0 ignored; 0 measured; 0 filtered out; finished in 0.00s
[INFO] [stdout] 
[INFO] [stderr]    Doc-tests gargoyle
[INFO] [stdout] 
[INFO] [stdout] running 3 tests
[INFO] [stdout] test src/notify.rs - notify::Notify (line 6) ... FAILED
[INFO] [stdout] test src/schedule.rs - schedule::Schedule (line 28) ... FAILED
[INFO] [stdout] test src/monitor.rs - monitor::Monitor (line 17) ... FAILED
[INFO] [stdout] 
[INFO] [stdout] failures:
[INFO] [stdout] 
[INFO] [stdout] ---- src/notify.rs - notify::Notify (line 6) stdout ----
[INFO] [stdout] error[E0433]: failed to resolve: use of undeclared crate or module `lettre`
[INFO] [stdout]  --> src/notify.rs:8:5
[INFO] [stdout]   |
[INFO] [stdout] 5 | use lettre::{
[INFO] [stdout]   |     ^^^^^^ use of undeclared crate or module `lettre`
[INFO] [stdout] 
[INFO] [stdout] error[E0432]: unresolved import `lettre`
[INFO] [stdout]  --> src/notify.rs:8:5
[INFO] [stdout]   |
[INFO] [stdout] 5 | use lettre::{
[INFO] [stdout]   |     ^^^^^^ use of undeclared crate or module `lettre`
[INFO] [stdout] 
[INFO] [stdout] error: aborting due to 2 previous errors
[INFO] [stdout] 
[INFO] [stdout] Some errors have detailed explanations: E0432, E0433.
[INFO] [stdout] For more information about an error, try `rustc --explain E0432`.
[INFO] [stdout] Couldn't compile the test.
[INFO] [stdout] ---- src/schedule.rs - schedule::Schedule (line 28) stdout ----
[INFO] [stdout] error[E0432]: unresolved import `gargoyle::modules`
[INFO] [stdout]  --> src/schedule.rs:32:16
[INFO] [stdout]   |
[INFO] [stdout] 7 | use gargoyle::{modules::{monitor, notify}, Schedule};
[INFO] [stdout]   |                ^^^^^^^ could not find `modules` in `gargoyle`
[INFO] [stdout] 
[INFO] [stdout] error: aborting due to 1 previous error
[INFO] [stdout] 
[INFO] [stdout] For more information about this error, try `rustc --explain E0432`.
[INFO] [stdout] Couldn't compile the test.
[INFO] [stdout] ---- src/monitor.rs - monitor::Monitor (line 17) stdout ----
[INFO] [stdout] error[E0433]: failed to resolve: use of undeclared crate or module `reqwest`
[INFO] [stdout]  --> src/monitor.rs:20:9
[INFO] [stdout]   |
[INFO] [stdout] 6 | pub use reqwest::blocking::Client;
[INFO] [stdout]   |         ^^^^^^^ use of undeclared crate or module `reqwest`
[INFO] [stdout] 
[INFO] [stdout] error[E0533]: expected value, found struct variant `Action::Notify`
[INFO] [stdout]   --> src/monitor.rs:51:21
[INFO] [stdout]    |
[INFO] [stdout] 37 |                     Action::Notify(Some(format!("Failed to get {} - {}", self.url, response.status())))
[INFO] [stdout]    |                     ^^^^^^^^^^^^^^ not a value
[INFO] [stdout]    |
[INFO] [stdout] help: you might have meant to create a new value of the struct
[INFO] [stdout]    |
[INFO] [stdout] 37 |                     Action::Notify { diagnostic: /* value */ }
[INFO] [stdout]    |                                    ~~~~~~~~~~~~~~~~~~~~~~~~~~~
[INFO] [stdout] 
[INFO] [stdout] error[E0533]: expected value, found struct variant `Action::Notify`
[INFO] [stdout]   --> src/monitor.rs:57:17
[INFO] [stdout]    |
[INFO] [stdout] 43 |                 Action::Notify(Some(format!("Failed to connect to {}", self.url)))
[INFO] [stdout]    |                 ^^^^^^^^^^^^^^ not a value
[INFO] [stdout]    |
[INFO] [stdout] help: you might have meant to create a new value of the struct
[INFO] [stdout]    |
[INFO] [stdout] 43 |                 Action::Notify { diagnostic: /* value */ }
[INFO] [stdout]    |                                ~~~~~~~~~~~~~~~~~~~~~~~~~~~
[INFO] [stdout] 
[INFO] [stdout] error: aborting due to 3 previous errors
[INFO] [stdout] 
[INFO] [stdout] Some errors have detailed explanations: E0433, E0533.
[INFO] [stdout] For more information about an error, try `rustc --explain E0433`.
[INFO] [stdout] Couldn't compile the test.
[INFO] [stdout] 
[INFO] [stdout] failures:
[INFO] [stdout]     src/monitor.rs - monitor::Monitor (line 17)
[INFO] [stdout]     src/notify.rs - notify::Notify (line 6)
[INFO] [stdout]     src/schedule.rs - schedule::Schedule (line 28)
[INFO] [stdout] 
[INFO] [stdout] test result: FAILED. 0 passed; 3 failed; 0 ignored; 0 measured; 0 filtered out; finished in 0.12s
[INFO] [stdout] 
[INFO] [stderr] error: doctest failed, to rerun pass `--doc`
[INFO] running `Command { std: "docker" "inspect" "7af397979ef7b5053c52c895b7d072c41d7d766b2179ecd2b1ee50a8f1104830", kill_on_drop: false }`
[INFO] running `Command { std: "docker" "rm" "-f" "7af397979ef7b5053c52c895b7d072c41d7d766b2179ecd2b1ee50a8f1104830", kill_on_drop: false }`
[INFO] [stdout] 7af397979ef7b5053c52c895b7d072c41d7d766b2179ecd2b1ee50a8f1104830
