[INFO] cloning repository https://github.com/Mimerme/purgatory
[INFO] running `Command { std: "git" "-c" "credential.helper=" "-c" "credential.helper=/workspace/cargo-home/bin/git-credential-null" "clone" "--bare" "https://github.com/Mimerme/purgatory" "/workspace/cache/git-repos/https%3A%2F%2Fgithub.com%2FMimerme%2Fpurgatory", kill_on_drop: false }`
[INFO] [stderr] Cloning into bare repository '/workspace/cache/git-repos/https%3A%2F%2Fgithub.com%2FMimerme%2Fpurgatory'...
[INFO] running `Command { std: "git" "rev-parse" "HEAD", kill_on_drop: false }`
[INFO] [stdout] fcc42388d67716ea3b56c6737d06df3a3918ceb9
[INFO] testing Mimerme/purgatory against nightly-2025-01-18+rustflags=-Zrandomize-layout for randomize-layout-2
[INFO] running `Command { std: "git" "clone" "/workspace/cache/git-repos/https%3A%2F%2Fgithub.com%2FMimerme%2Fpurgatory" "/workspace/builds/worker-0-tc2/source", kill_on_drop: false }`
[INFO] [stderr] Cloning into '/workspace/builds/worker-0-tc2/source'...
[INFO] [stderr] done.
[INFO] validating manifest of git repo https://github.com/Mimerme/purgatory on toolchain nightly-2025-01-18
[INFO] running `Command { std: CARGO_HOME="/workspace/cargo-home" RUSTUP_HOME="/workspace/rustup-home" "/workspace/cargo-home/bin/cargo" "+nightly-2025-01-18" "metadata" "--manifest-path" "Cargo.toml" "--no-deps", kill_on_drop: false }`
[INFO] removed /workspace/builds/worker-0-tc2/source/.cargo/config
[INFO] started tweaking git repo https://github.com/Mimerme/purgatory
[INFO] finished tweaking git repo https://github.com/Mimerme/purgatory
[INFO] tweaked toml for git repo https://github.com/Mimerme/purgatory written to /workspace/builds/worker-0-tc2/source/Cargo.toml
[INFO] crate git repo https://github.com/Mimerme/purgatory already has a lockfile, it will not be regenerated
[INFO] running `Command { std: CARGO_HOME="/workspace/cargo-home" RUSTUP_HOME="/workspace/rustup-home" "/workspace/cargo-home/bin/cargo" "+nightly-2025-01-18" "fetch" "--manifest-path" "Cargo.toml", kill_on_drop: false }`
[INFO] running `Command { std: "docker" "create" "-v" "/var/lib/crater-agent-workspace/builds/worker-0-tc2/target:/opt/rustwide/target:rw,Z" "-v" "/var/lib/crater-agent-workspace/builds/worker-0-tc2/source:/opt/rustwide/workdir:ro,Z" "-v" "/var/lib/crater-agent-workspace/cargo-home:/opt/rustwide/cargo-home:ro,Z" "-v" "/var/lib/crater-agent-workspace/rustup-home:/opt/rustwide/rustup-home:ro,Z" "-e" "SOURCE_DIR=/opt/rustwide/workdir" "-e" "CARGO_TARGET_DIR=/opt/rustwide/target" "-e" "CARGO_HOME=/opt/rustwide/cargo-home" "-e" "RUSTUP_HOME=/opt/rustwide/rustup-home" "-w" "/opt/rustwide/workdir" "-m" "1610612736" "--user" "0:0" "--network" "none" "ghcr.io/rust-lang/crates-build-env/linux@sha256:819108c5571ea2e421544af4d832f968d213c87fbe3707a016657f43d2f853bc" "/opt/rustwide/cargo-home/bin/cargo" "+nightly-2025-01-18" "metadata" "--no-deps" "--format-version=1", kill_on_drop: false }`
[INFO] [stdout] 9f0cd8ff7c367d623760c70700a097ad1f4e01193e544565a6786c8bf296e446
[INFO] running `Command { std: "docker" "start" "-a" "9f0cd8ff7c367d623760c70700a097ad1f4e01193e544565a6786c8bf296e446", kill_on_drop: false }`
[INFO] running `Command { std: "docker" "inspect" "9f0cd8ff7c367d623760c70700a097ad1f4e01193e544565a6786c8bf296e446", kill_on_drop: false }`
[INFO] running `Command { std: "docker" "rm" "-f" "9f0cd8ff7c367d623760c70700a097ad1f4e01193e544565a6786c8bf296e446", kill_on_drop: false }`
[INFO] [stdout] 9f0cd8ff7c367d623760c70700a097ad1f4e01193e544565a6786c8bf296e446
[INFO] running `Command { std: "docker" "create" "-v" "/var/lib/crater-agent-workspace/builds/worker-0-tc2/target:/opt/rustwide/target:rw,Z" "-v" "/var/lib/crater-agent-workspace/builds/worker-0-tc2/source:/opt/rustwide/workdir:ro,Z" "-v" "/var/lib/crater-agent-workspace/cargo-home:/opt/rustwide/cargo-home:ro,Z" "-v" "/var/lib/crater-agent-workspace/rustup-home:/opt/rustwide/rustup-home:ro,Z" "-e" "SOURCE_DIR=/opt/rustwide/workdir" "-e" "CARGO_TARGET_DIR=/opt/rustwide/target" "-e" "CARGO_INCREMENTAL=0" "-e" "RUST_BACKTRACE=full" "-e" "RUSTFLAGS=--cap-lints=forbid -Zrandomize-layout" "-e" "RUSTDOCFLAGS=--cap-lints=forbid" "-e" "CARGO_HOME=/opt/rustwide/cargo-home" "-e" "RUSTUP_HOME=/opt/rustwide/rustup-home" "-w" "/opt/rustwide/workdir" "-m" "1610612736" "--user" "0:0" "--network" "none" "ghcr.io/rust-lang/crates-build-env/linux@sha256:819108c5571ea2e421544af4d832f968d213c87fbe3707a016657f43d2f853bc" "/opt/rustwide/cargo-home/bin/cargo" "+nightly-2025-01-18" "build" "--frozen" "--message-format=json", kill_on_drop: false }`
[INFO] [stdout] 4457d099a78f7962c2aa63ef1dbeb42b5b00dd258b87ceb8867f50fdd63399d7
[INFO] running `Command { std: "docker" "start" "-a" "4457d099a78f7962c2aa63ef1dbeb42b5b00dd258b87ceb8867f50fdd63399d7", kill_on_drop: false }`
[INFO] [stderr]    Compiling libc v0.2.97
[INFO] [stderr]    Compiling pkg-config v0.3.19
[INFO] [stderr]    Compiling bitflags v1.2.1
[INFO] [stderr]    Compiling proc-macro2 v1.0.27
[INFO] [stderr]    Compiling log v0.4.14
[INFO] [stderr]    Compiling memchr v2.4.0
[INFO] [stderr]    Compiling num-traits v0.2.14
[INFO] [stderr]    Compiling tinyvec_macros v0.1.0
[INFO] [stderr]    Compiling version_check v0.9.3
[INFO] [stderr]    Compiling hashbrown v0.9.1
[INFO] [stderr]    Compiling tinyvec v1.2.0
[INFO] [stderr]    Compiling num-integer v0.1.44
[INFO] [stderr]    Compiling once_cell v1.8.0
[INFO] [stderr]    Compiling ttf-parser v0.12.2
[INFO] [stderr]    Compiling pin-project-lite v0.2.6
[INFO] [stderr]    Compiling byteorder v1.4.3
[INFO] [stderr]    Compiling syn v1.0.65
[INFO] [stderr]    Compiling quote v1.0.9
[INFO] [stderr]    Compiling alsa-sys v0.3.1
[INFO] [stderr]    Compiling instant v0.1.9
[INFO] [stderr]    Compiling futures-core v0.3.15
[INFO] [stderr]    Compiling smallvec v1.6.1
[INFO] [stderr]    Compiling bytes v1.0.1
[INFO] [stderr]    Compiling scopeguard v1.1.0
[INFO] [stderr]    Compiling lock_api v0.4.4
[INFO] [stderr]    Compiling tokio v1.7.1
[INFO] [stderr]    Compiling sapp-linux v0.1.13
[INFO] [stderr]    Compiling adler32 v1.2.0
[INFO] [stderr]    Compiling itoa v0.4.7
[INFO] [stderr]    Compiling crc32fast v1.2.1
[INFO] [stderr]    Compiling jobserver v0.1.22
[INFO] [stderr]    Compiling parking_lot_core v0.8.3
[INFO] [stderr]    Compiling num_cpus v1.13.0
[INFO] [stderr]    Compiling nix v0.20.0
[INFO] [stderr]    Compiling mio v0.7.13
[INFO] [stderr]    Compiling cc v1.0.68
[INFO] [stderr]    Compiling parking_lot v0.11.1
[INFO] [stderr]    Compiling num-iter v0.1.42
[INFO] [stderr]    Compiling num-rational v0.3.2
[INFO] [stderr]    Compiling futures-task v0.3.15
[INFO] [stderr]    Compiling cpal v0.13.3
[INFO] [stderr]    Compiling deflate v0.8.6
[INFO] [stderr]    Compiling miniz_oxide v0.3.7
[INFO] [stderr]    Compiling ogg v0.8.0
[INFO] [stderr]    Compiling openssl-sys v0.9.65
[INFO] [stderr]    Compiling ahash v0.7.4
[INFO] [stderr]    Compiling indexmap v1.6.2
[INFO] [stderr]    Compiling futures-util v0.3.15
[INFO] [stderr]    Compiling fnv v1.0.7
[INFO] [stderr]    Compiling foreign-types-shared v0.1.1
[INFO] [stderr]    Compiling matches v0.1.8
[INFO] [stderr]    Compiling openssl v0.10.35
[INFO] [stderr]    Compiling tracing-core v0.1.18
[INFO] [stderr]    Compiling foreign-types v0.3.2
[INFO] [stderr]    Compiling http v0.2.4
[INFO] [stderr]    Compiling png v0.16.8
[INFO] [stderr]    Compiling miniquad v0.3.0-alpha.37
[INFO] [stderr]    Compiling lewton v0.10.2
[INFO] [stderr]    Compiling alsa v0.5.0
[INFO] [stderr]    Compiling owned_ttf_parser v0.12.0
[INFO] [stderr]    Compiling getrandom v0.2.3
[INFO] [stderr]    Compiling httparse v1.4.1
[INFO] [stderr]    Compiling native-tls v0.2.7
[INFO] [stderr]    Compiling pin-utils v0.1.0
[INFO] [stderr]    Compiling bytemuck v1.7.0
[INFO] [stderr]    Compiling slab v0.4.3
[INFO] [stderr]    Compiling futures-sink v0.3.15
[INFO] [stderr]    Compiling color_quant v1.1.0
[INFO] [stderr]    Compiling ryu v1.0.5
[INFO] [stderr]    Compiling ab_glyph_rasterizer v0.1.4
[INFO] [stderr]    Compiling futures-channel v0.3.15
[INFO] [stderr]    Compiling hound v3.4.0
[INFO] [stderr]    Compiling futures-io v0.3.15
[INFO] [stderr]    Compiling serde v1.0.126
[INFO] [stderr]    Compiling radium v0.5.3
[INFO] [stderr]    Compiling image v0.23.14
[INFO] [stderr]    Compiling ab_glyph v0.2.11
[INFO] [stderr]    Compiling tokio-util v0.6.7
[INFO] [stderr]    Compiling tracing v0.1.26
[INFO] [stderr]    Compiling fontdue v0.5.2
[INFO] [stderr]    Compiling ordered-float v2.7.0
[INFO] [stderr]    Compiling glam v0.14.0
[INFO] [stderr]    Compiling macroquad_macro v0.1.5
[INFO] [stderr]    Compiling emath v0.13.0
[INFO] [stderr]    Compiling thiserror-impl v1.0.25
[INFO] [stderr]    Compiling percent-encoding v2.1.0
[INFO] [stderr]    Compiling atomic_refcell v0.1.7
[INFO] [stderr]    Compiling try-lock v0.2.3
[INFO] [stderr]    Compiling openssl-probe v0.1.4
[INFO] [stderr]    Compiling bumpalo v3.7.0
[INFO] [stderr]    Compiling quad-rand v0.2.1
[INFO] [stderr]    Compiling want v0.3.0
[INFO] [stderr]    Compiling epaint v0.13.0
[INFO] [stderr]    Compiling form_urlencoded v1.0.1
[INFO] [stderr]    Compiling thiserror v1.0.25
[INFO] [stderr]    Compiling h2 v0.3.3
[INFO] [stderr]    Compiling rodio v0.13.1
[INFO] [stderr]    Compiling http-body v0.4.2
[INFO] [stderr]    Compiling unicode-bidi v0.3.5
[INFO] [stderr]    Compiling socket2 v0.4.0
[INFO] [stderr]    Compiling macroquad v0.3.7
[INFO] [stderr]    Compiling unicode-normalization v0.1.19
[INFO] [stderr]    Compiling nom v6.1.2
[INFO] [stderr]    Compiling tower-service v0.3.1
[INFO] [stderr]    Compiling encoding_rs v0.8.28
[INFO] [stderr]    Compiling wyz v0.2.0
[INFO] [stderr]    Compiling funty v1.1.0
[INFO] [stderr]    Compiling sapp-jsutils v0.1.5
[INFO] [stderr]    Compiling tap v1.0.1
[INFO] [stderr]    Compiling httpdate v1.0.1
[INFO] [stderr]    Compiling webbrowser v0.5.5
[INFO] [stderr]    Compiling tokio-native-tls v0.3.0
[INFO] [stderr]    Compiling quad-url v0.1.0
[INFO] [stderr]    Compiling egui v0.13.1
[INFO] [stderr]    Compiling imgui-sys v0.7.0
[INFO] [stderr]    Compiling idna v0.2.3
[INFO] [stderr]    Compiling bitvec v0.19.5
[INFO] [stderr]    Compiling serde_json v1.0.64
[INFO] [stderr]    Compiling url v2.2.2
[INFO] [stderr]    Compiling serde_urlencoded v0.7.0
[INFO] [stderr]    Compiling hyper v0.14.9
[INFO] [stderr]    Compiling egui-miniquad v0.5.0
[INFO] [stderr]    Compiling chlorine v1.0.7
[INFO] [stderr]    Compiling mime v0.3.16
[INFO] [stderr]    Compiling ipnet v2.3.1
[INFO] [stderr]    Compiling egui-macroquad v0.5.0
[INFO] [stderr]    Compiling time v0.1.43
[INFO] [stderr]    Compiling frame_counter v0.1.2
[INFO] [stderr]    Compiling chrono v0.4.19
[INFO] [stderr]    Compiling hyper-tls v0.5.0
[INFO] [stderr]    Compiling reqwest v0.11.4
[INFO] [stderr]    Compiling glsl v6.0.0
[INFO] [stderr]    Compiling imgui v0.7.0
[INFO] [stderr]    Compiling atory v0.1.0 (/opt/rustwide/workdir/atory)
[INFO] [stdout] warning: field `msg` is never read
[INFO] [stdout]   --> atory/src/download.rs:10:5
[INFO] [stdout]    |
[INFO] [stdout] 9  | pub struct GenericError {
[INFO] [stdout]    |            ------------ field in this struct
[INFO] [stdout] 10 |     msg: String,
[INFO] [stdout]    |     ^^^
[INFO] [stdout]    |
[INFO] [stdout]    = note: `GenericError` has a derived impl for the trait `Debug`, but this is intentionally ignored during dead code analysis
[INFO] [stdout]    = note: `#[warn(dead_code)]` on by default
[INFO] [stdout] 
[INFO] [stdout] 
[INFO] [stdout] warning: function `return_save_shader_error` is never used
[INFO] [stdout]   --> atory/src/download.rs:47:4
[INFO] [stdout]    |
[INFO] [stdout] 47 | fn return_save_shader_error() -> Result<String, Box<dyn Error>> {
[INFO] [stdout]    |    ^^^^^^^^^^^^^^^^^^^^^^^^
[INFO] [stdout] 
[INFO] [stdout] 
[INFO] [stdout] warning: unused import: `glsl::syntax::FunctionParameterDeclaration::Named`
[INFO] [stdout]  --> atory/src/rebuild.rs:1:5
[INFO] [stdout]   |
[INFO] [stdout] 1 | use glsl::syntax::FunctionParameterDeclaration::Named;
[INFO] [stdout]   |     ^^^^^^^^^^^^^^^^^^^^^^^^^^^^^^^^^^^^^^^^^^^^^^^^^
[INFO] [stdout]   |
[INFO] [stdout]   = note: `#[warn(unused_imports)]` on by default
[INFO] [stdout] 
[INFO] [stdout] 
[INFO] [stdout] warning: unused import: `glsl::syntax::StorageQualifier::Out`
[INFO] [stdout]  --> atory/src/rebuild.rs:2:5
[INFO] [stdout]   |
[INFO] [stdout] 2 | use glsl::syntax::StorageQualifier::Out;
[INFO] [stdout]   |     ^^^^^^^^^^^^^^^^^^^^^^^^^^^^^^^^^^^
[INFO] [stdout] 
[INFO] [stdout] 
[INFO] [stdout] warning: unused import: `glsl::syntax::TypeQualifierSpec::Storage`
[INFO] [stdout]  --> atory/src/rebuild.rs:3:5
[INFO] [stdout]   |
[INFO] [stdout] 3 | use glsl::syntax::TypeQualifierSpec::Storage;
[INFO] [stdout]   |     ^^^^^^^^^^^^^^^^^^^^^^^^^^^^^^^^^^^^^^^^
[INFO] [stdout] 
[INFO] [stdout] 
[INFO] [stdout] warning: unused imports: `Declaration` and `TypeQualifier`
[INFO] [stdout]  --> atory/src/rebuild.rs:7:9
[INFO] [stdout]   |
[INFO] [stdout] 7 |         Declaration, ExternalDeclaration, FullySpecifiedType, FunctionPrototype, Identifier,
[INFO] [stdout]   |         ^^^^^^^^^^^
[INFO] [stdout] 8 |         NonEmpty, ShaderStage, TranslationUnit, TypeQualifier, TypeSpecifier,
[INFO] [stdout]   |                                                 ^^^^^^^^^^^^^
[INFO] [stdout] 
[INFO] [stdout] 
[INFO] [stdout] warning: unused doc comment
[INFO] [stdout]   --> atory/src/rebuild.rs:95:13
[INFO] [stdout]    |
[INFO] [stdout] 95 | /             /// NOTE: this is not scalable at anything more compilcated than a single file i thinks
[INFO] [stdout] 96 | |             /// Loop until we we find the main_image() def and then pass it to get its body yanked out
[INFO] [stdout]    | |______________________________________________________________________________________________________^
[INFO] [stdout] 97 |               let functions = Some(get_main(root_declarations.clone()));
[INFO] [stdout]    |               ---------------------------------------------------------- rustdoc does not generate documentation for statements
[INFO] [stdout]    |
[INFO] [stdout]    = help: use `//` for a plain comment
[INFO] [stdout]    = note: `#[warn(unused_doc_comments)]` on by default
[INFO] [stdout] 
[INFO] [stdout] 
[INFO] [stdout] warning: unused imports: `Declaration`, `ExternalDeclaration`, `NonEmpty`, and `TranslationUnit`
[INFO] [stdout]  --> atory/src/transpiler.rs:2:20
[INFO] [stdout]   |
[INFO] [stdout] 2 | use glsl::syntax::{Declaration, ExternalDeclaration, NonEmpty, ShaderStage, TranslationUnit};
[INFO] [stdout]   |                    ^^^^^^^^^^^  ^^^^^^^^^^^^^^^^^^^  ^^^^^^^^               ^^^^^^^^^^^^^^^
[INFO] [stdout] 
[INFO] [stdout] 
[INFO] [stdout] warning: unused import: `crate::download::download`
[INFO] [stdout]  --> atory/src/transpiler.rs:3:5
[INFO] [stdout]   |
[INFO] [stdout] 3 | use crate::download::download;
[INFO] [stdout]   |     ^^^^^^^^^^^^^^^^^^^^^^^^^
[INFO] [stdout] 
[INFO] [stdout] 
[INFO] [stdout] warning: unused import: `core::fmt::Write`
[INFO] [stdout]  --> atory/src/transpiler.rs:5:5
[INFO] [stdout]   |
[INFO] [stdout] 5 | use core::fmt::Write;
[INFO] [stdout]   |     ^^^^^^^^^^^^^^^^
[INFO] [stdout] 
[INFO] [stdout] 
[INFO] [stdout] warning: unused import: `glsl::syntax::Statement`
[INFO] [stdout]  --> atory/src/editor.rs:2:5
[INFO] [stdout]   |
[INFO] [stdout] 2 | use glsl::syntax::Statement;
[INFO] [stdout]   |     ^^^^^^^^^^^^^^^^^^^^^^^
[INFO] [stdout]   |
[INFO] [stdout]   = note: `#[warn(unused_imports)]` on by default
[INFO] [stdout] 
[INFO] [stdout] 
[INFO] [stdout] warning: unused variable: `expression`
[INFO] [stdout]   --> atory/src/editor.rs:10:13
[INFO] [stdout]    |
[INFO] [stdout] 10 |     let mut expression = String::new();
[INFO] [stdout]    |             ^^^^^^^^^^ help: if this is intentional, prefix it with an underscore: `_expression`
[INFO] [stdout]    |
[INFO] [stdout]    = note: `#[warn(unused_variables)]` on by default
[INFO] [stdout] 
[INFO] [stdout] 
[INFO] [stdout] warning: unused variable: `func_body`
[INFO] [stdout]   --> atory/src/editor.rs:68:41
[INFO] [stdout]    |
[INFO] [stdout] 68 | ...                   let func_body = String::new();
[INFO] [stdout]    |                           ^^^^^^^^^ help: if this is intentional, prefix it with an underscore: `_func_body`
[INFO] [stdout] 
[INFO] [stdout] 
[INFO] [stdout] warning: unused variable: `dec`
[INFO] [stdout]   --> atory/src/editor.rs:81:62
[INFO] [stdout]    |
[INFO] [stdout] 81 | ...                   ExternalDeclaration::Declaration(dec) => {
[INFO] [stdout]    |                                                        ^^^ help: if this is intentional, prefix it with an underscore: `_dec`
[INFO] [stdout] 
[INFO] [stdout] 
[INFO] [stdout] warning: variable does not need to be mutable
[INFO] [stdout]   --> atory/src/rebuild.rs:72:5
[INFO] [stdout]    |
[INFO] [stdout] 72 |     mut mid: Option<NonEmpty<ExternalDeclaration>>,
[INFO] [stdout]    |     ----^^^
[INFO] [stdout]    |     |
[INFO] [stdout]    |     help: remove this `mut`
[INFO] [stdout]    |
[INFO] [stdout]    = note: `#[warn(unused_mut)]` on by default
[INFO] [stdout] 
[INFO] [stdout] 
[INFO] [stdout] warning: variable does not need to be mutable
[INFO] [stdout]   --> atory/src/rebuild.rs:73:5
[INFO] [stdout]    |
[INFO] [stdout] 73 |     mut end: Option<NonEmpty<ExternalDeclaration>>,
[INFO] [stdout]    |     ----^^^
[INFO] [stdout]    |     |
[INFO] [stdout]    |     help: remove this `mut`
[INFO] [stdout] 
[INFO] [stdout] 
[INFO] [stdout] warning: variable does not need to be mutable
[INFO] [stdout]   --> atory/src/editor.rs:10:9
[INFO] [stdout]    |
[INFO] [stdout] 10 |     let mut expression = String::new();
[INFO] [stdout]    |         ----^^^^^^^^^^
[INFO] [stdout]    |         |
[INFO] [stdout]    |         help: remove this `mut`
[INFO] [stdout]    |
[INFO] [stdout]    = note: `#[warn(unused_mut)]` on by default
[INFO] [stdout] 
[INFO] [stdout] 
[INFO] [stdout] warning: unreachable pattern
[INFO] [stdout]    --> atory/src/rebuild.rs:105:9
[INFO] [stdout]     |
[INFO] [stdout] 94  |         TranslationUnit(root_declarations) => {
[INFO] [stdout]     |         ---------------------------------- matches any value
[INFO] [stdout] ...
[INFO] [stdout] 105 |         _ => {
[INFO] [stdout]     |         ^ no value can reach this
[INFO] [stdout]     |
[INFO] [stdout]     = note: `#[warn(unreachable_patterns)]` on by default
[INFO] [stdout] 
[INFO] [stdout] 
[INFO] [stdout] warning: unused return value of `egui::Ui::selectable_label` that must be used
[INFO] [stdout]   --> atory/src/editor.rs:29:33
[INFO] [stdout]    |
[INFO] [stdout] 29 | ...                   ui.selectable_label(true, &format!("{:?}", pre)[0..5]);
[INFO] [stdout]    |                       ^^^^^^^^^^^^^^^^^^^^^^^^^^^^^^^^^^^^^^^^^^^^^^^^^^^^^^
[INFO] [stdout]    |
[INFO] [stdout]    = note: You should check if the user clicked this with `if ui.selectable_label(…).clicked() { … } 
[INFO] [stdout]    = note: `#[warn(unused_must_use)]` on by default
[INFO] [stdout] help: use `let _ = ...` to ignore the resulting value
[INFO] [stdout]    |
[INFO] [stdout] 29 |                                 let _ = ui.selectable_label(true, &format!("{:?}", pre)[0..5]);
[INFO] [stdout]    |                                 +++++++
[INFO] [stdout] 
[INFO] [stdout] 
[INFO] [stdout] warning: unused return value of `egui::Ui::selectable_label` that must be used
[INFO] [stdout]   --> atory/src/editor.rs:72:41
[INFO] [stdout]    |
[INFO] [stdout] 72 | ...                   ui.selectable_label(false, &format!("     {}", out));
[INFO] [stdout]    |                       ^^^^^^^^^^^^^^^^^^^^^^^^^^^^^^^^^^^^^^^^^^^^^^^^^^^^
[INFO] [stdout]    |
[INFO] [stdout]    = note: You should check if the user clicked this with `if ui.selectable_label(…).clicked() { … } 
[INFO] [stdout] help: use `let _ = ...` to ignore the resulting value
[INFO] [stdout]    |
[INFO] [stdout] 72 |                                         let _ = ui.selectable_label(false, &format!("     {}", out));
[INFO] [stdout]    |                                         +++++++
[INFO] [stdout] 
[INFO] [stdout] 
[INFO] [stdout] warning: field `msg` is never read
[INFO] [stdout]   --> atory/src/download.rs:10:5
[INFO] [stdout]    |
[INFO] [stdout] 9  | pub struct GenericError {
[INFO] [stdout]    |            ------------ field in this struct
[INFO] [stdout] 10 |     msg: String,
[INFO] [stdout]    |     ^^^
[INFO] [stdout]    |
[INFO] [stdout]    = note: `GenericError` has a derived impl for the trait `Debug`, but this is intentionally ignored during dead code analysis
[INFO] [stdout]    = note: `#[warn(dead_code)]` on by default
[INFO] [stdout] 
[INFO] [stdout] 
[INFO] [stdout] warning: function `return_save_shader_error` is never used
[INFO] [stdout]   --> atory/src/download.rs:47:4
[INFO] [stdout]    |
[INFO] [stdout] 47 | fn return_save_shader_error() -> Result<String, Box<dyn Error>> {
[INFO] [stdout]    |    ^^^^^^^^^^^^^^^^^^^^^^^^
[INFO] [stdout] 
[INFO] [stdout] 
[INFO] [stdout] warning: static `shadertoy_glsl` is never used
[INFO] [stdout]  --> atory/src/transpiler.rs:7:8
[INFO] [stdout]   |
[INFO] [stdout] 7 | static shadertoy_glsl : &str = "
[INFO] [stdout]   |        ^^^^^^^^^^^^^^
[INFO] [stdout] 
[INFO] [stdout] 
[INFO] [stdout] warning: static variable `shadertoy_glsl` should have an upper case name
[INFO] [stdout]  --> atory/src/transpiler.rs:7:8
[INFO] [stdout]   |
[INFO] [stdout] 7 | static shadertoy_glsl : &str = "
[INFO] [stdout]   |        ^^^^^^^^^^^^^^ help: convert the identifier to upper case: `SHADERTOY_GLSL`
[INFO] [stdout]   |
[INFO] [stdout]   = note: `#[warn(non_upper_case_globals)]` on by default
[INFO] [stdout] 
[INFO] [stdout] 
[INFO] [stderr]    Compiling purg v0.1.0 (/opt/rustwide/workdir/purg)
[INFO] [stdout] warning: constant `TOY_UNIFORMS` is never used
[INFO] [stdout]   --> purg/src/lib.rs:19:7
[INFO] [stdout]    |
[INFO] [stdout] 19 | const TOY_UNIFORMS: [(&'static str, UniformType); 6] = [
[INFO] [stdout]    |       ^^^^^^^^^^^^
[INFO] [stdout]    |
[INFO] [stdout]    = note: `#[warn(dead_code)]` on by default
[INFO] [stdout] 
[INFO] [stdout] 
[INFO] [stdout] warning: structure field `timeDelta` should have a snake case name
[INFO] [stdout]   --> purg/src/lib.rs:11:5
[INFO] [stdout]    |
[INFO] [stdout] 11 |     timeDelta: f32,
[INFO] [stdout]    |     ^^^^^^^^^ help: convert the identifier to snake case: `time_delta`
[INFO] [stdout]    |
[INFO] [stdout]    = note: `#[warn(non_snake_case)]` on by default
[INFO] [stdout] 
[INFO] [stdout] 
[INFO] [stdout] warning: unused imports: `Datelike`, `NaiveDateTime`, and `Timelike`
[INFO] [stdout]  --> purg/src/main.rs:1:14
[INFO] [stdout]   |
[INFO] [stdout] 1 | use chrono::{Datelike, NaiveDateTime, Timelike};
[INFO] [stdout]   |              ^^^^^^^^  ^^^^^^^^^^^^^  ^^^^^^^^
[INFO] [stdout]   |
[INFO] [stdout]   = note: `#[warn(unused_imports)]` on by default
[INFO] [stdout] 
[INFO] [stdout] 
[INFO] [stdout] warning: unused import: `frame_counter::FrameCounter`
[INFO] [stdout]  --> purg/src/main.rs:2:5
[INFO] [stdout]   |
[INFO] [stdout] 2 | use frame_counter::FrameCounter;
[INFO] [stdout]   |     ^^^^^^^^^^^^^^^^^^^^^^^^^^^
[INFO] [stdout] 
[INFO] [stdout] 
[INFO] [stdout] warning: unused imports: `Vec2` and `Vec3`
[INFO] [stdout]  --> purg/src/main.rs:3:23
[INFO] [stdout]   |
[INFO] [stdout] 3 | use macroquad::math::{Vec2, Vec3};
[INFO] [stdout]   |                       ^^^^  ^^^^
[INFO] [stdout] 
[INFO] [stdout] 
[INFO] [stdout] warning: unused import: `macroquad::models::Vertex`
[INFO] [stdout]  --> purg/src/main.rs:4:5
[INFO] [stdout]   |
[INFO] [stdout] 4 | use macroquad::models::Vertex;
[INFO] [stdout]   |     ^^^^^^^^^^^^^^^^^^^^^^^^^
[INFO] [stdout] 
[INFO] [stdout] 
[INFO] [stdout] warning: unused imports: `thread` and `time`
[INFO] [stdout]  --> purg/src/main.rs:7:11
[INFO] [stdout]   |
[INFO] [stdout] 7 | use std::{thread, time};
[INFO] [stdout]   |           ^^^^^^  ^^^^
[INFO] [stdout] 
[INFO] [stdout] 
[INFO] [stdout] warning: variable does not need to be mutable
[INFO] [stdout]   --> purg/src/main.rs:29:9
[INFO] [stdout]    |
[INFO] [stdout] 29 |     let mut fragment_shader = frag_shader;
[INFO] [stdout]    |         ----^^^^^^^^^^^^^^^
[INFO] [stdout]    |         |
[INFO] [stdout]    |         help: remove this `mut`
[INFO] [stdout]    |
[INFO] [stdout]    = note: `#[warn(unused_mut)]` on by default
[INFO] [stdout] 
[INFO] [stdout] 
[INFO] [stdout] warning: variable does not need to be mutable
[INFO] [stdout]   --> purg/src/main.rs:30:9
[INFO] [stdout]    |
[INFO] [stdout] 30 |     let mut vertex_shader = DEFAULT_VERTEX_SHADER.to_string();
[INFO] [stdout]    |         ----^^^^^^^^^^^^^
[INFO] [stdout]    |         |
[INFO] [stdout]    |         help: remove this `mut`
[INFO] [stdout] 
[INFO] [stdout] 
[INFO] [stdout] warning: enum `Uniform` is never used
[INFO] [stdout]  --> purg/src/main.rs:9:6
[INFO] [stdout]   |
[INFO] [stdout] 9 | enum Uniform {
[INFO] [stdout]   |      ^^^^^^^
[INFO] [stdout]   |
[INFO] [stdout]   = note: `#[warn(dead_code)]` on by default
[INFO] [stdout] 
[INFO] [stdout] 
[INFO] [stdout] warning: constant `DEBUG` is never used
[INFO] [stdout]   --> purg/src/main.rs:16:7
[INFO] [stdout]    |
[INFO] [stdout] 16 | const DEBUG: bool = false;
[INFO] [stdout]    |       ^^^^^
[INFO] [stdout] 
[INFO] [stdout] 
[INFO] [stdout] warning: constant `DEFAULT_FRAGMENT_SHADER` is never used
[INFO] [stdout]   --> purg/src/main.rs:48:7
[INFO] [stdout]    |
[INFO] [stdout] 48 | const DEFAULT_FRAGMENT_SHADER: &'static str = "#version 450
[INFO] [stdout]    |       ^^^^^^^^^^^^^^^^^^^^^^^
[INFO] [stdout] 
[INFO] [stdout] 
[INFO] [stderr]     Finished `dev` profile [unoptimized + debuginfo] target(s) in 1m 47s
[INFO] [stderr] warning: the following packages contain code that will be rejected by a future version of Rust: nom v6.1.2
[INFO] [stderr] note: to see what the problems were, use the option `--future-incompat-report`, or run `cargo report future-incompatibilities --id 2`
[INFO] running `Command { std: "docker" "inspect" "4457d099a78f7962c2aa63ef1dbeb42b5b00dd258b87ceb8867f50fdd63399d7", kill_on_drop: false }`
[INFO] running `Command { std: "docker" "rm" "-f" "4457d099a78f7962c2aa63ef1dbeb42b5b00dd258b87ceb8867f50fdd63399d7", kill_on_drop: false }`
[INFO] [stdout] 4457d099a78f7962c2aa63ef1dbeb42b5b00dd258b87ceb8867f50fdd63399d7
[INFO] running `Command { std: "docker" "create" "-v" "/var/lib/crater-agent-workspace/builds/worker-0-tc2/target:/opt/rustwide/target:rw,Z" "-v" "/var/lib/crater-agent-workspace/builds/worker-0-tc2/source:/opt/rustwide/workdir:ro,Z" "-v" "/var/lib/crater-agent-workspace/cargo-home:/opt/rustwide/cargo-home:ro,Z" "-v" "/var/lib/crater-agent-workspace/rustup-home:/opt/rustwide/rustup-home:ro,Z" "-e" "SOURCE_DIR=/opt/rustwide/workdir" "-e" "CARGO_TARGET_DIR=/opt/rustwide/target" "-e" "CARGO_INCREMENTAL=0" "-e" "RUST_BACKTRACE=full" "-e" "RUSTFLAGS=--cap-lints=forbid -Zrandomize-layout" "-e" "RUSTDOCFLAGS=--cap-lints=forbid" "-e" "CARGO_HOME=/opt/rustwide/cargo-home" "-e" "RUSTUP_HOME=/opt/rustwide/rustup-home" "-w" "/opt/rustwide/workdir" "-m" "1610612736" "--user" "0:0" "--network" "none" "ghcr.io/rust-lang/crates-build-env/linux@sha256:819108c5571ea2e421544af4d832f968d213c87fbe3707a016657f43d2f853bc" "/opt/rustwide/cargo-home/bin/cargo" "+nightly-2025-01-18" "test" "--frozen" "--no-run" "--message-format=json", kill_on_drop: false }`
[INFO] [stdout] 1deec00ff14a53d7a351144b90b80bd9c1f2f8ec2b1ff03e7ee8b5f92ad74c29
[INFO] running `Command { std: "docker" "start" "-a" "1deec00ff14a53d7a351144b90b80bd9c1f2f8ec2b1ff03e7ee8b5f92ad74c29", kill_on_drop: false }`
[INFO] [stderr]    Compiling atory v0.1.0 (/opt/rustwide/workdir/atory)
[INFO] [stderr]    Compiling purg v0.1.0 (/opt/rustwide/workdir/purg)
[INFO] [stdout] warning: field `msg` is never read
[INFO] [stdout]   --> atory/src/download.rs:10:5
[INFO] [stdout]    |
[INFO] [stdout] 9  | pub struct GenericError {
[INFO] [stdout]    |            ------------ field in this struct
[INFO] [stdout] 10 |     msg: String,
[INFO] [stdout]    |     ^^^
[INFO] [stdout]    |
[INFO] [stdout]    = note: `GenericError` has a derived impl for the trait `Debug`, but this is intentionally ignored during dead code analysis
[INFO] [stdout]    = note: `#[warn(dead_code)]` on by default
[INFO] [stdout] 
[INFO] [stdout] 
[INFO] [stdout] warning: function `return_save_shader_error` is never used
[INFO] [stdout]   --> atory/src/download.rs:47:4
[INFO] [stdout]    |
[INFO] [stdout] 47 | fn return_save_shader_error() -> Result<String, Box<dyn Error>> {
[INFO] [stdout]    |    ^^^^^^^^^^^^^^^^^^^^^^^^
[INFO] [stdout] 
[INFO] [stdout] 
[INFO] [stdout] warning: constant `TOY_UNIFORMS` is never used
[INFO] [stdout]   --> purg/src/lib.rs:19:7
[INFO] [stdout]    |
[INFO] [stdout] 19 | const TOY_UNIFORMS: [(&'static str, UniformType); 6] = [
[INFO] [stdout]    |       ^^^^^^^^^^^^
[INFO] [stdout]    |
[INFO] [stdout]    = note: `#[warn(dead_code)]` on by default
[INFO] [stdout] 
[INFO] [stdout] 
[INFO] [stdout] warning: structure field `timeDelta` should have a snake case name
[INFO] [stdout]   --> purg/src/lib.rs:11:5
[INFO] [stdout]    |
[INFO] [stdout] 11 |     timeDelta: f32,
[INFO] [stdout]    |     ^^^^^^^^^ help: convert the identifier to snake case: `time_delta`
[INFO] [stdout]    |
[INFO] [stdout]    = note: `#[warn(non_snake_case)]` on by default
[INFO] [stdout] 
[INFO] [stdout] 
[INFO] [stdout] warning: unused imports: `Datelike`, `NaiveDateTime`, and `Timelike`
[INFO] [stdout]  --> purg/src/main.rs:1:14
[INFO] [stdout]   |
[INFO] [stdout] 1 | use chrono::{Datelike, NaiveDateTime, Timelike};
[INFO] [stdout]   |              ^^^^^^^^  ^^^^^^^^^^^^^  ^^^^^^^^
[INFO] [stdout]   |
[INFO] [stdout]   = note: `#[warn(unused_imports)]` on by default
[INFO] [stdout] 
[INFO] [stdout] 
[INFO] [stdout] warning: unused import: `frame_counter::FrameCounter`
[INFO] [stdout]  --> purg/src/main.rs:2:5
[INFO] [stdout]   |
[INFO] [stdout] 2 | use frame_counter::FrameCounter;
[INFO] [stdout]   |     ^^^^^^^^^^^^^^^^^^^^^^^^^^^
[INFO] [stdout] 
[INFO] [stdout] 
[INFO] [stdout] warning: unused imports: `Vec2` and `Vec3`
[INFO] [stdout]  --> purg/src/main.rs:3:23
[INFO] [stdout]   |
[INFO] [stdout] 3 | use macroquad::math::{Vec2, Vec3};
[INFO] [stdout]   |                       ^^^^  ^^^^
[INFO] [stdout] 
[INFO] [stdout] 
[INFO] [stdout] warning: unused import: `macroquad::models::Vertex`
[INFO] [stdout]  --> purg/src/main.rs:4:5
[INFO] [stdout]   |
[INFO] [stdout] 4 | use macroquad::models::Vertex;
[INFO] [stdout]   |     ^^^^^^^^^^^^^^^^^^^^^^^^^
[INFO] [stdout] 
[INFO] [stdout] 
[INFO] [stdout] warning: unused imports: `thread` and `time`
[INFO] [stdout]  --> purg/src/main.rs:7:11
[INFO] [stdout]   |
[INFO] [stdout] 7 | use std::{thread, time};
[INFO] [stdout]   |           ^^^^^^  ^^^^
[INFO] [stdout] 
[INFO] [stdout] 
[INFO] [stdout] warning: variable does not need to be mutable
[INFO] [stdout]   --> purg/src/main.rs:29:9
[INFO] [stdout]    |
[INFO] [stdout] 29 |     let mut fragment_shader = frag_shader;
[INFO] [stdout]    |         ----^^^^^^^^^^^^^^^
[INFO] [stdout]    |         |
[INFO] [stdout]    |         help: remove this `mut`
[INFO] [stdout]    |
[INFO] [stdout]    = note: `#[warn(unused_mut)]` on by default
[INFO] [stdout] 
[INFO] [stdout] 
[INFO] [stdout] warning: variable does not need to be mutable
[INFO] [stdout]   --> purg/src/main.rs:30:9
[INFO] [stdout]    |
[INFO] [stdout] 30 |     let mut vertex_shader = DEFAULT_VERTEX_SHADER.to_string();
[INFO] [stdout]    |         ----^^^^^^^^^^^^^
[INFO] [stdout]    |         |
[INFO] [stdout]    |         help: remove this `mut`
[INFO] [stdout] 
[INFO] [stdout] 
[INFO] [stdout] warning: unused import: `glsl::syntax::Statement`
[INFO] [stdout]  --> atory/src/editor.rs:2:5
[INFO] [stdout]   |
[INFO] [stdout] 2 | use glsl::syntax::Statement;
[INFO] [stdout]   |     ^^^^^^^^^^^^^^^^^^^^^^^
[INFO] [stdout]   |
[INFO] [stdout]   = note: `#[warn(unused_imports)]` on by default
[INFO] [stdout] 
[INFO] [stdout] 
[INFO] [stdout] warning: enum `Uniform` is never used
[INFO] [stdout]  --> purg/src/main.rs:9:6
[INFO] [stdout]   |
[INFO] [stdout] 9 | enum Uniform {
[INFO] [stdout]   |      ^^^^^^^
[INFO] [stdout]   |
[INFO] [stdout]   = note: `#[warn(dead_code)]` on by default
[INFO] [stdout] 
[INFO] [stdout] 
[INFO] [stdout] warning: constant `DEBUG` is never used
[INFO] [stdout]   --> purg/src/main.rs:16:7
[INFO] [stdout]    |
[INFO] [stdout] 16 | const DEBUG: bool = false;
[INFO] [stdout]    |       ^^^^^
[INFO] [stdout] 
[INFO] [stdout] 
[INFO] [stdout] warning: constant `DEFAULT_FRAGMENT_SHADER` is never used
[INFO] [stdout]   --> purg/src/main.rs:48:7
[INFO] [stdout]    |
[INFO] [stdout] 48 | const DEFAULT_FRAGMENT_SHADER: &'static str = "#version 450
[INFO] [stdout]    |       ^^^^^^^^^^^^^^^^^^^^^^^
[INFO] [stdout] 
[INFO] [stdout] 
[INFO] [stdout] warning: unused import: `glsl::syntax::FunctionParameterDeclaration::Named`
[INFO] [stdout]  --> atory/src/rebuild.rs:1:5
[INFO] [stdout]   |
[INFO] [stdout] 1 | use glsl::syntax::FunctionParameterDeclaration::Named;
[INFO] [stdout]   |     ^^^^^^^^^^^^^^^^^^^^^^^^^^^^^^^^^^^^^^^^^^^^^^^^^
[INFO] [stdout]   |
[INFO] [stdout]   = note: `#[warn(unused_imports)]` on by default
[INFO] [stdout] 
[INFO] [stdout] 
[INFO] [stdout] warning: unused import: `glsl::syntax::StorageQualifier::Out`
[INFO] [stdout]  --> atory/src/rebuild.rs:2:5
[INFO] [stdout]   |
[INFO] [stdout] 2 | use glsl::syntax::StorageQualifier::Out;
[INFO] [stdout]   |     ^^^^^^^^^^^^^^^^^^^^^^^^^^^^^^^^^^^
[INFO] [stdout] 
[INFO] [stdout] 
[INFO] [stdout] warning: unused import: `glsl::syntax::TypeQualifierSpec::Storage`
[INFO] [stdout]  --> atory/src/rebuild.rs:3:5
[INFO] [stdout]   |
[INFO] [stdout] 3 | use glsl::syntax::TypeQualifierSpec::Storage;
[INFO] [stdout]   |     ^^^^^^^^^^^^^^^^^^^^^^^^^^^^^^^^^^^^^^^^
[INFO] [stdout] 
[INFO] [stdout] 
[INFO] [stdout] warning: unused imports: `Declaration` and `TypeQualifier`
[INFO] [stdout]  --> atory/src/rebuild.rs:7:9
[INFO] [stdout]   |
[INFO] [stdout] 7 |         Declaration, ExternalDeclaration, FullySpecifiedType, FunctionPrototype, Identifier,
[INFO] [stdout]   |         ^^^^^^^^^^^
[INFO] [stdout] 8 |         NonEmpty, ShaderStage, TranslationUnit, TypeQualifier, TypeSpecifier,
[INFO] [stdout]   |                                                 ^^^^^^^^^^^^^
[INFO] [stdout] 
[INFO] [stdout] 
[INFO] [stdout] warning: unused doc comment
[INFO] [stdout]   --> atory/src/rebuild.rs:95:13
[INFO] [stdout]    |
[INFO] [stdout] 95 | /             /// NOTE: this is not scalable at anything more compilcated than a single file i thinks
[INFO] [stdout] 96 | |             /// Loop until we we find the main_image() def and then pass it to get its body yanked out
[INFO] [stdout]    | |______________________________________________________________________________________________________^
[INFO] [stdout] 97 |               let functions = Some(get_main(root_declarations.clone()));
[INFO] [stdout]    |               ---------------------------------------------------------- rustdoc does not generate documentation for statements
[INFO] [stdout]    |
[INFO] [stdout]    = help: use `//` for a plain comment
[INFO] [stdout]    = note: `#[warn(unused_doc_comments)]` on by default
[INFO] [stdout] 
[INFO] [stdout] 
[INFO] [stdout] warning: unused imports: `Declaration`, `ExternalDeclaration`, `NonEmpty`, and `TranslationUnit`
[INFO] [stdout]  --> atory/src/transpiler.rs:2:20
[INFO] [stdout]   |
[INFO] [stdout] 2 | use glsl::syntax::{Declaration, ExternalDeclaration, NonEmpty, ShaderStage, TranslationUnit};
[INFO] [stdout]   |                    ^^^^^^^^^^^  ^^^^^^^^^^^^^^^^^^^  ^^^^^^^^               ^^^^^^^^^^^^^^^
[INFO] [stdout] 
[INFO] [stdout] 
[INFO] [stdout] warning: unused import: `core::fmt::Write`
[INFO] [stdout]  --> atory/src/transpiler.rs:5:5
[INFO] [stdout]   |
[INFO] [stdout] 5 | use core::fmt::Write;
[INFO] [stdout]   |     ^^^^^^^^^^^^^^^^
[INFO] [stdout] 
[INFO] [stdout] 
[INFO] [stdout] warning: constant `TOY_UNIFORMS` is never used
[INFO] [stdout]   --> purg/src/lib.rs:19:7
[INFO] [stdout]    |
[INFO] [stdout] 19 | const TOY_UNIFORMS: [(&'static str, UniformType); 6] = [
[INFO] [stdout]    |       ^^^^^^^^^^^^
[INFO] [stdout]    |
[INFO] [stdout]    = note: `#[warn(dead_code)]` on by default
[INFO] [stdout] 
[INFO] [stdout] 
[INFO] [stdout] warning: structure field `timeDelta` should have a snake case name
[INFO] [stdout]   --> purg/src/lib.rs:11:5
[INFO] [stdout]    |
[INFO] [stdout] 11 |     timeDelta: f32,
[INFO] [stdout]    |     ^^^^^^^^^ help: convert the identifier to snake case: `time_delta`
[INFO] [stdout]    |
[INFO] [stdout]    = note: `#[warn(non_snake_case)]` on by default
[INFO] [stdout] 
[INFO] [stdout] 
[INFO] [stdout] warning: unused variable: `expression`
[INFO] [stdout]   --> atory/src/editor.rs:10:13
[INFO] [stdout]    |
[INFO] [stdout] 10 |     let mut expression = String::new();
[INFO] [stdout]    |             ^^^^^^^^^^ help: if this is intentional, prefix it with an underscore: `_expression`
[INFO] [stdout]    |
[INFO] [stdout]    = note: `#[warn(unused_variables)]` on by default
[INFO] [stdout] 
[INFO] [stdout] 
[INFO] [stdout] warning: unused variable: `func_body`
[INFO] [stdout]   --> atory/src/editor.rs:68:41
[INFO] [stdout]    |
[INFO] [stdout] 68 | ...                   let func_body = String::new();
[INFO] [stdout]    |                           ^^^^^^^^^ help: if this is intentional, prefix it with an underscore: `_func_body`
[INFO] [stdout] 
[INFO] [stdout] 
[INFO] [stdout] warning: unused variable: `dec`
[INFO] [stdout]   --> atory/src/editor.rs:81:62
[INFO] [stdout]    |
[INFO] [stdout] 81 | ...                   ExternalDeclaration::Declaration(dec) => {
[INFO] [stdout]    |                                                        ^^^ help: if this is intentional, prefix it with an underscore: `_dec`
[INFO] [stdout] 
[INFO] [stdout] 
[INFO] [stdout] warning: field `msg` is never read
[INFO] [stdout]   --> atory/src/download.rs:10:5
[INFO] [stdout]    |
[INFO] [stdout] 9  | pub struct GenericError {
[INFO] [stdout]    |            ------------ field in this struct
[INFO] [stdout] 10 |     msg: String,
[INFO] [stdout]    |     ^^^
[INFO] [stdout]    |
[INFO] [stdout]    = note: `GenericError` has a derived impl for the trait `Debug`, but this is intentionally ignored during dead code analysis
[INFO] [stdout]    = note: `#[warn(dead_code)]` on by default
[INFO] [stdout] 
[INFO] [stdout] 
[INFO] [stdout] warning: function `return_save_shader_error` is never used
[INFO] [stdout]   --> atory/src/download.rs:47:4
[INFO] [stdout]    |
[INFO] [stdout] 47 | fn return_save_shader_error() -> Result<String, Box<dyn Error>> {
[INFO] [stdout]    |    ^^^^^^^^^^^^^^^^^^^^^^^^
[INFO] [stdout] 
[INFO] [stdout] 
[INFO] [stdout] warning: variable does not need to be mutable
[INFO] [stdout]   --> atory/src/editor.rs:10:9
[INFO] [stdout]    |
[INFO] [stdout] 10 |     let mut expression = String::new();
[INFO] [stdout]    |         ----^^^^^^^^^^
[INFO] [stdout]    |         |
[INFO] [stdout]    |         help: remove this `mut`
[INFO] [stdout]    |
[INFO] [stdout]    = note: `#[warn(unused_mut)]` on by default
[INFO] [stdout] 
[INFO] [stdout] 
[INFO] [stdout] warning: unused return value of `egui::Ui::selectable_label` that must be used
[INFO] [stdout]   --> atory/src/editor.rs:29:33
[INFO] [stdout]    |
[INFO] [stdout] 29 | ...                   ui.selectable_label(true, &format!("{:?}", pre)[0..5]);
[INFO] [stdout]    |                       ^^^^^^^^^^^^^^^^^^^^^^^^^^^^^^^^^^^^^^^^^^^^^^^^^^^^^^
[INFO] [stdout]    |
[INFO] [stdout]    = note: You should check if the user clicked this with `if ui.selectable_label(…).clicked() { … } 
[INFO] [stdout]    = note: `#[warn(unused_must_use)]` on by default
[INFO] [stdout] help: use `let _ = ...` to ignore the resulting value
[INFO] [stdout]    |
[INFO] [stdout] 29 |                                 let _ = ui.selectable_label(true, &format!("{:?}", pre)[0..5]);
[INFO] [stdout]    |                                 +++++++
[INFO] [stdout] 
[INFO] [stdout] 
[INFO] [stdout] warning: unused return value of `egui::Ui::selectable_label` that must be used
[INFO] [stdout]   --> atory/src/editor.rs:72:41
[INFO] [stdout]    |
[INFO] [stdout] 72 | ...                   ui.selectable_label(false, &format!("     {}", out));
[INFO] [stdout]    |                       ^^^^^^^^^^^^^^^^^^^^^^^^^^^^^^^^^^^^^^^^^^^^^^^^^^^^
[INFO] [stdout]    |
[INFO] [stdout]    = note: You should check if the user clicked this with `if ui.selectable_label(…).clicked() { … } 
[INFO] [stdout] help: use `let _ = ...` to ignore the resulting value
[INFO] [stdout]    |
[INFO] [stdout] 72 |                                         let _ = ui.selectable_label(false, &format!("     {}", out));
[INFO] [stdout]    |                                         +++++++
[INFO] [stdout] 
[INFO] [stdout] 
[INFO] [stdout] warning: variable does not need to be mutable
[INFO] [stdout]   --> atory/src/rebuild.rs:72:5
[INFO] [stdout]    |
[INFO] [stdout] 72 |     mut mid: Option<NonEmpty<ExternalDeclaration>>,
[INFO] [stdout]    |     ----^^^
[INFO] [stdout]    |     |
[INFO] [stdout]    |     help: remove this `mut`
[INFO] [stdout]    |
[INFO] [stdout]    = note: `#[warn(unused_mut)]` on by default
[INFO] [stdout] 
[INFO] [stdout] 
[INFO] [stdout] warning: variable does not need to be mutable
[INFO] [stdout]   --> atory/src/rebuild.rs:73:5
[INFO] [stdout]    |
[INFO] [stdout] 73 |     mut end: Option<NonEmpty<ExternalDeclaration>>,
[INFO] [stdout]    |     ----^^^
[INFO] [stdout]    |     |
[INFO] [stdout]    |     help: remove this `mut`
[INFO] [stdout] 
[INFO] [stdout] 
[INFO] [stdout] warning: unreachable pattern
[INFO] [stdout]    --> atory/src/rebuild.rs:105:9
[INFO] [stdout]     |
[INFO] [stdout] 94  |         TranslationUnit(root_declarations) => {
[INFO] [stdout]     |         ---------------------------------- matches any value
[INFO] [stdout] ...
[INFO] [stdout] 105 |         _ => {
[INFO] [stdout]     |         ^ no value can reach this
[INFO] [stdout]     |
[INFO] [stdout]     = note: `#[warn(unreachable_patterns)]` on by default
[INFO] [stdout] 
[INFO] [stdout] 
[INFO] [stdout] warning: unused variable: `name`
[INFO] [stdout]    --> atory/src/transpiler.rs:112:10
[INFO] [stdout]     |
[INFO] [stdout] 112 |     let (name, code) = download("tsXBzS", false).unwrap();
[INFO] [stdout]     |          ^^^^ help: if this is intentional, prefix it with an underscore: `_name`
[INFO] [stdout]     |
[INFO] [stdout]     = note: `#[warn(unused_variables)]` on by default
[INFO] [stdout] 
[INFO] [stdout] 
[INFO] [stdout] warning: unused variable: `name`
[INFO] [stdout]    --> atory/src/transpiler.rs:120:10
[INFO] [stdout]     |
[INFO] [stdout] 120 |     let (name, code) = download("stXXzS", false).unwrap();
[INFO] [stdout]     |          ^^^^ help: if this is intentional, prefix it with an underscore: `_name`
[INFO] [stdout] 
[INFO] [stdout] 
[INFO] [stdout] warning: unused variable: `name`
[INFO] [stdout]    --> atory/src/transpiler.rs:128:10
[INFO] [stdout]     |
[INFO] [stdout] 128 |     let (name, code) = download("slsXDX", false).unwrap();
[INFO] [stdout]     |          ^^^^ help: if this is intentional, prefix it with an underscore: `_name`
[INFO] [stdout] 
[INFO] [stdout] 
[INFO] [stdout] warning: field `msg` is never read
[INFO] [stdout]   --> atory/src/download.rs:10:5
[INFO] [stdout]    |
[INFO] [stdout] 9  | pub struct GenericError {
[INFO] [stdout]    |            ------------ field in this struct
[INFO] [stdout] 10 |     msg: String,
[INFO] [stdout]    |     ^^^
[INFO] [stdout]    |
[INFO] [stdout]    = note: `GenericError` has a derived impl for the trait `Debug`, but this is intentionally ignored during dead code analysis
[INFO] [stdout]    = note: `#[warn(dead_code)]` on by default
[INFO] [stdout] 
[INFO] [stdout] 
[INFO] [stdout] warning: function `return_save_shader_error` is never used
[INFO] [stdout]   --> atory/src/download.rs:47:4
[INFO] [stdout]    |
[INFO] [stdout] 47 | fn return_save_shader_error() -> Result<String, Box<dyn Error>> {
[INFO] [stdout]    |    ^^^^^^^^^^^^^^^^^^^^^^^^
[INFO] [stdout] 
[INFO] [stdout] 
[INFO] [stdout] warning: static variable `shadertoy_glsl` should have an upper case name
[INFO] [stdout]  --> atory/src/transpiler.rs:7:8
[INFO] [stdout]   |
[INFO] [stdout] 7 | static shadertoy_glsl : &str = "
[INFO] [stdout]   |        ^^^^^^^^^^^^^^ help: convert the identifier to upper case: `SHADERTOY_GLSL`
[INFO] [stdout]   |
[INFO] [stdout]   = note: `#[warn(non_upper_case_globals)]` on by default
[INFO] [stdout] 
[INFO] [stdout] 
[INFO] [stderr]     Finished `test` profile [unoptimized + debuginfo] target(s) in 3.05s
[INFO] [stderr] warning: the following packages contain code that will be rejected by a future version of Rust: nom v6.1.2
[INFO] [stderr] note: to see what the problems were, use the option `--future-incompat-report`, or run `cargo report future-incompatibilities --id 2`
[INFO] running `Command { std: "docker" "inspect" "1deec00ff14a53d7a351144b90b80bd9c1f2f8ec2b1ff03e7ee8b5f92ad74c29", kill_on_drop: false }`
[INFO] running `Command { std: "docker" "rm" "-f" "1deec00ff14a53d7a351144b90b80bd9c1f2f8ec2b1ff03e7ee8b5f92ad74c29", kill_on_drop: false }`
[INFO] [stdout] 1deec00ff14a53d7a351144b90b80bd9c1f2f8ec2b1ff03e7ee8b5f92ad74c29
[INFO] running `Command { std: "docker" "create" "-v" "/var/lib/crater-agent-workspace/builds/worker-0-tc2/target:/opt/rustwide/target:rw,Z" "-v" "/var/lib/crater-agent-workspace/builds/worker-0-tc2/source:/opt/rustwide/workdir:ro,Z" "-v" "/var/lib/crater-agent-workspace/cargo-home:/opt/rustwide/cargo-home:ro,Z" "-v" "/var/lib/crater-agent-workspace/rustup-home:/opt/rustwide/rustup-home:ro,Z" "-e" "SOURCE_DIR=/opt/rustwide/workdir" "-e" "CARGO_TARGET_DIR=/opt/rustwide/target" "-e" "CARGO_INCREMENTAL=0" "-e" "RUST_BACKTRACE=full" "-e" "RUSTFLAGS=--cap-lints=forbid -Zrandomize-layout" "-e" "RUSTDOCFLAGS=--cap-lints=forbid" "-e" "CARGO_HOME=/opt/rustwide/cargo-home" "-e" "RUSTUP_HOME=/opt/rustwide/rustup-home" "-w" "/opt/rustwide/workdir" "-m" "1610612736" "--user" "0:0" "--network" "none" "ghcr.io/rust-lang/crates-build-env/linux@sha256:819108c5571ea2e421544af4d832f968d213c87fbe3707a016657f43d2f853bc" "/opt/rustwide/cargo-home/bin/cargo" "+nightly-2025-01-18" "test" "--frozen", kill_on_drop: false }`
[INFO] [stdout] 6c36a4509453c221fdef2dee7810f8767b42321525b682633e164d8fc0cd883f
[INFO] running `Command { std: "docker" "start" "-a" "6c36a4509453c221fdef2dee7810f8767b42321525b682633e164d8fc0cd883f", kill_on_drop: false }`
[INFO] [stderr] warning: field `msg` is never read
[INFO] [stderr]   --> atory/src/download.rs:10:5
[INFO] [stderr]    |
[INFO] [stderr] 9  | pub struct GenericError {
[INFO] [stderr]    |            ------------ field in this struct
[INFO] [stderr] 10 |     msg: String,
[INFO] [stderr]    |     ^^^
[INFO] [stderr]    |
[INFO] [stderr]    = note: `GenericError` has a derived impl for the trait `Debug`, but this is intentionally ignored during dead code analysis
[INFO] [stderr]    = note: `#[warn(dead_code)]` on by default
[INFO] [stderr] 
[INFO] [stderr] warning: function `return_save_shader_error` is never used
[INFO] [stderr]   --> atory/src/download.rs:47:4
[INFO] [stderr]    |
[INFO] [stderr] 47 | fn return_save_shader_error() -> Result<String, Box<dyn Error>> {
[INFO] [stderr]    |    ^^^^^^^^^^^^^^^^^^^^^^^^
[INFO] [stderr] 
[INFO] [stderr] warning: constant `TOY_UNIFORMS` is never used
[INFO] [stderr]   --> purg/src/lib.rs:19:7
[INFO] [stderr]    |
[INFO] [stderr] 19 | const TOY_UNIFORMS: [(&'static str, UniformType); 6] = [
[INFO] [stderr]    |       ^^^^^^^^^^^^
[INFO] [stderr]    |
[INFO] [stderr]    = note: `#[warn(dead_code)]` on by default
[INFO] [stderr] 
[INFO] [stderr] warning: structure field `timeDelta` should have a snake case name
[INFO] [stderr]   --> purg/src/lib.rs:11:5
[INFO] [stderr]    |
[INFO] [stderr] 11 |     timeDelta: f32,
[INFO] [stderr]    |     ^^^^^^^^^ help: convert the identifier to snake case: `time_delta`
[INFO] [stderr]    |
[INFO] [stderr]    = note: `#[warn(non_snake_case)]` on by default
[INFO] [stderr] 
[INFO] [stderr] warning: `atory` (lib) generated 2 warnings
[INFO] [stderr] warning: `purg` (lib) generated 2 warnings
[INFO] [stderr] warning: `purg` (lib test) generated 2 warnings (2 duplicates)
[INFO] [stderr] warning: `atory` (lib test) generated 2 warnings (2 duplicates)
[INFO] [stderr] warning: unused imports: `Datelike`, `NaiveDateTime`, and `Timelike`
[INFO] [stderr]  --> purg/src/main.rs:1:14
[INFO] [stderr]   |
[INFO] [stderr] 1 | use chrono::{Datelike, NaiveDateTime, Timelike};
[INFO] [stderr]   |              ^^^^^^^^  ^^^^^^^^^^^^^  ^^^^^^^^
[INFO] [stderr]   |
[INFO] [stderr]   = note: `#[warn(unused_imports)]` on by default
[INFO] [stderr] 
[INFO] [stderr] warning: unused import: `frame_counter::FrameCounter`
[INFO] [stderr]  --> purg/src/main.rs:2:5
[INFO] [stderr]   |
[INFO] [stderr] 2 | use frame_counter::FrameCounter;
[INFO] [stderr]   |     ^^^^^^^^^^^^^^^^^^^^^^^^^^^
[INFO] [stderr] 
[INFO] [stderr] warning: unused imports: `Vec2` and `Vec3`
[INFO] [stderr]  --> purg/src/main.rs:3:23
[INFO] [stderr]   |
[INFO] [stderr] 3 | use macroquad::math::{Vec2, Vec3};
[INFO] [stderr]   |                       ^^^^  ^^^^
[INFO] [stderr] 
[INFO] [stderr] warning: unused import: `macroquad::models::Vertex`
[INFO] [stderr]  --> purg/src/main.rs:4:5
[INFO] [stderr]   |
[INFO] [stderr] 4 | use macroquad::models::Vertex;
[INFO] [stderr]   |     ^^^^^^^^^^^^^^^^^^^^^^^^^
[INFO] [stderr] 
[INFO] [stderr] warning: unused imports: `thread` and `time`
[INFO] [stderr]  --> purg/src/main.rs:7:11
[INFO] [stderr]   |
[INFO] [stderr] 7 | use std::{thread, time};
[INFO] [stderr]   |           ^^^^^^  ^^^^
[INFO] [stderr] 
[INFO] [stderr] warning: variable does not need to be mutable
[INFO] [stderr]   --> purg/src/main.rs:29:9
[INFO] [stderr]    |
[INFO] [stderr] 29 |     let mut fragment_shader = frag_shader;
[INFO] [stderr]    |         ----^^^^^^^^^^^^^^^
[INFO] [stderr]    |         |
[INFO] [stderr]    |         help: remove this `mut`
[INFO] [stderr]    |
[INFO] [stderr]    = note: `#[warn(unused_mut)]` on by default
[INFO] [stderr] 
[INFO] [stderr] warning: variable does not need to be mutable
[INFO] [stderr]   --> purg/src/main.rs:30:9
[INFO] [stderr]    |
[INFO] [stderr] 30 |     let mut vertex_shader = DEFAULT_VERTEX_SHADER.to_string();
[INFO] [stderr]    |         ----^^^^^^^^^^^^^
[INFO] [stderr]    |         |
[INFO] [stderr]    |         help: remove this `mut`
[INFO] [stderr] 
[INFO] [stderr] warning: enum `Uniform` is never used
[INFO] [stderr]  --> purg/src/main.rs:9:6
[INFO] [stderr]   |
[INFO] [stderr] 9 | enum Uniform {
[INFO] [stderr]   |      ^^^^^^^
[INFO] [stderr]   |
[INFO] [stderr]   = note: `#[warn(dead_code)]` on by default
[INFO] [stderr] 
[INFO] [stderr] warning: constant `DEBUG` is never used
[INFO] [stderr]   --> purg/src/main.rs:16:7
[INFO] [stderr]    |
[INFO] [stderr] 16 | const DEBUG: bool = false;
[INFO] [stderr]    |       ^^^^^
[INFO] [stderr] 
[INFO] [stderr] warning: constant `DEFAULT_FRAGMENT_SHADER` is never used
[INFO] [stderr]   --> purg/src/main.rs:48:7
[INFO] [stderr]    |
[INFO] [stderr] 48 | const DEFAULT_FRAGMENT_SHADER: &'static str = "#version 450
[INFO] [stderr]    |       ^^^^^^^^^^^^^^^^^^^^^^^
[INFO] [stderr] 
[INFO] [stderr] warning: unused import: `glsl::syntax::Statement`
[INFO] [stderr]  --> atory/src/editor.rs:2:5
[INFO] [stderr]   |
[INFO] [stderr] 2 | use glsl::syntax::Statement;
[INFO] [stderr]   |     ^^^^^^^^^^^^^^^^^^^^^^^
[INFO] [stderr]   |
[INFO] [stderr]   = note: `#[warn(unused_imports)]` on by default
[INFO] [stderr] 
[INFO] [stderr] warning: unused variable: `expression`
[INFO] [stderr]   --> atory/src/editor.rs:10:13
[INFO] [stderr]    |
[INFO] [stderr] 10 |     let mut expression = String::new();
[INFO] [stderr]    |             ^^^^^^^^^^ help: if this is intentional, prefix it with an underscore: `_expression`
[INFO] [stderr]    |
[INFO] [stderr]    = note: `#[warn(unused_variables)]` on by default
[INFO] [stderr] 
[INFO] [stderr] warning: unused variable: `func_body`
[INFO] [stderr]   --> atory/src/editor.rs:68:41
[INFO] [stderr]    |
[INFO] [stderr] 68 | ...                   let func_body = String::new();
[INFO] [stderr]    |                           ^^^^^^^^^ help: if this is intentional, prefix it with an underscore: `_func_body`
[INFO] [stderr] 
[INFO] [stderr] warning: unused variable: `dec`
[INFO] [stderr]   --> atory/src/editor.rs:81:62
[INFO] [stderr]    |
[INFO] [stderr] 81 | ...                   ExternalDeclaration::Declaration(dec) => {
[INFO] [stderr]    |                                                        ^^^ help: if this is intentional, prefix it with an underscore: `_dec`
[INFO] [stderr] 
[INFO] [stderr] warning: variable does not need to be mutable
[INFO] [stderr]   --> atory/src/editor.rs:10:9
[INFO] [stderr]    |
[INFO] [stderr] 10 |     let mut expression = String::new();
[INFO] [stderr]    |         ----^^^^^^^^^^
[INFO] [stderr]    |         |
[INFO] [stderr]    |         help: remove this `mut`
[INFO] [stderr]    |
[INFO] [stderr]    = note: `#[warn(unused_mut)]` on by default
[INFO] [stderr] 
[INFO] [stderr] warning: unused return value of `egui::Ui::selectable_label` that must be used
[INFO] [stderr]   --> atory/src/editor.rs:29:33
[INFO] [stderr]    |
[INFO] [stderr] 29 | ...                   ui.selectable_label(true, &format!("{:?}", pre)[0..5]);
[INFO] [stderr]    |                       ^^^^^^^^^^^^^^^^^^^^^^^^^^^^^^^^^^^^^^^^^^^^^^^^^^^^^^
[INFO] [stderr]    |
[INFO] [stderr]    = note: You should check if the user clicked this with `if ui.selectable_label(…).clicked() { … } 
[INFO] [stderr]    = note: `#[warn(unused_must_use)]` on by default
[INFO] [stderr] help: use `let _ = ...` to ignore the resulting value
[INFO] [stderr]    |
[INFO] [stderr] 29 |                                 let _ = ui.selectable_label(true, &format!("{:?}", pre)[0..5]);
[INFO] [stderr]    |                                 +++++++
[INFO] [stderr] 
[INFO] [stderr] warning: unused return value of `egui::Ui::selectable_label` that must be used
[INFO] [stderr]   --> atory/src/editor.rs:72:41
[INFO] [stderr]    |
[INFO] [stderr] 72 | ...                   ui.selectable_label(false, &format!("     {}", out));
[INFO] [stderr]    |                       ^^^^^^^^^^^^^^^^^^^^^^^^^^^^^^^^^^^^^^^^^^^^^^^^^^^^
[INFO] [stderr]    |
[INFO] [stderr]    = note: You should check if the user clicked this with `if ui.selectable_label(…).clicked() { … } 
[INFO] [stderr] help: use `let _ = ...` to ignore the resulting value
[INFO] [stderr]    |
[INFO] [stderr] 72 |                                         let _ = ui.selectable_label(false, &format!("     {}", out));
[INFO] [stderr]    |                                         +++++++
[INFO] [stderr] 
[INFO] [stderr] warning: unused import: `glsl::syntax::FunctionParameterDeclaration::Named`
[INFO] [stderr]  --> atory/src/rebuild.rs:1:5
[INFO] [stderr]   |
[INFO] [stderr] 1 | use glsl::syntax::FunctionParameterDeclaration::Named;
[INFO] [stderr]   |     ^^^^^^^^^^^^^^^^^^^^^^^^^^^^^^^^^^^^^^^^^^^^^^^^^
[INFO] [stderr]   |
[INFO] [stderr]   = note: `#[warn(unused_imports)]` on by default
[INFO] [stderr] 
[INFO] [stderr] warning: unused import: `glsl::syntax::StorageQualifier::Out`
[INFO] [stderr]  --> atory/src/rebuild.rs:2:5
[INFO] [stderr]   |
[INFO] [stderr] 2 | use glsl::syntax::StorageQualifier::Out;
[INFO] [stderr]   |     ^^^^^^^^^^^^^^^^^^^^^^^^^^^^^^^^^^^
[INFO] [stderr] 
[INFO] [stderr] warning: unused import: `glsl::syntax::TypeQualifierSpec::Storage`
[INFO] [stderr]  --> atory/src/rebuild.rs:3:5
[INFO] [stderr]   |
[INFO] [stderr] 3 | use glsl::syntax::TypeQualifierSpec::Storage;
[INFO] [stderr]   |     ^^^^^^^^^^^^^^^^^^^^^^^^^^^^^^^^^^^^^^^^
[INFO] [stderr] 
[INFO] [stderr] warning: unused imports: `Declaration` and `TypeQualifier`
[INFO] [stderr]  --> atory/src/rebuild.rs:7:9
[INFO] [stderr]   |
[INFO] [stderr] 7 |         Declaration, ExternalDeclaration, FullySpecifiedType, FunctionPrototype, Identifier,
[INFO] [stderr]   |         ^^^^^^^^^^^
[INFO] [stderr] 8 |         NonEmpty, ShaderStage, TranslationUnit, TypeQualifier, TypeSpecifier,
[INFO] [stderr]   |                                                 ^^^^^^^^^^^^^
[INFO] [stderr] 
[INFO] [stderr] warning: unused doc comment
[INFO] [stderr]   --> atory/src/rebuild.rs:95:13
[INFO] [stderr]    |
[INFO] [stderr] 95 | /             /// NOTE: this is not scalable at anything more compilcated than a single file i thinks
[INFO] [stderr] 96 | |             /// Loop until we we find the main_image() def and then pass it to get its body yanked out
[INFO] [stderr]    | |______________________________________________________________________________________________________^
[INFO] [stderr] 97 |               let functions = Some(get_main(root_declarations.clone()));
[INFO] [stderr]    |               ---------------------------------------------------------- rustdoc does not generate documentation for statements
[INFO] [stderr]    |
[INFO] [stderr]    = help: use `//` for a plain comment
[INFO] [stderr]    = note: `#[warn(unused_doc_comments)]` on by default
[INFO] [stderr] 
[INFO] [stderr] warning: unused imports: `Declaration`, `ExternalDeclaration`, `NonEmpty`, and `TranslationUnit`
[INFO] [stderr]  --> atory/src/transpiler.rs:2:20
[INFO] [stderr]   |
[INFO] [stderr] 2 | use glsl::syntax::{Declaration, ExternalDeclaration, NonEmpty, ShaderStage, TranslationUnit};
[INFO] [stderr]   |                    ^^^^^^^^^^^  ^^^^^^^^^^^^^^^^^^^  ^^^^^^^^               ^^^^^^^^^^^^^^^
[INFO] [stderr] 
[INFO] [stderr] warning: unused import: `core::fmt::Write`
[INFO] [stderr]  --> atory/src/transpiler.rs:5:5
[INFO] [stderr]   |
[INFO] [stderr] 5 | use core::fmt::Write;
[INFO] [stderr]   |     ^^^^^^^^^^^^^^^^
[INFO] [stderr] 
[INFO] [stderr] warning: variable does not need to be mutable
[INFO] [stderr]   --> atory/src/rebuild.rs:72:5
[INFO] [stderr]    |
[INFO] [stderr] 72 |     mut mid: Option<NonEmpty<ExternalDeclaration>>,
[INFO] [stderr]    |     ----^^^
[INFO] [stderr]    |     |
[INFO] [stderr]    |     help: remove this `mut`
[INFO] [stderr]    |
[INFO] [stderr]    = note: `#[warn(unused_mut)]` on by default
[INFO] [stderr] 
[INFO] [stderr] warning: variable does not need to be mutable
[INFO] [stderr]   --> atory/src/rebuild.rs:73:5
[INFO] [stderr]    |
[INFO] [stderr] 73 |     mut end: Option<NonEmpty<ExternalDeclaration>>,
[INFO] [stderr]    |     ----^^^
[INFO] [stderr]    |     |
[INFO] [stderr]    |     help: remove this `mut`
[INFO] [stderr] 
[INFO] [stderr] warning: unreachable pattern
[INFO] [stderr]    --> atory/src/rebuild.rs:105:9
[INFO] [stderr]     |
[INFO] [stderr] 94  |         TranslationUnit(root_declarations) => {
[INFO] [stderr]     |         ---------------------------------- matches any value
[INFO] [stderr] ...
[INFO] [stderr] 105 |         _ => {
[INFO] [stderr]     |         ^ no value can reach this
[INFO] [stderr]     |
[INFO] [stderr]     = note: `#[warn(unreachable_patterns)]` on by default
[INFO] [stderr] 
[INFO] [stderr] warning: unused variable: `name`
[INFO] [stderr]    --> atory/src/transpiler.rs:112:10
[INFO] [stderr]     |
[INFO] [stderr] 112 |     let (name, code) = download("tsXBzS", false).unwrap();
[INFO] [stderr]     |          ^^^^ help: if this is intentional, prefix it with an underscore: `_name`
[INFO] [stderr]     |
[INFO] [stderr]     = note: `#[warn(unused_variables)]` on by default
[INFO] [stderr] 
[INFO] [stderr] warning: unused variable: `name`
[INFO] [stderr]    --> atory/src/transpiler.rs:120:10
[INFO] [stderr]     |
[INFO] [stderr] 120 |     let (name, code) = download("stXXzS", false).unwrap();
[INFO] [stderr]     |          ^^^^ help: if this is intentional, prefix it with an underscore: `_name`
[INFO] [stderr] 
[INFO] [stderr] warning: unused variable: `name`
[INFO] [stderr]    --> atory/src/transpiler.rs:128:10
[INFO] [stderr]     |
[INFO] [stderr] 128 |     let (name, code) = download("slsXDX", false).unwrap();
[INFO] [stderr]     |          ^^^^ help: if this is intentional, prefix it with an underscore: `_name`
[INFO] [stderr] 
[INFO] [stderr] warning: static variable `shadertoy_glsl` should have an upper case name
[INFO] [stderr]  --> atory/src/transpiler.rs:7:8
[INFO] [stderr]   |
[INFO] [stderr] 7 | static shadertoy_glsl : &str = "
[INFO] [stderr]   |        ^^^^^^^^^^^^^^ help: convert the identifier to upper case: `SHADERTOY_GLSL`
[INFO] [stderr]   |
[INFO] [stderr]   = note: `#[warn(non_upper_case_globals)]` on by default
[INFO] [stderr] 
[INFO] [stderr] warning: `purg` (bin "purg" test) generated 10 warnings (run `cargo fix --bin "purg" --tests` to apply 7 suggestions)
[INFO] [stderr] warning: `atory` (bin "editor" test) generated 7 warnings (run `cargo fix --bin "editor" --tests` to apply 2 suggestions)
[INFO] [stderr] warning: `atory` (bin "atory" test) generated 16 warnings (2 duplicates) (run `cargo fix --bin "atory" --tests` to apply 8 suggestions)
[INFO] [stderr]     Finished `test` profile [unoptimized + debuginfo] target(s) in 0.22s
[INFO] [stderr] warning: the following packages contain code that will be rejected by a future version of Rust: nom v6.1.2
[INFO] [stderr] note: to see what the problems were, use the option `--future-incompat-report`, or run `cargo report future-incompatibilities --id 2`
[INFO] [stdout] 
[INFO] [stderr]      Running unittests src/lib.rs (/opt/rustwide/target/debug/deps/atory-9d7cee282d6e51ff)
[INFO] [stdout] running 0 tests
[INFO] [stderr]      Running unittests src/main.rs (/opt/rustwide/target/debug/deps/atory-4c5bdc06b22c7c4a)
[INFO] [stdout] 
[INFO] [stdout] test result: ok. 0 passed; 0 failed; 0 ignored; 0 measured; 0 filtered out; finished in 0.00s
[INFO] [stdout] 
[INFO] [stdout] 
[INFO] [stdout] running 5 tests
[INFO] [stdout] test transpiler::test_glsl_write ... ok
[INFO] [stdout] test transpiler::test_glsl_uniform_insert ... ok
[INFO] [stdout] test transpiler::test_download_shadertoy2 ... FAILED
[INFO] [stdout] test transpiler::test_download_shadertoy3 ... FAILED
[INFO] [stdout] test transpiler::test_download_shadertoy ... FAILED
[INFO] [stdout] 
[INFO] [stdout] failures:
[INFO] [stdout] 
[INFO] [stdout] ---- transpiler::test_download_shadertoy2 stdout ----
[INFO] [stdout] 
[INFO] [stdout] thread 'transpiler::test_download_shadertoy2' panicked at atory/src/download.rs:76:10:
[INFO] [stdout] called `Result::unwrap()` on an `Err` value: reqwest::Error { kind: Request, url: Url { scheme: "https", cannot_be_a_base: false, username: "", password: None, host: Some(Domain("www.shadertoy.com")), port: None, path: "/shadertoy/", query: None, fragment: None }, source: hyper::Error(Connect, ConnectError("dns error", Custom { kind: Uncategorized, error: "failed to lookup address information: Temporary failure in name resolution" })) }
[INFO] [stdout] stack backtrace:
[INFO] [stdout]    0:     0x5c2d47d1abba - std::backtrace_rs::backtrace::libunwind::trace::hb059275cfc8d6126
[INFO] [stdout]                                at /rustc/6067b36314ab5eb2eb47cecc464545ba58e1ad24/library/std/src/../../backtrace/src/backtrace/libunwind.rs:116:5
[INFO] [stdout]    1:     0x5c2d47d1abba - std::backtrace_rs::backtrace::trace_unsynchronized::h2da071e4327ce3ee
[INFO] [stdout]                                at /rustc/6067b36314ab5eb2eb47cecc464545ba58e1ad24/library/std/src/../../backtrace/src/backtrace/mod.rs:66:5
[INFO] [stdout]    2:     0x5c2d47d1abba - std::sys::backtrace::_print_fmt::h842a1474e6f8d23f
[INFO] [stdout]                                at /rustc/6067b36314ab5eb2eb47cecc464545ba58e1ad24/library/std/src/sys/backtrace.rs:66:9
[INFO] [stdout]    3:     0x5c2d47d1abba - <std::sys::backtrace::BacktraceLock::print::DisplayBacktrace as core::fmt::Display>::fmt::h71a62eb3b9696b12
[INFO] [stdout]                                at /rustc/6067b36314ab5eb2eb47cecc464545ba58e1ad24/library/std/src/sys/backtrace.rs:39:26
[INFO] [stdout]    4:     0x5c2d47d48553 - core::fmt::rt::Argument::fmt::hdb6b616786b41dc1
[INFO] [stdout]                                at /rustc/6067b36314ab5eb2eb47cecc464545ba58e1ad24/library/core/src/fmt/rt.rs:177:76
[INFO] [stdout]    5:     0x5c2d47d48553 - core::fmt::write::h2cc1698af7e2d686
[INFO] [stdout]                                at /rustc/6067b36314ab5eb2eb47cecc464545ba58e1ad24/library/core/src/fmt/mod.rs:1440:21
[INFO] [stdout]    6:     0x5c2d47d16b93 - std::io::Write::write_fmt::hab1b4cd059a79022
[INFO] [stdout]                                at /rustc/6067b36314ab5eb2eb47cecc464545ba58e1ad24/library/std/src/io/mod.rs:1887:15
[INFO] [stdout]    7:     0x5c2d47d1aa02 - std::sys::backtrace::BacktraceLock::print::h147fe35b4ea13b08
[INFO] [stdout]                                at /rustc/6067b36314ab5eb2eb47cecc464545ba58e1ad24/library/std/src/sys/backtrace.rs:42:9
[INFO] [stdout]    8:     0x5c2d47d1bfdf - std::panicking::default_hook::{{closure}}::hbd44223dbdc0d208
[INFO] [stdout]                                at /rustc/6067b36314ab5eb2eb47cecc464545ba58e1ad24/library/std/src/panicking.rs:298:22
[INFO] [stdout]    9:     0x5c2d47d1bdf8 - std::panicking::default_hook::h20f81eb0576efcec
[INFO] [stdout]                                at /rustc/6067b36314ab5eb2eb47cecc464545ba58e1ad24/library/std/src/panicking.rs:322:9
[INFO] [stdout]   10:     0x5c2d478696a3 - <alloc::boxed::Box<F,A> as core::ops::function::Fn<Args>>::call::hdb53814c496a4d34
[INFO] [stdout]                                at /rustc/6067b36314ab5eb2eb47cecc464545ba58e1ad24/library/alloc/src/boxed.rs:2027:9
[INFO] [stdout]   11:     0x5c2d478696a3 - test::test_main::{{closure}}::hc0a4963c59427c24
[INFO] [stdout]                                at /rustc/6067b36314ab5eb2eb47cecc464545ba58e1ad24/library/test/src/lib.rs:134:21
[INFO] [stdout]   12:     0x5c2d47d1cad3 - <alloc::boxed::Box<F,A> as core::ops::function::Fn<Args>>::call::h591b2225413a77e9
[INFO] [stdout]                                at /rustc/6067b36314ab5eb2eb47cecc464545ba58e1ad24/library/alloc/src/boxed.rs:2027:9
[INFO] [stdout]   13:     0x5c2d47d1cad3 - std::panicking::rust_panic_with_hook::h625eea43051b2edc
[INFO] [stdout]                                at /rustc/6067b36314ab5eb2eb47cecc464545ba58e1ad24/library/std/src/panicking.rs:839:13
[INFO] [stdout]   14:     0x5c2d47d1c78a - std::panicking::begin_panic_handler::{{closure}}::h4f9159cfbc3f6bd3
[INFO] [stdout]                                at /rustc/6067b36314ab5eb2eb47cecc464545ba58e1ad24/library/std/src/panicking.rs:704:13
[INFO] [stdout]   15:     0x5c2d47d1b0b9 - std::sys::backtrace::__rust_end_short_backtrace::h0390abce48353151
[INFO] [stdout]                                at /rustc/6067b36314ab5eb2eb47cecc464545ba58e1ad24/library/std/src/sys/backtrace.rs:168:18
[INFO] [stdout]   16:     0x5c2d47d1c41d - rust_begin_unwind
[INFO] [stdout]                                at /rustc/6067b36314ab5eb2eb47cecc464545ba58e1ad24/library/std/src/panicking.rs:695:5
[INFO] [stdout]   17:     0x5c2d47d459b0 - core::panicking::panic_fmt::h9e7c637e9e5f29c9
[INFO] [stdout]                                at /rustc/6067b36314ab5eb2eb47cecc464545ba58e1ad24/library/core/src/panicking.rs:75:14
[INFO] [stdout]   18:     0x5c2d47d45e26 - core::result::unwrap_failed::h7979f09313fe1849
[INFO] [stdout]                                at /rustc/6067b36314ab5eb2eb47cecc464545ba58e1ad24/library/core/src/result.rs:1704:5
[INFO] [stdout]   19:     0x5c2d4782baf5 - core::result::Result<T,E>::unwrap::h7e76a435b25e745e
[INFO] [stdout]                                at /rustc/6067b36314ab5eb2eb47cecc464545ba58e1ad24/library/core/src/result.rs:1109:23
[INFO] [stdout]   20:     0x5c2d4782baf5 - atory::download::get_json_string::h8487929dad46d36e
[INFO] [stdout]                                at /opt/rustwide/workdir/atory/src/download.rs:71:19
[INFO] [stdout]   21:     0x5c2d4782b4df - atory::download::get_shader_name_and_code::hb4d31debff79e251
[INFO] [stdout]                                at /opt/rustwide/workdir/atory/src/download.rs:58:47
[INFO] [stdout]   22:     0x5c2d4782ae4d - atory::download::download::hebad2398387a2cfa
[INFO] [stdout]                                at /opt/rustwide/workdir/atory/src/download.rs:26:24
[INFO] [stdout]   23:     0x5c2d4782d2b2 - atory::transpiler::test_download_shadertoy2::h1ae741ee45e3a16c
[INFO] [stdout]                                at /opt/rustwide/workdir/atory/src/transpiler.rs:120:24
[INFO] [stdout]   24:     0x5c2d4782d277 - atory::transpiler::test_download_shadertoy2::{{closure}}::h1bb94329dbcd8034
[INFO] [stdout]                                at /opt/rustwide/workdir/atory/src/transpiler.rs:119:34
[INFO] [stdout]   25:     0x5c2d4781c906 - core::ops::function::FnOnce::call_once::h1695e00ba6dc103c
[INFO] [stdout]                                at /rustc/6067b36314ab5eb2eb47cecc464545ba58e1ad24/library/core/src/ops/function.rs:250:5
[INFO] [stdout]   26:     0x5c2d4786edfb - core::ops::function::FnOnce::call_once::he27718dfdd183f43
[INFO] [stdout]                                at /rustc/6067b36314ab5eb2eb47cecc464545ba58e1ad24/library/core/src/ops/function.rs:250:5
[INFO] [stdout]   27:     0x5c2d4786edfb - test::__rust_begin_short_backtrace::h4e84902998457a5d
[INFO] [stdout]                                at /rustc/6067b36314ab5eb2eb47cecc464545ba58e1ad24/library/test/src/lib.rs:632:18
[INFO] [stdout]   28:     0x5c2d4786dd33 - test::run_test_in_process::{{closure}}::h7176fd18fc1feca0
[INFO] [stdout]                                at /rustc/6067b36314ab5eb2eb47cecc464545ba58e1ad24/library/test/src/lib.rs:655:60
[INFO] [stdout]   29:     0x5c2d4786dd33 - <core::panic::unwind_safe::AssertUnwindSafe<F> as core::ops::function::FnOnce<()>>::call_once::hf79cff2a624d8cf7
[INFO] [stdout]                                at /rustc/6067b36314ab5eb2eb47cecc464545ba58e1ad24/library/core/src/panic/unwind_safe.rs:272:9
[INFO] [stdout]   30:     0x5c2d4786dd33 - std::panicking::try::do_call::h3da0561d9ab99c25
[INFO] [stdout]                                at /rustc/6067b36314ab5eb2eb47cecc464545ba58e1ad24/library/std/src/panicking.rs:587:40
[INFO] [stdout]   31:     0x5c2d4786dd33 - std::panicking::try::h41c9fa508bc61df6
[INFO] [stdout]                                at /rustc/6067b36314ab5eb2eb47cecc464545ba58e1ad24/library/std/src/panicking.rs:550:19
[INFO] [stdout]   32:     0x5c2d4786dd33 - std::panic::catch_unwind::h6b3ff07bb5afad93
[INFO] [stdout]                                at /rustc/6067b36314ab5eb2eb47cecc464545ba58e1ad24/library/std/src/panic.rs:358:14
[INFO] [stdout]   33:     0x5c2d4786dd33 - test::run_test_in_process::hc7253dd11b39b9f4
[INFO] [stdout]                                at /rustc/6067b36314ab5eb2eb47cecc464545ba58e1ad24/library/test/src/lib.rs:655:27
[INFO] [stdout]   34:     0x5c2d4786dd33 - test::run_test::{{closure}}::hfb2007f8649c30bb
[INFO] [stdout]                                at /rustc/6067b36314ab5eb2eb47cecc464545ba58e1ad24/library/test/src/lib.rs:576:43
[INFO] [stdout]   35:     0x5c2d47830e15 - test::run_test::{{closure}}::h56a17aa7a282a9f4
[INFO] [stdout]                                at /rustc/6067b36314ab5eb2eb47cecc464545ba58e1ad24/library/test/src/lib.rs:606:41
[INFO] [stdout]   36:     0x5c2d47830e15 - std::sys::backtrace::__rust_begin_short_backtrace::hd2d2d2fb8e8c6aac
[INFO] [stdout]                                at /rustc/6067b36314ab5eb2eb47cecc464545ba58e1ad24/library/std/src/sys/backtrace.rs:152:18
[INFO] [stdout]   37:     0x5c2d478346fa - std::thread::Builder::spawn_unchecked_::{{closure}}::{{closure}}::h4faa3f9db6133423
[INFO] [stdout]                                at /rustc/6067b36314ab5eb2eb47cecc464545ba58e1ad24/library/std/src/thread/mod.rs:559:17
[INFO] [stdout]   38:     0x5c2d478346fa - <core::panic::unwind_safe::AssertUnwindSafe<F> as core::ops::function::FnOnce<()>>::call_once::hf2e855a36a4ea846
[INFO] [stdout]                                at /rustc/6067b36314ab5eb2eb47cecc464545ba58e1ad24/library/core/src/panic/unwind_safe.rs:272:9
[INFO] [stdout]   39:     0x5c2d478346fa - std::panicking::try::do_call::h2f73af3616c35465
[INFO] [stdout]                                at /rustc/6067b36314ab5eb2eb47cecc464545ba58e1ad24/library/std/src/panicking.rs:587:40
[INFO] [stdout]   40:     0x5c2d478346fa - std::panicking::try::hd1660ce9efadef5a
[INFO] [stdout]                                at /rustc/6067b36314ab5eb2eb47cecc464545ba58e1ad24/library/std/src/panicking.rs:550:19
[INFO] [stdout]   41:     0x5c2d478346fa - std::panic::catch_unwind::h5ee8d7823b8ca744
[INFO] [stdout]                                at /rustc/6067b36314ab5eb2eb47cecc464545ba58e1ad24/library/std/src/panic.rs:358:14
[INFO] [stdout]   42:     0x5c2d478346fa - std::thread::Builder::spawn_unchecked_::{{closure}}::h53c3a1894dce8407
[INFO] [stdout]                                at /rustc/6067b36314ab5eb2eb47cecc464545ba58e1ad24/library/std/src/thread/mod.rs:557:30
[INFO] [stdout]   43:     0x5c2d478346fa - core::ops::function::FnOnce::call_once{{vtable.shim}}::h048ce291ad4f62bf
[INFO] [stdout]                                at /rustc/6067b36314ab5eb2eb47cecc464545ba58e1ad24/library/core/src/ops/function.rs:250:5
[INFO] [stdout]   44:     0x5c2d47d20e4b - <alloc::boxed::Box<F,A> as core::ops::function::FnOnce<Args>>::call_once::ha52bedf99a3b4981
[INFO] [stdout]                                at /rustc/6067b36314ab5eb2eb47cecc464545ba58e1ad24/library/alloc/src/boxed.rs:2013:9
[INFO] [stdout]   45:     0x5c2d47d20e4b - <alloc::boxed::Box<F,A> as core::ops::function::FnOnce<Args>>::call_once::h567748934d80ccf8
[INFO] [stdout]                                at /rustc/6067b36314ab5eb2eb47cecc464545ba58e1ad24/library/alloc/src/boxed.rs:2013:9
[INFO] [stdout]   46:     0x5c2d47d20e4b - std::sys::pal::unix::thread::Thread::new::thread_start::h2d970728ae887adc
[INFO] [stdout]                                at /rustc/6067b36314ab5eb2eb47cecc464545ba58e1ad24/library/std/src/sys/pal/unix/thread.rs:106:17
[INFO] [stdout]   47:     0x76beab705ac3 - <unknown>
[INFO] [stdout]   48:     0x76beab796a04 - clone
[INFO] [stdout]   49:                0x0 - <unknown>
[INFO] [stdout] 
[INFO] [stdout] ---- transpiler::test_download_shadertoy3 stdout ----
[INFO] [stdout] 
[INFO] [stdout] thread 'transpiler::test_download_shadertoy3' panicked at atory/src/download.rs:76:10:
[INFO] [stdout] called `Result::unwrap()` on an `Err` value: reqwest::Error { kind: Request, url: Url { scheme: "https", cannot_be_a_base: false, username: "", password: None, host: Some(Domain("www.shadertoy.com")), port: None, path: "/shadertoy/", query: None, fragment: None }, source: hyper::Error(Connect, ConnectError("dns error", Custom { kind: Uncategorized, error: "failed to lookup address information: Temporary failure in name resolution" })) }
[INFO] [stdout] stack backtrace:
[INFO] [stdout]    0:     0x5c2d47d1abba - std::backtrace_rs::backtrace::libunwind::trace::hb059275cfc8d6126
[INFO] [stdout]                                at /rustc/6067b36314ab5eb2eb47cecc464545ba58e1ad24/library/std/src/../../backtrace/src/backtrace/libunwind.rs:116:5
[INFO] [stdout]    1:     0x5c2d47d1abba - std::backtrace_rs::backtrace::trace_unsynchronized::h2da071e4327ce3ee
[INFO] [stdout]                                at /rustc/6067b36314ab5eb2eb47cecc464545ba58e1ad24/library/std/src/../../backtrace/src/backtrace/mod.rs:66:5
[INFO] [stdout]    2:     0x5c2d47d1abba - std::sys::backtrace::_print_fmt::h842a1474e6f8d23f
[INFO] [stdout]                                at /rustc/6067b36314ab5eb2eb47cecc464545ba58e1ad24/library/std/src/sys/backtrace.rs:66:9
[INFO] [stdout]    3:     0x5c2d47d1abba - <std::sys::backtrace::BacktraceLock::print::DisplayBacktrace as core::fmt::Display>::fmt::h71a62eb3b9696b12
[INFO] [stdout]                                at /rustc/6067b36314ab5eb2eb47cecc464545ba58e1ad24/library/std/src/sys/backtrace.rs:39:26
[INFO] [stdout]    4:     0x5c2d47d48553 - core::fmt::rt::Argument::fmt::hdb6b616786b41dc1
[INFO] [stdout]                                at /rustc/6067b36314ab5eb2eb47cecc464545ba58e1ad24/library/core/src/fmt/rt.rs:177:76
[INFO] [stdout]    5:     0x5c2d47d48553 - core::fmt::write::h2cc1698af7e2d686
[INFO] [stdout]                                at /rustc/6067b36314ab5eb2eb47cecc464545ba58e1ad24/library/core/src/fmt/mod.rs:1440:21
[INFO] [stdout]    6:     0x5c2d47d16b93 - std::io::Write::write_fmt::hab1b4cd059a79022
[INFO] [stdout]                                at /rustc/6067b36314ab5eb2eb47cecc464545ba58e1ad24/library/std/src/io/mod.rs:1887:15
[INFO] [stdout]    7:     0x5c2d47d1aa02 - std::sys::backtrace::BacktraceLock::print::h147fe35b4ea13b08
[INFO] [stdout]                                at /rustc/6067b36314ab5eb2eb47cecc464545ba58e1ad24/library/std/src/sys/backtrace.rs:42:9
[INFO] [stdout]    8:     0x5c2d47d1bfdf - std::panicking::default_hook::{{closure}}::hbd44223dbdc0d208
[INFO] [stdout]                                at /rustc/6067b36314ab5eb2eb47cecc464545ba58e1ad24/library/std/src/panicking.rs:298:22
[INFO] [stdout]    9:     0x5c2d47d1bdf8 - std::panicking::default_hook::h20f81eb0576efcec
[INFO] [stdout]                                at /rustc/6067b36314ab5eb2eb47cecc464545ba58e1ad24/library/std/src/panicking.rs:322:9
[INFO] [stdout]   10:     0x5c2d478696a3 - <alloc::boxed::Box<F,A> as core::ops::function::Fn<Args>>::call::hdb53814c496a4d34
[INFO] [stdout]                                at /rustc/6067b36314ab5eb2eb47cecc464545ba58e1ad24/library/alloc/src/boxed.rs:2027:9
[INFO] [stdout]   11:     0x5c2d478696a3 - test::test_main::{{closure}}::hc0a4963c59427c24
[INFO] [stdout]                                at /rustc/6067b36314ab5eb2eb47cecc464545ba58e1ad24/library/test/src/lib.rs:134:21
[INFO] [stdout]   12:     0x5c2d47d1cad3 - <alloc::boxed::Box<F,A> as core::ops::function::Fn<Args>>::call::h591b2225413a77e9
[INFO] [stdout]                                at /rustc/6067b36314ab5eb2eb47cecc464545ba58e1ad24/library/alloc/src/boxed.rs:2027:9
[INFO] [stdout]   13:     0x5c2d47d1cad3 - std::panicking::rust_panic_with_hook::h625eea43051b2edc
[INFO] [stdout]                                at /rustc/6067b36314ab5eb2eb47cecc464545ba58e1ad24/library/std/src/panicking.rs:839:13
[INFO] [stdout]   14:     0x5c2d47d1c78a - std::panicking::begin_panic_handler::{{closure}}::h4f9159cfbc3f6bd3
[INFO] [stdout]                                at /rustc/6067b36314ab5eb2eb47cecc464545ba58e1ad24/library/std/src/panicking.rs:704:13
[INFO] [stdout]   15:     0x5c2d47d1b0b9 - std::sys::backtrace::__rust_end_short_backtrace::h0390abce48353151
[INFO] [stdout]                                at /rustc/6067b36314ab5eb2eb47cecc464545ba58e1ad24/library/std/src/sys/backtrace.rs:168:18
[INFO] [stdout]   16:     0x5c2d47d1c41d - rust_begin_unwind
[INFO] [stdout]                                at /rustc/6067b36314ab5eb2eb47cecc464545ba58e1ad24/library/std/src/panicking.rs:695:5
[INFO] [stdout]   17:     0x5c2d47d459b0 - core::panicking::panic_fmt::h9e7c637e9e5f29c9
[INFO] [stdout]                                at /rustc/6067b36314ab5eb2eb47cecc464545ba58e1ad24/library/core/src/panicking.rs:75:14
[INFO] [stdout]   18:     0x5c2d47d45e26 - core::result::unwrap_failed::h7979f09313fe1849
[INFO] [stdout]                                at /rustc/6067b36314ab5eb2eb47cecc464545ba58e1ad24/library/core/src/result.rs:1704:5
[INFO] [stdout]   19:     0x5c2d4782baf5 - core::result::Result<T,E>::unwrap::h7e76a435b25e745e
[INFO] [stdout]                                at /rustc/6067b36314ab5eb2eb47cecc464545ba58e1ad24/library/core/src/result.rs:1109:23
[INFO] [stdout]   20:     0x5c2d4782baf5 - atory::download::get_json_string::h8487929dad46d36e
[INFO] [stdout]                                at /opt/rustwide/workdir/atory/src/download.rs:71:19
[INFO] [stdout]   21:     0x5c2d4782b4df - atory::download::get_shader_name_and_code::hb4d31debff79e251
[INFO] [stdout]                                at /opt/rustwide/workdir/atory/src/download.rs:58:47
[INFO] [stdout]   22:     0x5c2d4782ae4d - atory::download::download::hebad2398387a2cfa
[INFO] [stdout]                                at /opt/rustwide/workdir/atory/src/download.rs:26:24
[INFO] [stdout]   23:     0x5c2d4782d4f2 - atory::transpiler::test_download_shadertoy3::h530934a18ed39592
[INFO] [stdout]                                at /opt/rustwide/workdir/atory/src/transpiler.rs:128:24
[INFO] [stdout]   24:     0x5c2d4782d4b7 - atory::transpiler::test_download_shadertoy3::{{closure}}::hf0589f04479d9d09
[INFO] [stdout]                                at /opt/rustwide/workdir/atory/src/transpiler.rs:127:34
[INFO] [stdout]   25:     0x5c2d4781cab6 - core::ops::function::FnOnce::call_once::hb9332354d880a2a7
[INFO] [stdout]                                at /rustc/6067b36314ab5eb2eb47cecc464545ba58e1ad24/library/core/src/ops/function.rs:250:5
[INFO] [stdout]   26:     0x5c2d4786edfb - core::ops::function::FnOnce::call_once::he27718dfdd183f43
[INFO] [stdout]                                at /rustc/6067b36314ab5eb2eb47cecc464545ba58e1ad24/library/core/src/ops/function.rs:250:5
[INFO] [stdout]   27:     0x5c2d4786edfb - test::__rust_begin_short_backtrace::h4e84902998457a5d
[INFO] [stdout]                                at /rustc/6067b36314ab5eb2eb47cecc464545ba58e1ad24/library/test/src/lib.rs:632:18
[INFO] [stdout]   28:     0x5c2d4786dd33 - test::run_test_in_process::{{closure}}::h7176fd18fc1feca0
[INFO] [stdout]                                at /rustc/6067b36314ab5eb2eb47cecc464545ba58e1ad24/library/test/src/lib.rs:655:60
[INFO] [stdout]   29:     0x5c2d4786dd33 - <core::panic::unwind_safe::AssertUnwindSafe<F> as core::ops::function::FnOnce<()>>::call_once::hf79cff2a624d8cf7
[INFO] [stdout]                                at /rustc/6067b36314ab5eb2eb47cecc464545ba58e1ad24/library/core/src/panic/unwind_safe.rs:272:9
[INFO] [stdout]   30:     0x5c2d4786dd33 - std::panicking::try::do_call::h3da0561d9ab99c25
[INFO] [stdout]                                at /rustc/6067b36314ab5eb2eb47cecc464545ba58e1ad24/library/std/src/panicking.rs:587:40
[INFO] [stdout]   31:     0x5c2d4786dd33 - std::panicking::try::h41c9fa508bc61df6
[INFO] [stdout]                                at /rustc/6067b36314ab5eb2eb47cecc464545ba58e1ad24/library/std/src/panicking.rs:550:19
[INFO] [stdout]   32:     0x5c2d4786dd33 - std::panic::catch_unwind::h6b3ff07bb5afad93
[INFO] [stdout]                                at /rustc/6067b36314ab5eb2eb47cecc464545ba58e1ad24/library/std/src/panic.rs:358:14
[INFO] [stdout]   33:     0x5c2d4786dd33 - test::run_test_in_process::hc7253dd11b39b9f4
[INFO] [stdout]                                at /rustc/6067b36314ab5eb2eb47cecc464545ba58e1ad24/library/test/src/lib.rs:655:27
[INFO] [stdout]   34:     0x5c2d4786dd33 - test::run_test::{{closure}}::hfb2007f8649c30bb
[INFO] [stdout]                                at /rustc/6067b36314ab5eb2eb47cecc464545ba58e1ad24/library/test/src/lib.rs:576:43
[INFO] [stdout]   35:     0x5c2d47830e15 - test::run_test::{{closure}}::h56a17aa7a282a9f4
[INFO] [stdout]                                at /rustc/6067b36314ab5eb2eb47cecc464545ba58e1ad24/library/test/src/lib.rs:606:41
[INFO] [stdout]   36:     0x5c2d47830e15 - std::sys::backtrace::__rust_begin_short_backtrace::hd2d2d2fb8e8c6aac
[INFO] [stdout]                                at /rustc/6067b36314ab5eb2eb47cecc464545ba58e1ad24/library/std/src/sys/backtrace.rs:152:18
[INFO] [stdout]   37:     0x5c2d478346fa - std::thread::Builder::spawn_unchecked_::{{closure}}::{{closure}}::h4faa3f9db6133423
[INFO] [stdout]                                at /rustc/6067b36314ab5eb2eb47cecc464545ba58e1ad24/library/std/src/thread/mod.rs:559:17
[INFO] [stdout]   38:     0x5c2d478346fa - <core::panic::unwind_safe::AssertUnwindSafe<F> as core::ops::function::FnOnce<()>>::call_once::hf2e855a36a4ea846
[INFO] [stdout]                                at /rustc/6067b36314ab5eb2eb47cecc464545ba58e1ad24/library/core/src/panic/unwind_safe.rs:272:9
[INFO] [stdout]   39:     0x5c2d478346fa - std::panicking::try::do_call::h2f73af3616c35465
[INFO] [stdout]                                at /rustc/6067b36314ab5eb2eb47cecc464545ba58e1ad24/library/std/src/panicking.rs:587:40
[INFO] [stdout]   40:     0x5c2d478346fa - std::panicking::try::hd1660ce9efadef5a
[INFO] [stdout]                                at /rustc/6067b36314ab5eb2eb47cecc464545ba58e1ad24/library/std/src/panicking.rs:550:19
[INFO] [stdout]   41:     0x5c2d478346fa - std::panic::catch_unwind::h5ee8d7823b8ca744
[INFO] [stdout]                                at /rustc/6067b36314ab5eb2eb47cecc464545ba58e1ad24/library/std/src/panic.rs:358:14
[INFO] [stdout]   42:     0x5c2d478346fa - std::thread::Builder::spawn_unchecked_::{{closure}}::h53c3a1894dce8407
[INFO] [stdout]                                at /rustc/6067b36314ab5eb2eb47cecc464545ba58e1ad24/library/std/src/thread/mod.rs:557:30
[INFO] [stdout]   43:     0x5c2d478346fa - core::ops::function::FnOnce::call_once{{vtable.shim}}::h048ce291ad4f62bf
[INFO] [stdout]                                at /rustc/6067b36314ab5eb2eb47cecc464545ba58e1ad24/library/core/src/ops/function.rs:250:5
[INFO] [stdout]   44:     0x5c2d47d20e4b - <alloc::boxed::Box<F,A> as core::ops::function::FnOnce<Args>>::call_once::ha52bedf99a3b4981
[INFO] [stdout]                                at /rustc/6067b36314ab5eb2eb47cecc464545ba58e1ad24/library/alloc/src/boxed.rs:2013:9
[INFO] [stdout]   45:     0x5c2d47d20e4b - <alloc::boxed::Box<F,A> as core::ops::function::FnOnce<Args>>::call_once::h567748934d80ccf8
[INFO] [stdout]                                at /rustc/6067b36314ab5eb2eb47cecc464545ba58e1ad24/library/alloc/src/boxed.rs:2013:9
[INFO] [stdout]   46:     0x5c2d47d20e4b - std::sys::pal::unix::thread::Thread::new::thread_start::h2d970728ae887adc
[INFO] [stdout]                                at /rustc/6067b36314ab5eb2eb47cecc464545ba58e1ad24/library/std/src/sys/pal/unix/thread.rs:106:17
[INFO] [stdout]   47:     0x76beab705ac3 - <unknown>
[INFO] [stdout]   48:     0x76beab796a04 - clone
[INFO] [stdout]   49:                0x0 - <unknown>
[INFO] [stdout] 
[INFO] [stdout] ---- transpiler::test_download_shadertoy stdout ----
[INFO] [stdout] 
[INFO] [stdout] thread 'transpiler::test_download_shadertoy' panicked at atory/src/download.rs:76:10:
[INFO] [stdout] called `Result::unwrap()` on an `Err` value: reqwest::Error { kind: Request, url: Url { scheme: "https", cannot_be_a_base: false, username: "", password: None, host: Some(Domain("www.shadertoy.com")), port: None, path: "/shadertoy/", query: None, fragment: None }, source: hyper::Error(Connect, ConnectError("dns error", Custom { kind: Uncategorized, error: "failed to lookup address information: Temporary failure in name resolution" })) }
[INFO] [stdout] stack backtrace:
[INFO] [stdout]    0:     0x5c2d47d1abba - std::backtrace_rs::backtrace::libunwind::trace::hb059275cfc8d6126
[INFO] [stdout]                                at /rustc/6067b36314ab5eb2eb47cecc464545ba58e1ad24/library/std/src/../../backtrace/src/backtrace/libunwind.rs:116:5
[INFO] [stdout]    1:     0x5c2d47d1abba - std::backtrace_rs::backtrace::trace_unsynchronized::h2da071e4327ce3ee
[INFO] [stdout]                                at /rustc/6067b36314ab5eb2eb47cecc464545ba58e1ad24/library/std/src/../../backtrace/src/backtrace/mod.rs:66:5
[INFO] [stdout]    2:     0x5c2d47d1abba - std::sys::backtrace::_print_fmt::h842a1474e6f8d23f
[INFO] [stdout]                                at /rustc/6067b36314ab5eb2eb47cecc464545ba58e1ad24/library/std/src/sys/backtrace.rs:66:9
[INFO] [stdout]    3:     0x5c2d47d1abba - <std::sys::backtrace::BacktraceLock::print::DisplayBacktrace as core::fmt::Display>::fmt::h71a62eb3b9696b12
[INFO] [stdout]                                at /rustc/6067b36314ab5eb2eb47cecc464545ba58e1ad24/library/std/src/sys/backtrace.rs:39:26
[INFO] [stdout]    4:     0x5c2d47d48553 - core::fmt::rt::Argument::fmt::hdb6b616786b41dc1
[INFO] [stdout]                                at /rustc/6067b36314ab5eb2eb47cecc464545ba58e1ad24/library/core/src/fmt/rt.rs:177:76
[INFO] [stdout]    5:     0x5c2d47d48553 - core::fmt::write::h2cc1698af7e2d686
[INFO] [stdout]                                at /rustc/6067b36314ab5eb2eb47cecc464545ba58e1ad24/library/core/src/fmt/mod.rs:1440:21
[INFO] [stdout]    6:     0x5c2d47d16b93 - std::io::Write::write_fmt::hab1b4cd059a79022
[INFO] [stdout]                                at /rustc/6067b36314ab5eb2eb47cecc464545ba58e1ad24/library/std/src/io/mod.rs:1887:15
[INFO] [stdout]    7:     0x5c2d47d1aa02 - std::sys::backtrace::BacktraceLock::print::h147fe35b4ea13b08
[INFO] [stdout]                                at /rustc/6067b36314ab5eb2eb47cecc464545ba58e1ad24/library/std/src/sys/backtrace.rs:42:9
[INFO] [stdout]    8:     0x5c2d47d1bfdf - std::panicking::default_hook::{{closure}}::hbd44223dbdc0d208
[INFO] [stdout]                                at /rustc/6067b36314ab5eb2eb47cecc464545ba58e1ad24/library/std/src/panicking.rs:298:22
[INFO] [stdout]    9:     0x5c2d47d1bdf8 - std::panicking::default_hook::h20f81eb0576efcec
[INFO] [stdout]                                at /rustc/6067b36314ab5eb2eb47cecc464545ba58e1ad24/library/std/src/panicking.rs:322:9
[INFO] [stdout]   10:     0x5c2d478696a3 - <alloc::boxed::Box<F,A> as core::ops::function::Fn<Args>>::call::hdb53814c496a4d34
[INFO] [stdout]                                at /rustc/6067b36314ab5eb2eb47cecc464545ba58e1ad24/library/alloc/src/boxed.rs:2027:9
[INFO] [stdout]   11:     0x5c2d478696a3 - test::test_main::{{closure}}::hc0a4963c59427c24
[INFO] [stdout]                                at /rustc/6067b36314ab5eb2eb47cecc464545ba58e1ad24/library/test/src/lib.rs:134:21
[INFO] [stdout]   12:     0x5c2d47d1cad3 - <alloc::boxed::Box<F,A> as core::ops::function::Fn<Args>>::call::h591b2225413a77e9
[INFO] [stdout]                                at /rustc/6067b36314ab5eb2eb47cecc464545ba58e1ad24/library/alloc/src/boxed.rs:2027:9
[INFO] [stdout]   13:     0x5c2d47d1cad3 - std::panicking::rust_panic_with_hook::h625eea43051b2edc
[INFO] [stdout]                                at /rustc/6067b36314ab5eb2eb47cecc464545ba58e1ad24/library/std/src/panicking.rs:839:13
[INFO] [stdout]   14:     0x5c2d47d1c78a - std::panicking::begin_panic_handler::{{closure}}::h4f9159cfbc3f6bd3
[INFO] [stdout]                                at /rustc/6067b36314ab5eb2eb47cecc464545ba58e1ad24/library/std/src/panicking.rs:704:13
[INFO] [stdout]   15:     0x5c2d47d1b0b9 - std::sys::backtrace::__rust_end_short_backtrace::h0390abce48353151
[INFO] [stdout]                                at /rustc/6067b36314ab5eb2eb47cecc464545ba58e1ad24/library/std/src/sys/backtrace.rs:168:18
[INFO] [stdout]   16:     0x5c2d47d1c41d - rust_begin_unwind
[INFO] [stdout]                                at /rustc/6067b36314ab5eb2eb47cecc464545ba58e1ad24/library/std/src/panicking.rs:695:5
[INFO] [stdout]   17:     0x5c2d47d459b0 - core::panicking::panic_fmt::h9e7c637e9e5f29c9
[INFO] [stdout]                                at /rustc/6067b36314ab5eb2eb47cecc464545ba58e1ad24/library/core/src/panicking.rs:75:14
[INFO] [stdout]   18:     0x5c2d47d45e26 - core::result::unwrap_failed::h7979f09313fe1849
[INFO] [stdout]                                at /rustc/6067b36314ab5eb2eb47cecc464545ba58e1ad24/library/core/src/result.rs:1704:5
[INFO] [stdout]   19:     0x5c2d4782baf5 - core::result::Result<T,E>::unwrap::h7e76a435b25e745e
[INFO] [stdout]                                at /rustc/6067b36314ab5eb2eb47cecc464545ba58e1ad24/library/core/src/result.rs:1109:23
[INFO] [stdout]   20:     0x5c2d4782baf5 - atory::download::get_json_string::h8487929dad46d36e
[INFO] [stdout]                                at /opt/rustwide/workdir/atory/src/download.rs:71:19
[INFO] [stdout]   21:     0x5c2d4782b4df - atory::download::get_shader_name_and_code::hb4d31debff79e251
[INFO] [stdout]                                at /opt/rustwide/workdir/atory/src/download.rs:58:47
[INFO] [stdout]   22:     0x5c2d4782ae4d - atory::download::download::hebad2398387a2cfa
[INFO] [stdout]                                at /opt/rustwide/workdir/atory/src/download.rs:26:24
[INFO] [stdout]   23:     0x5c2d4782d072 - atory::transpiler::test_download_shadertoy::h93112f2710668433
[INFO] [stdout]                                at /opt/rustwide/workdir/atory/src/transpiler.rs:112:24
[INFO] [stdout]   24:     0x5c2d4782d037 - atory::transpiler::test_download_shadertoy::{{closure}}::hcb48ba9c003645c1
[INFO] [stdout]                                at /opt/rustwide/workdir/atory/src/transpiler.rs:111:33
[INFO] [stdout]   25:     0x5c2d4781c946 - core::ops::function::FnOnce::call_once::h1de104a9ec2d93a6
[INFO] [stdout]                                at /rustc/6067b36314ab5eb2eb47cecc464545ba58e1ad24/library/core/src/ops/function.rs:250:5
[INFO] [stdout]   26:     0x5c2d4786edfb - core::ops::function::FnOnce::call_once::he27718dfdd183f43
[INFO] [stdout]                                at /rustc/6067b36314ab5eb2eb47cecc464545ba58e1ad24/library/core/src/ops/function.rs:250:5
[INFO] [stdout]   27:     0x5c2d4786edfb - test::__rust_begin_short_backtrace::h4e84902998457a5d
[INFO] [stdout]                                at /rustc/6067b36314ab5eb2eb47cecc464545ba58e1ad24/library/test/src/lib.rs:632:18
[INFO] [stdout]   28:     0x5c2d4786dd33 - test::run_test_in_process::{{closure}}::h7176fd18fc1feca0
[INFO] [stdout]                                at /rustc/6067b36314ab5eb2eb47cecc464545ba58e1ad24/library/test/src/lib.rs:655:60
[INFO] [stdout]   29:     0x5c2d4786dd33 - <core::panic::unwind_safe::AssertUnwindSafe<F> as core::ops::function::FnOnce<()>>::call_once::hf79cff2a624d8cf7
[INFO] [stdout]                                at /rustc/6067b36314ab5eb2eb47cecc464545ba58e1ad24/library/core/src/panic/unwind_safe.rs:272:9
[INFO] [stdout]   30:     0x5c2d4786dd33 - std::panicking::try::do_call::h3da0561d9ab99c25
[INFO] [stdout]                                at /rustc/6067b36314ab5eb2eb47cecc464545ba58e1ad24/library/std/src/panicking.rs:587:40
[INFO] [stdout]   31:     0x5c2d4786dd33 - std::panicking::try::h41c9fa508bc61df6
[INFO] [stdout]                                at /rustc/6067b36314ab5eb2eb47cecc464545ba58e1ad24/library/std/src/panicking.rs:550:19
[INFO] [stdout]   32:     0x5c2d4786dd33 - std::panic::catch_unwind::h6b3ff07bb5afad93
[INFO] [stdout]                                at /rustc/6067b36314ab5eb2eb47cecc464545ba58e1ad24/library/std/src/panic.rs:358:14
[INFO] [stdout]   33:     0x5c2d4786dd33 - test::run_test_in_process::hc7253dd11b39b9f4
[INFO] [stdout]                                at /rustc/6067b36314ab5eb2eb47cecc464545ba58e1ad24/library/test/src/lib.rs:655:27
[INFO] [stdout]   34:     0x5c2d4786dd33 - test::run_test::{{closure}}::hfb2007f8649c30bb
[INFO] [stdout]                                at /rustc/6067b36314ab5eb2eb47cecc464545ba58e1ad24/library/test/src/lib.rs:576:43
[INFO] [stdout]   35:     0x5c2d47830e15 - test::run_test::{{closure}}::h56a17aa7a282a9f4
[INFO] [stdout]                                at /rustc/6067b36314ab5eb2eb47cecc464545ba58e1ad24/library/test/src/lib.rs:606:41
[INFO] [stdout]   36:     0x5c2d47830e15 - std::sys::backtrace::__rust_begin_short_backtrace::hd2d2d2fb8e8c6aac
[INFO] [stdout]                                at /rustc/6067b36314ab5eb2eb47cecc464545ba58e1ad24/library/std/src/sys/backtrace.rs:152:18
[INFO] [stdout]   37:     0x5c2d478346fa - std::thread::Builder::spawn_unchecked_::{{closure}}::{{closure}}::h4faa3f9db6133423
[INFO] [stdout]                                at /rustc/6067b36314ab5eb2eb47cecc464545ba58e1ad24/library/std/src/thread/mod.rs:559:17
[INFO] [stdout]   38:     0x5c2d478346fa - <core::panic::unwind_safe::AssertUnwindSafe<F> as core::ops::function::FnOnce<()>>::call_once::hf2e855a36a4ea846
[INFO] [stdout]                                at /rustc/6067b36314ab5eb2eb47cecc464545ba58e1ad24/library/core/src/panic/unwind_safe.rs:272:9
[INFO] [stdout]   39:     0x5c2d478346fa - std::panicking::try::do_call::h2f73af3616c35465
[INFO] [stdout]                                at /rustc/6067b36314ab5eb2eb47cecc464545ba58e1ad24/library/std/src/panicking.rs:587:40
[INFO] [stdout]   40:     0x5c2d478346fa - std::panicking::try::hd1660ce9efadef5a
[INFO] [stdout]                                at /rustc/6067b36314ab5eb2eb47cecc464545ba58e1ad24/library/std/src/panicking.rs:550:19
[INFO] [stdout]   41:     0x5c2d478346fa - std::panic::catch_unwind::h5ee8d7823b8ca744
[INFO] [stdout]                                at /rustc/6067b36314ab5eb2eb47cecc464545ba58e1ad24/library/std/src/panic.rs:358:14
[INFO] [stdout]   42:     0x5c2d478346fa - std::thread::Builder::spawn_unchecked_::{{closure}}::h53c3a1894dce8407
[INFO] [stdout]                                at /rustc/6067b36314ab5eb2eb47cecc464545ba58e1ad24/library/std/src/thread/mod.rs:557:30
[INFO] [stdout]   43:     0x5c2d478346fa - core::ops::function::FnOnce::call_once{{vtable.shim}}::h048ce291ad4f62bf
[INFO] [stdout]                                at /rustc/6067b36314ab5eb2eb47cecc464545ba58e1ad24/library/core/src/ops/function.rs:250:5
[INFO] [stdout]   44:     0x5c2d47d20e4b - <alloc::boxed::Box<F,A> as core::ops::function::FnOnce<Args>>::call_once::ha52bedf99a3b4981
[INFO] [stdout]                                at /rustc/6067b36314ab5eb2eb47cecc464545ba58e1ad24/library/alloc/src/boxed.rs:2013:9
[INFO] [stdout]   45:     0x5c2d47d20e4b - <alloc::boxed::Box<F,A> as core::ops::function::FnOnce<Args>>::call_once::h567748934d80ccf8
[INFO] [stdout]                                at /rustc/6067b36314ab5eb2eb47cecc464545ba58e1ad24/library/alloc/src/boxed.rs:2013:9
[INFO] [stdout]   46:     0x5c2d47d20e4b - std::sys::pal::unix::thread::Thread::new::thread_start::h2d970728ae887adc
[INFO] [stdout]                                at /rustc/6067b36314ab5eb2eb47cecc464545ba58e1ad24/library/std/src/sys/pal/unix/thread.rs:106:17
[INFO] [stdout]   47:     0x76beab705ac3 - <unknown>
[INFO] [stdout]   48:     0x76beab796a04 - clone
[INFO] [stdout]   49:                0x0 - <unknown>
[INFO] [stdout] 
[INFO] [stdout] 
[INFO] [stdout] failures:
[INFO] [stdout]     transpiler::test_download_shadertoy
[INFO] [stdout]     transpiler::test_download_shadertoy2
[INFO] [stdout]     transpiler::test_download_shadertoy3
[INFO] [stdout] 
[INFO] [stdout] test result: FAILED. 2 passed; 3 failed; 0 ignored; 0 measured; 0 filtered out; finished in 0.25s
[INFO] [stdout] 
[INFO] [stderr] error: test failed, to rerun pass `-p atory --bin atory`
[INFO] running `Command { std: "docker" "inspect" "6c36a4509453c221fdef2dee7810f8767b42321525b682633e164d8fc0cd883f", kill_on_drop: false }`
[INFO] running `Command { std: "docker" "rm" "-f" "6c36a4509453c221fdef2dee7810f8767b42321525b682633e164d8fc0cd883f", kill_on_drop: false }`
[INFO] [stdout] 6c36a4509453c221fdef2dee7810f8767b42321525b682633e164d8fc0cd883f
