[INFO] cloning repository https://github.com/MilanR312/save_on_write
[INFO] running `Command { std: "git" "-c" "credential.helper=" "-c" "credential.helper=/workspace/cargo-home/bin/git-credential-null" "clone" "--bare" "https://github.com/MilanR312/save_on_write" "/workspace/cache/git-repos/https%3A%2F%2Fgithub.com%2FMilanR312%2Fsave_on_write", kill_on_drop: false }`
[INFO] [stderr] Cloning into bare repository '/workspace/cache/git-repos/https%3A%2F%2Fgithub.com%2FMilanR312%2Fsave_on_write'...
[INFO] running `Command { std: "git" "rev-parse" "HEAD", kill_on_drop: false }`
[INFO] [stdout] f64ec4240ab1cb27600dac7a23ae2f9e3097bcf8
[INFO] testing MilanR312/save_on_write against nightly-2025-01-18 for randomize-layout-2
[INFO] running `Command { std: "git" "clone" "/workspace/cache/git-repos/https%3A%2F%2Fgithub.com%2FMilanR312%2Fsave_on_write" "/workspace/builds/worker-6-tc1/source", kill_on_drop: false }`
[INFO] [stderr] Cloning into '/workspace/builds/worker-6-tc1/source'...
[INFO] [stderr] done.
[INFO] validating manifest of git repo https://github.com/MilanR312/save_on_write on toolchain nightly-2025-01-18
[INFO] running `Command { std: CARGO_HOME="/workspace/cargo-home" RUSTUP_HOME="/workspace/rustup-home" "/workspace/cargo-home/bin/cargo" "+nightly-2025-01-18" "metadata" "--manifest-path" "Cargo.toml" "--no-deps", kill_on_drop: false }`
[INFO] started tweaking git repo https://github.com/MilanR312/save_on_write
[INFO] finished tweaking git repo https://github.com/MilanR312/save_on_write
[INFO] tweaked toml for git repo https://github.com/MilanR312/save_on_write written to /workspace/builds/worker-6-tc1/source/Cargo.toml
[INFO] crate git repo https://github.com/MilanR312/save_on_write already has a lockfile, it will not be regenerated
[INFO] running `Command { std: CARGO_HOME="/workspace/cargo-home" RUSTUP_HOME="/workspace/rustup-home" "/workspace/cargo-home/bin/cargo" "+nightly-2025-01-18" "fetch" "--manifest-path" "Cargo.toml", kill_on_drop: false }`
[INFO] [stderr]  Downloading crates ...
[INFO] [stderr]   Downloaded syn v2.0.51
[INFO] running `Command { std: "docker" "create" "-v" "/var/lib/crater-agent-workspace/builds/worker-6-tc1/target:/opt/rustwide/target:rw,Z" "-v" "/var/lib/crater-agent-workspace/builds/worker-6-tc1/source:/opt/rustwide/workdir:ro,Z" "-v" "/var/lib/crater-agent-workspace/cargo-home:/opt/rustwide/cargo-home:ro,Z" "-v" "/var/lib/crater-agent-workspace/rustup-home:/opt/rustwide/rustup-home:ro,Z" "-e" "SOURCE_DIR=/opt/rustwide/workdir" "-e" "CARGO_TARGET_DIR=/opt/rustwide/target" "-e" "CARGO_HOME=/opt/rustwide/cargo-home" "-e" "RUSTUP_HOME=/opt/rustwide/rustup-home" "-w" "/opt/rustwide/workdir" "-m" "1610612736" "--user" "0:0" "--network" "none" "ghcr.io/rust-lang/crates-build-env/linux@sha256:819108c5571ea2e421544af4d832f968d213c87fbe3707a016657f43d2f853bc" "/opt/rustwide/cargo-home/bin/cargo" "+nightly-2025-01-18" "metadata" "--no-deps" "--format-version=1", kill_on_drop: false }`
[INFO] [stdout] 72620a1771dfd99101a727076d2d5fff74968121417854b25bec3647a0396668
[INFO] running `Command { std: "docker" "start" "-a" "72620a1771dfd99101a727076d2d5fff74968121417854b25bec3647a0396668", kill_on_drop: false }`
[INFO] running `Command { std: "docker" "inspect" "72620a1771dfd99101a727076d2d5fff74968121417854b25bec3647a0396668", kill_on_drop: false }`
[INFO] running `Command { std: "docker" "rm" "-f" "72620a1771dfd99101a727076d2d5fff74968121417854b25bec3647a0396668", kill_on_drop: false }`
[INFO] [stdout] 72620a1771dfd99101a727076d2d5fff74968121417854b25bec3647a0396668
[INFO] running `Command { std: "docker" "create" "-v" "/var/lib/crater-agent-workspace/builds/worker-6-tc1/target:/opt/rustwide/target:rw,Z" "-v" "/var/lib/crater-agent-workspace/builds/worker-6-tc1/source:/opt/rustwide/workdir:ro,Z" "-v" "/var/lib/crater-agent-workspace/cargo-home:/opt/rustwide/cargo-home:ro,Z" "-v" "/var/lib/crater-agent-workspace/rustup-home:/opt/rustwide/rustup-home:ro,Z" "-e" "SOURCE_DIR=/opt/rustwide/workdir" "-e" "CARGO_TARGET_DIR=/opt/rustwide/target" "-e" "CARGO_INCREMENTAL=0" "-e" "RUST_BACKTRACE=full" "-e" "RUSTFLAGS=--cap-lints=forbid" "-e" "RUSTDOCFLAGS=--cap-lints=forbid" "-e" "CARGO_HOME=/opt/rustwide/cargo-home" "-e" "RUSTUP_HOME=/opt/rustwide/rustup-home" "-w" "/opt/rustwide/workdir" "-m" "1610612736" "--user" "0:0" "--network" "none" "ghcr.io/rust-lang/crates-build-env/linux@sha256:819108c5571ea2e421544af4d832f968d213c87fbe3707a016657f43d2f853bc" "/opt/rustwide/cargo-home/bin/cargo" "+nightly-2025-01-18" "build" "--frozen" "--message-format=json", kill_on_drop: false }`
[INFO] [stdout] 2deb2642ac28082ca78a9ba29fd4295ec2ef565bb26117f1afb3c3ce0ec842a4
[INFO] running `Command { std: "docker" "start" "-a" "2deb2642ac28082ca78a9ba29fd4295ec2ef565bb26117f1afb3c3ce0ec842a4", kill_on_drop: false }`
[INFO] [stderr]    Compiling proc-macro2 v1.0.78
[INFO] [stderr]    Compiling serde v1.0.197
[INFO] [stderr]    Compiling thiserror v1.0.57
[INFO] [stderr]    Compiling serde_json v1.0.114
[INFO] [stderr]    Compiling itoa v1.0.10
[INFO] [stderr]    Compiling ryu v1.0.17
[INFO] [stderr]    Compiling quote v1.0.35
[INFO] [stderr]    Compiling syn v2.0.51
[INFO] [stderr]    Compiling serde_derive v1.0.197
[INFO] [stderr]    Compiling thiserror-impl v1.0.57
[INFO] [stderr]    Compiling save_on_write v0.1.0 (/opt/rustwide/workdir)
[INFO] [stderr]     Finished `dev` profile [unoptimized + debuginfo] target(s) in 15.75s
[INFO] running `Command { std: "docker" "inspect" "2deb2642ac28082ca78a9ba29fd4295ec2ef565bb26117f1afb3c3ce0ec842a4", kill_on_drop: false }`
[INFO] running `Command { std: "docker" "rm" "-f" "2deb2642ac28082ca78a9ba29fd4295ec2ef565bb26117f1afb3c3ce0ec842a4", kill_on_drop: false }`
[INFO] [stdout] 2deb2642ac28082ca78a9ba29fd4295ec2ef565bb26117f1afb3c3ce0ec842a4
[INFO] running `Command { std: "docker" "create" "-v" "/var/lib/crater-agent-workspace/builds/worker-6-tc1/target:/opt/rustwide/target:rw,Z" "-v" "/var/lib/crater-agent-workspace/builds/worker-6-tc1/source:/opt/rustwide/workdir:ro,Z" "-v" "/var/lib/crater-agent-workspace/cargo-home:/opt/rustwide/cargo-home:ro,Z" "-v" "/var/lib/crater-agent-workspace/rustup-home:/opt/rustwide/rustup-home:ro,Z" "-e" "SOURCE_DIR=/opt/rustwide/workdir" "-e" "CARGO_TARGET_DIR=/opt/rustwide/target" "-e" "CARGO_INCREMENTAL=0" "-e" "RUST_BACKTRACE=full" "-e" "RUSTFLAGS=--cap-lints=forbid" "-e" "RUSTDOCFLAGS=--cap-lints=forbid" "-e" "CARGO_HOME=/opt/rustwide/cargo-home" "-e" "RUSTUP_HOME=/opt/rustwide/rustup-home" "-w" "/opt/rustwide/workdir" "-m" "1610612736" "--user" "0:0" "--network" "none" "ghcr.io/rust-lang/crates-build-env/linux@sha256:819108c5571ea2e421544af4d832f968d213c87fbe3707a016657f43d2f853bc" "/opt/rustwide/cargo-home/bin/cargo" "+nightly-2025-01-18" "test" "--frozen" "--no-run" "--message-format=json", kill_on_drop: false }`
[INFO] [stdout] 36adf403ef1703319cca248a2b0e476ff19b974561dbbe61553bc1828a920996
[INFO] running `Command { std: "docker" "start" "-a" "36adf403ef1703319cca248a2b0e476ff19b974561dbbe61553bc1828a920996", kill_on_drop: false }`
[INFO] [stderr]    Compiling save_on_write v0.1.0 (/opt/rustwide/workdir)
[INFO] [stdout] warning: unused variable: `b`
[INFO] [stdout]    --> src/lib.rs:175:59
[INFO] [stdout]     |
[INFO] [stdout] 175 |         let mut notifier = HashListener::new(a, Box::new(|b| {}));
[INFO] [stdout]     |                                                           ^ help: if this is intentional, prefix it with an underscore: `_b`
[INFO] [stdout]     |
[INFO] [stdout]     = note: `#[warn(unused_variables)]` on by default
[INFO] [stdout] 
[INFO] [stdout] 
[INFO] [stderr]     Finished `test` profile [unoptimized + debuginfo] target(s) in 0.42s
[INFO] running `Command { std: "docker" "inspect" "36adf403ef1703319cca248a2b0e476ff19b974561dbbe61553bc1828a920996", kill_on_drop: false }`
[INFO] running `Command { std: "docker" "rm" "-f" "36adf403ef1703319cca248a2b0e476ff19b974561dbbe61553bc1828a920996", kill_on_drop: false }`
[INFO] [stdout] 36adf403ef1703319cca248a2b0e476ff19b974561dbbe61553bc1828a920996
[INFO] running `Command { std: "docker" "create" "-v" "/var/lib/crater-agent-workspace/builds/worker-6-tc1/target:/opt/rustwide/target:rw,Z" "-v" "/var/lib/crater-agent-workspace/builds/worker-6-tc1/source:/opt/rustwide/workdir:ro,Z" "-v" "/var/lib/crater-agent-workspace/cargo-home:/opt/rustwide/cargo-home:ro,Z" "-v" "/var/lib/crater-agent-workspace/rustup-home:/opt/rustwide/rustup-home:ro,Z" "-e" "SOURCE_DIR=/opt/rustwide/workdir" "-e" "CARGO_TARGET_DIR=/opt/rustwide/target" "-e" "CARGO_INCREMENTAL=0" "-e" "RUST_BACKTRACE=full" "-e" "RUSTFLAGS=--cap-lints=forbid" "-e" "RUSTDOCFLAGS=--cap-lints=forbid" "-e" "CARGO_HOME=/opt/rustwide/cargo-home" "-e" "RUSTUP_HOME=/opt/rustwide/rustup-home" "-w" "/opt/rustwide/workdir" "-m" "1610612736" "--user" "0:0" "--network" "none" "ghcr.io/rust-lang/crates-build-env/linux@sha256:819108c5571ea2e421544af4d832f968d213c87fbe3707a016657f43d2f853bc" "/opt/rustwide/cargo-home/bin/cargo" "+nightly-2025-01-18" "test" "--frozen", kill_on_drop: false }`
[INFO] [stdout] 71595c36835acac9b279789e610d738da1661dd78e78ec75964a48694d0977fd
[INFO] running `Command { std: "docker" "start" "-a" "71595c36835acac9b279789e610d738da1661dd78e78ec75964a48694d0977fd", kill_on_drop: false }`
[INFO] [stderr] warning: unused variable: `b`
[INFO] [stderr]    --> src/lib.rs:175:59
[INFO] [stderr]     |
[INFO] [stderr] 175 |         let mut notifier = HashListener::new(a, Box::new(|b| {}));
[INFO] [stderr]     |                                                           ^ help: if this is intentional, prefix it with an underscore: `_b`
[INFO] [stderr]     |
[INFO] [stderr]     = note: `#[warn(unused_variables)]` on by default
[INFO] [stderr] 
[INFO] [stderr] warning: `save_on_write` (lib test) generated 1 warning
[INFO] [stderr]     Finished `test` profile [unoptimized + debuginfo] target(s) in 0.03s
[INFO] [stderr]      Running unittests src/lib.rs (/opt/rustwide/target/debug/deps/save_on_write-7079d27fae32b602)
[INFO] [stdout] 
[INFO] [stdout] running 1 test
[INFO] [stdout] test tests::has_changed ... ok
[INFO] [stdout] 
[INFO] [stdout] test result: ok. 1 passed; 0 failed; 0 ignored; 0 measured; 0 filtered out; finished in 0.02s
[INFO] [stdout] 
[INFO] [stderr]    Doc-tests save_on_write
[INFO] [stdout] 
[INFO] [stdout] running 1 test
[INFO] [stdout] test src/lib.rs - HashListener (line 21) ... FAILED
[INFO] [stdout] 
[INFO] [stdout] failures:
[INFO] [stdout] 
[INFO] [stdout] ---- src/lib.rs - HashListener (line 21) stdout ----
[INFO] [stdout] error[E0432]: unresolved import `save_on_write::Listener`
[INFO] [stdout]  --> src/lib.rs:23:5
[INFO] [stdout]   |
[INFO] [stdout] 5 | use save_on_write::Listener;
[INFO] [stdout]   |     ^^^^^^^^^^^^^^^^^^^^^^^ no `Listener` in the root
[INFO] [stdout] 
[INFO] [stdout] error: aborting due to 1 previous error
[INFO] [stdout] 
[INFO] [stdout] For more information about this error, try `rustc --explain E0432`.
[INFO] [stdout] Couldn't compile the test.
[INFO] [stdout] 
[INFO] [stdout] failures:
[INFO] [stdout]     src/lib.rs - HashListener (line 21)
[INFO] [stdout] 
[INFO] [stdout] test result: FAILED. 0 passed; 1 failed; 0 ignored; 0 measured; 0 filtered out; finished in 0.11s
[INFO] [stdout] 
[INFO] [stderr] error: doctest failed, to rerun pass `--doc`
[INFO] running `Command { std: "docker" "inspect" "71595c36835acac9b279789e610d738da1661dd78e78ec75964a48694d0977fd", kill_on_drop: false }`
[INFO] running `Command { std: "docker" "rm" "-f" "71595c36835acac9b279789e610d738da1661dd78e78ec75964a48694d0977fd", kill_on_drop: false }`
[INFO] [stdout] 71595c36835acac9b279789e610d738da1661dd78e78ec75964a48694d0977fd
