[INFO] cloning repository https://github.com/MichaelMcCulloch/phasor
[INFO] running `Command { std: "git" "-c" "credential.helper=" "-c" "credential.helper=/workspace/cargo-home/bin/git-credential-null" "clone" "--bare" "https://github.com/MichaelMcCulloch/phasor" "/workspace/cache/git-repos/https%3A%2F%2Fgithub.com%2FMichaelMcCulloch%2Fphasor", kill_on_drop: false }`
[INFO] [stderr] Cloning into bare repository '/workspace/cache/git-repos/https%3A%2F%2Fgithub.com%2FMichaelMcCulloch%2Fphasor'...
[INFO] running `Command { std: "git" "rev-parse" "HEAD", kill_on_drop: false }`
[INFO] [stdout] 673da4312519d35d03c965dc0288c3a70966253e
[INFO] testing MichaelMcCulloch/phasor against nightly-2025-01-18+rustflags=-Zrandomize-layout for randomize-layout-2
[INFO] running `Command { std: "git" "clone" "/workspace/cache/git-repos/https%3A%2F%2Fgithub.com%2FMichaelMcCulloch%2Fphasor" "/workspace/builds/worker-2-tc2/source", kill_on_drop: false }`
[INFO] [stderr] Cloning into '/workspace/builds/worker-2-tc2/source'...
[INFO] [stderr] done.
[INFO] validating manifest of git repo https://github.com/MichaelMcCulloch/phasor on toolchain nightly-2025-01-18
[INFO] running `Command { std: CARGO_HOME="/workspace/cargo-home" RUSTUP_HOME="/workspace/rustup-home" "/workspace/cargo-home/bin/cargo" "+nightly-2025-01-18" "metadata" "--manifest-path" "Cargo.toml" "--no-deps", kill_on_drop: false }`
[INFO] started tweaking git repo https://github.com/MichaelMcCulloch/phasor
[INFO] finished tweaking git repo https://github.com/MichaelMcCulloch/phasor
[INFO] tweaked toml for git repo https://github.com/MichaelMcCulloch/phasor written to /workspace/builds/worker-2-tc2/source/Cargo.toml
[INFO] crate git repo https://github.com/MichaelMcCulloch/phasor already has a lockfile, it will not be regenerated
[INFO] running `Command { std: CARGO_HOME="/workspace/cargo-home" RUSTUP_HOME="/workspace/rustup-home" "/workspace/cargo-home/bin/cargo" "+nightly-2025-01-18" "fetch" "--manifest-path" "Cargo.toml", kill_on_drop: false }`
[INFO] running `Command { std: "docker" "create" "-v" "/var/lib/crater-agent-workspace/builds/worker-2-tc2/target:/opt/rustwide/target:rw,Z" "-v" "/var/lib/crater-agent-workspace/builds/worker-2-tc2/source:/opt/rustwide/workdir:ro,Z" "-v" "/var/lib/crater-agent-workspace/cargo-home:/opt/rustwide/cargo-home:ro,Z" "-v" "/var/lib/crater-agent-workspace/rustup-home:/opt/rustwide/rustup-home:ro,Z" "-e" "SOURCE_DIR=/opt/rustwide/workdir" "-e" "CARGO_TARGET_DIR=/opt/rustwide/target" "-e" "CARGO_HOME=/opt/rustwide/cargo-home" "-e" "RUSTUP_HOME=/opt/rustwide/rustup-home" "-w" "/opt/rustwide/workdir" "-m" "1610612736" "--user" "0:0" "--network" "none" "ghcr.io/rust-lang/crates-build-env/linux@sha256:819108c5571ea2e421544af4d832f968d213c87fbe3707a016657f43d2f853bc" "/opt/rustwide/cargo-home/bin/cargo" "+nightly-2025-01-18" "metadata" "--no-deps" "--format-version=1", kill_on_drop: false }`
[INFO] [stdout] 3825fb6e7a94d2aad6e812cf2fbf19c898dcec7a881a74dc3ecf2821e67d85d8
[INFO] running `Command { std: "docker" "start" "-a" "3825fb6e7a94d2aad6e812cf2fbf19c898dcec7a881a74dc3ecf2821e67d85d8", kill_on_drop: false }`
[INFO] running `Command { std: "docker" "inspect" "3825fb6e7a94d2aad6e812cf2fbf19c898dcec7a881a74dc3ecf2821e67d85d8", kill_on_drop: false }`
[INFO] running `Command { std: "docker" "rm" "-f" "3825fb6e7a94d2aad6e812cf2fbf19c898dcec7a881a74dc3ecf2821e67d85d8", kill_on_drop: false }`
[INFO] [stdout] 3825fb6e7a94d2aad6e812cf2fbf19c898dcec7a881a74dc3ecf2821e67d85d8
[INFO] running `Command { std: "docker" "create" "-v" "/var/lib/crater-agent-workspace/builds/worker-2-tc2/target:/opt/rustwide/target:rw,Z" "-v" "/var/lib/crater-agent-workspace/builds/worker-2-tc2/source:/opt/rustwide/workdir:ro,Z" "-v" "/var/lib/crater-agent-workspace/cargo-home:/opt/rustwide/cargo-home:ro,Z" "-v" "/var/lib/crater-agent-workspace/rustup-home:/opt/rustwide/rustup-home:ro,Z" "-e" "SOURCE_DIR=/opt/rustwide/workdir" "-e" "CARGO_TARGET_DIR=/opt/rustwide/target" "-e" "CARGO_INCREMENTAL=0" "-e" "RUST_BACKTRACE=full" "-e" "RUSTFLAGS=--cap-lints=forbid -Zrandomize-layout" "-e" "RUSTDOCFLAGS=--cap-lints=forbid" "-e" "CARGO_HOME=/opt/rustwide/cargo-home" "-e" "RUSTUP_HOME=/opt/rustwide/rustup-home" "-w" "/opt/rustwide/workdir" "-m" "1610612736" "--user" "0:0" "--network" "none" "ghcr.io/rust-lang/crates-build-env/linux@sha256:819108c5571ea2e421544af4d832f968d213c87fbe3707a016657f43d2f853bc" "/opt/rustwide/cargo-home/bin/cargo" "+nightly-2025-01-18" "build" "--frozen" "--message-format=json", kill_on_drop: false }`
[INFO] [stdout] 026cedc1ee44b3ec4595af3617b920df008444ee2d52236e47be4eab916f5989
[INFO] running `Command { std: "docker" "start" "-a" "026cedc1ee44b3ec4595af3617b920df008444ee2d52236e47be4eab916f5989", kill_on_drop: false }`
[INFO] [stderr]    Compiling proc-macro2 v1.0.92
[INFO] [stderr]    Compiling unicode-ident v1.0.14
[INFO] [stderr]    Compiling autocfg v1.4.0
[INFO] [stderr]    Compiling libm v0.2.11
[INFO] [stderr]    Compiling libc v0.2.168
[INFO] [stderr]    Compiling byteorder v1.5.0
[INFO] [stderr]    Compiling crossbeam-utils v0.8.21
[INFO] [stderr]    Compiling rayon-core v1.12.1
[INFO] [stderr]    Compiling paste v1.0.15
[INFO] [stderr]    Compiling either v1.13.0
[INFO] [stderr]    Compiling reborrow v0.5.5
[INFO] [stderr]    Compiling seq-macro v0.3.5
[INFO] [stderr]    Compiling once_cell v1.20.2
[INFO] [stderr]    Compiling raw-cpuid v10.7.0
[INFO] [stderr]    Compiling hashbrown v0.15.2
[INFO] [stderr]    Compiling toml_datetime v0.6.8
[INFO] [stderr]    Compiling serde v1.0.216
[INFO] [stderr]    Compiling winnow v0.6.20
[INFO] [stderr]    Compiling thiserror v1.0.69
[INFO] [stderr]    Compiling serde_json v1.0.133
[INFO] [stderr]    Compiling itoa v1.0.14
[INFO] [stderr]    Compiling zip v1.1.4
[INFO] [stderr]    Compiling stable_deref_trait v1.2.0
[INFO] [stderr]    Compiling crc32fast v1.4.2
[INFO] [stderr]    Compiling num-traits v0.2.19
[INFO] [stderr]    Compiling itertools v0.13.0
[INFO] [stderr]    Compiling indexmap v2.7.0
[INFO] [stderr]    Compiling quote v1.0.37
[INFO] [stderr]    Compiling crossbeam-epoch v0.9.18
[INFO] [stderr]    Compiling getrandom v0.2.15
[INFO] [stderr]    Compiling memmap2 v0.9.5
[INFO] [stderr]    Compiling num_cpus v1.16.0
[INFO] [stderr]    Compiling syn v2.0.90
[INFO] [stderr]    Compiling rand_core v0.6.4
[INFO] [stderr]    Compiling crossbeam-deque v0.8.6
[INFO] [stderr]    Compiling num-integer v0.1.46
[INFO] [stderr]    Compiling num-bigint v0.4.6
[INFO] [stderr]    Compiling num-iter v0.1.45
[INFO] [stderr]    Compiling rayon v1.10.0
[INFO] [stderr]    Compiling toml_edit v0.22.22
[INFO] [stderr]    Compiling num-rational v0.4.2
[INFO] [stderr]    Compiling synstructure v0.13.1
[INFO] [stderr]    Compiling bytemuck_derive v1.8.0
[INFO] [stderr]    Compiling zerocopy-derive v0.7.35
[INFO] [stderr]    Compiling serde_derive v1.0.216
[INFO] [stderr]    Compiling thiserror-impl v1.0.69
[INFO] [stderr]    Compiling displaydoc v0.2.5
[INFO] [stderr]    Compiling proc-macro-crate v3.2.0
[INFO] [stderr]    Compiling zerofrom-derive v0.1.5
[INFO] [stderr]    Compiling yoke-derive v0.7.5
[INFO] [stderr]    Compiling num_enum_derive v0.7.3
[INFO] [stderr]    Compiling zerocopy v0.7.35
[INFO] [stderr]    Compiling zerofrom v0.1.5
[INFO] [stderr]    Compiling yoke v0.7.5
[INFO] [stderr]    Compiling bytemuck v1.20.0
[INFO] [stderr]    Compiling num_enum v0.7.3
[INFO] [stderr]    Compiling ppv-lite86 v0.2.20
[INFO] [stderr]    Compiling num-complex v0.4.6
[INFO] [stderr]    Compiling dyn-stack v0.10.0
[INFO] [stderr]    Compiling rand_chacha v0.3.1
[INFO] [stderr]    Compiling pulp v0.18.22
[INFO] [stderr]    Compiling num v0.4.3
[INFO] [stderr]    Compiling rand v0.8.5
[INFO] [stderr]    Compiling rand_distr v0.4.3
[INFO] [stderr]    Compiling half v2.4.1
[INFO] [stderr]    Compiling gemm-common v0.17.1
[INFO] [stderr]    Compiling gemm-f32 v0.17.1
[INFO] [stderr]    Compiling gemm-f64 v0.17.1
[INFO] [stderr]    Compiling gemm-c32 v0.17.1
[INFO] [stderr]    Compiling gemm-c64 v0.17.1
[INFO] [stderr]    Compiling gemm-f16 v0.17.1
[INFO] [stderr]    Compiling gemm v0.17.1
[INFO] [stderr]    Compiling safetensors v0.4.5
[INFO] [stderr]    Compiling ug v0.0.2
[INFO] [stderr]    Compiling candle-core v0.8.1
[INFO] [stderr]    Compiling candle-nn v0.8.1
[INFO] [stderr]    Compiling phasor v0.1.0 (/opt/rustwide/workdir)
[INFO] [stdout] warning: private item shadows public glob re-export
[INFO] [stdout]   --> src/lib.rs:2:1
[INFO] [stdout]    |
[INFO] [stdout] 2  | mod utils;
[INFO] [stdout]    | ^^^^^^^^^^
[INFO] [stdout]    |
[INFO] [stdout] note: the name `utils` in the type namespace is supposed to be publicly re-exported here
[INFO] [stdout]   --> src/lib.rs:10:9
[INFO] [stdout]    |
[INFO] [stdout] 10 | pub use candle_core::*;
[INFO] [stdout]    |         ^^^^^^^^^^^^^^
[INFO] [stdout] note: but the private item here shadows it
[INFO] [stdout]   --> src/lib.rs:2:1
[INFO] [stdout]    |
[INFO] [stdout] 2  | mod utils;
[INFO] [stdout]    | ^^^^^^^^^^
[INFO] [stdout]    = note: `#[warn(hidden_glob_reexports)]` on by default
[INFO] [stdout] 
[INFO] [stdout] 
[INFO] [stdout] warning: unused macro definition: `impl_tensor_base_complex`
[INFO] [stdout]     --> src/utils/macros.rs:1132:14
[INFO] [stdout]      |
[INFO] [stdout] 1132 | macro_rules! impl_tensor_base_complex {
[INFO] [stdout]      |              ^^^^^^^^^^^^^^^^^^^^^^^^
[INFO] [stdout]      |
[INFO] [stdout]      = note: `#[warn(unused_macros)]` on by default
[INFO] [stdout] 
[INFO] [stdout] 
[INFO] [stdout] warning: unused import: `f64::consts::PI`
[INFO] [stdout]  --> src/operands/real_column_vector.rs:3:11
[INFO] [stdout]   |
[INFO] [stdout] 3 | use std::{f64::consts::PI, marker::PhantomData};
[INFO] [stdout]   |           ^^^^^^^^^^^^^^^
[INFO] [stdout]   |
[INFO] [stdout]   = note: `#[warn(unused_imports)]` on by default
[INFO] [stdout] 
[INFO] [stdout] 
[INFO] [stdout] warning: unused import: `f64::consts::PI`
[INFO] [stdout]  --> src/operands/real_matrix.rs:3:11
[INFO] [stdout]   |
[INFO] [stdout] 3 | use std::{f64::consts::PI, marker::PhantomData};
[INFO] [stdout]   |           ^^^^^^^^^^^^^^^
[INFO] [stdout] 
[INFO] [stdout] 
[INFO] [stdout] warning: unused import: `f64::consts::PI`
[INFO] [stdout]  --> src/operands/real_scalar.rs:4:11
[INFO] [stdout]   |
[INFO] [stdout] 4 | use std::{f64::consts::PI, marker::PhantomData};
[INFO] [stdout]   |           ^^^^^^^^^^^^^^^
[INFO] [stdout] 
[INFO] [stdout] 
[INFO] [stderr]     Finished `dev` profile [unoptimized + debuginfo] target(s) in 45.25s
[INFO] running `Command { std: "docker" "inspect" "026cedc1ee44b3ec4595af3617b920df008444ee2d52236e47be4eab916f5989", kill_on_drop: false }`
[INFO] running `Command { std: "docker" "rm" "-f" "026cedc1ee44b3ec4595af3617b920df008444ee2d52236e47be4eab916f5989", kill_on_drop: false }`
[INFO] [stdout] 026cedc1ee44b3ec4595af3617b920df008444ee2d52236e47be4eab916f5989
[INFO] running `Command { std: "docker" "create" "-v" "/var/lib/crater-agent-workspace/builds/worker-2-tc2/target:/opt/rustwide/target:rw,Z" "-v" "/var/lib/crater-agent-workspace/builds/worker-2-tc2/source:/opt/rustwide/workdir:ro,Z" "-v" "/var/lib/crater-agent-workspace/cargo-home:/opt/rustwide/cargo-home:ro,Z" "-v" "/var/lib/crater-agent-workspace/rustup-home:/opt/rustwide/rustup-home:ro,Z" "-e" "SOURCE_DIR=/opt/rustwide/workdir" "-e" "CARGO_TARGET_DIR=/opt/rustwide/target" "-e" "CARGO_INCREMENTAL=0" "-e" "RUST_BACKTRACE=full" "-e" "RUSTFLAGS=--cap-lints=forbid -Zrandomize-layout" "-e" "RUSTDOCFLAGS=--cap-lints=forbid" "-e" "CARGO_HOME=/opt/rustwide/cargo-home" "-e" "RUSTUP_HOME=/opt/rustwide/rustup-home" "-w" "/opt/rustwide/workdir" "-m" "1610612736" "--user" "0:0" "--network" "none" "ghcr.io/rust-lang/crates-build-env/linux@sha256:819108c5571ea2e421544af4d832f968d213c87fbe3707a016657f43d2f853bc" "/opt/rustwide/cargo-home/bin/cargo" "+nightly-2025-01-18" "test" "--frozen" "--no-run" "--message-format=json", kill_on_drop: false }`
[INFO] [stdout] 1887b9ecdb05c150aa63fcdd693961d22b371c83e3a92611ce3cb6f84b70575c
[INFO] running `Command { std: "docker" "start" "-a" "1887b9ecdb05c150aa63fcdd693961d22b371c83e3a92611ce3cb6f84b70575c", kill_on_drop: false }`
[INFO] [stderr]    Compiling regex-syntax v0.8.5
[INFO] [stderr]    Compiling syn v2.0.90
[INFO] [stderr]    Compiling anstyle v1.0.10
[INFO] [stderr]    Compiling log v0.4.22
[INFO] [stderr]    Compiling anstyle-query v1.1.2
[INFO] [stderr]    Compiling colorchoice v1.0.3
[INFO] [stderr]    Compiling humantime v2.1.0
[INFO] [stderr]    Compiling anstyle-parse v0.2.6
[INFO] [stderr]    Compiling diff v0.1.13
[INFO] [stderr]    Compiling yansi v1.0.1
[INFO] [stderr]    Compiling approx v0.5.1
[INFO] [stderr]    Compiling anstream v0.6.18
[INFO] [stderr]    Compiling pretty_assertions v1.4.1
[INFO] [stderr]    Compiling regex-automata v0.4.9
[INFO] [stderr]    Compiling regex v1.11.1
[INFO] [stderr]    Compiling synstructure v0.13.1
[INFO] [stderr]    Compiling env_filter v0.1.2
[INFO] [stderr]    Compiling env_logger v0.11.5
[INFO] [stderr]    Compiling bytemuck_derive v1.8.0
[INFO] [stderr]    Compiling zerocopy-derive v0.7.35
[INFO] [stderr]    Compiling serde_derive v1.0.216
[INFO] [stderr]    Compiling thiserror-impl v1.0.69
[INFO] [stderr]    Compiling zerofrom-derive v0.1.5
[INFO] [stderr]    Compiling num_enum_derive v0.7.3
[INFO] [stderr]    Compiling yoke-derive v0.7.5
[INFO] [stderr]    Compiling displaydoc v0.2.5
[INFO] [stderr]    Compiling test-log-macros v0.2.16
[INFO] [stderr]    Compiling test-log v0.2.16
[INFO] [stderr]    Compiling zerocopy v0.7.35
[INFO] [stderr]    Compiling bytemuck v1.20.0
[INFO] [stderr]    Compiling num_enum v0.7.3
[INFO] [stderr]    Compiling thiserror v1.0.69
[INFO] [stderr]    Compiling num-complex v0.4.6
[INFO] [stderr]    Compiling dyn-stack v0.10.0
[INFO] [stderr]    Compiling zip v1.1.4
[INFO] [stderr]    Compiling zerofrom v0.1.5
[INFO] [stderr]    Compiling yoke v0.7.5
[INFO] [stderr]    Compiling ppv-lite86 v0.2.20
[INFO] [stderr]    Compiling pulp v0.18.22
[INFO] [stderr]    Compiling num v0.4.3
[INFO] [stderr]    Compiling rand_chacha v0.3.1
[INFO] [stderr]    Compiling rand v0.8.5
[INFO] [stderr]    Compiling serde v1.0.216
[INFO] [stderr]    Compiling rand_distr v0.4.3
[INFO] [stderr]    Compiling half v2.4.1
[INFO] [stderr]    Compiling gemm-common v0.17.1
[INFO] [stderr]    Compiling gemm-f32 v0.17.1
[INFO] [stderr]    Compiling gemm-c64 v0.17.1
[INFO] [stderr]    Compiling gemm-f64 v0.17.1
[INFO] [stderr]    Compiling gemm-c32 v0.17.1
[INFO] [stderr]    Compiling gemm-f16 v0.17.1
[INFO] [stderr]    Compiling gemm v0.17.1
[INFO] [stderr]    Compiling serde_json v1.0.133
[INFO] [stderr]    Compiling safetensors v0.4.5
[INFO] [stderr]    Compiling ug v0.0.2
[INFO] [stderr]    Compiling candle-core v0.8.1
[INFO] [stderr]    Compiling candle-nn v0.8.1
[INFO] [stderr]    Compiling phasor v0.1.0 (/opt/rustwide/workdir)
[INFO] [stdout] warning: private item shadows public glob re-export
[INFO] [stdout]   --> src/lib.rs:2:1
[INFO] [stdout]    |
[INFO] [stdout] 2  | mod utils;
[INFO] [stdout]    | ^^^^^^^^^^
[INFO] [stdout]    |
[INFO] [stdout] note: the name `utils` in the type namespace is supposed to be publicly re-exported here
[INFO] [stdout]   --> src/lib.rs:10:9
[INFO] [stdout]    |
[INFO] [stdout] 10 | pub use candle_core::*;
[INFO] [stdout]    |         ^^^^^^^^^^^^^^
[INFO] [stdout] note: but the private item here shadows it
[INFO] [stdout]   --> src/lib.rs:2:1
[INFO] [stdout]    |
[INFO] [stdout] 2  | mod utils;
[INFO] [stdout]    | ^^^^^^^^^^
[INFO] [stdout]    = note: `#[warn(hidden_glob_reexports)]` on by default
[INFO] [stdout] 
[INFO] [stdout] 
[INFO] [stdout] warning: unused macro definition: `impl_tensor_base_complex`
[INFO] [stdout]     --> src/utils/macros.rs:1132:14
[INFO] [stdout]      |
[INFO] [stdout] 1132 | macro_rules! impl_tensor_base_complex {
[INFO] [stdout]      |              ^^^^^^^^^^^^^^^^^^^^^^^^
[INFO] [stdout]      |
[INFO] [stdout]      = note: `#[warn(unused_macros)]` on by default
[INFO] [stdout] 
[INFO] [stdout] 
[INFO] [stdout] warning: unused import: `f64::consts::PI`
[INFO] [stdout]  --> src/operands/real_column_vector.rs:3:11
[INFO] [stdout]   |
[INFO] [stdout] 3 | use std::{f64::consts::PI, marker::PhantomData};
[INFO] [stdout]   |           ^^^^^^^^^^^^^^^
[INFO] [stdout]   |
[INFO] [stdout]   = note: `#[warn(unused_imports)]` on by default
[INFO] [stdout] 
[INFO] [stdout] 
[INFO] [stdout] warning: unused import: `f64::consts::PI`
[INFO] [stdout]  --> src/operands/real_matrix.rs:3:11
[INFO] [stdout]   |
[INFO] [stdout] 3 | use std::{f64::consts::PI, marker::PhantomData};
[INFO] [stdout]   |           ^^^^^^^^^^^^^^^
[INFO] [stdout] 
[INFO] [stdout] 
[INFO] [stdout] warning: unused import: `f64::consts::PI`
[INFO] [stdout]  --> src/operands/real_scalar.rs:4:11
[INFO] [stdout]   |
[INFO] [stdout] 4 | use std::{f64::consts::PI, marker::PhantomData};
[INFO] [stdout]   |           ^^^^^^^^^^^^^^^
[INFO] [stdout] 
[INFO] [stdout] 
[INFO] [stdout] warning: private item shadows public glob re-export
[INFO] [stdout]   --> src/lib.rs:2:1
[INFO] [stdout]    |
[INFO] [stdout] 2  | mod utils;
[INFO] [stdout]    | ^^^^^^^^^^
[INFO] [stdout]    |
[INFO] [stdout] note: the name `utils` in the type namespace is supposed to be publicly re-exported here
[INFO] [stdout]   --> src/lib.rs:10:9
[INFO] [stdout]    |
[INFO] [stdout] 10 | pub use candle_core::*;
[INFO] [stdout]    |         ^^^^^^^^^^^^^^
[INFO] [stdout] note: but the private item here shadows it
[INFO] [stdout]   --> src/lib.rs:2:1
[INFO] [stdout]    |
[INFO] [stdout] 2  | mod utils;
[INFO] [stdout]    | ^^^^^^^^^^
[INFO] [stdout]    = note: `#[warn(hidden_glob_reexports)]` on by default
[INFO] [stdout] 
[INFO] [stdout] 
[INFO] [stdout] warning: unused macro definition: `impl_tensor_base_complex`
[INFO] [stdout]     --> src/utils/macros.rs:1132:14
[INFO] [stdout]      |
[INFO] [stdout] 1132 | macro_rules! impl_tensor_base_complex {
[INFO] [stdout]      |              ^^^^^^^^^^^^^^^^^^^^^^^^
[INFO] [stdout]      |
[INFO] [stdout]      = note: `#[warn(unused_macros)]` on by default
[INFO] [stdout] 
[INFO] [stdout] 
[INFO] [stdout] warning: unused import: `f64::consts::PI`
[INFO] [stdout]  --> src/operands/real_column_vector.rs:3:11
[INFO] [stdout]   |
[INFO] [stdout] 3 | use std::{f64::consts::PI, marker::PhantomData};
[INFO] [stdout]   |           ^^^^^^^^^^^^^^^
[INFO] [stdout]   |
[INFO] [stdout]   = note: `#[warn(unused_imports)]` on by default
[INFO] [stdout] 
[INFO] [stdout] 
[INFO] [stdout] warning: unused import: `f64::consts::PI`
[INFO] [stdout]  --> src/operands/real_matrix.rs:3:11
[INFO] [stdout]   |
[INFO] [stdout] 3 | use std::{f64::consts::PI, marker::PhantomData};
[INFO] [stdout]   |           ^^^^^^^^^^^^^^^
[INFO] [stdout] 
[INFO] [stdout] 
[INFO] [stdout] warning: unused import: `f64::consts::PI`
[INFO] [stdout]  --> src/operands/real_scalar.rs:4:11
[INFO] [stdout]   |
[INFO] [stdout] 4 | use std::{f64::consts::PI, marker::PhantomData};
[INFO] [stdout]   |           ^^^^^^^^^^^^^^^
[INFO] [stdout] 
[INFO] [stdout] 
[INFO] [stdout] warning: function `assert_relative_eq_vec` is never used
[INFO] [stdout]    --> src/utils/methods.rs:479:12
[INFO] [stdout]     |
[INFO] [stdout] 479 |     pub fn assert_relative_eq_vec<T: RelativeEq + Debug>(lhs: Vec<T>, rhs: Vec<T>) {
[INFO] [stdout]     |            ^^^^^^^^^^^^^^^^^^^^^^
[INFO] [stdout]     |
[INFO] [stdout]     = note: `#[warn(dead_code)]` on by default
[INFO] [stdout] 
[INFO] [stdout] 
[INFO] [stdout] warning: function `assert_relative_eq_vec` is never used
[INFO] [stdout]   --> src/operands/mod.rs:21:12
[INFO] [stdout]    |
[INFO] [stdout] 21 |     pub fn assert_relative_eq_vec<T: RelativeEq + Debug>(lhs: Vec<T>, rhs: Vec<T>) {
[INFO] [stdout]    |            ^^^^^^^^^^^^^^^^^^^^^^
[INFO] [stdout] 
[INFO] [stdout] 
[INFO] [stdout] warning: function `assert_relative_eq_vec_vec` is never used
[INFO] [stdout]   --> src/operands/mod.rs:26:12
[INFO] [stdout]    |
[INFO] [stdout] 26 |     pub fn assert_relative_eq_vec_vec<T: RelativeEq + Debug>(lhs: Vec<Vec<T>>, rhs: Vec<Vec<T>>) {
[INFO] [stdout]    |            ^^^^^^^^^^^^^^^^^^^^^^^^^^
[INFO] [stdout] 
[INFO] [stdout] 
[INFO] [stderr]     Finished `test` profile [unoptimized + debuginfo] target(s) in 36.98s
[INFO] running `Command { std: "docker" "inspect" "1887b9ecdb05c150aa63fcdd693961d22b371c83e3a92611ce3cb6f84b70575c", kill_on_drop: false }`
[INFO] running `Command { std: "docker" "rm" "-f" "1887b9ecdb05c150aa63fcdd693961d22b371c83e3a92611ce3cb6f84b70575c", kill_on_drop: false }`
[INFO] [stdout] 1887b9ecdb05c150aa63fcdd693961d22b371c83e3a92611ce3cb6f84b70575c
[INFO] running `Command { std: "docker" "create" "-v" "/var/lib/crater-agent-workspace/builds/worker-2-tc2/target:/opt/rustwide/target:rw,Z" "-v" "/var/lib/crater-agent-workspace/builds/worker-2-tc2/source:/opt/rustwide/workdir:ro,Z" "-v" "/var/lib/crater-agent-workspace/cargo-home:/opt/rustwide/cargo-home:ro,Z" "-v" "/var/lib/crater-agent-workspace/rustup-home:/opt/rustwide/rustup-home:ro,Z" "-e" "SOURCE_DIR=/opt/rustwide/workdir" "-e" "CARGO_TARGET_DIR=/opt/rustwide/target" "-e" "CARGO_INCREMENTAL=0" "-e" "RUST_BACKTRACE=full" "-e" "RUSTFLAGS=--cap-lints=forbid -Zrandomize-layout" "-e" "RUSTDOCFLAGS=--cap-lints=forbid" "-e" "CARGO_HOME=/opt/rustwide/cargo-home" "-e" "RUSTUP_HOME=/opt/rustwide/rustup-home" "-w" "/opt/rustwide/workdir" "-m" "1610612736" "--user" "0:0" "--network" "none" "ghcr.io/rust-lang/crates-build-env/linux@sha256:819108c5571ea2e421544af4d832f968d213c87fbe3707a016657f43d2f853bc" "/opt/rustwide/cargo-home/bin/cargo" "+nightly-2025-01-18" "test" "--frozen", kill_on_drop: false }`
[INFO] [stdout] 5c339bbd796ecbe0038b2184a97912fda718a0f55797682e8f0a2621ae63345f
[INFO] running `Command { std: "docker" "start" "-a" "5c339bbd796ecbe0038b2184a97912fda718a0f55797682e8f0a2621ae63345f", kill_on_drop: false }`
[INFO] [stderr] warning: private item shadows public glob re-export
[INFO] [stderr]   --> src/lib.rs:2:1
[INFO] [stderr]    |
[INFO] [stderr] 2  | mod utils;
[INFO] [stderr]    | ^^^^^^^^^^
[INFO] [stderr]    |
[INFO] [stderr] note: the name `utils` in the type namespace is supposed to be publicly re-exported here
[INFO] [stderr]   --> src/lib.rs:10:9
[INFO] [stderr]    |
[INFO] [stderr] 10 | pub use candle_core::*;
[INFO] [stderr]    |         ^^^^^^^^^^^^^^
[INFO] [stderr] note: but the private item here shadows it
[INFO] [stderr]   --> src/lib.rs:2:1
[INFO] [stderr]    |
[INFO] [stderr] 2  | mod utils;
[INFO] [stderr]    | ^^^^^^^^^^
[INFO] [stderr]    = note: `#[warn(hidden_glob_reexports)]` on by default
[INFO] [stderr] 
[INFO] [stderr] warning: unused macro definition: `impl_tensor_base_complex`
[INFO] [stderr]     --> src/utils/macros.rs:1132:14
[INFO] [stderr]      |
[INFO] [stderr] 1132 | macro_rules! impl_tensor_base_complex {
[INFO] [stderr]      |              ^^^^^^^^^^^^^^^^^^^^^^^^
[INFO] [stderr]      |
[INFO] [stderr]      = note: `#[warn(unused_macros)]` on by default
[INFO] [stderr] 
[INFO] [stderr] warning: unused import: `f64::consts::PI`
[INFO] [stderr]  --> src/operands/real_column_vector.rs:3:11
[INFO] [stderr]   |
[INFO] [stderr] 3 | use std::{f64::consts::PI, marker::PhantomData};
[INFO] [stderr]   |           ^^^^^^^^^^^^^^^
[INFO] [stderr]   |
[INFO] [stderr]   = note: `#[warn(unused_imports)]` on by default
[INFO] [stderr] 
[INFO] [stderr] warning: unused import: `f64::consts::PI`
[INFO] [stderr]  --> src/operands/real_matrix.rs:3:11
[INFO] [stderr]   |
[INFO] [stderr] 3 | use std::{f64::consts::PI, marker::PhantomData};
[INFO] [stderr]   |           ^^^^^^^^^^^^^^^
[INFO] [stderr] 
[INFO] [stderr] warning: unused import: `f64::consts::PI`
[INFO] [stderr]  --> src/operands/real_scalar.rs:4:11
[INFO] [stderr]   |
[INFO] [stderr] 4 | use std::{f64::consts::PI, marker::PhantomData};
[INFO] [stderr]   |           ^^^^^^^^^^^^^^^
[INFO] [stderr] 
[INFO] [stderr] warning: function `assert_relative_eq_vec` is never used
[INFO] [stderr]    --> src/utils/methods.rs:479:12
[INFO] [stderr]     |
[INFO] [stderr] 479 |     pub fn assert_relative_eq_vec<T: RelativeEq + Debug>(lhs: Vec<T>, rhs: Vec<T>) {
[INFO] [stderr]     |            ^^^^^^^^^^^^^^^^^^^^^^
[INFO] [stderr]     |
[INFO] [stderr]     = note: `#[warn(dead_code)]` on by default
[INFO] [stderr] 
[INFO] [stderr] warning: function `assert_relative_eq_vec` is never used
[INFO] [stderr]   --> src/operands/mod.rs:21:12
[INFO] [stderr]    |
[INFO] [stderr] 21 |     pub fn assert_relative_eq_vec<T: RelativeEq + Debug>(lhs: Vec<T>, rhs: Vec<T>) {
[INFO] [stderr]    |            ^^^^^^^^^^^^^^^^^^^^^^
[INFO] [stderr] 
[INFO] [stderr] warning: function `assert_relative_eq_vec_vec` is never used
[INFO] [stderr]   --> src/operands/mod.rs:26:12
[INFO] [stderr]    |
[INFO] [stderr] 26 |     pub fn assert_relative_eq_vec_vec<T: RelativeEq + Debug>(lhs: Vec<Vec<T>>, rhs: Vec<Vec<T>>) {
[INFO] [stderr]    |            ^^^^^^^^^^^^^^^^^^^^^^^^^^
[INFO] [stderr] 
[INFO] [stderr] warning: `phasor` (lib) generated 5 warnings (run `cargo fix --lib -p phasor` to apply 3 suggestions)
[INFO] [stderr] warning: `phasor` (lib test) generated 8 warnings (5 duplicates)
[INFO] [stderr]     Finished `test` profile [unoptimized + debuginfo] target(s) in 0.20s
[INFO] [stderr]      Running unittests src/lib.rs (/opt/rustwide/target/debug/deps/phasor-92f3201502c4d1ff)
[INFO] [stdout] 
[INFO] [stdout] running 55 tests
[INFO] [stdout] test utils::methods::test::test_generic_add ... ok
[INFO] [stdout] test utils::methods::test::test_generic_abs ... ok
[INFO] [stdout] test utils::methods::test::test_generic_and ... ok
[INFO] [stdout] test utils::methods::test::test_generic_add_scalar ... ok
[INFO] [stdout] test utils::methods::test::test_generic_broadcast ... ok
[INFO] [stdout] test utils::methods::test::test_generic_clamp ... ok
[INFO] [stdout] test utils::methods::test::test_generic_complex_add ... ok
[INFO] [stdout] test utils::methods::test::test_generic_complex_add_scalar ... ok
[INFO] [stdout] test utils::methods::test::test_generic_complex_clamp ... ok
[INFO] [stdout] test utils::methods::test::test_generic_complex_componentwise_tanh ... ok
[INFO] [stdout] test utils::methods::test::test_generic_complex_div_scalar ... ok
[INFO] [stdout] test utils::methods::test::test_generic_complex_div ... ok
[INFO] [stdout] test utils::methods::test::test_generic_complex_eq ... ok
[INFO] [stdout] test utils::methods::test::test_generic_complex_gt ... ok
[INFO] [stdout] test utils::methods::test::test_generic_complex_gte ... ok
[INFO] [stdout] test utils::methods::test::test_generic_complex_lt ... ok
[INFO] [stdout] test utils::methods::test::test_generic_complex_mul ... ok
[INFO] [stdout] test utils::methods::test::test_generic_complex_lte ... ok
[INFO] [stdout] test utils::methods::test::test_generic_complex_mul_scalar ... ok
[INFO] [stdout] test utils::methods::test::test_generic_complex_sub ... ok
[INFO] [stdout] test utils::methods::test::test_generic_complex_sub_scalar ... ok
[INFO] [stdout] test utils::methods::test::test_generic_complex_outer ... ok
[INFO] [stdout] test utils::methods::test::test_generic_div ... ok
[INFO] [stdout] test utils::methods::test::test_generic_div_scalar ... ok
[INFO] [stdout] test utils::methods::test::test_generic_dot ... ok
[INFO] [stdout] test utils::methods::test::test_generic_eq ... ok
[INFO] [stdout] test utils::methods::test::test_generic_exp ... ok
[INFO] [stdout] test utils::methods::test::test_generic_complex_ne ... ok
[INFO] [stdout] test utils::methods::test::test_generic_gt ... ok
[INFO] [stdout] test utils::methods::test::test_generic_gte ... ok
[INFO] [stdout] test utils::methods::test::test_generic_log ... ok
[INFO] [stdout] test utils::methods::test::test_generic_lt ... ok
[INFO] [stdout] test utils::methods::test::test_generic_lte ... ok
[INFO] [stdout] test utils::methods::test::test_generic_matmul ... ok
[INFO] [stdout] test utils::methods::test::test_generic_complex_matmul ... ok
[INFO] [stdout] test utils::methods::test::test_generic_mean ... ok
[INFO] [stdout] test utils::methods::test::test_generic_pow ... ok
[INFO] [stdout] test utils::methods::test::test_generic_mul ... ok
[INFO] [stdout] test utils::methods::test::test_generic_mul_scalar ... ok
[INFO] [stdout] test utils::methods::test::test_generic_not ... ok
[INFO] [stdout] test utils::methods::test::test_generic_with_f32 ... ok
[INFO] [stdout] test utils::methods::test::test_generic_ne ... ok
[INFO] [stdout] test utils::methods::test::test_generic_powf ... ok
[INFO] [stdout] test utils::methods::test::test_generic_sum ... ok
[INFO] [stdout] test utils::methods::test::test_generic_tanh ... ok
[INFO] [stdout] test utils::methods::test::test_generic_neg ... ok
[INFO] [stdout] test utils::methods::test::test_generic_where ... ok
[INFO] [stdout] test utils::methods::test::test_generic_transpose ... ok
[INFO] [stdout] test utils::methods::test::test_generic_with_i64 ... ok
[INFO] [stdout] test utils::methods::test::test_generic_xor ... ok
[INFO] [stdout] test utils::methods::test::test_generic_zeros ... ok
[INFO] [stdout] test utils::methods::test::test_generic_sub ... ok
[INFO] [stdout] test utils::methods::test::test_generic_or ... ok
[INFO] [stdout] test utils::methods::test::test_generic_sub_scalar ... ok
[INFO] [stdout] test utils::methods::test::test_generic_complex_tanh ... FAILED
[INFO] [stdout] 
[INFO] [stdout] failures:
[INFO] [stdout] 
[INFO] [stdout] ---- utils::methods::test::test_generic_complex_tanh stdout ----
[INFO] [stdout] 
[INFO] [stdout] thread 'utils::methods::test::test_generic_complex_tanh' panicked at src/utils/methods.rs:328:5:
[INFO] [stdout] not implemented: An exercise for the reader.
[INFO] [stdout] stack backtrace:
[INFO] [stdout]    0:     0x607e8f38468a - std::backtrace_rs::backtrace::libunwind::trace::hb059275cfc8d6126
[INFO] [stdout]                                at /rustc/6067b36314ab5eb2eb47cecc464545ba58e1ad24/library/std/src/../../backtrace/src/backtrace/libunwind.rs:116:5
[INFO] [stdout]    1:     0x607e8f38468a - std::backtrace_rs::backtrace::trace_unsynchronized::h2da071e4327ce3ee
[INFO] [stdout]                                at /rustc/6067b36314ab5eb2eb47cecc464545ba58e1ad24/library/std/src/../../backtrace/src/backtrace/mod.rs:66:5
[INFO] [stdout]    2:     0x607e8f38468a - std::sys::backtrace::_print_fmt::h842a1474e6f8d23f
[INFO] [stdout]                                at /rustc/6067b36314ab5eb2eb47cecc464545ba58e1ad24/library/std/src/sys/backtrace.rs:66:9
[INFO] [stdout]    3:     0x607e8f38468a - <std::sys::backtrace::BacktraceLock::print::DisplayBacktrace as core::fmt::Display>::fmt::h71a62eb3b9696b12
[INFO] [stdout]                                at /rustc/6067b36314ab5eb2eb47cecc464545ba58e1ad24/library/std/src/sys/backtrace.rs:39:26
[INFO] [stdout]    4:     0x607e8f3ada93 - core::fmt::rt::Argument::fmt::hdb6b616786b41dc1
[INFO] [stdout]                                at /rustc/6067b36314ab5eb2eb47cecc464545ba58e1ad24/library/core/src/fmt/rt.rs:177:76
[INFO] [stdout]    5:     0x607e8f3ada93 - core::fmt::write::h2cc1698af7e2d686
[INFO] [stdout]                                at /rustc/6067b36314ab5eb2eb47cecc464545ba58e1ad24/library/core/src/fmt/mod.rs:1440:21
[INFO] [stdout]    6:     0x607e8f380cf3 - std::io::Write::write_fmt::hab1b4cd059a79022
[INFO] [stdout]                                at /rustc/6067b36314ab5eb2eb47cecc464545ba58e1ad24/library/std/src/io/mod.rs:1887:15
[INFO] [stdout]    7:     0x607e8f3844d2 - std::sys::backtrace::BacktraceLock::print::h147fe35b4ea13b08
[INFO] [stdout]                                at /rustc/6067b36314ab5eb2eb47cecc464545ba58e1ad24/library/std/src/sys/backtrace.rs:42:9
[INFO] [stdout]    8:     0x607e8f385aaf - std::panicking::default_hook::{{closure}}::hbd44223dbdc0d208
[INFO] [stdout]                                at /rustc/6067b36314ab5eb2eb47cecc464545ba58e1ad24/library/std/src/panicking.rs:298:22
[INFO] [stdout]    9:     0x607e8f3858c8 - std::panicking::default_hook::h20f81eb0576efcec
[INFO] [stdout]                                at /rustc/6067b36314ab5eb2eb47cecc464545ba58e1ad24/library/std/src/panicking.rs:322:9
[INFO] [stdout]   10:     0x607e8e7274c3 - <alloc::boxed::Box<F,A> as core::ops::function::Fn<Args>>::call::hdb53814c496a4d34
[INFO] [stdout]                                at /rustc/6067b36314ab5eb2eb47cecc464545ba58e1ad24/library/alloc/src/boxed.rs:2027:9
[INFO] [stdout]   11:     0x607e8e7274c3 - test::test_main::{{closure}}::hc0a4963c59427c24
[INFO] [stdout]                                at /rustc/6067b36314ab5eb2eb47cecc464545ba58e1ad24/library/test/src/lib.rs:134:21
[INFO] [stdout]   12:     0x607e8f3865a3 - <alloc::boxed::Box<F,A> as core::ops::function::Fn<Args>>::call::h591b2225413a77e9
[INFO] [stdout]                                at /rustc/6067b36314ab5eb2eb47cecc464545ba58e1ad24/library/alloc/src/boxed.rs:2027:9
[INFO] [stdout]   13:     0x607e8f3865a3 - std::panicking::rust_panic_with_hook::h625eea43051b2edc
[INFO] [stdout]                                at /rustc/6067b36314ab5eb2eb47cecc464545ba58e1ad24/library/std/src/panicking.rs:839:13
[INFO] [stdout]   14:     0x607e8f386226 - std::panicking::begin_panic_handler::{{closure}}::h4f9159cfbc3f6bd3
[INFO] [stdout]                                at /rustc/6067b36314ab5eb2eb47cecc464545ba58e1ad24/library/std/src/panicking.rs:697:13
[INFO] [stdout]   15:     0x607e8f384b89 - std::sys::backtrace::__rust_end_short_backtrace::h0390abce48353151
[INFO] [stdout]                                at /rustc/6067b36314ab5eb2eb47cecc464545ba58e1ad24/library/std/src/sys/backtrace.rs:168:18
[INFO] [stdout]   16:     0x607e8f385eed - rust_begin_unwind
[INFO] [stdout]                                at /rustc/6067b36314ab5eb2eb47cecc464545ba58e1ad24/library/std/src/panicking.rs:695:5
[INFO] [stdout]   17:     0x607e8f3ab600 - core::panicking::panic_fmt::h9e7c637e9e5f29c9
[INFO] [stdout]                                at /rustc/6067b36314ab5eb2eb47cecc464545ba58e1ad24/library/core/src/panicking.rs:75:14
[INFO] [stdout]   18:     0x607e8e6db4c7 - phasor::utils::methods::_generic_complex_tanh::ha47e0f5dcf8a1e1c
[INFO] [stdout]                                at /opt/rustwide/workdir/src/utils/methods.rs:328:5
[INFO] [stdout]   19:     0x607e8e6c2a41 - phasor::utils::methods::test::test_generic_complex_tanh::h2b2faf555a07d99b
[INFO] [stdout]                                at /opt/rustwide/workdir/src/utils/methods.rs:1002:42
[INFO] [stdout]   20:     0x607e8e6c270c - phasor::utils::methods::test::test_generic_complex_tanh::{{closure}}::h5f66987a8bf38ccc
[INFO] [stdout]                                at /opt/rustwide/workdir/src/utils/methods.rs:998:39
[INFO] [stdout]   21:     0x607e8e6e1f36 - core::ops::function::FnOnce::call_once::hf2a796a3d154dd13
[INFO] [stdout]                                at /rustc/6067b36314ab5eb2eb47cecc464545ba58e1ad24/library/core/src/ops/function.rs:250:5
[INFO] [stdout]   22:     0x607e8e72cc1b - core::ops::function::FnOnce::call_once::he27718dfdd183f43
[INFO] [stdout]                                at /rustc/6067b36314ab5eb2eb47cecc464545ba58e1ad24/library/core/src/ops/function.rs:250:5
[INFO] [stdout]   23:     0x607e8e72cc1b - test::__rust_begin_short_backtrace::h4e84902998457a5d
[INFO] [stdout]                                at /rustc/6067b36314ab5eb2eb47cecc464545ba58e1ad24/library/test/src/lib.rs:632:18
[INFO] [stdout]   24:     0x607e8e72bb53 - test::run_test_in_process::{{closure}}::h7176fd18fc1feca0
[INFO] [stdout]                                at /rustc/6067b36314ab5eb2eb47cecc464545ba58e1ad24/library/test/src/lib.rs:655:60
[INFO] [stdout]   25:     0x607e8e72bb53 - <core::panic::unwind_safe::AssertUnwindSafe<F> as core::ops::function::FnOnce<()>>::call_once::hf79cff2a624d8cf7
[INFO] [stdout]                                at /rustc/6067b36314ab5eb2eb47cecc464545ba58e1ad24/library/core/src/panic/unwind_safe.rs:272:9
[INFO] [stdout]   26:     0x607e8e72bb53 - std::panicking::try::do_call::h3da0561d9ab99c25
[INFO] [stdout]                                at /rustc/6067b36314ab5eb2eb47cecc464545ba58e1ad24/library/std/src/panicking.rs:587:40
[INFO] [stdout]   27:     0x607e8e72bb53 - std::panicking::try::h41c9fa508bc61df6
[INFO] [stdout]                                at /rustc/6067b36314ab5eb2eb47cecc464545ba58e1ad24/library/std/src/panicking.rs:550:19
[INFO] [stdout]   28:     0x607e8e72bb53 - std::panic::catch_unwind::h6b3ff07bb5afad93
[INFO] [stdout]                                at /rustc/6067b36314ab5eb2eb47cecc464545ba58e1ad24/library/std/src/panic.rs:358:14
[INFO] [stdout]   29:     0x607e8e72bb53 - test::run_test_in_process::hc7253dd11b39b9f4
[INFO] [stdout]                                at /rustc/6067b36314ab5eb2eb47cecc464545ba58e1ad24/library/test/src/lib.rs:655:27
[INFO] [stdout]   30:     0x607e8e72bb53 - test::run_test::{{closure}}::hfb2007f8649c30bb
[INFO] [stdout]                                at /rustc/6067b36314ab5eb2eb47cecc464545ba58e1ad24/library/test/src/lib.rs:576:43
[INFO] [stdout]   31:     0x607e8e6eec35 - test::run_test::{{closure}}::h56a17aa7a282a9f4
[INFO] [stdout]                                at /rustc/6067b36314ab5eb2eb47cecc464545ba58e1ad24/library/test/src/lib.rs:606:41
[INFO] [stdout]   32:     0x607e8e6eec35 - std::sys::backtrace::__rust_begin_short_backtrace::hd2d2d2fb8e8c6aac
[INFO] [stdout]                                at /rustc/6067b36314ab5eb2eb47cecc464545ba58e1ad24/library/std/src/sys/backtrace.rs:152:18
[INFO] [stdout]   33:     0x607e8e6f251a - std::thread::Builder::spawn_unchecked_::{{closure}}::{{closure}}::h4faa3f9db6133423
[INFO] [stdout]                                at /rustc/6067b36314ab5eb2eb47cecc464545ba58e1ad24/library/std/src/thread/mod.rs:559:17
[INFO] [stdout]   34:     0x607e8e6f251a - <core::panic::unwind_safe::AssertUnwindSafe<F> as core::ops::function::FnOnce<()>>::call_once::hf2e855a36a4ea846
[INFO] [stdout]                                at /rustc/6067b36314ab5eb2eb47cecc464545ba58e1ad24/library/core/src/panic/unwind_safe.rs:272:9
[INFO] [stdout]   35:     0x607e8e6f251a - std::panicking::try::do_call::h2f73af3616c35465
[INFO] [stdout]                                at /rustc/6067b36314ab5eb2eb47cecc464545ba58e1ad24/library/std/src/panicking.rs:587:40
[INFO] [stdout]   36:     0x607e8e6f251a - std::panicking::try::hd1660ce9efadef5a
[INFO] [stdout]                                at /rustc/6067b36314ab5eb2eb47cecc464545ba58e1ad24/library/std/src/panicking.rs:550:19
[INFO] [stdout]   37:     0x607e8e6f251a - std::panic::catch_unwind::h5ee8d7823b8ca744
[INFO] [stdout]                                at /rustc/6067b36314ab5eb2eb47cecc464545ba58e1ad24/library/std/src/panic.rs:358:14
[INFO] [stdout]   38:     0x607e8e6f251a - std::thread::Builder::spawn_unchecked_::{{closure}}::h53c3a1894dce8407
[INFO] [stdout]                                at /rustc/6067b36314ab5eb2eb47cecc464545ba58e1ad24/library/std/src/thread/mod.rs:557:30
[INFO] [stdout]   39:     0x607e8e6f251a - core::ops::function::FnOnce::call_once{{vtable.shim}}::h048ce291ad4f62bf
[INFO] [stdout]                                at /rustc/6067b36314ab5eb2eb47cecc464545ba58e1ad24/library/core/src/ops/function.rs:250:5
[INFO] [stdout]   40:     0x607e8f38ab7b - <alloc::boxed::Box<F,A> as core::ops::function::FnOnce<Args>>::call_once::ha52bedf99a3b4981
[INFO] [stdout]                                at /rustc/6067b36314ab5eb2eb47cecc464545ba58e1ad24/library/alloc/src/boxed.rs:2013:9
[INFO] [stdout]   41:     0x607e8f38ab7b - <alloc::boxed::Box<F,A> as core::ops::function::FnOnce<Args>>::call_once::h567748934d80ccf8
[INFO] [stdout]                                at /rustc/6067b36314ab5eb2eb47cecc464545ba58e1ad24/library/alloc/src/boxed.rs:2013:9
[INFO] [stdout]   42:     0x607e8f38ab7b - std::sys::pal::unix::thread::Thread::new::thread_start::h2d970728ae887adc
[INFO] [stdout]                                at /rustc/6067b36314ab5eb2eb47cecc464545ba58e1ad24/library/std/src/sys/pal/unix/thread.rs:106:17
[INFO] [stdout]   43:     0x78ab3f0f1ac3 - <unknown>
[INFO] [stdout]   44:     0x78ab3f182a04 - clone
[INFO] [stdout]   45:                0x0 - <unknown>
[INFO] [stdout] 
[INFO] [stdout] 
[INFO] [stdout] failures:
[INFO] [stdout]     utils::methods::test::test_generic_complex_tanh
[INFO] [stdout] 
[INFO] [stdout] test result: FAILED. 54 passed; 1 failed; 0 ignored; 0 measured; 0 filtered out; finished in 0.03s
[INFO] [stdout] 
[INFO] [stderr] error: test failed, to rerun pass `--lib`
[INFO] running `Command { std: "docker" "inspect" "5c339bbd796ecbe0038b2184a97912fda718a0f55797682e8f0a2621ae63345f", kill_on_drop: false }`
[INFO] running `Command { std: "docker" "rm" "-f" "5c339bbd796ecbe0038b2184a97912fda718a0f55797682e8f0a2621ae63345f", kill_on_drop: false }`
[INFO] [stdout] 5c339bbd796ecbe0038b2184a97912fda718a0f55797682e8f0a2621ae63345f
