[INFO] cloning repository https://github.com/MaxwellKnight/csvgraph-rust
[INFO] running `Command { std: "git" "-c" "credential.helper=" "-c" "credential.helper=/workspace/cargo-home/bin/git-credential-null" "clone" "--bare" "https://github.com/MaxwellKnight/csvgraph-rust" "/workspace/cache/git-repos/https%3A%2F%2Fgithub.com%2FMaxwellKnight%2Fcsvgraph-rust", kill_on_drop: false }`
[INFO] [stderr] Cloning into bare repository '/workspace/cache/git-repos/https%3A%2F%2Fgithub.com%2FMaxwellKnight%2Fcsvgraph-rust'...
[INFO] running `Command { std: "git" "rev-parse" "HEAD", kill_on_drop: false }`
[INFO] [stdout] 3be9f0d8f884dd2ee2be58d5a46602d074bb3600
[INFO] testing MaxwellKnight/csvgraph-rust against nightly-2025-01-18 for randomize-layout-2
[INFO] running `Command { std: "git" "clone" "/workspace/cache/git-repos/https%3A%2F%2Fgithub.com%2FMaxwellKnight%2Fcsvgraph-rust" "/workspace/builds/worker-0-tc1/source", kill_on_drop: false }`
[INFO] [stderr] Cloning into '/workspace/builds/worker-0-tc1/source'...
[INFO] [stderr] done.
[INFO] validating manifest of git repo https://github.com/MaxwellKnight/csvgraph-rust on toolchain nightly-2025-01-18
[INFO] running `Command { std: CARGO_HOME="/workspace/cargo-home" RUSTUP_HOME="/workspace/rustup-home" "/workspace/cargo-home/bin/cargo" "+nightly-2025-01-18" "metadata" "--manifest-path" "Cargo.toml" "--no-deps", kill_on_drop: false }`
[INFO] started tweaking git repo https://github.com/MaxwellKnight/csvgraph-rust
[INFO] finished tweaking git repo https://github.com/MaxwellKnight/csvgraph-rust
[INFO] tweaked toml for git repo https://github.com/MaxwellKnight/csvgraph-rust written to /workspace/builds/worker-0-tc1/source/Cargo.toml
[INFO] crate git repo https://github.com/MaxwellKnight/csvgraph-rust already has a lockfile, it will not be regenerated
[INFO] running `Command { std: CARGO_HOME="/workspace/cargo-home" RUSTUP_HOME="/workspace/rustup-home" "/workspace/cargo-home/bin/cargo" "+nightly-2025-01-18" "fetch" "--manifest-path" "Cargo.toml", kill_on_drop: false }`
[INFO] [stderr]     Updating crates.io index
[INFO] [stderr]     Blocking waiting for file lock on package cache
[INFO] [stderr]      Locking 1 package to latest compatible version
[INFO] [stderr]  Downgrading sqlparser v0.51.0 -> v0.50.0 (available: v0.53.0)
[INFO] [stderr]     Blocking waiting for file lock on package cache
[INFO] [stderr]  Downloading crates ...
[INFO] [stderr]   Downloaded prettytable-rs v0.10.0
[INFO] [stderr]   Downloaded sqlparser v0.50.0
[INFO] running `Command { std: "docker" "create" "-v" "/var/lib/crater-agent-workspace/builds/worker-0-tc1/target:/opt/rustwide/target:rw,Z" "-v" "/var/lib/crater-agent-workspace/builds/worker-0-tc1/source:/opt/rustwide/workdir:ro,Z" "-v" "/var/lib/crater-agent-workspace/cargo-home:/opt/rustwide/cargo-home:ro,Z" "-v" "/var/lib/crater-agent-workspace/rustup-home:/opt/rustwide/rustup-home:ro,Z" "-e" "SOURCE_DIR=/opt/rustwide/workdir" "-e" "CARGO_TARGET_DIR=/opt/rustwide/target" "-e" "CARGO_HOME=/opt/rustwide/cargo-home" "-e" "RUSTUP_HOME=/opt/rustwide/rustup-home" "-w" "/opt/rustwide/workdir" "-m" "1610612736" "--user" "0:0" "--network" "none" "ghcr.io/rust-lang/crates-build-env/linux@sha256:819108c5571ea2e421544af4d832f968d213c87fbe3707a016657f43d2f853bc" "/opt/rustwide/cargo-home/bin/cargo" "+nightly-2025-01-18" "metadata" "--no-deps" "--format-version=1", kill_on_drop: false }`
[INFO] [stdout] 7566bd369cd9c8753786b517f2bb4c28581da8633ee5d3b2392cb1d48714f379
[INFO] running `Command { std: "docker" "start" "-a" "7566bd369cd9c8753786b517f2bb4c28581da8633ee5d3b2392cb1d48714f379", kill_on_drop: false }`
[INFO] running `Command { std: "docker" "inspect" "7566bd369cd9c8753786b517f2bb4c28581da8633ee5d3b2392cb1d48714f379", kill_on_drop: false }`
[INFO] running `Command { std: "docker" "rm" "-f" "7566bd369cd9c8753786b517f2bb4c28581da8633ee5d3b2392cb1d48714f379", kill_on_drop: false }`
[INFO] [stdout] 7566bd369cd9c8753786b517f2bb4c28581da8633ee5d3b2392cb1d48714f379
[INFO] running `Command { std: "docker" "create" "-v" "/var/lib/crater-agent-workspace/builds/worker-0-tc1/target:/opt/rustwide/target:rw,Z" "-v" "/var/lib/crater-agent-workspace/builds/worker-0-tc1/source:/opt/rustwide/workdir:ro,Z" "-v" "/var/lib/crater-agent-workspace/cargo-home:/opt/rustwide/cargo-home:ro,Z" "-v" "/var/lib/crater-agent-workspace/rustup-home:/opt/rustwide/rustup-home:ro,Z" "-e" "SOURCE_DIR=/opt/rustwide/workdir" "-e" "CARGO_TARGET_DIR=/opt/rustwide/target" "-e" "CARGO_INCREMENTAL=0" "-e" "RUST_BACKTRACE=full" "-e" "RUSTFLAGS=--cap-lints=forbid" "-e" "RUSTDOCFLAGS=--cap-lints=forbid" "-e" "CARGO_HOME=/opt/rustwide/cargo-home" "-e" "RUSTUP_HOME=/opt/rustwide/rustup-home" "-w" "/opt/rustwide/workdir" "-m" "1610612736" "--user" "0:0" "--network" "none" "ghcr.io/rust-lang/crates-build-env/linux@sha256:819108c5571ea2e421544af4d832f968d213c87fbe3707a016657f43d2f853bc" "/opt/rustwide/cargo-home/bin/cargo" "+nightly-2025-01-18" "build" "--frozen" "--message-format=json", kill_on_drop: false }`
[INFO] [stdout] 67837f31de73af408286e9b2b1c0e00d5d136ad539f7b8e24240f65d28ade024
[INFO] running `Command { std: "docker" "start" "-a" "67837f31de73af408286e9b2b1c0e00d5d136ad539f7b8e24240f65d28ade024", kill_on_drop: false }`
[INFO] [stderr]    Compiling proc-macro2 v1.0.86
[INFO] [stderr]    Compiling libc v0.2.158
[INFO] [stderr]    Compiling serde v1.0.209
[INFO] [stderr]    Compiling utf8parse v0.2.2
[INFO] [stderr]    Compiling memchr v2.7.4
[INFO] [stderr]    Compiling anstyle-query v1.1.1
[INFO] [stderr]    Compiling is_terminal_polyfill v1.70.1
[INFO] [stderr]    Compiling ryu v1.0.18
[INFO] [stderr]    Compiling rustix v0.38.37
[INFO] [stderr]    Compiling anstyle v1.0.8
[INFO] [stderr]    Compiling colorchoice v1.0.2
[INFO] [stderr]    Compiling itoa v1.0.11
[INFO] [stderr]    Compiling linux-raw-sys v0.4.14
[INFO] [stderr]    Compiling hashbrown v0.14.5
[INFO] [stderr]    Compiling clap_lex v0.7.2
[INFO] [stderr]    Compiling heck v0.5.0
[INFO] [stderr]    Compiling anstyle-parse v0.2.5
[INFO] [stderr]    Compiling equivalent v1.0.1
[INFO] [stderr]    Compiling serde_json v1.0.127
[INFO] [stderr]    Compiling bitflags v2.6.0
[INFO] [stderr]    Compiling strsim v0.11.1
[INFO] [stderr]    Compiling fastrand v2.1.1
[INFO] [stderr]    Compiling encode_unicode v1.0.0
[INFO] [stderr]    Compiling lazy_static v1.5.0
[INFO] [stderr]    Compiling anstream v0.6.15
[INFO] [stderr]    Compiling log v0.4.22
[INFO] [stderr]    Compiling once_cell v1.19.0
[INFO] [stderr]    Compiling unicode-width v0.1.14
[INFO] [stderr]    Compiling fixedbitset v0.4.2
[INFO] [stderr]    Compiling indexmap v2.5.0
[INFO] [stderr]    Compiling clap_builder v4.5.15
[INFO] [stderr]    Compiling sqlparser v0.50.0
[INFO] [stderr]    Compiling csv-core v0.1.11
[INFO] [stderr]    Compiling petgraph v0.6.5
[INFO] [stderr]    Compiling quote v1.0.37
[INFO] [stderr]    Compiling dirs-sys-next v0.1.2
[INFO] [stderr]    Compiling is-terminal v0.4.13
[INFO] [stderr]    Compiling dirs-next v2.0.0
[INFO] [stderr]    Compiling term v0.7.0
[INFO] [stderr]    Compiling syn v2.0.77
[INFO] [stderr]    Compiling tempfile v3.12.0
[INFO] [stderr]    Compiling serde_derive v1.0.209
[INFO] [stderr]    Compiling clap_derive v4.5.13
[INFO] [stderr]    Compiling clap v4.5.16
[INFO] [stderr]    Compiling csv v1.3.0
[INFO] [stderr]    Compiling prettytable-rs v0.10.0
[INFO] [stderr]    Compiling csvg v0.1.0 (/opt/rustwide/workdir)
[INFO] [stderr]     Finished `dev` profile [unoptimized + debuginfo] target(s) in 19.93s
[INFO] running `Command { std: "docker" "inspect" "67837f31de73af408286e9b2b1c0e00d5d136ad539f7b8e24240f65d28ade024", kill_on_drop: false }`
[INFO] running `Command { std: "docker" "rm" "-f" "67837f31de73af408286e9b2b1c0e00d5d136ad539f7b8e24240f65d28ade024", kill_on_drop: false }`
[INFO] [stdout] 67837f31de73af408286e9b2b1c0e00d5d136ad539f7b8e24240f65d28ade024
[INFO] running `Command { std: "docker" "create" "-v" "/var/lib/crater-agent-workspace/builds/worker-0-tc1/target:/opt/rustwide/target:rw,Z" "-v" "/var/lib/crater-agent-workspace/builds/worker-0-tc1/source:/opt/rustwide/workdir:ro,Z" "-v" "/var/lib/crater-agent-workspace/cargo-home:/opt/rustwide/cargo-home:ro,Z" "-v" "/var/lib/crater-agent-workspace/rustup-home:/opt/rustwide/rustup-home:ro,Z" "-e" "SOURCE_DIR=/opt/rustwide/workdir" "-e" "CARGO_TARGET_DIR=/opt/rustwide/target" "-e" "CARGO_INCREMENTAL=0" "-e" "RUST_BACKTRACE=full" "-e" "RUSTFLAGS=--cap-lints=forbid" "-e" "RUSTDOCFLAGS=--cap-lints=forbid" "-e" "CARGO_HOME=/opt/rustwide/cargo-home" "-e" "RUSTUP_HOME=/opt/rustwide/rustup-home" "-w" "/opt/rustwide/workdir" "-m" "1610612736" "--user" "0:0" "--network" "none" "ghcr.io/rust-lang/crates-build-env/linux@sha256:819108c5571ea2e421544af4d832f968d213c87fbe3707a016657f43d2f853bc" "/opt/rustwide/cargo-home/bin/cargo" "+nightly-2025-01-18" "test" "--frozen" "--no-run" "--message-format=json", kill_on_drop: false }`
[INFO] [stdout] 844215b89737217c9e16d76c99431c4cd423d09b7d2c0115b9e3ae8f7876229c
[INFO] running `Command { std: "docker" "start" "-a" "844215b89737217c9e16d76c99431c4cd423d09b7d2c0115b9e3ae8f7876229c", kill_on_drop: false }`
[INFO] [stderr]    Compiling csvg v0.1.0 (/opt/rustwide/workdir)
[INFO] [stderr]     Finished `test` profile [unoptimized + debuginfo] target(s) in 1.27s
[INFO] running `Command { std: "docker" "inspect" "844215b89737217c9e16d76c99431c4cd423d09b7d2c0115b9e3ae8f7876229c", kill_on_drop: false }`
[INFO] running `Command { std: "docker" "rm" "-f" "844215b89737217c9e16d76c99431c4cd423d09b7d2c0115b9e3ae8f7876229c", kill_on_drop: false }`
[INFO] [stdout] 844215b89737217c9e16d76c99431c4cd423d09b7d2c0115b9e3ae8f7876229c
[INFO] running `Command { std: "docker" "create" "-v" "/var/lib/crater-agent-workspace/builds/worker-0-tc1/target:/opt/rustwide/target:rw,Z" "-v" "/var/lib/crater-agent-workspace/builds/worker-0-tc1/source:/opt/rustwide/workdir:ro,Z" "-v" "/var/lib/crater-agent-workspace/cargo-home:/opt/rustwide/cargo-home:ro,Z" "-v" "/var/lib/crater-agent-workspace/rustup-home:/opt/rustwide/rustup-home:ro,Z" "-e" "SOURCE_DIR=/opt/rustwide/workdir" "-e" "CARGO_TARGET_DIR=/opt/rustwide/target" "-e" "CARGO_INCREMENTAL=0" "-e" "RUST_BACKTRACE=full" "-e" "RUSTFLAGS=--cap-lints=forbid" "-e" "RUSTDOCFLAGS=--cap-lints=forbid" "-e" "CARGO_HOME=/opt/rustwide/cargo-home" "-e" "RUSTUP_HOME=/opt/rustwide/rustup-home" "-w" "/opt/rustwide/workdir" "-m" "1610612736" "--user" "0:0" "--network" "none" "ghcr.io/rust-lang/crates-build-env/linux@sha256:819108c5571ea2e421544af4d832f968d213c87fbe3707a016657f43d2f853bc" "/opt/rustwide/cargo-home/bin/cargo" "+nightly-2025-01-18" "test" "--frozen", kill_on_drop: false }`
[INFO] [stdout] 2879659d460a83bb8ac4477097820c06f83aef6a18b5e7530e79713870cad1c3
[INFO] running `Command { std: "docker" "start" "-a" "2879659d460a83bb8ac4477097820c06f83aef6a18b5e7530e79713870cad1c3", kill_on_drop: false }`
[INFO] [stderr]     Finished `test` profile [unoptimized + debuginfo] target(s) in 0.07s
[INFO] [stderr]      Running unittests src/lib.rs (/opt/rustwide/target/debug/deps/csvg-ae2fc3661d0c99d9)
[INFO] [stdout] 
[INFO] [stdout] running 0 tests
[INFO] [stdout] 
[INFO] [stdout] test result: ok. 0 passed; 0 failed; 0 ignored; 0 measured; 0 filtered out; finished in 0.00s
[INFO] [stdout] 
[INFO] [stderr]      Running unittests src/main.rs (/opt/rustwide/target/debug/deps/csvg-72da4a64e1ac7a47)
[INFO] [stdout] 
[INFO] [stdout] running 0 tests
[INFO] [stdout] 
[INFO] [stdout] test result: ok. 0 passed; 0 failed; 0 ignored; 0 measured; 0 filtered out; finished in 0.00s
[INFO] [stdout] 
[INFO] [stderr]      Running tests/config.rs (/opt/rustwide/target/debug/deps/config-d02c270a6a29065e)
[INFO] [stdout] 
[INFO] [stdout] running 3 tests
[INFO] [stdout] test test_write_and_read_config ... ok
[INFO] [stdout] test test_write_and_read_graph_cache ... ok
[INFO] [stdout] test test_redirect_output ... ok
[INFO] [stdout] 
[INFO] [stderr]      Running tests/dataframe.rs (/opt/rustwide/target/debug/deps/dataframe-8677271ae3d51ed6)
[INFO] [stdout] test result: ok. 3 passed; 0 failed; 0 ignored; 0 measured; 0 filtered out; finished in 0.01s
[INFO] [stdout] 
[INFO] [stdout] 
[INFO] [stdout] running 15 tests
[INFO] [stdout] test test_dataframe_new ... ok
[INFO] [stdout] test test_human_readable_bytes ... ok
[INFO] [stdout] test test_concat_stream ... ok
[INFO] [stdout] test test_full_outer_join ... ok
[INFO] [stdout] test test_inner_join ... ok
[INFO] [stdout] test test_join_stream ... ok
[INFO] [stdout] test test_drop_stream ... ok
[INFO] [stdout] test test_join_with_empty_inputs ... ok
[INFO] [stdout] test test_join_with_multiple_matches ... ok
[INFO] [stdout] test test_left_outer_join ... ok
[INFO] [stdout] test test_process_rows ... ok
[INFO] [stdout] test test_write_csv_stream ... ok
[INFO] [stdout] test test_read_csv_stream ... ok
[INFO] [stdout] test test_right_outer_join ... ok
[INFO] [stdout] test test_select_stream ... ok
[INFO] [stdout] 
[INFO] [stdout] test result: ok. 15 passed; 0 failed; 0 ignored; 0 measured; 0 filtered out; finished in 0.00s
[INFO] [stderr]      Running tests/graph_command.rs (/opt/rustwide/target/debug/deps/graph_command-068863ba21451b50)
[INFO] [stdout] 
[INFO] [stdout] 
[INFO] [stdout] running 4 tests
[INFO] [stdout] test test_find_node ... ok
[INFO] [stdout] test test_update_dataframe_after_join ... ok
[INFO] [stdout] test test_find_shortest_path ... ok
[INFO] [stdout] test test_find_join_columns ... ok
[INFO] [stdout] 
[INFO] [stdout] test result: ok. 4 passed; 0 failed; 0 ignored; 0 measured; 0 filtered out; finished in 0.00s
[INFO] [stdout] 
[INFO] [stderr]      Running tests/graph_module.rs (/opt/rustwide/target/debug/deps/graph_module-be68abe97127ed61)
[INFO] [stdout] 
[INFO] [stdout] running 3 tests
[INFO] [stdout] test test_write_dot_file ... ok
[INFO] [stderr]      Running tests/mod.rs (/opt/rustwide/target/debug/deps/mod-5071eead941eb551)
[INFO] [stdout] test test_serializable_graph ... ok
[INFO] [stdout] test test_create_graph ... ok
[INFO] [stdout] 
[INFO] [stdout] test result: ok. 3 passed; 0 failed; 0 ignored; 0 measured; 0 filtered out; finished in 0.00s
[INFO] [stdout] 
[INFO] [stdout] 
[INFO] [stdout] running 32 tests
[INFO] [stdout] test dataframe::test_concat_stream ... ok
[INFO] [stdout] test dataframe::test_full_outer_join ... ok
[INFO] [stdout] test config::test_write_and_read_config ... ok
[INFO] [stdout] test config::test_redirect_output ... ok
[INFO] [stdout] test config::test_write_and_read_graph_cache ... ok
[INFO] [stdout] test dataframe::test_dataframe_new ... ok
[INFO] [stdout] test dataframe::test_inner_join ... ok
[INFO] [stdout] test dataframe::test_drop_stream ... ok
[INFO] [stdout] test dataframe::test_join_with_empty_inputs ... ok
[INFO] [stdout] test dataframe::test_human_readable_bytes ... ok
[INFO] [stdout] test dataframe::test_join_with_multiple_matches ... ok
[INFO] [stdout] test dataframe::test_join_stream ... ok
[INFO] [stdout] test dataframe::test_left_outer_join ... ok
[INFO] [stdout] test dataframe::test_process_rows ... ok
[INFO] [stdout] test graph_command::test_update_dataframe_after_join ... ok
[INFO] [stdout] test graph_module::test_write_dot_file ... ok
[INFO] [stdout] test dataframe::test_select_stream ... ok
[INFO] [stdout] test graph_command::test_find_join_columns ... ok
[INFO] [stdout] test graph_module::test_serializable_graph ... ok
[INFO] [stdout] test dataframe::test_right_outer_join ... ok
[INFO] [stdout] test dataframe::test_write_csv_stream ... ok
[INFO] [stdout] test graph_command::test_find_shortest_path ... ok
[INFO] [stdout] test sql::test_parse_sql_with_comment_on_extension ... FAILED
[INFO] [stdout] test graph_command::test_find_node ... ok
[INFO] [stdout] test sql::test_parse_sql_with_multiple_comment_on_statements ... FAILED
[INFO] [stdout] test sql::test_parse_sql_with_composite_primary_key ... ok
[INFO] [stdout] test sql::test_parse_sql_with_alter_table ... ok
[INFO] [stdout] test graph_module::test_create_graph ... ok
[INFO] [stdout] test dataframe::test_read_csv_stream ... ok
[INFO] [stdout] test sql::test_parse_sql_with_comment_on_table ... ok
[INFO] [stdout] test sql::test_parse_sql_with_multiple_foreign_keys ... ok
[INFO] [stdout] test sql::test_parse_sql_with_comments ... ok
[INFO] [stdout] 
[INFO] [stdout] failures:
[INFO] [stdout] 
[INFO] [stdout] ---- sql::test_parse_sql_with_comment_on_extension stdout ----
[INFO] [stdout] Error: ParserError("Expected: comment object_type, found: EXTENSION at Line: 2, Column: 20")
[INFO] [stdout] 
[INFO] [stdout] ---- sql::test_parse_sql_with_multiple_comment_on_statements stdout ----
[INFO] [stdout] Error: ParserError("Expected: comment object_type, found: EXTENSION at Line: 2, Column: 20")
[INFO] [stdout] 
[INFO] [stdout] 
[INFO] [stderr] error: test failed, to rerun pass `--test mod`
[INFO] [stdout] failures:
[INFO] [stdout]     sql::test_parse_sql_with_comment_on_extension
[INFO] [stdout]     sql::test_parse_sql_with_multiple_comment_on_statements
[INFO] [stdout] 
[INFO] [stdout] test result: FAILED. 30 passed; 2 failed; 0 ignored; 0 measured; 0 filtered out; finished in 0.01s
[INFO] [stdout] 
[INFO] running `Command { std: "docker" "inspect" "2879659d460a83bb8ac4477097820c06f83aef6a18b5e7530e79713870cad1c3", kill_on_drop: false }`
[INFO] running `Command { std: "docker" "rm" "-f" "2879659d460a83bb8ac4477097820c06f83aef6a18b5e7530e79713870cad1c3", kill_on_drop: false }`
[INFO] [stdout] 2879659d460a83bb8ac4477097820c06f83aef6a18b5e7530e79713870cad1c3
