[INFO] cloning repository https://github.com/Maxuss/chatgpt_rs
[INFO] running `Command { std: "git" "-c" "credential.helper=" "-c" "credential.helper=/workspace/cargo-home/bin/git-credential-null" "clone" "--bare" "https://github.com/Maxuss/chatgpt_rs" "/workspace/cache/git-repos/https%3A%2F%2Fgithub.com%2FMaxuss%2Fchatgpt_rs", kill_on_drop: false }`
[INFO] [stderr] Cloning into bare repository '/workspace/cache/git-repos/https%3A%2F%2Fgithub.com%2FMaxuss%2Fchatgpt_rs'...
[INFO] running `Command { std: "git" "rev-parse" "HEAD", kill_on_drop: false }`
[INFO] [stdout] 09cde58b4e9fdf8f8d78955edd723c3975eb0089
[INFO] testing Maxuss/chatgpt_rs against nightly-2025-01-18 for randomize-layout-2
[INFO] running `Command { std: "git" "clone" "/workspace/cache/git-repos/https%3A%2F%2Fgithub.com%2FMaxuss%2Fchatgpt_rs" "/workspace/builds/worker-1-tc1/source", kill_on_drop: false }`
[INFO] [stderr] Cloning into '/workspace/builds/worker-1-tc1/source'...
[INFO] [stderr] done.
[INFO] validating manifest of git repo https://github.com/Maxuss/chatgpt_rs on toolchain nightly-2025-01-18
[INFO] running `Command { std: CARGO_HOME="/workspace/cargo-home" RUSTUP_HOME="/workspace/rustup-home" "/workspace/cargo-home/bin/cargo" "+nightly-2025-01-18" "metadata" "--manifest-path" "Cargo.toml" "--no-deps", kill_on_drop: false }`
[INFO] started tweaking git repo https://github.com/Maxuss/chatgpt_rs
[INFO] finished tweaking git repo https://github.com/Maxuss/chatgpt_rs
[INFO] tweaked toml for git repo https://github.com/Maxuss/chatgpt_rs written to /workspace/builds/worker-1-tc1/source/Cargo.toml
[INFO] crate git repo https://github.com/Maxuss/chatgpt_rs already has a lockfile, it will not be regenerated
[INFO] running `Command { std: CARGO_HOME="/workspace/cargo-home" RUSTUP_HOME="/workspace/rustup-home" "/workspace/cargo-home/bin/cargo" "+nightly-2025-01-18" "fetch" "--manifest-path" "Cargo.toml", kill_on_drop: false }`
[INFO] [stderr]     Blocking waiting for file lock on package cache
[INFO] [stderr]     Blocking waiting for file lock on package cache
[INFO] [stderr]  Downloading crates ...
[INFO] [stderr]   Downloaded schemars v0.8.13
[INFO] [stderr]   Downloaded schemars_derive v0.8.13
[INFO] [stderr]   Downloaded postcard v1.0.7
[INFO] [stderr]   Downloaded rustls-webpki v0.101.5
[INFO] [stderr]   Downloaded chrono v0.4.30
[INFO] running `Command { std: "docker" "create" "-v" "/var/lib/crater-agent-workspace/builds/worker-1-tc1/target:/opt/rustwide/target:rw,Z" "-v" "/var/lib/crater-agent-workspace/builds/worker-1-tc1/source:/opt/rustwide/workdir:ro,Z" "-v" "/var/lib/crater-agent-workspace/cargo-home:/opt/rustwide/cargo-home:ro,Z" "-v" "/var/lib/crater-agent-workspace/rustup-home:/opt/rustwide/rustup-home:ro,Z" "-e" "SOURCE_DIR=/opt/rustwide/workdir" "-e" "CARGO_TARGET_DIR=/opt/rustwide/target" "-e" "CARGO_HOME=/opt/rustwide/cargo-home" "-e" "RUSTUP_HOME=/opt/rustwide/rustup-home" "-w" "/opt/rustwide/workdir" "-m" "1610612736" "--user" "0:0" "--network" "none" "ghcr.io/rust-lang/crates-build-env/linux@sha256:819108c5571ea2e421544af4d832f968d213c87fbe3707a016657f43d2f853bc" "/opt/rustwide/cargo-home/bin/cargo" "+nightly-2025-01-18" "metadata" "--no-deps" "--format-version=1", kill_on_drop: false }`
[INFO] [stdout] 0e26160c33bf55d74585a01a73d320c825a99a76ed85ef86aefbcfdbbf98a614
[INFO] running `Command { std: "docker" "start" "-a" "0e26160c33bf55d74585a01a73d320c825a99a76ed85ef86aefbcfdbbf98a614", kill_on_drop: false }`
[INFO] running `Command { std: "docker" "inspect" "0e26160c33bf55d74585a01a73d320c825a99a76ed85ef86aefbcfdbbf98a614", kill_on_drop: false }`
[INFO] running `Command { std: "docker" "rm" "-f" "0e26160c33bf55d74585a01a73d320c825a99a76ed85ef86aefbcfdbbf98a614", kill_on_drop: false }`
[INFO] [stdout] 0e26160c33bf55d74585a01a73d320c825a99a76ed85ef86aefbcfdbbf98a614
[INFO] running `Command { std: "docker" "create" "-v" "/var/lib/crater-agent-workspace/builds/worker-1-tc1/target:/opt/rustwide/target:rw,Z" "-v" "/var/lib/crater-agent-workspace/builds/worker-1-tc1/source:/opt/rustwide/workdir:ro,Z" "-v" "/var/lib/crater-agent-workspace/cargo-home:/opt/rustwide/cargo-home:ro,Z" "-v" "/var/lib/crater-agent-workspace/rustup-home:/opt/rustwide/rustup-home:ro,Z" "-e" "SOURCE_DIR=/opt/rustwide/workdir" "-e" "CARGO_TARGET_DIR=/opt/rustwide/target" "-e" "CARGO_INCREMENTAL=0" "-e" "RUST_BACKTRACE=full" "-e" "RUSTFLAGS=--cap-lints=forbid" "-e" "RUSTDOCFLAGS=--cap-lints=forbid" "-e" "CARGO_HOME=/opt/rustwide/cargo-home" "-e" "RUSTUP_HOME=/opt/rustwide/rustup-home" "-w" "/opt/rustwide/workdir" "-m" "1610612736" "--user" "0:0" "--network" "none" "ghcr.io/rust-lang/crates-build-env/linux@sha256:819108c5571ea2e421544af4d832f968d213c87fbe3707a016657f43d2f853bc" "/opt/rustwide/cargo-home/bin/cargo" "+nightly-2025-01-18" "build" "--frozen" "--message-format=json", kill_on_drop: false }`
[INFO] [stdout] 4c6acb1ffacbc7b9e80e29be0e0864bef845d636cfdd92143d2d14f8b4bf729d
[INFO] running `Command { std: "docker" "start" "-a" "4c6acb1ffacbc7b9e80e29be0e0864bef845d636cfdd92143d2d14f8b4bf729d", kill_on_drop: false }`
[INFO] [stderr]    Compiling proc-macro2 v1.0.67
[INFO] [stderr]    Compiling libc v0.2.148
[INFO] [stderr]    Compiling syn v1.0.109
[INFO] [stderr]    Compiling untrusted v0.7.1
[INFO] [stderr]    Compiling spin v0.5.2
[INFO] [stderr]    Compiling strsim v0.10.0
[INFO] [stderr]    Compiling futures-util v0.3.28
[INFO] [stderr]    Compiling tracing v0.1.37
[INFO] [stderr]    Compiling serde v1.0.188
[INFO] [stderr]    Compiling futures-channel v0.3.28
[INFO] [stderr]    Compiling rustls v0.21.7
[INFO] [stderr]    Compiling thiserror v1.0.48
[INFO] [stderr]    Compiling rustls-pemfile v1.0.3
[INFO] [stderr]    Compiling webpki-roots v0.25.2
[INFO] [stderr]    Compiling quote v1.0.33
[INFO] [stderr]    Compiling syn v2.0.33
[INFO] [stderr]    Compiling cc v1.0.83
[INFO] [stderr]    Compiling ring v0.16.20
[INFO] [stderr]    Compiling tokio-macros v2.1.0
[INFO] [stderr]    Compiling serde_derive v1.0.188
[INFO] [stderr]    Compiling futures-macro v0.3.28
[INFO] [stderr]    Compiling thiserror-impl v1.0.48
[INFO] [stderr]    Compiling darling_core v0.14.4
[INFO] [stderr]    Compiling tokio v1.32.0
[INFO] [stderr]    Compiling sct v0.7.0
[INFO] [stderr]    Compiling rustls-webpki v0.101.5
[INFO] [stderr]    Compiling darling_macro v0.14.4
[INFO] [stderr]    Compiling darling v0.14.4
[INFO] [stderr]    Compiling derive_builder_core v0.12.0
[INFO] [stderr]    Compiling derive_builder_macro v0.12.0
[INFO] [stderr]    Compiling derive_builder v0.12.0
[INFO] [stderr]    Compiling tokio-util v0.7.8
[INFO] [stderr]    Compiling tokio-rustls v0.24.1
[INFO] [stderr]    Compiling h2 v0.3.21
[INFO] [stderr]    Compiling serde_urlencoded v0.7.1
[INFO] [stderr]    Compiling url v2.4.1
[INFO] [stderr]    Compiling serde_json v1.0.107
[INFO] [stderr]    Compiling hyper v0.14.27
[INFO] [stderr]    Compiling hyper-rustls v0.24.1
[INFO] [stderr]    Compiling reqwest v0.11.20
[INFO] [stderr]    Compiling chatgpt_rs v1.2.3 (/opt/rustwide/workdir)
[INFO] [stderr]     Finished `dev` profile [unoptimized + debuginfo] target(s) in 25.56s
[INFO] running `Command { std: "docker" "inspect" "4c6acb1ffacbc7b9e80e29be0e0864bef845d636cfdd92143d2d14f8b4bf729d", kill_on_drop: false }`
[INFO] running `Command { std: "docker" "rm" "-f" "4c6acb1ffacbc7b9e80e29be0e0864bef845d636cfdd92143d2d14f8b4bf729d", kill_on_drop: false }`
[INFO] [stdout] 4c6acb1ffacbc7b9e80e29be0e0864bef845d636cfdd92143d2d14f8b4bf729d
[INFO] running `Command { std: "docker" "create" "-v" "/var/lib/crater-agent-workspace/builds/worker-1-tc1/target:/opt/rustwide/target:rw,Z" "-v" "/var/lib/crater-agent-workspace/builds/worker-1-tc1/source:/opt/rustwide/workdir:ro,Z" "-v" "/var/lib/crater-agent-workspace/cargo-home:/opt/rustwide/cargo-home:ro,Z" "-v" "/var/lib/crater-agent-workspace/rustup-home:/opt/rustwide/rustup-home:ro,Z" "-e" "SOURCE_DIR=/opt/rustwide/workdir" "-e" "CARGO_TARGET_DIR=/opt/rustwide/target" "-e" "CARGO_INCREMENTAL=0" "-e" "RUST_BACKTRACE=full" "-e" "RUSTFLAGS=--cap-lints=forbid" "-e" "RUSTDOCFLAGS=--cap-lints=forbid" "-e" "CARGO_HOME=/opt/rustwide/cargo-home" "-e" "RUSTUP_HOME=/opt/rustwide/rustup-home" "-w" "/opt/rustwide/workdir" "-m" "1610612736" "--user" "0:0" "--network" "none" "ghcr.io/rust-lang/crates-build-env/linux@sha256:819108c5571ea2e421544af4d832f968d213c87fbe3707a016657f43d2f853bc" "/opt/rustwide/cargo-home/bin/cargo" "+nightly-2025-01-18" "test" "--frozen" "--no-run" "--message-format=json", kill_on_drop: false }`
[INFO] [stdout] c60b56c1f0fc6b8f1c3e2ff9b69c07b501221b2687c1117034606d055885614a
[INFO] running `Command { std: "docker" "start" "-a" "c60b56c1f0fc6b8f1c3e2ff9b69c07b501221b2687c1117034606d055885614a", kill_on_drop: false }`
[INFO] [stderr]    Compiling memchr v2.6.3
[INFO] [stderr]    Compiling futures-util v0.3.28
[INFO] [stderr]    Compiling semver v1.0.18
[INFO] [stderr]    Compiling syn v2.0.33
[INFO] [stderr]    Compiling num_cpus v1.16.0
[INFO] [stderr]    Compiling lock_api v0.4.10
[INFO] [stderr]    Compiling scopeguard v1.2.0
[INFO] [stderr]    Compiling byteorder v1.4.3
[INFO] [stderr]    Compiling serde_derive_internals v0.26.0
[INFO] [stderr]    Compiling stable_deref_trait v1.2.0
[INFO] [stderr]    Compiling schemars v0.8.13
[INFO] [stderr]    Compiling dyn-clone v1.0.13
[INFO] [stderr]    Compiling cobs v0.2.3
[INFO] [stderr]    Compiling hash32 v0.2.1
[INFO] [stderr]    Compiling spin v0.9.8
[INFO] [stderr]    Compiling rustc_version v0.4.0
[INFO] [stderr]    Compiling heapless v0.7.16
[INFO] [stderr]    Compiling nom v7.1.3
[INFO] [stderr]    Compiling schemars_derive v0.8.13
[INFO] [stderr]    Compiling eventsource-stream v0.2.3
[INFO] [stderr]    Compiling darling_core v0.20.3
[INFO] [stderr]    Compiling serde_derive v1.0.188
[INFO] [stderr]    Compiling tokio-macros v2.1.0
[INFO] [stderr]    Compiling futures-macro v0.3.28
[INFO] [stderr]    Compiling thiserror-impl v1.0.48
[INFO] [stderr]    Compiling async-recursion v1.0.5
[INFO] [stderr]    Compiling async-trait v0.1.73
[INFO] [stderr]    Compiling tokio v1.32.0
[INFO] [stderr]    Compiling thiserror v1.0.48
[INFO] [stderr]    Compiling darling_macro v0.20.3
[INFO] [stderr]    Compiling darling v0.20.3
[INFO] [stderr]    Compiling gpt_fn_macros v1.0.0 (/opt/rustwide/workdir/fn_macros)
[INFO] [stderr]    Compiling serde v1.0.188
[INFO] [stderr]    Compiling tokio-util v0.7.8
[INFO] [stderr]    Compiling tokio-rustls v0.24.1
[INFO] [stderr]    Compiling futures-executor v0.3.28
[INFO] [stderr]    Compiling futures v0.3.28
[INFO] [stderr]    Compiling h2 v0.3.21
[INFO] [stderr]    Compiling serde_json v1.0.107
[INFO] [stderr]    Compiling serde_urlencoded v0.7.1
[INFO] [stderr]    Compiling url v2.4.1
[INFO] [stderr]    Compiling postcard v1.0.7
[INFO] [stderr]    Compiling hyper v0.14.27
[INFO] [stderr]    Compiling hyper-rustls v0.24.1
[INFO] [stderr]    Compiling reqwest v0.11.20
[INFO] [stderr]    Compiling chatgpt_rs v1.2.3 (/opt/rustwide/workdir)
[INFO] [stdout] warning: missing documentation for a module
[INFO] [stdout]   --> src/chatgpt.rs:25:1
[INFO] [stdout]    |
[INFO] [stdout] 25 | pub mod test {
[INFO] [stdout]    | ^^^^^^^^^^^^
[INFO] [stdout]    |
[INFO] [stdout] note: the lint level is defined here
[INFO] [stdout]   --> src/chatgpt.rs:1:9
[INFO] [stdout]    |
[INFO] [stdout] 1  | #![warn(missing_docs)]
[INFO] [stdout]    |         ^^^^^^^^^^^^
[INFO] [stdout] 
[INFO] [stdout] 
[INFO] [stderr]     Finished `test` profile [unoptimized + debuginfo] target(s) in 38.86s
[INFO] running `Command { std: "docker" "inspect" "c60b56c1f0fc6b8f1c3e2ff9b69c07b501221b2687c1117034606d055885614a", kill_on_drop: false }`
[INFO] running `Command { std: "docker" "rm" "-f" "c60b56c1f0fc6b8f1c3e2ff9b69c07b501221b2687c1117034606d055885614a", kill_on_drop: false }`
[INFO] [stdout] c60b56c1f0fc6b8f1c3e2ff9b69c07b501221b2687c1117034606d055885614a
[INFO] running `Command { std: "docker" "create" "-v" "/var/lib/crater-agent-workspace/builds/worker-1-tc1/target:/opt/rustwide/target:rw,Z" "-v" "/var/lib/crater-agent-workspace/builds/worker-1-tc1/source:/opt/rustwide/workdir:ro,Z" "-v" "/var/lib/crater-agent-workspace/cargo-home:/opt/rustwide/cargo-home:ro,Z" "-v" "/var/lib/crater-agent-workspace/rustup-home:/opt/rustwide/rustup-home:ro,Z" "-e" "SOURCE_DIR=/opt/rustwide/workdir" "-e" "CARGO_TARGET_DIR=/opt/rustwide/target" "-e" "CARGO_INCREMENTAL=0" "-e" "RUST_BACKTRACE=full" "-e" "RUSTFLAGS=--cap-lints=forbid" "-e" "RUSTDOCFLAGS=--cap-lints=forbid" "-e" "CARGO_HOME=/opt/rustwide/cargo-home" "-e" "RUSTUP_HOME=/opt/rustwide/rustup-home" "-w" "/opt/rustwide/workdir" "-m" "1610612736" "--user" "0:0" "--network" "none" "ghcr.io/rust-lang/crates-build-env/linux@sha256:819108c5571ea2e421544af4d832f968d213c87fbe3707a016657f43d2f853bc" "/opt/rustwide/cargo-home/bin/cargo" "+nightly-2025-01-18" "test" "--frozen", kill_on_drop: false }`
[INFO] [stdout] 1c836595f613c73bc4d52489cc2ec39bca09805dd8d2460cabfc7376e11e5a21
[INFO] running `Command { std: "docker" "start" "-a" "1c836595f613c73bc4d52489cc2ec39bca09805dd8d2460cabfc7376e11e5a21", kill_on_drop: false }`
[INFO] [stderr] warning: missing documentation for a module
[INFO] [stderr]   --> src/chatgpt.rs:25:1
[INFO] [stderr]    |
[INFO] [stderr] 25 | pub mod test {
[INFO] [stderr]    | ^^^^^^^^^^^^
[INFO] [stderr]    |
[INFO] [stderr] note: the lint level is defined here
[INFO] [stderr]   --> src/chatgpt.rs:1:9
[INFO] [stderr]    |
[INFO] [stderr] 1  | #![warn(missing_docs)]
[INFO] [stderr]    |         ^^^^^^^^^^^^
[INFO] [stderr] 
[INFO] [stderr] warning: `chatgpt_rs` (lib test) generated 1 warning
[INFO] [stderr]     Finished `test` profile [unoptimized + debuginfo] target(s) in 0.44s
[INFO] [stderr]      Running unittests src/chatgpt.rs (/opt/rustwide/target/debug/deps/chatgpt-e40cfc3c86b4217b)
[INFO] [stdout] 
[INFO] [stdout] running 11 tests
[INFO] [stdout] test test::test_client ... FAILED
[INFO] [stdout] test test::test_conversation ... FAILED
[INFO] [stdout] test test::test_conversation_saving ... FAILED
[INFO] [stdout] test test::test_streaming_conv ... FAILED
[INFO] [stdout] test test::test_undirected_conversation ... FAILED
[INFO] [stdout] test test::test_conversation_restoring ... FAILED
[INFO] [stdout] test test::test_streaming ... FAILED
[INFO] [stdout] test functions::tests::test_descriptor_serialization ... ok
[INFO] [stdout] test test::test_default_max_token_config ... FAILED
[INFO] [stdout] test test::test_max_token_config ... FAILED
[INFO] [stdout] test test::test_some_config ... FAILED
[INFO] [stdout] 
[INFO] [stdout] failures:
[INFO] [stdout] 
[INFO] [stdout] ---- test::test_client stdout ----
[INFO] [stdout] Error: VarError(NotPresent)
[INFO] [stdout] 
[INFO] [stdout] ---- test::test_conversation stdout ----
[INFO] [stdout] Error: VarError(NotPresent)
[INFO] [stdout] 
[INFO] [stdout] ---- test::test_conversation_saving stdout ----
[INFO] [stdout] Error: VarError(NotPresent)
[INFO] [stdout] 
[INFO] [stdout] ---- test::test_streaming_conv stdout ----
[INFO] [stdout] Error: VarError(NotPresent)
[INFO] [stdout] 
[INFO] [stdout] ---- test::test_undirected_conversation stdout ----
[INFO] [stdout] Error: VarError(NotPresent)
[INFO] [stdout] 
[INFO] [stdout] ---- test::test_conversation_restoring stdout ----
[INFO] [stdout] Error: VarError(NotPresent)
[INFO] [stdout] 
[INFO] [stdout] ---- test::test_streaming stdout ----
[INFO] [stdout] Error: VarError(NotPresent)
[INFO] [stdout] 
[INFO] [stdout] ---- test::test_default_max_token_config stdout ----
[INFO] [stdout] Error: VarError(NotPresent)
[INFO] [stdout] 
[INFO] [stdout] ---- test::test_max_token_config stdout ----
[INFO] [stdout] Error: VarError(NotPresent)
[INFO] [stdout] 
[INFO] [stdout] ---- test::test_some_config stdout ----
[INFO] [stdout] Error: VarError(NotPresent)
[INFO] [stdout] 
[INFO] [stdout] 
[INFO] [stdout] failures:
[INFO] [stdout]     test::test_client
[INFO] [stdout]     test::test_conversation
[INFO] [stdout]     test::test_conversation_restoring
[INFO] [stdout]     test::test_conversation_saving
[INFO] [stdout]     test::test_default_max_token_config
[INFO] [stdout]     test::test_max_token_config
[INFO] [stdout]     test::test_some_config
[INFO] [stdout]     test::test_streaming
[INFO] [stdout]     test::test_streaming_conv
[INFO] [stdout]     test::test_undirected_conversation
[INFO] [stdout] 
[INFO] [stdout] test result: FAILED. 1 passed; 10 failed; 0 ignored; 0 measured; 0 filtered out; finished in 0.01s
[INFO] [stdout] 
[INFO] [stderr] error: test failed, to rerun pass `--lib`
[INFO] running `Command { std: "docker" "inspect" "1c836595f613c73bc4d52489cc2ec39bca09805dd8d2460cabfc7376e11e5a21", kill_on_drop: false }`
[INFO] running `Command { std: "docker" "rm" "-f" "1c836595f613c73bc4d52489cc2ec39bca09805dd8d2460cabfc7376e11e5a21", kill_on_drop: false }`
[INFO] [stdout] 1c836595f613c73bc4d52489cc2ec39bca09805dd8d2460cabfc7376e11e5a21
