[INFO] cloning repository https://github.com/Matz-Mp4/turtle-graphics
[INFO] running `Command { std: "git" "-c" "credential.helper=" "-c" "credential.helper=/workspace/cargo-home/bin/git-credential-null" "clone" "--bare" "https://github.com/Matz-Mp4/turtle-graphics" "/workspace/cache/git-repos/https%3A%2F%2Fgithub.com%2FMatz-Mp4%2Fturtle-graphics", kill_on_drop: false }`
[INFO] [stderr] Cloning into bare repository '/workspace/cache/git-repos/https%3A%2F%2Fgithub.com%2FMatz-Mp4%2Fturtle-graphics'...
[INFO] running `Command { std: "git" "rev-parse" "HEAD", kill_on_drop: false }`
[INFO] [stdout] a120024cc5404a93d4df5da33015b4ead493e0ac
[INFO] testing Matz-Mp4/turtle-graphics against nightly-2025-01-18+rustflags=-Zrandomize-layout for randomize-layout-2
[INFO] running `Command { std: "git" "clone" "/workspace/cache/git-repos/https%3A%2F%2Fgithub.com%2FMatz-Mp4%2Fturtle-graphics" "/workspace/builds/worker-6-tc2/source", kill_on_drop: false }`
[INFO] [stderr] Cloning into '/workspace/builds/worker-6-tc2/source'...
[INFO] [stderr] done.
[INFO] validating manifest of git repo https://github.com/Matz-Mp4/turtle-graphics on toolchain nightly-2025-01-18
[INFO] running `Command { std: CARGO_HOME="/workspace/cargo-home" RUSTUP_HOME="/workspace/rustup-home" "/workspace/cargo-home/bin/cargo" "+nightly-2025-01-18" "metadata" "--manifest-path" "Cargo.toml" "--no-deps", kill_on_drop: false }`
[INFO] started tweaking git repo https://github.com/Matz-Mp4/turtle-graphics
[INFO] finished tweaking git repo https://github.com/Matz-Mp4/turtle-graphics
[INFO] tweaked toml for git repo https://github.com/Matz-Mp4/turtle-graphics written to /workspace/builds/worker-6-tc2/source/Cargo.toml
[INFO] crate git repo https://github.com/Matz-Mp4/turtle-graphics already has a lockfile, it will not be regenerated
[INFO] running `Command { std: CARGO_HOME="/workspace/cargo-home" RUSTUP_HOME="/workspace/rustup-home" "/workspace/cargo-home/bin/cargo" "+nightly-2025-01-18" "fetch" "--manifest-path" "Cargo.toml", kill_on_drop: false }`
[INFO] [stderr]     Blocking waiting for file lock on package cache
[INFO] [stderr]     Blocking waiting for file lock on package cache
[INFO] running `Command { std: "docker" "create" "-v" "/var/lib/crater-agent-workspace/builds/worker-6-tc2/target:/opt/rustwide/target:rw,Z" "-v" "/var/lib/crater-agent-workspace/builds/worker-6-tc2/source:/opt/rustwide/workdir:ro,Z" "-v" "/var/lib/crater-agent-workspace/cargo-home:/opt/rustwide/cargo-home:ro,Z" "-v" "/var/lib/crater-agent-workspace/rustup-home:/opt/rustwide/rustup-home:ro,Z" "-e" "SOURCE_DIR=/opt/rustwide/workdir" "-e" "CARGO_TARGET_DIR=/opt/rustwide/target" "-e" "CARGO_HOME=/opt/rustwide/cargo-home" "-e" "RUSTUP_HOME=/opt/rustwide/rustup-home" "-w" "/opt/rustwide/workdir" "-m" "1610612736" "--user" "0:0" "--network" "none" "ghcr.io/rust-lang/crates-build-env/linux@sha256:819108c5571ea2e421544af4d832f968d213c87fbe3707a016657f43d2f853bc" "/opt/rustwide/cargo-home/bin/cargo" "+nightly-2025-01-18" "metadata" "--no-deps" "--format-version=1", kill_on_drop: false }`
[INFO] [stdout] 0eb91574226048169bb2b8e9172938f97d13945cefbe31b1b7f00c77a517e525
[INFO] running `Command { std: "docker" "start" "-a" "0eb91574226048169bb2b8e9172938f97d13945cefbe31b1b7f00c77a517e525", kill_on_drop: false }`
[INFO] running `Command { std: "docker" "inspect" "0eb91574226048169bb2b8e9172938f97d13945cefbe31b1b7f00c77a517e525", kill_on_drop: false }`
[INFO] running `Command { std: "docker" "rm" "-f" "0eb91574226048169bb2b8e9172938f97d13945cefbe31b1b7f00c77a517e525", kill_on_drop: false }`
[INFO] [stdout] 0eb91574226048169bb2b8e9172938f97d13945cefbe31b1b7f00c77a517e525
[INFO] running `Command { std: "docker" "create" "-v" "/var/lib/crater-agent-workspace/builds/worker-6-tc2/target:/opt/rustwide/target:rw,Z" "-v" "/var/lib/crater-agent-workspace/builds/worker-6-tc2/source:/opt/rustwide/workdir:ro,Z" "-v" "/var/lib/crater-agent-workspace/cargo-home:/opt/rustwide/cargo-home:ro,Z" "-v" "/var/lib/crater-agent-workspace/rustup-home:/opt/rustwide/rustup-home:ro,Z" "-e" "SOURCE_DIR=/opt/rustwide/workdir" "-e" "CARGO_TARGET_DIR=/opt/rustwide/target" "-e" "CARGO_INCREMENTAL=0" "-e" "RUST_BACKTRACE=full" "-e" "RUSTFLAGS=--cap-lints=forbid -Zrandomize-layout" "-e" "RUSTDOCFLAGS=--cap-lints=forbid" "-e" "CARGO_HOME=/opt/rustwide/cargo-home" "-e" "RUSTUP_HOME=/opt/rustwide/rustup-home" "-w" "/opt/rustwide/workdir" "-m" "1610612736" "--user" "0:0" "--network" "none" "ghcr.io/rust-lang/crates-build-env/linux@sha256:819108c5571ea2e421544af4d832f968d213c87fbe3707a016657f43d2f853bc" "/opt/rustwide/cargo-home/bin/cargo" "+nightly-2025-01-18" "build" "--frozen" "--message-format=json", kill_on_drop: false }`
[INFO] [stdout] 76d36a31871587d03e401cd49ff114abf18081a14a85817fd489a0ef8018bdf4
[INFO] running `Command { std: "docker" "start" "-a" "76d36a31871587d03e401cd49ff114abf18081a14a85817fd489a0ef8018bdf4", kill_on_drop: false }`
[INFO] [stderr]    Compiling proc-macro2 v1.0.69
[INFO] [stderr]    Compiling unicode-ident v1.0.12
[INFO] [stderr]    Compiling xml-rs v0.8.19
[INFO] [stderr]    Compiling libc v0.2.149
[INFO] [stderr]    Compiling rustix v0.38.19
[INFO] [stderr]    Compiling bitflags v2.4.0
[INFO] [stderr]    Compiling linux-raw-sys v0.4.10
[INFO] [stderr]    Compiling smallvec v1.11.1
[INFO] [stderr]    Compiling scoped-tls v1.0.1
[INFO] [stderr]    Compiling wayland-sys v0.29.5
[INFO] [stderr]    Compiling libloading v0.8.1
[INFO] [stderr]    Compiling memchr v2.6.4
[INFO] [stderr]    Compiling downcast-rs v1.2.0
[INFO] [stderr]    Compiling minimal-lexical v0.2.1
[INFO] [stderr]    Compiling num-traits v0.2.17
[INFO] [stderr]    Compiling cty v0.2.2
[INFO] [stderr]    Compiling fastrand v2.0.1
[INFO] [stderr]    Compiling raw-window-handle v0.4.3
[INFO] [stderr]    Compiling dlib v0.5.2
[INFO] [stderr]    Compiling nom v7.1.3
[INFO] [stderr]    Compiling quote v1.0.33
[INFO] [stderr]    Compiling wayland-scanner v0.29.5
[INFO] [stderr]    Compiling cc v1.0.83
[INFO] [stderr]    Compiling minifb v0.25.0
[INFO] [stderr]    Compiling nix v0.24.3
[INFO] [stderr]    Compiling x11-dl v2.21.0
[INFO] [stderr]    Compiling wayland-client v0.29.5
[INFO] [stderr]    Compiling wayland-protocols v0.29.5
[INFO] [stderr]    Compiling xcursor v0.3.4
[INFO] [stderr]    Compiling tempfile v3.8.0
[INFO] [stderr]    Compiling is-terminal v0.4.9
[INFO] [stderr]    Compiling colored v2.0.4
[INFO] [stderr]    Compiling wayland-commons v0.29.5
[INFO] [stderr]    Compiling wayland-cursor v0.29.5
[INFO] [stderr]    Compiling turtle-graphics v0.1.0 (/opt/rustwide/workdir)
[INFO] [stdout] warning: unused import: `One`
[INFO] [stdout]  --> src/tuple/tuple2.rs:1:30
[INFO] [stdout]   |
[INFO] [stdout] 1 | use num_traits::{real::Real, One, Zero};
[INFO] [stdout]   |                              ^^^
[INFO] [stdout]   |
[INFO] [stdout]   = note: `#[warn(unused_imports)]` on by default
[INFO] [stdout] 
[INFO] [stdout] 
[INFO] [stdout] warning: unused imports: `AsMut`, `AsRef`, and `From`
[INFO] [stdout]  --> src/tuple/tuple2.rs:3:15
[INFO] [stdout]   |
[INFO] [stdout] 3 |     convert::{AsMut, AsRef, From},
[INFO] [stdout]   |               ^^^^^  ^^^^^  ^^^^
[INFO] [stdout] 
[INFO] [stdout] 
[INFO] [stdout] warning: variable does not need to be mutable
[INFO] [stdout]   --> src/canvas/image.rs:31:22
[INFO] [stdout]    |
[INFO] [stdout] 31 |                 let (mut red, mut green, mut blue) = Color::color_into_pixel(&self.data[i * self.width + j]);
[INFO] [stdout]    |                      ----^^^
[INFO] [stdout]    |                      |
[INFO] [stdout]    |                      help: remove this `mut`
[INFO] [stdout]    |
[INFO] [stdout]    = note: `#[warn(unused_mut)]` on by default
[INFO] [stdout] 
[INFO] [stdout] 
[INFO] [stdout] warning: variable does not need to be mutable
[INFO] [stdout]   --> src/canvas/image.rs:31:31
[INFO] [stdout]    |
[INFO] [stdout] 31 |                 let (mut red, mut green, mut blue) = Color::color_into_pixel(&self.data[i * self.width + j]);
[INFO] [stdout]    |                               ----^^^^^
[INFO] [stdout]    |                               |
[INFO] [stdout]    |                               help: remove this `mut`
[INFO] [stdout] 
[INFO] [stdout] 
[INFO] [stdout] warning: variable does not need to be mutable
[INFO] [stdout]   --> src/canvas/image.rs:31:42
[INFO] [stdout]    |
[INFO] [stdout] 31 |                 let (mut red, mut green, mut blue) = Color::color_into_pixel(&self.data[i * self.width + j]);
[INFO] [stdout]    |                                          ----^^^^
[INFO] [stdout]    |                                          |
[INFO] [stdout]    |                                          help: remove this `mut`
[INFO] [stdout] 
[INFO] [stdout] 
[INFO] [stdout] warning: unused import: `BLACK`
[INFO] [stdout]  --> src/main.rs:3:38
[INFO] [stdout]   |
[INFO] [stdout] 3 | use turtle_graphics::{Canvas, Color, BLACK, WHITE};
[INFO] [stdout]   |                                      ^^^^^
[INFO] [stdout]   |
[INFO] [stdout]   = note: `#[warn(unused_imports)]` on by default
[INFO] [stdout] 
[INFO] [stdout] 
[INFO] [stdout] warning: function `triangular_bump` is never used
[INFO] [stdout]  --> src/main.rs:6:4
[INFO] [stdout]   |
[INFO] [stdout] 6 | fn triangular_bump(turtle: &mut TurtleLogo<f64>, color: Color, canvas: &mut WindowCanvas) {
[INFO] [stdout]   |    ^^^^^^^^^^^^^^^
[INFO] [stdout]   |
[INFO] [stdout]   = note: `#[warn(dead_code)]` on by default
[INFO] [stdout] 
[INFO] [stdout] 
[INFO] [stderr]     Finished `dev` profile [unoptimized + debuginfo] target(s) in 1m 06s
[INFO] running `Command { std: "docker" "inspect" "76d36a31871587d03e401cd49ff114abf18081a14a85817fd489a0ef8018bdf4", kill_on_drop: false }`
[INFO] running `Command { std: "docker" "rm" "-f" "76d36a31871587d03e401cd49ff114abf18081a14a85817fd489a0ef8018bdf4", kill_on_drop: false }`
[INFO] [stdout] 76d36a31871587d03e401cd49ff114abf18081a14a85817fd489a0ef8018bdf4
[INFO] running `Command { std: "docker" "create" "-v" "/var/lib/crater-agent-workspace/builds/worker-6-tc2/target:/opt/rustwide/target:rw,Z" "-v" "/var/lib/crater-agent-workspace/builds/worker-6-tc2/source:/opt/rustwide/workdir:ro,Z" "-v" "/var/lib/crater-agent-workspace/cargo-home:/opt/rustwide/cargo-home:ro,Z" "-v" "/var/lib/crater-agent-workspace/rustup-home:/opt/rustwide/rustup-home:ro,Z" "-e" "SOURCE_DIR=/opt/rustwide/workdir" "-e" "CARGO_TARGET_DIR=/opt/rustwide/target" "-e" "CARGO_INCREMENTAL=0" "-e" "RUST_BACKTRACE=full" "-e" "RUSTFLAGS=--cap-lints=forbid -Zrandomize-layout" "-e" "RUSTDOCFLAGS=--cap-lints=forbid" "-e" "CARGO_HOME=/opt/rustwide/cargo-home" "-e" "RUSTUP_HOME=/opt/rustwide/rustup-home" "-w" "/opt/rustwide/workdir" "-m" "1610612736" "--user" "0:0" "--network" "none" "ghcr.io/rust-lang/crates-build-env/linux@sha256:819108c5571ea2e421544af4d832f968d213c87fbe3707a016657f43d2f853bc" "/opt/rustwide/cargo-home/bin/cargo" "+nightly-2025-01-18" "test" "--frozen" "--no-run" "--message-format=json", kill_on_drop: false }`
[INFO] [stdout] a1b80eba2406b0fc76d680c6184a30aadb2aaf7e65a95385fe2914b71d7cb59e
[INFO] running `Command { std: "docker" "start" "-a" "a1b80eba2406b0fc76d680c6184a30aadb2aaf7e65a95385fe2914b71d7cb59e", kill_on_drop: false }`
[INFO] [stdout] warning: unused import: `One`
[INFO] [stdout]  --> src/tuple/tuple2.rs:1:30
[INFO] [stdout]   |
[INFO] [stdout] 1 | use num_traits::{real::Real, One, Zero};
[INFO] [stdout]   |                              ^^^
[INFO] [stdout]   |
[INFO] [stdout]   = note: `#[warn(unused_imports)]` on by default
[INFO] [stdout] 
[INFO] [stdout] 
[INFO] [stdout] warning: unused imports: `AsMut`, `AsRef`, and `From`
[INFO] [stdout]  --> src/tuple/tuple2.rs:3:15
[INFO] [stdout]   |
[INFO] [stdout] 3 |     convert::{AsMut, AsRef, From},
[INFO] [stdout]   |               ^^^^^  ^^^^^  ^^^^
[INFO] [stdout] 
[INFO] [stdout] 
[INFO] [stdout] warning: variable does not need to be mutable
[INFO] [stdout]   --> src/canvas/image.rs:31:22
[INFO] [stdout]    |
[INFO] [stdout] 31 |                 let (mut red, mut green, mut blue) = Color::color_into_pixel(&self.data[i * self.width + j]);
[INFO] [stdout]    |                      ----^^^
[INFO] [stdout]    |                      |
[INFO] [stdout]    |                      help: remove this `mut`
[INFO] [stdout]    |
[INFO] [stdout]    = note: `#[warn(unused_mut)]` on by default
[INFO] [stdout] 
[INFO] [stdout] 
[INFO] [stdout] warning: variable does not need to be mutable
[INFO] [stdout]   --> src/canvas/image.rs:31:31
[INFO] [stdout]    |
[INFO] [stdout] 31 |                 let (mut red, mut green, mut blue) = Color::color_into_pixel(&self.data[i * self.width + j]);
[INFO] [stdout]    |                               ----^^^^^
[INFO] [stdout]    |                               |
[INFO] [stdout]    |                               help: remove this `mut`
[INFO] [stdout] 
[INFO] [stdout] 
[INFO] [stdout] warning: variable does not need to be mutable
[INFO] [stdout]   --> src/canvas/image.rs:31:42
[INFO] [stdout]    |
[INFO] [stdout] 31 |                 let (mut red, mut green, mut blue) = Color::color_into_pixel(&self.data[i * self.width + j]);
[INFO] [stdout]    |                                          ----^^^^
[INFO] [stdout]    |                                          |
[INFO] [stdout]    |                                          help: remove this `mut`
[INFO] [stdout] 
[INFO] [stdout] 
[INFO] [stderr]    Compiling turtle-graphics v0.1.0 (/opt/rustwide/workdir)
[INFO] [stdout] warning: unused import: `BLACK`
[INFO] [stdout]  --> examples/triangular_bump.rs:3:38
[INFO] [stdout]   |
[INFO] [stdout] 3 | use turtle_graphics::{Canvas, Color, BLACK, WHITE};
[INFO] [stdout]   |                                      ^^^^^
[INFO] [stdout]   |
[INFO] [stdout]   = note: `#[warn(unused_imports)]` on by default
[INFO] [stdout] 
[INFO] [stdout] 
[INFO] [stdout] warning: unused import: `BLACK`
[INFO] [stdout]  --> src/main.rs:3:38
[INFO] [stdout]   |
[INFO] [stdout] 3 | use turtle_graphics::{Canvas, Color, BLACK, WHITE};
[INFO] [stdout]   |                                      ^^^^^
[INFO] [stdout]   |
[INFO] [stdout]   = note: `#[warn(unused_imports)]` on by default
[INFO] [stdout] 
[INFO] [stdout] 
[INFO] [stdout] warning: unused import: `BLACK`
[INFO] [stdout]  --> examples/sierpinski.rs:3:51
[INFO] [stdout]   |
[INFO] [stdout] 3 | use turtle_graphics::{Canvas, Color, ImageCanvas, BLACK, WHITE};
[INFO] [stdout]   |                                                   ^^^^^
[INFO] [stdout]   |
[INFO] [stdout]   = note: `#[warn(unused_imports)]` on by default
[INFO] [stdout] 
[INFO] [stdout] 
[INFO] [stdout] warning: value assigned to `turtle` is never read
[INFO] [stdout]   --> examples/spiral-star.rs:29:5
[INFO] [stdout]    |
[INFO] [stdout] 29 |     turtle = turtle.spin(19, -PI / 8.0, &mut scale);
[INFO] [stdout]    |     ^^^^^^
[INFO] [stdout]    |
[INFO] [stdout]    = help: maybe it is overwritten before being read?
[INFO] [stdout]    = note: `#[warn(unused_assignments)]` on by default
[INFO] [stdout] 
[INFO] [stdout] 
[INFO] [stdout] warning: unused import: `WindowCanvas`
[INFO] [stdout]  --> examples/sierpinski.rs:4:35
[INFO] [stdout]   |
[INFO] [stdout] 4 | use turtle_graphics::{TurtleLogo, WindowCanvas};
[INFO] [stdout]   |                                   ^^^^^^^^^^^^
[INFO] [stdout] 
[INFO] [stdout] 
[INFO] [stdout] warning: function `triangular_bump` is never used
[INFO] [stdout]  --> src/main.rs:6:4
[INFO] [stdout]   |
[INFO] [stdout] 6 | fn triangular_bump(turtle: &mut TurtleLogo<f64>, color: Color, canvas: &mut WindowCanvas) {
[INFO] [stdout]   |    ^^^^^^^^^^^^^^^
[INFO] [stdout]   |
[INFO] [stdout]   = note: `#[warn(dead_code)]` on by default
[INFO] [stdout] 
[INFO] [stdout] 
[INFO] [stdout] warning: unused `Result` that must be used
[INFO] [stdout]   --> examples/spiral-star.rs:30:5
[INFO] [stdout]    |
[INFO] [stdout] 30 |     canvas.convert_to_ppm("Pictures/", "SpiralStar.ppm");
[INFO] [stdout]    |     ^^^^^^^^^^^^^^^^^^^^^^^^^^^^^^^^^^^^^^^^^^^^^^^^^^^^
[INFO] [stdout]    |
[INFO] [stdout]    = note: this `Result` may be an `Err` variant, which should be handled
[INFO] [stdout]    = note: `#[warn(unused_must_use)]` on by default
[INFO] [stdout] help: use `let _ = ...` to ignore the resulting value
[INFO] [stdout]    |
[INFO] [stdout] 30 |     let _ = canvas.convert_to_ppm("Pictures/", "SpiralStar.ppm");
[INFO] [stdout]    |     +++++++
[INFO] [stdout] 
[INFO] [stdout] 
[INFO] [stdout] warning: unused `Result` that must be used
[INFO] [stdout]   --> examples/sierpinski.rs:42:5
[INFO] [stdout]    |
[INFO] [stdout] 42 |     canvas.convert_to_ppm("pictures/", "sierpinski.ppm");
[INFO] [stdout]    |     ^^^^^^^^^^^^^^^^^^^^^^^^^^^^^^^^^^^^^^^^^^^^^^^^^^^^
[INFO] [stdout]    |
[INFO] [stdout]    = note: this `Result` may be an `Err` variant, which should be handled
[INFO] [stdout]    = note: `#[warn(unused_must_use)]` on by default
[INFO] [stdout] help: use `let _ = ...` to ignore the resulting value
[INFO] [stdout]    |
[INFO] [stdout] 42 |     let _ = canvas.convert_to_ppm("pictures/", "sierpinski.ppm");
[INFO] [stdout]    |     +++++++
[INFO] [stdout] 
[INFO] [stdout] 
[INFO] [stdout] warning: unused import: `One`
[INFO] [stdout]  --> src/tuple/tuple2.rs:1:30
[INFO] [stdout]   |
[INFO] [stdout] 1 | use num_traits::{real::Real, One, Zero};
[INFO] [stdout]   |                              ^^^
[INFO] [stdout]   |
[INFO] [stdout]   = note: `#[warn(unused_imports)]` on by default
[INFO] [stdout] 
[INFO] [stdout] 
[INFO] [stdout] warning: unused imports: `AsMut`, `AsRef`, and `From`
[INFO] [stdout]  --> src/tuple/tuple2.rs:3:15
[INFO] [stdout]   |
[INFO] [stdout] 3 |     convert::{AsMut, AsRef, From},
[INFO] [stdout]   |               ^^^^^  ^^^^^  ^^^^
[INFO] [stdout] 
[INFO] [stdout] 
[INFO] [stdout] warning: function `triangular_bump` is never used
[INFO] [stdout]  --> examples/triangular_bump.rs:6:4
[INFO] [stdout]   |
[INFO] [stdout] 6 | fn triangular_bump(turtle: &mut TurtleLogo<f64>, color: Color, canvas: &mut WindowCanvas) {
[INFO] [stdout]   |    ^^^^^^^^^^^^^^^
[INFO] [stdout]   |
[INFO] [stdout]   = note: `#[warn(dead_code)]` on by default
[INFO] [stdout] 
[INFO] [stdout] 
[INFO] [stdout] warning: variable does not need to be mutable
[INFO] [stdout]   --> src/canvas/image.rs:31:22
[INFO] [stdout]    |
[INFO] [stdout] 31 |                 let (mut red, mut green, mut blue) = Color::color_into_pixel(&self.data[i * self.width + j]);
[INFO] [stdout]    |                      ----^^^
[INFO] [stdout]    |                      |
[INFO] [stdout]    |                      help: remove this `mut`
[INFO] [stdout]    |
[INFO] [stdout]    = note: `#[warn(unused_mut)]` on by default
[INFO] [stdout] 
[INFO] [stdout] 
[INFO] [stdout] warning: variable does not need to be mutable
[INFO] [stdout]   --> src/canvas/image.rs:31:31
[INFO] [stdout]    |
[INFO] [stdout] 31 |                 let (mut red, mut green, mut blue) = Color::color_into_pixel(&self.data[i * self.width + j]);
[INFO] [stdout]    |                               ----^^^^^
[INFO] [stdout]    |                               |
[INFO] [stdout]    |                               help: remove this `mut`
[INFO] [stdout] 
[INFO] [stdout] 
[INFO] [stdout] warning: variable does not need to be mutable
[INFO] [stdout]   --> src/canvas/image.rs:31:42
[INFO] [stdout]    |
[INFO] [stdout] 31 |                 let (mut red, mut green, mut blue) = Color::color_into_pixel(&self.data[i * self.width + j]);
[INFO] [stdout]    |                                          ----^^^^
[INFO] [stdout]    |                                          |
[INFO] [stdout]    |                                          help: remove this `mut`
[INFO] [stdout] 
[INFO] [stdout] 
[INFO] [stderr]     Finished `test` profile [unoptimized + debuginfo] target(s) in 1.83s
[INFO] running `Command { std: "docker" "inspect" "a1b80eba2406b0fc76d680c6184a30aadb2aaf7e65a95385fe2914b71d7cb59e", kill_on_drop: false }`
[INFO] running `Command { std: "docker" "rm" "-f" "a1b80eba2406b0fc76d680c6184a30aadb2aaf7e65a95385fe2914b71d7cb59e", kill_on_drop: false }`
[INFO] [stdout] a1b80eba2406b0fc76d680c6184a30aadb2aaf7e65a95385fe2914b71d7cb59e
[INFO] running `Command { std: "docker" "create" "-v" "/var/lib/crater-agent-workspace/builds/worker-6-tc2/target:/opt/rustwide/target:rw,Z" "-v" "/var/lib/crater-agent-workspace/builds/worker-6-tc2/source:/opt/rustwide/workdir:ro,Z" "-v" "/var/lib/crater-agent-workspace/cargo-home:/opt/rustwide/cargo-home:ro,Z" "-v" "/var/lib/crater-agent-workspace/rustup-home:/opt/rustwide/rustup-home:ro,Z" "-e" "SOURCE_DIR=/opt/rustwide/workdir" "-e" "CARGO_TARGET_DIR=/opt/rustwide/target" "-e" "CARGO_INCREMENTAL=0" "-e" "RUST_BACKTRACE=full" "-e" "RUSTFLAGS=--cap-lints=forbid -Zrandomize-layout" "-e" "RUSTDOCFLAGS=--cap-lints=forbid" "-e" "CARGO_HOME=/opt/rustwide/cargo-home" "-e" "RUSTUP_HOME=/opt/rustwide/rustup-home" "-w" "/opt/rustwide/workdir" "-m" "1610612736" "--user" "0:0" "--network" "none" "ghcr.io/rust-lang/crates-build-env/linux@sha256:819108c5571ea2e421544af4d832f968d213c87fbe3707a016657f43d2f853bc" "/opt/rustwide/cargo-home/bin/cargo" "+nightly-2025-01-18" "test" "--frozen", kill_on_drop: false }`
[INFO] [stdout] c0ec8e13dee789b86785b781686b54c05549273c02e2b95736f467bdf6322b2f
[INFO] running `Command { std: "docker" "start" "-a" "c0ec8e13dee789b86785b781686b54c05549273c02e2b95736f467bdf6322b2f", kill_on_drop: false }`
[INFO] [stderr] warning: unused import: `One`
[INFO] [stderr]  --> src/tuple/tuple2.rs:1:30
[INFO] [stderr]   |
[INFO] [stderr] 1 | use num_traits::{real::Real, One, Zero};
[INFO] [stderr]   |                              ^^^
[INFO] [stderr]   |
[INFO] [stderr]   = note: `#[warn(unused_imports)]` on by default
[INFO] [stderr] 
[INFO] [stderr] warning: unused imports: `AsMut`, `AsRef`, and `From`
[INFO] [stderr]  --> src/tuple/tuple2.rs:3:15
[INFO] [stderr]   |
[INFO] [stderr] 3 |     convert::{AsMut, AsRef, From},
[INFO] [stderr]   |               ^^^^^  ^^^^^  ^^^^
[INFO] [stderr] 
[INFO] [stderr] warning: variable does not need to be mutable
[INFO] [stderr]   --> src/canvas/image.rs:31:22
[INFO] [stderr]    |
[INFO] [stderr] 31 |                 let (mut red, mut green, mut blue) = Color::color_into_pixel(&self.data[i * self.width + j]);
[INFO] [stderr]    |                      ----^^^
[INFO] [stderr]    |                      |
[INFO] [stderr]    |                      help: remove this `mut`
[INFO] [stderr]    |
[INFO] [stderr]    = note: `#[warn(unused_mut)]` on by default
[INFO] [stderr] 
[INFO] [stderr] warning: variable does not need to be mutable
[INFO] [stderr]   --> src/canvas/image.rs:31:31
[INFO] [stderr]    |
[INFO] [stderr] 31 |                 let (mut red, mut green, mut blue) = Color::color_into_pixel(&self.data[i * self.width + j]);
[INFO] [stderr]    |                               ----^^^^^
[INFO] [stderr]    |                               |
[INFO] [stderr]    |                               help: remove this `mut`
[INFO] [stderr] 
[INFO] [stderr] warning: variable does not need to be mutable
[INFO] [stderr]   --> src/canvas/image.rs:31:42
[INFO] [stderr]    |
[INFO] [stderr] 31 |                 let (mut red, mut green, mut blue) = Color::color_into_pixel(&self.data[i * self.width + j]);
[INFO] [stderr]    |                                          ----^^^^
[INFO] [stderr]    |                                          |
[INFO] [stderr]    |                                          help: remove this `mut`
[INFO] [stderr] 
[INFO] [stderr] warning: `turtle-graphics` (lib) generated 5 warnings (run `cargo fix --lib -p turtle-graphics` to apply 5 suggestions)
[INFO] [stderr] warning: `turtle-graphics` (lib test) generated 5 warnings (5 duplicates)
[INFO] [stderr] warning: unused import: `BLACK`
[INFO] [stderr]  --> src/main.rs:3:38
[INFO] [stderr]   |
[INFO] [stderr] 3 | use turtle_graphics::{Canvas, Color, BLACK, WHITE};
[INFO] [stderr]   |                                      ^^^^^
[INFO] [stderr]   |
[INFO] [stderr]   = note: `#[warn(unused_imports)]` on by default
[INFO] [stderr] 
[INFO] [stderr] warning: function `triangular_bump` is never used
[INFO] [stderr]  --> src/main.rs:6:4
[INFO] [stderr]   |
[INFO] [stderr] 6 | fn triangular_bump(turtle: &mut TurtleLogo<f64>, color: Color, canvas: &mut WindowCanvas) {
[INFO] [stderr]   |    ^^^^^^^^^^^^^^^
[INFO] [stderr]   |
[INFO] [stderr]   = note: `#[warn(dead_code)]` on by default
[INFO] [stderr] 
[INFO] [stderr] warning: unused import: `BLACK`
[INFO] [stderr]  --> examples/triangular_bump.rs:3:38
[INFO] [stderr]   |
[INFO] [stderr] 3 | use turtle_graphics::{Canvas, Color, BLACK, WHITE};
[INFO] [stderr]   |                                      ^^^^^
[INFO] [stderr]   |
[INFO] [stderr]   = note: `#[warn(unused_imports)]` on by default
[INFO] [stderr] 
[INFO] [stderr] warning: function `triangular_bump` is never used
[INFO] [stderr]  --> examples/triangular_bump.rs:6:4
[INFO] [stderr]   |
[INFO] [stderr] 6 | fn triangular_bump(turtle: &mut TurtleLogo<f64>, color: Color, canvas: &mut WindowCanvas) {
[INFO] [stderr]   |    ^^^^^^^^^^^^^^^
[INFO] [stderr]   |
[INFO] [stderr]   = note: `#[warn(dead_code)]` on by default
[INFO] [stderr] 
[INFO] [stderr] warning: value assigned to `turtle` is never read
[INFO] [stderr]   --> examples/spiral-star.rs:29:5
[INFO] [stderr]    |
[INFO] [stderr] 29 |     turtle = turtle.spin(19, -PI / 8.0, &mut scale);
[INFO] [stderr]    |     ^^^^^^
[INFO] [stderr]    |
[INFO] [stderr]    = help: maybe it is overwritten before being read?
[INFO] [stderr]    = note: `#[warn(unused_assignments)]` on by default
[INFO] [stderr] 
[INFO] [stderr] warning: unused `Result` that must be used
[INFO] [stderr]   --> examples/spiral-star.rs:30:5
[INFO] [stderr]    |
[INFO] [stderr] 30 |     canvas.convert_to_ppm("Pictures/", "SpiralStar.ppm");
[INFO] [stderr]    |     ^^^^^^^^^^^^^^^^^^^^^^^^^^^^^^^^^^^^^^^^^^^^^^^^^^^^
[INFO] [stderr]    |
[INFO] [stderr]    = note: this `Result` may be an `Err` variant, which should be handled
[INFO] [stderr]    = note: `#[warn(unused_must_use)]` on by default
[INFO] [stderr] help: use `let _ = ...` to ignore the resulting value
[INFO] [stderr]    |
[INFO] [stderr] 30 |     let _ = canvas.convert_to_ppm("Pictures/", "SpiralStar.ppm");
[INFO] [stderr]    |     +++++++
[INFO] [stderr] 
[INFO] [stderr] warning: unused import: `BLACK`
[INFO] [stderr]  --> examples/sierpinski.rs:3:51
[INFO] [stderr]   |
[INFO] [stderr] 3 | use turtle_graphics::{Canvas, Color, ImageCanvas, BLACK, WHITE};
[INFO] [stderr]   |                                                   ^^^^^
[INFO] [stderr]   |
[INFO] [stderr]   = note: `#[warn(unused_imports)]` on by default
[INFO] [stderr] 
[INFO] [stderr] warning: unused import: `WindowCanvas`
[INFO] [stderr]  --> examples/sierpinski.rs:4:35
[INFO] [stderr]   |
[INFO] [stderr] 4 | use turtle_graphics::{TurtleLogo, WindowCanvas};
[INFO] [stderr]   |                                   ^^^^^^^^^^^^
[INFO] [stderr] 
[INFO] [stderr] warning: unused `Result` that must be used
[INFO] [stderr]   --> examples/sierpinski.rs:42:5
[INFO] [stderr]    |
[INFO] [stderr] 42 |     canvas.convert_to_ppm("pictures/", "sierpinski.ppm");
[INFO] [stderr]    |     ^^^^^^^^^^^^^^^^^^^^^^^^^^^^^^^^^^^^^^^^^^^^^^^^^^^^
[INFO] [stderr]    |
[INFO] [stderr]    = note: this `Result` may be an `Err` variant, which should be handled
[INFO] [stderr]    = note: `#[warn(unused_must_use)]` on by default
[INFO] [stderr] help: use `let _ = ...` to ignore the resulting value
[INFO] [stderr]    |
[INFO] [stderr] 42 |     let _ = canvas.convert_to_ppm("pictures/", "sierpinski.ppm");
[INFO] [stderr]    |     +++++++
[INFO] [stderr] 
[INFO] [stderr] warning: `turtle-graphics` (bin "turtle-graphics" test) generated 2 warnings (run `cargo fix --bin "turtle-graphics" --tests` to apply 1 suggestion)
[INFO] [stderr] warning: `turtle-graphics` (example "triangular_bump") generated 2 warnings (run `cargo fix --example "triangular_bump"` to apply 1 suggestion)
[INFO] [stderr] warning: `turtle-graphics` (example "spiral-star") generated 2 warnings
[INFO] [stderr] warning: `turtle-graphics` (example "sierpinski") generated 3 warnings (run `cargo fix --example "sierpinski"` to apply 2 suggestions)
[INFO] [stderr]     Finished `test` profile [unoptimized + debuginfo] target(s) in 0.08s
[INFO] [stderr]      Running unittests src/lib.rs (/opt/rustwide/target/debug/deps/turtle_graphics-71dd17526f612d51)
[INFO] [stdout] 
[INFO] [stdout] running 0 tests
[INFO] [stdout] 
[INFO] [stdout] test result: ok. 0 passed; 0 failed; 0 ignored; 0 measured; 0 filtered out; finished in 0.00s
[INFO] [stdout] 
[INFO] [stderr]      Running unittests src/main.rs (/opt/rustwide/target/debug/deps/turtle_graphics-420281d7f9cac1f1)
[INFO] [stdout] 
[INFO] [stdout] running 0 tests
[INFO] [stdout] 
[INFO] [stdout] test result: ok. 0 passed; 0 failed; 0 ignored; 0 measured; 0 filtered out; finished in 0.00s
[INFO] [stdout] 
[INFO] [stderr]    Doc-tests turtle_graphics
[INFO] [stdout] 
[INFO] [stdout] running 14 tests
[INFO] [stdout] test src/turtle/logo.rs - turtle::logo::TurtleLogo<T>::shift (line 244) ... ok
[INFO] [stdout] test src/turtle/logo.rs - turtle::logo::TurtleLogo<T>::turn (line 149) ... ok
[INFO] [stdout] test src/turtle/logo.rs - turtle::logo::TurtleLogo<T>::resize (line 129) ... ok
[INFO] [stdout] test src/turtle/logo.rs - turtle::logo::TurtleLogo<T>::with_point (line 76) ... ok
[INFO] [stdout] test src/turtle/logo.rs - turtle::logo::TurtleLogo<T>::vector (line 54) ... ok
[INFO] [stdout] test src/turtle/logo.rs - turtle::logo::TurtleLogo<T>::point (line 41) ... ok
[INFO] [stdout] test src/turtle/logo.rs - turtle::logo::TurtleLogo<T>::with_vector (line 66) ... ok
[INFO] [stdout] test src/turtle/logo.rs - turtle::logo::TurtleLogo<T>::new (line 20) ... ok
[INFO] [stdout] test src/turtle/logo.rs - turtle::logo::TurtleLogo<T>::spin (line 200) ... ok
[INFO] [stdout] test src/turtle/logo.rs - turtle::logo::TurtleLogo<T>::mov (line 112) ... ok
[INFO] [stdout] test src/turtle/logo.rs - turtle::logo::TurtleLogo<T>::scale (line 170) ... ok
[INFO] [stdout] test src/turtle/logo.rs - turtle::logo::TurtleLogo<T>::forward (line 89) ... FAILED
[INFO] [stdout] test src/canvas/canvas.rs - canvas::canvas::Canvas::set_background (line 18) ... FAILED
[INFO] [stdout] test src/canvas/canvas.rs - canvas::canvas::Canvas::draw_line (line 44) ... ok
[INFO] [stdout] 
[INFO] [stdout] failures:
[INFO] [stdout] 
[INFO] [stdout] ---- src/turtle/logo.rs - turtle::logo::TurtleLogo<T>::forward (line 89) stdout ----
[INFO] [stdout] Test executable failed (exit status: 101).
[INFO] [stdout] 
[INFO] [stdout] stderr:
[INFO] [stdout] 
[INFO] [stdout] thread 'main' panicked at src/canvas/window.rs:47:14:
[INFO] [stdout] Failed to create window.: Failed to create window, "XOpenDisplay failed"
[INFO] [stdout] stack backtrace:
[INFO] [stdout]    0:     0x5e79e64b92ca - std::backtrace_rs::backtrace::libunwind::trace::hb059275cfc8d6126
[INFO] [stdout]                                at /rustc/6067b36314ab5eb2eb47cecc464545ba58e1ad24/library/std/src/../../backtrace/src/backtrace/libunwind.rs:116:5
[INFO] [stdout]    1:     0x5e79e64b92ca - std::backtrace_rs::backtrace::trace_unsynchronized::h2da071e4327ce3ee
[INFO] [stdout]                                at /rustc/6067b36314ab5eb2eb47cecc464545ba58e1ad24/library/std/src/../../backtrace/src/backtrace/mod.rs:66:5
[INFO] [stdout]    2:     0x5e79e64b92ca - std::sys::backtrace::_print_fmt::h842a1474e6f8d23f
[INFO] [stdout]                                at /rustc/6067b36314ab5eb2eb47cecc464545ba58e1ad24/library/std/src/sys/backtrace.rs:66:9
[INFO] [stdout]    3:     0x5e79e64b92ca - <std::sys::backtrace::BacktraceLock::print::DisplayBacktrace as core::fmt::Display>::fmt::h71a62eb3b9696b12
[INFO] [stdout]                                at /rustc/6067b36314ab5eb2eb47cecc464545ba58e1ad24/library/std/src/sys/backtrace.rs:39:26
[INFO] [stdout]    4:     0x5e79e64db223 - core::fmt::rt::Argument::fmt::hdb6b616786b41dc1
[INFO] [stdout]                                at /rustc/6067b36314ab5eb2eb47cecc464545ba58e1ad24/library/core/src/fmt/rt.rs:177:76
[INFO] [stdout]    5:     0x5e79e64db223 - core::fmt::write::h2cc1698af7e2d686
[INFO] [stdout]                                at /rustc/6067b36314ab5eb2eb47cecc464545ba58e1ad24/library/core/src/fmt/mod.rs:1440:21
[INFO] [stdout]    6:     0x5e79e64b60a3 - std::io::Write::write_fmt::h00c8700df393f328
[INFO] [stdout]                                at /rustc/6067b36314ab5eb2eb47cecc464545ba58e1ad24/library/std/src/io/mod.rs:1887:15
[INFO] [stdout]    7:     0x5e79e64b9112 - std::sys::backtrace::BacktraceLock::print::h147fe35b4ea13b08
[INFO] [stdout]                                at /rustc/6067b36314ab5eb2eb47cecc464545ba58e1ad24/library/std/src/sys/backtrace.rs:42:9
[INFO] [stdout]    8:     0x5e79e64ba06f - std::panicking::default_hook::{{closure}}::hbd44223dbdc0d208
[INFO] [stdout]                                at /rustc/6067b36314ab5eb2eb47cecc464545ba58e1ad24/library/std/src/panicking.rs:298:22
[INFO] [stdout]    9:     0x5e79e64b9eda - std::panicking::default_hook::h20f81eb0576efcec
[INFO] [stdout]                                at /rustc/6067b36314ab5eb2eb47cecc464545ba58e1ad24/library/std/src/panicking.rs:325:9
[INFO] [stdout]   10:     0x5e79e64baa92 - std::panicking::rust_panic_with_hook::h625eea43051b2edc
[INFO] [stdout]                                at /rustc/6067b36314ab5eb2eb47cecc464545ba58e1ad24/library/std/src/panicking.rs:831:13
[INFO] [stdout]   11:     0x5e79e64ba81a - std::panicking::begin_panic_handler::{{closure}}::h4f9159cfbc3f6bd3
[INFO] [stdout]                                at /rustc/6067b36314ab5eb2eb47cecc464545ba58e1ad24/library/std/src/panicking.rs:704:13
[INFO] [stdout]   12:     0x5e79e64b97c9 - std::sys::backtrace::__rust_end_short_backtrace::h0390abce48353151
[INFO] [stdout]                                at /rustc/6067b36314ab5eb2eb47cecc464545ba58e1ad24/library/std/src/sys/backtrace.rs:168:18
[INFO] [stdout]   13:     0x5e79e64ba4ad - rust_begin_unwind
[INFO] [stdout]                                at /rustc/6067b36314ab5eb2eb47cecc464545ba58e1ad24/library/std/src/panicking.rs:695:5
[INFO] [stdout]   14:     0x5e79e64d9850 - core::panicking::panic_fmt::h9e7c637e9e5f29c9
[INFO] [stdout]                                at /rustc/6067b36314ab5eb2eb47cecc464545ba58e1ad24/library/core/src/panicking.rs:75:14
[INFO] [stdout]   15:     0x5e79e64d9cc6 - core::result::unwrap_failed::h7979f09313fe1849
[INFO] [stdout]                                at /rustc/6067b36314ab5eb2eb47cecc464545ba58e1ad24/library/core/src/result.rs:1704:5
[INFO] [stdout]   16:     0x5e79e638e172 - core::result::Result<T,E>::expect::hbb60e1147bd3576f
[INFO] [stdout]                                at /rustc/6067b36314ab5eb2eb47cecc464545ba58e1ad24/library/core/src/result.rs:1061:23
[INFO] [stdout]   17:     0x5e79e638ea44 - <turtle_graphics::canvas::window::WindowCanvas as turtle_graphics::canvas::canvas::Canvas>::new::hf96f5e83c18761d4
[INFO] [stdout]                                at /opt/rustwide/workdir/src/canvas/window.rs:46:22
[INFO] [stdout]   18:     0x5e79e638db9f - rust_out::main::_doctest_main_src_turtle_logo_rs_89_0::h9e68f6543cdb8d26
[INFO] [stdout]   19:     0x5e79e638dae6 - rust_out::main::he88f0b9b281d54e0
[INFO] [stdout]   20:     0x5e79e638d7c3 - core::ops::function::FnOnce::call_once::hcf3829d8b58d0254
[INFO] [stdout]   21:     0x5e79e638d716 - std::sys::backtrace::__rust_begin_short_backtrace::h5e1527399e8d5bd4
[INFO] [stdout]   22:     0x5e79e638d6f9 - std::rt::lang_start::{{closure}}::h2c234101ed7b1b74
[INFO] [stdout]   23:     0x5e79e64b2490 - core::ops::function::impls::<impl core::ops::function::FnOnce<A> for &F>::call_once::h1b085b6c1d2518b2
[INFO] [stdout]                                at /rustc/6067b36314ab5eb2eb47cecc464545ba58e1ad24/library/core/src/ops/function.rs:284:13
[INFO] [stdout]   24:     0x5e79e64b2490 - std::panicking::try::do_call::h382f964a5a23b565
[INFO] [stdout]                                at /rustc/6067b36314ab5eb2eb47cecc464545ba58e1ad24/library/std/src/panicking.rs:587:40
[INFO] [stdout]   25:     0x5e79e64b2490 - std::panicking::try::h57f991055eb622f9
[INFO] [stdout]                                at /rustc/6067b36314ab5eb2eb47cecc464545ba58e1ad24/library/std/src/panicking.rs:550:19
[INFO] [stdout]   26:     0x5e79e64b2490 - std::panic::catch_unwind::h4d9a74ef04456343
[INFO] [stdout]                                at /rustc/6067b36314ab5eb2eb47cecc464545ba58e1ad24/library/std/src/panic.rs:358:14
[INFO] [stdout]   27:     0x5e79e64b2490 - std::rt::lang_start_internal::{{closure}}::h2faa8ae84a93f314
[INFO] [stdout]                                at /rustc/6067b36314ab5eb2eb47cecc464545ba58e1ad24/library/std/src/rt.rs:163:24
[INFO] [stdout]   28:     0x5e79e64b2490 - std::panicking::try::do_call::h0f8932bf638a9bf5
[INFO] [stdout]                                at /rustc/6067b36314ab5eb2eb47cecc464545ba58e1ad24/library/std/src/panicking.rs:587:40
[INFO] [stdout]   29:     0x5e79e64b2490 - std::panicking::try::h683416ea756b175d
[INFO] [stdout]                                at /rustc/6067b36314ab5eb2eb47cecc464545ba58e1ad24/library/std/src/panicking.rs:550:19
[INFO] [stdout]   30:     0x5e79e64b2490 - std::panic::catch_unwind::h56189fac8994979f
[INFO] [stdout]                                at /rustc/6067b36314ab5eb2eb47cecc464545ba58e1ad24/library/std/src/panic.rs:358:14
[INFO] [stdout]   31:     0x5e79e64b2490 - std::rt::lang_start_internal::h8bbc1061691274fe
[INFO] [stdout]                                at /rustc/6067b36314ab5eb2eb47cecc464545ba58e1ad24/library/std/src/rt.rs:159:5
[INFO] [stdout]   32:     0x5e79e638d6e1 - std::rt::lang_start::h601b10a269c70ef7
[INFO] [stdout]   33:     0x5e79e638dda5 - main
[INFO] [stdout]   34:     0x73ab6e857d90 - <unknown>
[INFO] [stdout]   35:     0x73ab6e857e40 - __libc_start_main
[INFO] [stdout]   36:     0x5e79e638caa5 - _start
[INFO] [stdout]   37:                0x0 - <unknown>
[INFO] [stdout] 
[INFO] [stdout] 
[INFO] [stdout] ---- src/canvas/canvas.rs - canvas::canvas::Canvas::set_background (line 18) stdout ----
[INFO] [stdout] Test executable failed (exit status: 101).
[INFO] [stdout] 
[INFO] [stdout] stderr:
[INFO] [stdout] 
[INFO] [stdout] thread 'main' panicked at src/canvas/window.rs:47:14:
[INFO] [stdout] Failed to create window.: Failed to create window, "XOpenDisplay failed"
[INFO] [stdout] stack backtrace:
[INFO] [stdout]    0:     0x6518bd55beea - std::backtrace_rs::backtrace::libunwind::trace::hb059275cfc8d6126
[INFO] [stdout]                                at /rustc/6067b36314ab5eb2eb47cecc464545ba58e1ad24/library/std/src/../../backtrace/src/backtrace/libunwind.rs:116:5
[INFO] [stdout]    1:     0x6518bd55beea - std::backtrace_rs::backtrace::trace_unsynchronized::h2da071e4327ce3ee
[INFO] [stdout]                                at /rustc/6067b36314ab5eb2eb47cecc464545ba58e1ad24/library/std/src/../../backtrace/src/backtrace/mod.rs:66:5
[INFO] [stdout]    2:     0x6518bd55beea - std::sys::backtrace::_print_fmt::h842a1474e6f8d23f
[INFO] [stdout]                                at /rustc/6067b36314ab5eb2eb47cecc464545ba58e1ad24/library/std/src/sys/backtrace.rs:66:9
[INFO] [stdout]    3:     0x6518bd55beea - <std::sys::backtrace::BacktraceLock::print::DisplayBacktrace as core::fmt::Display>::fmt::h71a62eb3b9696b12
[INFO] [stdout]                                at /rustc/6067b36314ab5eb2eb47cecc464545ba58e1ad24/library/std/src/sys/backtrace.rs:39:26
[INFO] [stdout]    4:     0x6518bd57a123 - core::fmt::rt::Argument::fmt::hdb6b616786b41dc1
[INFO] [stdout]                                at /rustc/6067b36314ab5eb2eb47cecc464545ba58e1ad24/library/core/src/fmt/rt.rs:177:76
[INFO] [stdout]    5:     0x6518bd57a123 - core::fmt::write::h2cc1698af7e2d686
[INFO] [stdout]                                at /rustc/6067b36314ab5eb2eb47cecc464545ba58e1ad24/library/core/src/fmt/mod.rs:1440:21
[INFO] [stdout]    6:     0x6518bd558cc3 - std::io::Write::write_fmt::h00c8700df393f328
[INFO] [stdout]                                at /rustc/6067b36314ab5eb2eb47cecc464545ba58e1ad24/library/std/src/io/mod.rs:1887:15
[INFO] [stdout]    7:     0x6518bd55bd32 - std::sys::backtrace::BacktraceLock::print::h147fe35b4ea13b08
[INFO] [stdout]                                at /rustc/6067b36314ab5eb2eb47cecc464545ba58e1ad24/library/std/src/sys/backtrace.rs:42:9
[INFO] [stdout]    8:     0x6518bd55cc8f - std::panicking::default_hook::{{closure}}::hbd44223dbdc0d208
[INFO] [stdout]                                at /rustc/6067b36314ab5eb2eb47cecc464545ba58e1ad24/library/std/src/panicking.rs:298:22
[INFO] [stdout]    9:     0x6518bd55cafa - std::panicking::default_hook::h20f81eb0576efcec
[INFO] [stdout]                                at /rustc/6067b36314ab5eb2eb47cecc464545ba58e1ad24/library/std/src/panicking.rs:325:9
[INFO] [stdout]   10:     0x6518bd55d6b2 - std::panicking::rust_panic_with_hook::h625eea43051b2edc
[INFO] [stdout]                                at /rustc/6067b36314ab5eb2eb47cecc464545ba58e1ad24/library/std/src/panicking.rs:831:13
[INFO] [stdout]   11:     0x6518bd55d43a - std::panicking::begin_panic_handler::{{closure}}::h4f9159cfbc3f6bd3
[INFO] [stdout]                                at /rustc/6067b36314ab5eb2eb47cecc464545ba58e1ad24/library/std/src/panicking.rs:704:13
[INFO] [stdout]   12:     0x6518bd55c3e9 - std::sys::backtrace::__rust_end_short_backtrace::h0390abce48353151
[INFO] [stdout]                                at /rustc/6067b36314ab5eb2eb47cecc464545ba58e1ad24/library/std/src/sys/backtrace.rs:168:18
[INFO] [stdout]   13:     0x6518bd55d0cd - rust_begin_unwind
[INFO] [stdout]                                at /rustc/6067b36314ab5eb2eb47cecc464545ba58e1ad24/library/std/src/panicking.rs:695:5
[INFO] [stdout]   14:     0x6518bd5791d0 - core::panicking::panic_fmt::h9e7c637e9e5f29c9
[INFO] [stdout]                                at /rustc/6067b36314ab5eb2eb47cecc464545ba58e1ad24/library/core/src/panicking.rs:75:14
[INFO] [stdout]   15:     0x6518bd579646 - core::result::unwrap_failed::h7979f09313fe1849
[INFO] [stdout]                                at /rustc/6067b36314ab5eb2eb47cecc464545ba58e1ad24/library/core/src/result.rs:1704:5
[INFO] [stdout]   16:     0x6518bd430d92 - core::result::Result<T,E>::expect::hbb60e1147bd3576f
[INFO] [stdout]                                at /rustc/6067b36314ab5eb2eb47cecc464545ba58e1ad24/library/core/src/result.rs:1061:23
[INFO] [stdout]   17:     0x6518bd431664 - <turtle_graphics::canvas::window::WindowCanvas as turtle_graphics::canvas::canvas::Canvas>::new::hf96f5e83c18761d4
[INFO] [stdout]                                at /opt/rustwide/workdir/src/canvas/window.rs:46:22
[INFO] [stdout]   18:     0x6518bd430931 - rust_out::main::_doctest_main_src_canvas_canvas_rs_18_0::hf1780a3a204eac2a
[INFO] [stdout]   19:     0x6518bd4308e6 - rust_out::main::he88f0b9b281d54e0
[INFO] [stdout]   20:     0x6518bd4306c3 - core::ops::function::FnOnce::call_once::hcf3829d8b58d0254
[INFO] [stdout]   21:     0x6518bd430656 - std::sys::backtrace::__rust_begin_short_backtrace::h5e1527399e8d5bd4
[INFO] [stdout]   22:     0x6518bd430639 - std::rt::lang_start::{{closure}}::h2c234101ed7b1b74
[INFO] [stdout]   23:     0x6518bd5550b0 - core::ops::function::impls::<impl core::ops::function::FnOnce<A> for &F>::call_once::h1b085b6c1d2518b2
[INFO] [stdout]                                at /rustc/6067b36314ab5eb2eb47cecc464545ba58e1ad24/library/core/src/ops/function.rs:284:13
[INFO] [stdout]   24:     0x6518bd5550b0 - std::panicking::try::do_call::h382f964a5a23b565
[INFO] [stdout]                                at /rustc/6067b36314ab5eb2eb47cecc464545ba58e1ad24/library/std/src/panicking.rs:587:40
[INFO] [stdout]   25:     0x6518bd5550b0 - std::panicking::try::h57f991055eb622f9
[INFO] [stdout]                                at /rustc/6067b36314ab5eb2eb47cecc464545ba58e1ad24/library/std/src/panicking.rs:550:19
[INFO] [stdout]   26:     0x6518bd5550b0 - std::panic::catch_unwind::h4d9a74ef04456343
[INFO] [stdout]                                at /rustc/6067b36314ab5eb2eb47cecc464545ba58e1ad24/library/std/src/panic.rs:358:14
[INFO] [stdout]   27:     0x6518bd5550b0 - std::rt::lang_start_internal::{{closure}}::h2faa8ae84a93f314
[INFO] [stdout]                                at /rustc/6067b36314ab5eb2eb47cecc464545ba58e1ad24/library/std/src/rt.rs:163:24
[INFO] [stdout]   28:     0x6518bd5550b0 - std::panicking::try::do_call::h0f8932bf638a9bf5
[INFO] [stdout]                                at /rustc/6067b36314ab5eb2eb47cecc464545ba58e1ad24/library/std/src/panicking.rs:587:40
[INFO] [stdout]   29:     0x6518bd5550b0 - std::panicking::try::h683416ea756b175d
[INFO] [stdout]                                at /rustc/6067b36314ab5eb2eb47cecc464545ba58e1ad24/library/std/src/panicking.rs:550:19
[INFO] [stdout]   30:     0x6518bd5550b0 - std::panic::catch_unwind::h56189fac8994979f
[INFO] [stdout]                                at /rustc/6067b36314ab5eb2eb47cecc464545ba58e1ad24/library/std/src/panic.rs:358:14
[INFO] [stdout]   31:     0x6518bd5550b0 - std::rt::lang_start_internal::h8bbc1061691274fe
[INFO] [stdout]                                at /rustc/6067b36314ab5eb2eb47cecc464545ba58e1ad24/library/std/src/rt.rs:159:5
[INFO] [stdout]   32:     0x6518bd430621 - std::rt::lang_start::h601b10a269c70ef7
[INFO] [stdout]   33:     0x6518bd4309c5 - main
[INFO] [stdout]   34:     0x7679c9a03d90 - <unknown>
[INFO] [stdout]   35:     0x7679c9a03e40 - __libc_start_main
[INFO] [stdout]   36:     0x6518bd430335 - _start
[INFO] [stdout]   37:                0x0 - <unknown>
[INFO] [stdout] 
[INFO] [stdout] 
[INFO] [stdout] 
[INFO] [stdout] failures:
[INFO] [stdout]     src/canvas/canvas.rs - canvas::canvas::Canvas::set_background (line 18)
[INFO] [stdout]     src/turtle/logo.rs - turtle::logo::TurtleLogo<T>::forward (line 89)
[INFO] [stdout] 
[INFO] [stdout] test result: FAILED. 12 passed; 2 failed; 0 ignored; 0 measured; 0 filtered out; finished in 1.54s
[INFO] [stdout] 
[INFO] [stderr] error: doctest failed, to rerun pass `--doc`
[INFO] running `Command { std: "docker" "inspect" "c0ec8e13dee789b86785b781686b54c05549273c02e2b95736f467bdf6322b2f", kill_on_drop: false }`
[INFO] running `Command { std: "docker" "rm" "-f" "c0ec8e13dee789b86785b781686b54c05549273c02e2b95736f467bdf6322b2f", kill_on_drop: false }`
[INFO] [stdout] c0ec8e13dee789b86785b781686b54c05549273c02e2b95736f467bdf6322b2f
