[INFO] cloning repository https://github.com/Mark-Simulacrum/async-fn-size
[INFO] running `Command { std: "git" "-c" "credential.helper=" "-c" "credential.helper=/workspace/cargo-home/bin/git-credential-null" "clone" "--bare" "https://github.com/Mark-Simulacrum/async-fn-size" "/workspace/cache/git-repos/https%3A%2F%2Fgithub.com%2FMark-Simulacrum%2Fasync-fn-size", kill_on_drop: false }`
[INFO] [stderr] Cloning into bare repository '/workspace/cache/git-repos/https%3A%2F%2Fgithub.com%2FMark-Simulacrum%2Fasync-fn-size'...
[INFO] running `Command { std: "git" "rev-parse" "HEAD", kill_on_drop: false }`
[INFO] [stdout] 8e79d6ce891b95c700046c3b55f0988e77fd8228
[INFO] testing Mark-Simulacrum/async-fn-size against nightly-2025-01-18 for randomize-layout-2
[INFO] running `Command { std: "git" "clone" "/workspace/cache/git-repos/https%3A%2F%2Fgithub.com%2FMark-Simulacrum%2Fasync-fn-size" "/workspace/builds/worker-4-tc1/source", kill_on_drop: false }`
[INFO] [stderr] Cloning into '/workspace/builds/worker-4-tc1/source'...
[INFO] [stderr] done.
[INFO] validating manifest of git repo https://github.com/Mark-Simulacrum/async-fn-size on toolchain nightly-2025-01-18
[INFO] running `Command { std: CARGO_HOME="/workspace/cargo-home" RUSTUP_HOME="/workspace/rustup-home" "/workspace/cargo-home/bin/cargo" "+nightly-2025-01-18" "metadata" "--manifest-path" "Cargo.toml" "--no-deps", kill_on_drop: false }`
[INFO] started tweaking git repo https://github.com/Mark-Simulacrum/async-fn-size
[INFO] finished tweaking git repo https://github.com/Mark-Simulacrum/async-fn-size
[INFO] tweaked toml for git repo https://github.com/Mark-Simulacrum/async-fn-size written to /workspace/builds/worker-4-tc1/source/Cargo.toml
[INFO] crate git repo https://github.com/Mark-Simulacrum/async-fn-size already has a lockfile, it will not be regenerated
[INFO] running `Command { std: CARGO_HOME="/workspace/cargo-home" RUSTUP_HOME="/workspace/rustup-home" "/workspace/cargo-home/bin/cargo" "+nightly-2025-01-18" "fetch" "--manifest-path" "Cargo.toml", kill_on_drop: false }`
[INFO] [stderr]  Downloading crates ...
[INFO] [stderr]   Downloaded wasm-bindgen-futures v0.3.24
[INFO] [stderr]   Downloaded js-sys v0.3.24
[INFO] [stderr]   Downloaded wasm-bindgen-test v0.2.47
[INFO] [stderr]   Downloaded wasm-bindgen-test-macro v0.2.47
[INFO] running `Command { std: "docker" "create" "-v" "/var/lib/crater-agent-workspace/builds/worker-4-tc1/target:/opt/rustwide/target:rw,Z" "-v" "/var/lib/crater-agent-workspace/builds/worker-4-tc1/source:/opt/rustwide/workdir:ro,Z" "-v" "/var/lib/crater-agent-workspace/cargo-home:/opt/rustwide/cargo-home:ro,Z" "-v" "/var/lib/crater-agent-workspace/rustup-home:/opt/rustwide/rustup-home:ro,Z" "-e" "SOURCE_DIR=/opt/rustwide/workdir" "-e" "CARGO_TARGET_DIR=/opt/rustwide/target" "-e" "CARGO_HOME=/opt/rustwide/cargo-home" "-e" "RUSTUP_HOME=/opt/rustwide/rustup-home" "-w" "/opt/rustwide/workdir" "-m" "1610612736" "--user" "0:0" "--network" "none" "ghcr.io/rust-lang/crates-build-env/linux@sha256:819108c5571ea2e421544af4d832f968d213c87fbe3707a016657f43d2f853bc" "/opt/rustwide/cargo-home/bin/cargo" "+nightly-2025-01-18" "metadata" "--no-deps" "--format-version=1", kill_on_drop: false }`
[INFO] [stdout] 8721359086f0caecad9e7c1b02f6ee4f3fb3a1e1a5c46d5b0a85f9ff7b74dc6f
[INFO] running `Command { std: "docker" "start" "-a" "8721359086f0caecad9e7c1b02f6ee4f3fb3a1e1a5c46d5b0a85f9ff7b74dc6f", kill_on_drop: false }`
[INFO] running `Command { std: "docker" "inspect" "8721359086f0caecad9e7c1b02f6ee4f3fb3a1e1a5c46d5b0a85f9ff7b74dc6f", kill_on_drop: false }`
[INFO] running `Command { std: "docker" "rm" "-f" "8721359086f0caecad9e7c1b02f6ee4f3fb3a1e1a5c46d5b0a85f9ff7b74dc6f", kill_on_drop: false }`
[INFO] [stdout] 8721359086f0caecad9e7c1b02f6ee4f3fb3a1e1a5c46d5b0a85f9ff7b74dc6f
[INFO] running `Command { std: "docker" "create" "-v" "/var/lib/crater-agent-workspace/builds/worker-4-tc1/target:/opt/rustwide/target:rw,Z" "-v" "/var/lib/crater-agent-workspace/builds/worker-4-tc1/source:/opt/rustwide/workdir:ro,Z" "-v" "/var/lib/crater-agent-workspace/cargo-home:/opt/rustwide/cargo-home:ro,Z" "-v" "/var/lib/crater-agent-workspace/rustup-home:/opt/rustwide/rustup-home:ro,Z" "-e" "SOURCE_DIR=/opt/rustwide/workdir" "-e" "CARGO_TARGET_DIR=/opt/rustwide/target" "-e" "CARGO_INCREMENTAL=0" "-e" "RUST_BACKTRACE=full" "-e" "RUSTFLAGS=--cap-lints=forbid" "-e" "RUSTDOCFLAGS=--cap-lints=forbid" "-e" "CARGO_HOME=/opt/rustwide/cargo-home" "-e" "RUSTUP_HOME=/opt/rustwide/rustup-home" "-w" "/opt/rustwide/workdir" "-m" "1610612736" "--user" "0:0" "--network" "none" "ghcr.io/rust-lang/crates-build-env/linux@sha256:819108c5571ea2e421544af4d832f968d213c87fbe3707a016657f43d2f853bc" "/opt/rustwide/cargo-home/bin/cargo" "+nightly-2025-01-18" "build" "--frozen" "--message-format=json", kill_on_drop: false }`
[INFO] [stdout] f24df266d5604e223c79eea51de0f8b1345cc1223ea04fe36cdc12a87ebbc112
[INFO] running `Command { std: "docker" "start" "-a" "f24df266d5604e223c79eea51de0f8b1345cc1223ea04fe36cdc12a87ebbc112", kill_on_drop: false }`
[INFO] [stderr]    Compiling proc-macro2 v0.4.30
[INFO] [stderr]    Compiling unicode-xid v0.1.0
[INFO] [stderr]    Compiling syn v0.15.39
[INFO] [stderr]    Compiling wasm-bindgen-shared v0.2.47
[INFO] [stderr]    Compiling cfg-if v0.1.9
[INFO] [stderr]    Compiling lazy_static v1.3.0
[INFO] [stderr]    Compiling bumpalo v2.5.0
[INFO] [stderr]    Compiling wasm-bindgen v0.2.47
[INFO] [stderr]    Compiling futures v0.1.28
[INFO] [stderr]    Compiling scoped-tls v1.0.0
[INFO] [stderr]    Compiling log v0.4.6
[INFO] [stderr]    Compiling quote v0.6.12
[INFO] [stderr]    Compiling wasm-bindgen-test-macro v0.2.47
[INFO] [stderr]    Compiling wasm-bindgen-backend v0.2.47
[INFO] [stderr]    Compiling wasm-bindgen-macro-support v0.2.47
[INFO] [stderr]    Compiling wasm-bindgen-macro v0.2.47
[INFO] [stderr]    Compiling js-sys v0.3.24
[INFO] [stderr]    Compiling console_error_panic_hook v0.1.6
[INFO] [stderr]    Compiling wasm-bindgen-futures v0.3.24
[INFO] [stderr]    Compiling wasm-bindgen-test v0.2.47
[INFO] [stderr]    Compiling async-fn-size v0.1.0 (/opt/rustwide/workdir)
[INFO] [stdout] warning: the feature `async_await` has been stable since 1.39.0 and no longer requires an attribute to enable
[INFO] [stdout]   --> src/lib.rs:11:12
[INFO] [stdout]    |
[INFO] [stdout] 11 | #![feature(async_await)]
[INFO] [stdout]    |            ^^^^^^^^^^^
[INFO] [stdout]    |
[INFO] [stdout]    = note: `#[warn(stable_features)]` on by default
[INFO] [stdout] 
[INFO] [stdout] 
[INFO] [stdout] warning: field `0` is never read
[INFO] [stdout]   --> src/lib.rs:22:19
[INFO] [stdout]    |
[INFO] [stdout] 22 | pub struct BigFut([u8; BIG_FUT_SIZE]);
[INFO] [stdout]    |            ------ ^^^^^^^^^^^^^^^^^^
[INFO] [stdout]    |            |
[INFO] [stdout]    |            field in this struct
[INFO] [stdout]    |
[INFO] [stdout]    = help: consider removing this field
[INFO] [stdout]    = note: `#[warn(dead_code)]` on by default
[INFO] [stdout] 
[INFO] [stdout] 
[INFO] [stderr]     Finished `dev` profile [unoptimized + debuginfo] target(s) in 12.73s
[INFO] [stderr] warning: the following packages contain code that will be rejected by a future version of Rust: wasm-bindgen v0.2.47
[INFO] [stderr] note: to see what the problems were, use the option `--future-incompat-report`, or run `cargo report future-incompatibilities --id 1`
[INFO] running `Command { std: "docker" "inspect" "f24df266d5604e223c79eea51de0f8b1345cc1223ea04fe36cdc12a87ebbc112", kill_on_drop: false }`
[INFO] running `Command { std: "docker" "rm" "-f" "f24df266d5604e223c79eea51de0f8b1345cc1223ea04fe36cdc12a87ebbc112", kill_on_drop: false }`
[INFO] [stdout] f24df266d5604e223c79eea51de0f8b1345cc1223ea04fe36cdc12a87ebbc112
[INFO] running `Command { std: "docker" "create" "-v" "/var/lib/crater-agent-workspace/builds/worker-4-tc1/target:/opt/rustwide/target:rw,Z" "-v" "/var/lib/crater-agent-workspace/builds/worker-4-tc1/source:/opt/rustwide/workdir:ro,Z" "-v" "/var/lib/crater-agent-workspace/cargo-home:/opt/rustwide/cargo-home:ro,Z" "-v" "/var/lib/crater-agent-workspace/rustup-home:/opt/rustwide/rustup-home:ro,Z" "-e" "SOURCE_DIR=/opt/rustwide/workdir" "-e" "CARGO_TARGET_DIR=/opt/rustwide/target" "-e" "CARGO_INCREMENTAL=0" "-e" "RUST_BACKTRACE=full" "-e" "RUSTFLAGS=--cap-lints=forbid" "-e" "RUSTDOCFLAGS=--cap-lints=forbid" "-e" "CARGO_HOME=/opt/rustwide/cargo-home" "-e" "RUSTUP_HOME=/opt/rustwide/rustup-home" "-w" "/opt/rustwide/workdir" "-m" "1610612736" "--user" "0:0" "--network" "none" "ghcr.io/rust-lang/crates-build-env/linux@sha256:819108c5571ea2e421544af4d832f968d213c87fbe3707a016657f43d2f853bc" "/opt/rustwide/cargo-home/bin/cargo" "+nightly-2025-01-18" "test" "--frozen" "--no-run" "--message-format=json", kill_on_drop: false }`
[INFO] [stdout] 663f1b215f57fff66117ac91b6ee3da683317c5b170a05dd20544ab6a2515264
[INFO] running `Command { std: "docker" "start" "-a" "663f1b215f57fff66117ac91b6ee3da683317c5b170a05dd20544ab6a2515264", kill_on_drop: false }`
[INFO] [stderr]    Compiling async-fn-size v0.1.0 (/opt/rustwide/workdir)
[INFO] [stdout] warning: the feature `async_await` has been stable since 1.39.0 and no longer requires an attribute to enable
[INFO] [stdout]   --> src/lib.rs:11:12
[INFO] [stdout]    |
[INFO] [stdout] 11 | #![feature(async_await)]
[INFO] [stdout]    |            ^^^^^^^^^^^
[INFO] [stdout]    |
[INFO] [stdout]    = note: `#[warn(stable_features)]` on by default
[INFO] [stdout] 
[INFO] [stdout] 
[INFO] [stdout] warning: field `0` is never read
[INFO] [stdout]   --> src/lib.rs:22:19
[INFO] [stdout]    |
[INFO] [stdout] 22 | pub struct BigFut([u8; BIG_FUT_SIZE]);
[INFO] [stdout]    |            ------ ^^^^^^^^^^^^^^^^^^
[INFO] [stdout]    |            |
[INFO] [stdout]    |            field in this struct
[INFO] [stdout]    |
[INFO] [stdout]    = help: consider removing this field
[INFO] [stdout]    = note: `#[warn(dead_code)]` on by default
[INFO] [stdout] 
[INFO] [stdout] 
[INFO] [stdout] warning: the feature `async_await` has been stable since 1.39.0 and no longer requires an attribute to enable
[INFO] [stdout]   --> src/lib.rs:11:12
[INFO] [stdout]    |
[INFO] [stdout] 11 | #![feature(async_await)]
[INFO] [stdout]    |            ^^^^^^^^^^^
[INFO] [stdout]    |
[INFO] [stdout]    = note: `#[warn(stable_features)]` on by default
[INFO] [stdout] 
[INFO] [stdout] 
[INFO] [stdout] warning: field `0` is never read
[INFO] [stdout]   --> src/lib.rs:22:19
[INFO] [stdout]    |
[INFO] [stdout] 22 | pub struct BigFut([u8; BIG_FUT_SIZE]);
[INFO] [stdout]    |            ------ ^^^^^^^^^^^^^^^^^^
[INFO] [stdout]    |            |
[INFO] [stdout]    |            field in this struct
[INFO] [stdout]    |
[INFO] [stdout]    = help: consider removing this field
[INFO] [stdout]    = note: `#[warn(dead_code)]` on by default
[INFO] [stdout] 
[INFO] [stdout] 
[INFO] [stderr]     Finished `test` profile [unoptimized + debuginfo] target(s) in 0.38s
[INFO] [stderr] warning: the following packages contain code that will be rejected by a future version of Rust: wasm-bindgen v0.2.47
[INFO] [stderr] note: to see what the problems were, use the option `--future-incompat-report`, or run `cargo report future-incompatibilities --id 1`
[INFO] running `Command { std: "docker" "inspect" "663f1b215f57fff66117ac91b6ee3da683317c5b170a05dd20544ab6a2515264", kill_on_drop: false }`
[INFO] running `Command { std: "docker" "rm" "-f" "663f1b215f57fff66117ac91b6ee3da683317c5b170a05dd20544ab6a2515264", kill_on_drop: false }`
[INFO] [stdout] 663f1b215f57fff66117ac91b6ee3da683317c5b170a05dd20544ab6a2515264
[INFO] running `Command { std: "docker" "create" "-v" "/var/lib/crater-agent-workspace/builds/worker-4-tc1/target:/opt/rustwide/target:rw,Z" "-v" "/var/lib/crater-agent-workspace/builds/worker-4-tc1/source:/opt/rustwide/workdir:ro,Z" "-v" "/var/lib/crater-agent-workspace/cargo-home:/opt/rustwide/cargo-home:ro,Z" "-v" "/var/lib/crater-agent-workspace/rustup-home:/opt/rustwide/rustup-home:ro,Z" "-e" "SOURCE_DIR=/opt/rustwide/workdir" "-e" "CARGO_TARGET_DIR=/opt/rustwide/target" "-e" "CARGO_INCREMENTAL=0" "-e" "RUST_BACKTRACE=full" "-e" "RUSTFLAGS=--cap-lints=forbid" "-e" "RUSTDOCFLAGS=--cap-lints=forbid" "-e" "CARGO_HOME=/opt/rustwide/cargo-home" "-e" "RUSTUP_HOME=/opt/rustwide/rustup-home" "-w" "/opt/rustwide/workdir" "-m" "1610612736" "--user" "0:0" "--network" "none" "ghcr.io/rust-lang/crates-build-env/linux@sha256:819108c5571ea2e421544af4d832f968d213c87fbe3707a016657f43d2f853bc" "/opt/rustwide/cargo-home/bin/cargo" "+nightly-2025-01-18" "test" "--frozen", kill_on_drop: false }`
[INFO] [stdout] fb6fc45c318d2ece29064b64416d2bad584e548ea28106714de3c0a58c23785e
[INFO] running `Command { std: "docker" "start" "-a" "fb6fc45c318d2ece29064b64416d2bad584e548ea28106714de3c0a58c23785e", kill_on_drop: false }`
[INFO] [stderr] warning: the feature `async_await` has been stable since 1.39.0 and no longer requires an attribute to enable
[INFO] [stderr]   --> src/lib.rs:11:12
[INFO] [stderr]    |
[INFO] [stderr] 11 | #![feature(async_await)]
[INFO] [stderr]    |            ^^^^^^^^^^^
[INFO] [stderr]    |
[INFO] [stderr]    = note: `#[warn(stable_features)]` on by default
[INFO] [stderr] 
[INFO] [stderr] warning: field `0` is never read
[INFO] [stderr]   --> src/lib.rs:22:19
[INFO] [stderr]    |
[INFO] [stderr] 22 | pub struct BigFut([u8; BIG_FUT_SIZE]);
[INFO] [stderr]    |            ------ ^^^^^^^^^^^^^^^^^^
[INFO] [stderr]    |            |
[INFO] [stderr]    |            field in this struct
[INFO] [stderr]    |
[INFO] [stderr]    = help: consider removing this field
[INFO] [stderr]    = note: `#[warn(dead_code)]` on by default
[INFO] [stderr] 
[INFO] [stderr] warning: `async-fn-size` (lib) generated 2 warnings
[INFO] [stderr] warning: `async-fn-size` (lib test) generated 2 warnings (2 duplicates)
[INFO] [stderr]     Finished `test` profile [unoptimized + debuginfo] target(s) in 0.03s
[INFO] [stderr] warning: the following packages contain code that will be rejected by a future version of Rust: wasm-bindgen v0.2.47
[INFO] [stderr] note: to see what the problems were, use the option `--future-incompat-report`, or run `cargo report future-incompatibilities --id 1`
[INFO] [stderr]      Running unittests src/lib.rs (/opt/rustwide/target/debug/deps/async_fn_size-41f0f0221916441a)
[INFO] [stderr] panicked at src/lib.rs:101:5:
[INFO] [stderr] assertion `left == right` failed
[INFO] [stderr]   left: 1028
[INFO] [stderr]  right: 1025
[INFO] [stderr] error: test failed, to rerun pass `--lib`
[INFO] [stdout] 
[INFO] [stdout] running 1 test
[INFO] [stdout] test entry_main ... FAILED
[INFO] [stdout] 
[INFO] [stdout] failures:
[INFO] [stdout] 
[INFO] [stdout] failures:
[INFO] [stdout]     entry_main
[INFO] [stdout] 
[INFO] [stdout] test result: FAILED. 0 passed; 1 failed; 0 ignored; 0 measured; 0 filtered out; finished in 0.00s
[INFO] [stdout] 
[INFO] running `Command { std: "docker" "inspect" "fb6fc45c318d2ece29064b64416d2bad584e548ea28106714de3c0a58c23785e", kill_on_drop: false }`
[INFO] running `Command { std: "docker" "rm" "-f" "fb6fc45c318d2ece29064b64416d2bad584e548ea28106714de3c0a58c23785e", kill_on_drop: false }`
[INFO] [stdout] fb6fc45c318d2ece29064b64416d2bad584e548ea28106714de3c0a58c23785e
