[INFO] cloning repository https://github.com/Malique-Auguste/Nariva
[INFO] running `Command { std: "git" "-c" "credential.helper=" "-c" "credential.helper=/workspace/cargo-home/bin/git-credential-null" "clone" "--bare" "https://github.com/Malique-Auguste/Nariva" "/workspace/cache/git-repos/https%3A%2F%2Fgithub.com%2FMalique-Auguste%2FNariva", kill_on_drop: false }`
[INFO] [stderr] Cloning into bare repository '/workspace/cache/git-repos/https%3A%2F%2Fgithub.com%2FMalique-Auguste%2FNariva'...
[INFO] running `Command { std: "git" "rev-parse" "HEAD", kill_on_drop: false }`
[INFO] [stdout] 63c806586d68fbb1816d9c493e7076967ac61d1e
[INFO] testing Malique-Auguste/Nariva against nightly-2025-01-18 for randomize-layout-2
[INFO] running `Command { std: "git" "clone" "/workspace/cache/git-repos/https%3A%2F%2Fgithub.com%2FMalique-Auguste%2FNariva" "/workspace/builds/worker-5-tc1/source", kill_on_drop: false }`
[INFO] [stderr] Cloning into '/workspace/builds/worker-5-tc1/source'...
[INFO] [stderr] done.
[INFO] validating manifest of git repo https://github.com/Malique-Auguste/Nariva on toolchain nightly-2025-01-18
[INFO] running `Command { std: CARGO_HOME="/workspace/cargo-home" RUSTUP_HOME="/workspace/rustup-home" "/workspace/cargo-home/bin/cargo" "+nightly-2025-01-18" "metadata" "--manifest-path" "Cargo.toml" "--no-deps", kill_on_drop: false }`
[INFO] started tweaking git repo https://github.com/Malique-Auguste/Nariva
[INFO] finished tweaking git repo https://github.com/Malique-Auguste/Nariva
[INFO] tweaked toml for git repo https://github.com/Malique-Auguste/Nariva written to /workspace/builds/worker-5-tc1/source/Cargo.toml
[INFO] crate git repo https://github.com/Malique-Auguste/Nariva already has a lockfile, it will not be regenerated
[INFO] running `Command { std: CARGO_HOME="/workspace/cargo-home" RUSTUP_HOME="/workspace/rustup-home" "/workspace/cargo-home/bin/cargo" "+nightly-2025-01-18" "fetch" "--manifest-path" "Cargo.toml", kill_on_drop: false }`
[INFO] [stderr] warning: virtual workspace defaulting to `resolver = "1"` despite one or more workspace members being on edition 2021 which implies `resolver = "2"`
[INFO] [stderr] note: to keep the current resolver, specify `workspace.resolver = "1"` in the workspace root's manifest
[INFO] [stderr] note: to use the edition 2021 resolver, specify `workspace.resolver = "2"` in the workspace root's manifest
[INFO] [stderr] note: for more details see https://doc.rust-lang.org/cargo/reference/resolver.html#resolver-versions
[INFO] running `Command { std: "docker" "create" "-v" "/var/lib/crater-agent-workspace/builds/worker-5-tc1/target:/opt/rustwide/target:rw,Z" "-v" "/var/lib/crater-agent-workspace/builds/worker-5-tc1/source:/opt/rustwide/workdir:ro,Z" "-v" "/var/lib/crater-agent-workspace/cargo-home:/opt/rustwide/cargo-home:ro,Z" "-v" "/var/lib/crater-agent-workspace/rustup-home:/opt/rustwide/rustup-home:ro,Z" "-e" "SOURCE_DIR=/opt/rustwide/workdir" "-e" "CARGO_TARGET_DIR=/opt/rustwide/target" "-e" "CARGO_HOME=/opt/rustwide/cargo-home" "-e" "RUSTUP_HOME=/opt/rustwide/rustup-home" "-w" "/opt/rustwide/workdir" "-m" "1610612736" "--user" "0:0" "--network" "none" "ghcr.io/rust-lang/crates-build-env/linux@sha256:819108c5571ea2e421544af4d832f968d213c87fbe3707a016657f43d2f853bc" "/opt/rustwide/cargo-home/bin/cargo" "+nightly-2025-01-18" "metadata" "--no-deps" "--format-version=1", kill_on_drop: false }`
[INFO] [stdout] f7ab5c6423e29ac968b99d526366e9d829cbe825753c05733f583d968f634d18
[INFO] running `Command { std: "docker" "start" "-a" "f7ab5c6423e29ac968b99d526366e9d829cbe825753c05733f583d968f634d18", kill_on_drop: false }`
[INFO] running `Command { std: "docker" "inspect" "f7ab5c6423e29ac968b99d526366e9d829cbe825753c05733f583d968f634d18", kill_on_drop: false }`
[INFO] running `Command { std: "docker" "rm" "-f" "f7ab5c6423e29ac968b99d526366e9d829cbe825753c05733f583d968f634d18", kill_on_drop: false }`
[INFO] [stdout] f7ab5c6423e29ac968b99d526366e9d829cbe825753c05733f583d968f634d18
[INFO] running `Command { std: "docker" "create" "-v" "/var/lib/crater-agent-workspace/builds/worker-5-tc1/target:/opt/rustwide/target:rw,Z" "-v" "/var/lib/crater-agent-workspace/builds/worker-5-tc1/source:/opt/rustwide/workdir:ro,Z" "-v" "/var/lib/crater-agent-workspace/cargo-home:/opt/rustwide/cargo-home:ro,Z" "-v" "/var/lib/crater-agent-workspace/rustup-home:/opt/rustwide/rustup-home:ro,Z" "-e" "SOURCE_DIR=/opt/rustwide/workdir" "-e" "CARGO_TARGET_DIR=/opt/rustwide/target" "-e" "CARGO_INCREMENTAL=0" "-e" "RUST_BACKTRACE=full" "-e" "RUSTFLAGS=--cap-lints=forbid" "-e" "RUSTDOCFLAGS=--cap-lints=forbid" "-e" "CARGO_HOME=/opt/rustwide/cargo-home" "-e" "RUSTUP_HOME=/opt/rustwide/rustup-home" "-w" "/opt/rustwide/workdir" "-m" "1610612736" "--user" "0:0" "--network" "none" "ghcr.io/rust-lang/crates-build-env/linux@sha256:819108c5571ea2e421544af4d832f968d213c87fbe3707a016657f43d2f853bc" "/opt/rustwide/cargo-home/bin/cargo" "+nightly-2025-01-18" "build" "--frozen" "--message-format=json", kill_on_drop: false }`
[INFO] [stdout] cfbfccc0c97dfa6007496ffb81b6983a13e28d6e2eabc01feb8e61d3e1d27c15
[INFO] running `Command { std: "docker" "start" "-a" "cfbfccc0c97dfa6007496ffb81b6983a13e28d6e2eabc01feb8e61d3e1d27c15", kill_on_drop: false }`
[INFO] [stderr] warning: virtual workspace defaulting to `resolver = "1"` despite one or more workspace members being on edition 2021 which implies `resolver = "2"`
[INFO] [stderr] note: to keep the current resolver, specify `workspace.resolver = "1"` in the workspace root's manifest
[INFO] [stderr] note: to use the edition 2021 resolver, specify `workspace.resolver = "2"` in the workspace root's manifest
[INFO] [stderr] note: for more details see https://doc.rust-lang.org/cargo/reference/resolver.html#resolver-versions
[INFO] [stderr]    Compiling virtual_machine v0.1.0 (/opt/rustwide/workdir/virtual_machine)
[INFO] [stdout] warning: unused import: `std::process::Output`
[INFO] [stdout]  --> virtual_machine/src/vm.rs:1:5
[INFO] [stdout]   |
[INFO] [stdout] 1 | use std::process::Output;
[INFO] [stdout]   |     ^^^^^^^^^^^^^^^^^^^^
[INFO] [stdout]   |
[INFO] [stdout]   = note: `#[warn(unused_imports)]` on by default
[INFO] [stdout] 
[INFO] [stdout] 
[INFO] [stdout] warning: unused import: `ByteOps`
[INFO] [stdout]  --> virtual_machine/src/vm.rs:3:34
[INFO] [stdout]   |
[INFO] [stdout] 3 | use crate::instruction::{OpCode, ByteOps};
[INFO] [stdout]   |                                  ^^^^^^^
[INFO] [stdout] 
[INFO] [stdout] 
[INFO] [stderr]    Compiling compiler v0.1.0 (/opt/rustwide/workdir/compiler)
[INFO] [stdout] warning: unused import: `virtual_machine::instruction::OpCode`
[INFO] [stdout]  --> compiler/src/token.rs:1:5
[INFO] [stdout]   |
[INFO] [stdout] 1 | use virtual_machine::instruction::OpCode;
[INFO] [stdout]   |     ^^^^^^^^^^^^^^^^^^^^^^^^^^^^^^^^^^^^
[INFO] [stdout]   |
[INFO] [stdout]   = note: `#[warn(unused_imports)]` on by default
[INFO] [stdout] 
[INFO] [stdout] 
[INFO] [stdout] warning: unused imports: `fmt::Error` and `process::Output`
[INFO] [stdout]  --> compiler/src/lexer.rs:1:11
[INFO] [stdout]   |
[INFO] [stdout] 1 | use std::{fmt::Error, process::Output};
[INFO] [stdout]   |           ^^^^^^^^^^  ^^^^^^^^^^^^^^^
[INFO] [stdout] 
[INFO] [stdout] 
[INFO] [stdout] warning: unused import: `core::num`
[INFO] [stdout]  --> compiler/src/parser.rs:1:5
[INFO] [stdout]   |
[INFO] [stdout] 1 | use core::num;
[INFO] [stdout]   |     ^^^^^^^^^
[INFO] [stdout] 
[INFO] [stdout] 
[INFO] [stdout] warning: unused imports: `Error`, `convert::TryInto`, `format`, and `thread::current`
[INFO] [stdout]  --> compiler/src/parser.rs:2:17
[INFO] [stdout]   |
[INFO] [stdout] 2 | use std::{fmt::{Error, format}, collections::HashMap, convert::TryInto, thread::current};
[INFO] [stdout]   |                 ^^^^^  ^^^^^^                         ^^^^^^^^^^^^^^^^  ^^^^^^^^^^^^^^^
[INFO] [stdout] 
[INFO] [stdout] 
[INFO] [stdout] warning: unused imports: `fmt::Error` and `process::Output`
[INFO] [stdout]  --> compiler/src/generator.rs:3:11
[INFO] [stdout]   |
[INFO] [stdout] 3 | use std::{fmt::Error, process::Output};
[INFO] [stdout]   |           ^^^^^^^^^^  ^^^^^^^^^^^^^^^
[INFO] [stdout] 
[INFO] [stdout] 
[INFO] [stdout] warning: unreachable pattern
[INFO] [stdout]   --> compiler/src/parser.rs:49:17
[INFO] [stdout]    |
[INFO] [stdout] 49 |                 _ => ()
[INFO] [stdout]    |                 ^ no value can reach this
[INFO] [stdout]    |
[INFO] [stdout] note: multiple earlier patterns match some of the same values
[INFO] [stdout]   --> compiler/src/parser.rs:49:17
[INFO] [stdout]    |
[INFO] [stdout] 33 |                 Token::Func(name) => {
[INFO] [stdout]    |                 ----------------- matches some of the same values
[INFO] [stdout] ...
[INFO] [stdout] 38 |                 Token::NumU(_) | Token::NumI(_) | Token::NumF(_) => {
[INFO] [stdout]    |                 ------------------------------------------------ matches some of the same values
[INFO] [stdout] ...
[INFO] [stdout] 42 |                 Token::OpCode(s) => {
[INFO] [stdout]    |                 ---------------- matches some of the same values
[INFO] [stdout] ...
[INFO] [stdout] 49 |                 _ => ()
[INFO] [stdout]    |                 ^ collectively making this unreachable
[INFO] [stdout]    = note: `#[warn(unreachable_patterns)]` on by default
[INFO] [stdout] 
[INFO] [stdout] 
[INFO] [stdout] warning: unused variable: `f`
[INFO] [stdout]   --> compiler/src/generator.rs:33:29
[INFO] [stdout]    |
[INFO] [stdout] 33 |                 Token::Func(f) => unimplemented!(),
[INFO] [stdout]    |                             ^ help: if this is intentional, prefix it with an underscore: `_f`
[INFO] [stdout]    |
[INFO] [stdout]    = note: `#[warn(unused_variables)]` on by default
[INFO] [stdout] 
[INFO] [stdout] 
[INFO] [stderr]    Compiling interface v0.1.0 (/opt/rustwide/workdir/interface)
[INFO] [stderr]     Finished `dev` profile [unoptimized + debuginfo] target(s) in 1.03s
[INFO] running `Command { std: "docker" "inspect" "cfbfccc0c97dfa6007496ffb81b6983a13e28d6e2eabc01feb8e61d3e1d27c15", kill_on_drop: false }`
[INFO] running `Command { std: "docker" "rm" "-f" "cfbfccc0c97dfa6007496ffb81b6983a13e28d6e2eabc01feb8e61d3e1d27c15", kill_on_drop: false }`
[INFO] [stdout] cfbfccc0c97dfa6007496ffb81b6983a13e28d6e2eabc01feb8e61d3e1d27c15
[INFO] running `Command { std: "docker" "create" "-v" "/var/lib/crater-agent-workspace/builds/worker-5-tc1/target:/opt/rustwide/target:rw,Z" "-v" "/var/lib/crater-agent-workspace/builds/worker-5-tc1/source:/opt/rustwide/workdir:ro,Z" "-v" "/var/lib/crater-agent-workspace/cargo-home:/opt/rustwide/cargo-home:ro,Z" "-v" "/var/lib/crater-agent-workspace/rustup-home:/opt/rustwide/rustup-home:ro,Z" "-e" "SOURCE_DIR=/opt/rustwide/workdir" "-e" "CARGO_TARGET_DIR=/opt/rustwide/target" "-e" "CARGO_INCREMENTAL=0" "-e" "RUST_BACKTRACE=full" "-e" "RUSTFLAGS=--cap-lints=forbid" "-e" "RUSTDOCFLAGS=--cap-lints=forbid" "-e" "CARGO_HOME=/opt/rustwide/cargo-home" "-e" "RUSTUP_HOME=/opt/rustwide/rustup-home" "-w" "/opt/rustwide/workdir" "-m" "1610612736" "--user" "0:0" "--network" "none" "ghcr.io/rust-lang/crates-build-env/linux@sha256:819108c5571ea2e421544af4d832f968d213c87fbe3707a016657f43d2f853bc" "/opt/rustwide/cargo-home/bin/cargo" "+nightly-2025-01-18" "test" "--frozen" "--no-run" "--message-format=json", kill_on_drop: false }`
[INFO] [stdout] 8c593840ac1921ccd10ac8cd5677ad5fd3de4446929cccdbb6ffd9bcfd3219e8
[INFO] running `Command { std: "docker" "start" "-a" "8c593840ac1921ccd10ac8cd5677ad5fd3de4446929cccdbb6ffd9bcfd3219e8", kill_on_drop: false }`
[INFO] [stderr] warning: virtual workspace defaulting to `resolver = "1"` despite one or more workspace members being on edition 2021 which implies `resolver = "2"`
[INFO] [stderr] note: to keep the current resolver, specify `workspace.resolver = "1"` in the workspace root's manifest
[INFO] [stderr] note: to use the edition 2021 resolver, specify `workspace.resolver = "2"` in the workspace root's manifest
[INFO] [stderr] note: for more details see https://doc.rust-lang.org/cargo/reference/resolver.html#resolver-versions
[INFO] [stdout] warning: unused import: `std::process::Output`
[INFO] [stdout]  --> virtual_machine/src/vm.rs:1:5
[INFO] [stdout]   |
[INFO] [stdout] 1 | use std::process::Output;
[INFO] [stdout]   |     ^^^^^^^^^^^^^^^^^^^^
[INFO] [stdout]   |
[INFO] [stdout]   = note: `#[warn(unused_imports)]` on by default
[INFO] [stdout] 
[INFO] [stdout] 
[INFO] [stdout] warning: unused import: `ByteOps`
[INFO] [stdout]  --> virtual_machine/src/vm.rs:3:34
[INFO] [stdout]   |
[INFO] [stdout] 3 | use crate::instruction::{OpCode, ByteOps};
[INFO] [stdout]   |                                  ^^^^^^^
[INFO] [stdout] 
[INFO] [stdout] 
[INFO] [stdout] warning: unused import: `virtual_machine::instruction::OpCode`
[INFO] [stdout]  --> compiler/src/token.rs:1:5
[INFO] [stdout]   |
[INFO] [stdout] 1 | use virtual_machine::instruction::OpCode;
[INFO] [stdout]   |     ^^^^^^^^^^^^^^^^^^^^^^^^^^^^^^^^^^^^
[INFO] [stdout]   |
[INFO] [stdout]   = note: `#[warn(unused_imports)]` on by default
[INFO] [stdout] 
[INFO] [stdout] 
[INFO] [stdout] warning: unused imports: `fmt::Error` and `process::Output`
[INFO] [stdout]  --> compiler/src/lexer.rs:1:11
[INFO] [stdout]   |
[INFO] [stdout] 1 | use std::{fmt::Error, process::Output};
[INFO] [stdout]   |           ^^^^^^^^^^  ^^^^^^^^^^^^^^^
[INFO] [stdout] 
[INFO] [stdout] 
[INFO] [stdout] warning: unused import: `core::num`
[INFO] [stdout]  --> compiler/src/parser.rs:1:5
[INFO] [stdout]   |
[INFO] [stdout] 1 | use core::num;
[INFO] [stdout]   |     ^^^^^^^^^
[INFO] [stdout] 
[INFO] [stdout] 
[INFO] [stdout] warning: unused imports: `Error`, `convert::TryInto`, `format`, and `thread::current`
[INFO] [stdout]  --> compiler/src/parser.rs:2:17
[INFO] [stdout]   |
[INFO] [stdout] 2 | use std::{fmt::{Error, format}, collections::HashMap, convert::TryInto, thread::current};
[INFO] [stdout]   |                 ^^^^^  ^^^^^^                         ^^^^^^^^^^^^^^^^  ^^^^^^^^^^^^^^^
[INFO] [stdout] 
[INFO] [stdout] 
[INFO] [stdout] warning: unused imports: `fmt::Error` and `process::Output`
[INFO] [stdout]  --> compiler/src/generator.rs:3:11
[INFO] [stdout]   |
[INFO] [stdout] 3 | use std::{fmt::Error, process::Output};
[INFO] [stdout]   |           ^^^^^^^^^^  ^^^^^^^^^^^^^^^
[INFO] [stdout] 
[INFO] [stdout] 
[INFO] [stdout] warning: unreachable pattern
[INFO] [stdout]   --> compiler/src/parser.rs:49:17
[INFO] [stdout]    |
[INFO] [stdout] 49 |                 _ => ()
[INFO] [stdout]    |                 ^ no value can reach this
[INFO] [stdout]    |
[INFO] [stdout] note: multiple earlier patterns match some of the same values
[INFO] [stdout]   --> compiler/src/parser.rs:49:17
[INFO] [stdout]    |
[INFO] [stdout] 33 |                 Token::Func(name) => {
[INFO] [stdout]    |                 ----------------- matches some of the same values
[INFO] [stdout] ...
[INFO] [stdout] 38 |                 Token::NumU(_) | Token::NumI(_) | Token::NumF(_) => {
[INFO] [stdout]    |                 ------------------------------------------------ matches some of the same values
[INFO] [stdout] ...
[INFO] [stdout] 42 |                 Token::OpCode(s) => {
[INFO] [stdout]    |                 ---------------- matches some of the same values
[INFO] [stdout] ...
[INFO] [stdout] 49 |                 _ => ()
[INFO] [stdout]    |                 ^ collectively making this unreachable
[INFO] [stdout]    = note: `#[warn(unreachable_patterns)]` on by default
[INFO] [stdout] 
[INFO] [stdout] 
[INFO] [stdout] warning: unused variable: `f`
[INFO] [stdout]   --> compiler/src/generator.rs:33:29
[INFO] [stdout]    |
[INFO] [stdout] 33 |                 Token::Func(f) => unimplemented!(),
[INFO] [stdout]    |                             ^ help: if this is intentional, prefix it with an underscore: `_f`
[INFO] [stdout]    |
[INFO] [stdout]    = note: `#[warn(unused_variables)]` on by default
[INFO] [stdout] 
[INFO] [stdout] 
[INFO] [stderr]    Compiling interface v0.1.0 (/opt/rustwide/workdir/interface)
[INFO] [stderr]    Compiling compiler v0.1.0 (/opt/rustwide/workdir/compiler)
[INFO] [stderr]    Compiling virtual_machine v0.1.0 (/opt/rustwide/workdir/virtual_machine)
[INFO] [stdout] warning: unused import: `virtual_machine::instruction::OpCode`
[INFO] [stdout]  --> compiler/src/token.rs:1:5
[INFO] [stdout]   |
[INFO] [stdout] 1 | use virtual_machine::instruction::OpCode;
[INFO] [stdout]   |     ^^^^^^^^^^^^^^^^^^^^^^^^^^^^^^^^^^^^
[INFO] [stdout]   |
[INFO] [stdout]   = note: `#[warn(unused_imports)]` on by default
[INFO] [stdout] 
[INFO] [stdout] 
[INFO] [stdout] warning: unused imports: `fmt::Error` and `process::Output`
[INFO] [stdout]  --> compiler/src/lexer.rs:1:11
[INFO] [stdout]   |
[INFO] [stdout] 1 | use std::{fmt::Error, process::Output};
[INFO] [stdout]   |           ^^^^^^^^^^  ^^^^^^^^^^^^^^^
[INFO] [stdout] 
[INFO] [stdout] 
[INFO] [stdout] warning: unused import: `core::num`
[INFO] [stdout]  --> compiler/src/parser.rs:1:5
[INFO] [stdout]   |
[INFO] [stdout] 1 | use core::num;
[INFO] [stdout]   |     ^^^^^^^^^
[INFO] [stdout] 
[INFO] [stdout] 
[INFO] [stdout] warning: unused imports: `Error`, `convert::TryInto`, `format`, and `thread::current`
[INFO] [stdout]  --> compiler/src/parser.rs:2:17
[INFO] [stdout]   |
[INFO] [stdout] 2 | use std::{fmt::{Error, format}, collections::HashMap, convert::TryInto, thread::current};
[INFO] [stdout]   |                 ^^^^^  ^^^^^^                         ^^^^^^^^^^^^^^^^  ^^^^^^^^^^^^^^^
[INFO] [stdout] 
[INFO] [stdout] 
[INFO] [stdout] warning: unused imports: `fmt::Error` and `process::Output`
[INFO] [stdout]  --> compiler/src/generator.rs:3:11
[INFO] [stdout]   |
[INFO] [stdout] 3 | use std::{fmt::Error, process::Output};
[INFO] [stdout]   |           ^^^^^^^^^^  ^^^^^^^^^^^^^^^
[INFO] [stdout] 
[INFO] [stdout] 
[INFO] [stdout] warning: unused import: `std::process::Output`
[INFO] [stdout]  --> virtual_machine/src/vm.rs:1:5
[INFO] [stdout]   |
[INFO] [stdout] 1 | use std::process::Output;
[INFO] [stdout]   |     ^^^^^^^^^^^^^^^^^^^^
[INFO] [stdout]   |
[INFO] [stdout]   = note: `#[warn(unused_imports)]` on by default
[INFO] [stdout] 
[INFO] [stdout] 
[INFO] [stdout] warning: unused import: `ByteOps`
[INFO] [stdout]  --> virtual_machine/src/vm.rs:3:34
[INFO] [stdout]   |
[INFO] [stdout] 3 | use crate::instruction::{OpCode, ByteOps};
[INFO] [stdout]   |                                  ^^^^^^^
[INFO] [stdout] 
[INFO] [stdout] 
[INFO] [stdout] warning: unreachable pattern
[INFO] [stdout]   --> compiler/src/parser.rs:49:17
[INFO] [stdout]    |
[INFO] [stdout] 49 |                 _ => ()
[INFO] [stdout]    |                 ^ no value can reach this
[INFO] [stdout]    |
[INFO] [stdout] note: multiple earlier patterns match some of the same values
[INFO] [stdout]   --> compiler/src/parser.rs:49:17
[INFO] [stdout]    |
[INFO] [stdout] 33 |                 Token::Func(name) => {
[INFO] [stdout]    |                 ----------------- matches some of the same values
[INFO] [stdout] ...
[INFO] [stdout] 38 |                 Token::NumU(_) | Token::NumI(_) | Token::NumF(_) => {
[INFO] [stdout]    |                 ------------------------------------------------ matches some of the same values
[INFO] [stdout] ...
[INFO] [stdout] 42 |                 Token::OpCode(s) => {
[INFO] [stdout]    |                 ---------------- matches some of the same values
[INFO] [stdout] ...
[INFO] [stdout] 49 |                 _ => ()
[INFO] [stdout]    |                 ^ collectively making this unreachable
[INFO] [stdout]    = note: `#[warn(unreachable_patterns)]` on by default
[INFO] [stdout] 
[INFO] [stdout] 
[INFO] [stdout] warning: unused variable: `f`
[INFO] [stdout]   --> compiler/src/generator.rs:33:29
[INFO] [stdout]    |
[INFO] [stdout] 33 |                 Token::Func(f) => unimplemented!(),
[INFO] [stdout]    |                             ^ help: if this is intentional, prefix it with an underscore: `_f`
[INFO] [stdout]    |
[INFO] [stdout]    = note: `#[warn(unused_variables)]` on by default
[INFO] [stdout] 
[INFO] [stdout] 
[INFO] [stdout] warning: variable does not need to be mutable
[INFO] [stdout]   --> compiler/src/lib.rs:51:13
[INFO] [stdout]    |
[INFO] [stdout] 51 | ...   let mut binary_code: Vec<u8> = [HEADER.to_vec(), [2, 0, 0, 0, 0, 0, 0 ,0 ,3, 2, 192, 0, 204, 204, 204, 204, 204, 205, 12].to_vec()]...
[INFO] [stdout]    |           ----^^^^^^^^^^^
[INFO] [stdout]    |           |
[INFO] [stdout]    |           help: remove this `mut`
[INFO] [stdout]    |
[INFO] [stdout]    = note: `#[warn(unused_mut)]` on by default
[INFO] [stdout] 
[INFO] [stdout] 
[INFO] [stdout] warning: unused variable: `program`
[INFO] [stdout]    --> virtual_machine/src/lib.rs:175:13
[INFO] [stdout]     |
[INFO] [stdout] 175 |         let program = [HEADER.to_vec(), vec![
[INFO] [stdout]     |             ^^^^^^^ help: if this is intentional, prefix it with an underscore: `_program`
[INFO] [stdout]     |
[INFO] [stdout]     = note: `#[warn(unused_variables)]` on by default
[INFO] [stdout] 
[INFO] [stdout] 
[INFO] [stdout] warning: function `neg_jump` is never used
[INFO] [stdout]    --> virtual_machine/src/lib.rs:174:8
[INFO] [stdout]     |
[INFO] [stdout] 174 |     fn neg_jump() {
[INFO] [stdout]     |        ^^^^^^^^
[INFO] [stdout]     |
[INFO] [stdout]     = note: `#[warn(dead_code)]` on by default
[INFO] [stdout] 
[INFO] [stdout] 
[INFO] [stderr]     Finished `test` profile [unoptimized + debuginfo] target(s) in 1.04s
[INFO] running `Command { std: "docker" "inspect" "8c593840ac1921ccd10ac8cd5677ad5fd3de4446929cccdbb6ffd9bcfd3219e8", kill_on_drop: false }`
[INFO] running `Command { std: "docker" "rm" "-f" "8c593840ac1921ccd10ac8cd5677ad5fd3de4446929cccdbb6ffd9bcfd3219e8", kill_on_drop: false }`
[INFO] [stdout] 8c593840ac1921ccd10ac8cd5677ad5fd3de4446929cccdbb6ffd9bcfd3219e8
[INFO] running `Command { std: "docker" "create" "-v" "/var/lib/crater-agent-workspace/builds/worker-5-tc1/target:/opt/rustwide/target:rw,Z" "-v" "/var/lib/crater-agent-workspace/builds/worker-5-tc1/source:/opt/rustwide/workdir:ro,Z" "-v" "/var/lib/crater-agent-workspace/cargo-home:/opt/rustwide/cargo-home:ro,Z" "-v" "/var/lib/crater-agent-workspace/rustup-home:/opt/rustwide/rustup-home:ro,Z" "-e" "SOURCE_DIR=/opt/rustwide/workdir" "-e" "CARGO_TARGET_DIR=/opt/rustwide/target" "-e" "CARGO_INCREMENTAL=0" "-e" "RUST_BACKTRACE=full" "-e" "RUSTFLAGS=--cap-lints=forbid" "-e" "RUSTDOCFLAGS=--cap-lints=forbid" "-e" "CARGO_HOME=/opt/rustwide/cargo-home" "-e" "RUSTUP_HOME=/opt/rustwide/rustup-home" "-w" "/opt/rustwide/workdir" "-m" "1610612736" "--user" "0:0" "--network" "none" "ghcr.io/rust-lang/crates-build-env/linux@sha256:819108c5571ea2e421544af4d832f968d213c87fbe3707a016657f43d2f853bc" "/opt/rustwide/cargo-home/bin/cargo" "+nightly-2025-01-18" "test" "--frozen", kill_on_drop: false }`
[INFO] [stdout] 401bcbb0a005892ee7f5be150f1127a694d89eb5a261882df3cdf685059591e3
[INFO] running `Command { std: "docker" "start" "-a" "401bcbb0a005892ee7f5be150f1127a694d89eb5a261882df3cdf685059591e3", kill_on_drop: false }`
[INFO] [stderr] warning: virtual workspace defaulting to `resolver = "1"` despite one or more workspace members being on edition 2021 which implies `resolver = "2"`
[INFO] [stderr] note: to keep the current resolver, specify `workspace.resolver = "1"` in the workspace root's manifest
[INFO] [stderr] note: to use the edition 2021 resolver, specify `workspace.resolver = "2"` in the workspace root's manifest
[INFO] [stderr] note: for more details see https://doc.rust-lang.org/cargo/reference/resolver.html#resolver-versions
[INFO] [stderr] warning: unused import: `std::process::Output`
[INFO] [stderr]  --> virtual_machine/src/vm.rs:1:5
[INFO] [stderr]   |
[INFO] [stderr] 1 | use std::process::Output;
[INFO] [stderr]   |     ^^^^^^^^^^^^^^^^^^^^
[INFO] [stderr]   |
[INFO] [stderr]   = note: `#[warn(unused_imports)]` on by default
[INFO] [stderr] 
[INFO] [stderr] warning: unused import: `ByteOps`
[INFO] [stderr]  --> virtual_machine/src/vm.rs:3:34
[INFO] [stderr]   |
[INFO] [stderr] 3 | use crate::instruction::{OpCode, ByteOps};
[INFO] [stderr]   |                                  ^^^^^^^
[INFO] [stderr] 
[INFO] [stderr] warning: `virtual_machine` (lib) generated 2 warnings (run `cargo fix --lib -p virtual_machine` to apply 2 suggestions)
[INFO] [stderr] warning: unused import: `virtual_machine::instruction::OpCode`
[INFO] [stderr]  --> compiler/src/token.rs:1:5
[INFO] [stderr]   |
[INFO] [stderr] 1 | use virtual_machine::instruction::OpCode;
[INFO] [stderr]   |     ^^^^^^^^^^^^^^^^^^^^^^^^^^^^^^^^^^^^
[INFO] [stderr]   |
[INFO] [stderr]   = note: `#[warn(unused_imports)]` on by default
[INFO] [stderr] 
[INFO] [stderr] warning: unused imports: `fmt::Error` and `process::Output`
[INFO] [stderr]  --> compiler/src/lexer.rs:1:11
[INFO] [stderr]   |
[INFO] [stderr] 1 | use std::{fmt::Error, process::Output};
[INFO] [stderr]   |           ^^^^^^^^^^  ^^^^^^^^^^^^^^^
[INFO] [stderr] 
[INFO] [stderr] warning: unused import: `core::num`
[INFO] [stderr]  --> compiler/src/parser.rs:1:5
[INFO] [stderr]   |
[INFO] [stderr] 1 | use core::num;
[INFO] [stderr]   |     ^^^^^^^^^
[INFO] [stderr] 
[INFO] [stderr] warning: unused imports: `Error`, `convert::TryInto`, `format`, and `thread::current`
[INFO] [stderr]  --> compiler/src/parser.rs:2:17
[INFO] [stderr]   |
[INFO] [stderr] 2 | use std::{fmt::{Error, format}, collections::HashMap, convert::TryInto, thread::current};
[INFO] [stderr]   |                 ^^^^^  ^^^^^^                         ^^^^^^^^^^^^^^^^  ^^^^^^^^^^^^^^^
[INFO] [stderr] 
[INFO] [stderr] warning: unused imports: `fmt::Error` and `process::Output`
[INFO] [stderr]  --> compiler/src/generator.rs:3:11
[INFO] [stderr]   |
[INFO] [stderr] 3 | use std::{fmt::Error, process::Output};
[INFO] [stderr]   |           ^^^^^^^^^^  ^^^^^^^^^^^^^^^
[INFO] [stderr] 
[INFO] [stderr] warning: unreachable pattern
[INFO] [stderr]   --> compiler/src/parser.rs:49:17
[INFO] [stderr]    |
[INFO] [stderr] 49 |                 _ => ()
[INFO] [stderr]    |                 ^ no value can reach this
[INFO] [stderr]    |
[INFO] [stderr] note: multiple earlier patterns match some of the same values
[INFO] [stderr]   --> compiler/src/parser.rs:49:17
[INFO] [stderr]    |
[INFO] [stderr] 33 |                 Token::Func(name) => {
[INFO] [stderr]    |                 ----------------- matches some of the same values
[INFO] [stderr] ...
[INFO] [stderr] 38 |                 Token::NumU(_) | Token::NumI(_) | Token::NumF(_) => {
[INFO] [stderr]    |                 ------------------------------------------------ matches some of the same values
[INFO] [stderr] ...
[INFO] [stderr] 42 |                 Token::OpCode(s) => {
[INFO] [stderr]    |                 ---------------- matches some of the same values
[INFO] [stderr] ...
[INFO] [stderr] 49 |                 _ => ()
[INFO] [stderr]    |                 ^ collectively making this unreachable
[INFO] [stderr]    = note: `#[warn(unreachable_patterns)]` on by default
[INFO] [stderr] 
[INFO] [stderr] warning: unused variable: `f`
[INFO] [stderr]   --> compiler/src/generator.rs:33:29
[INFO] [stderr]    |
[INFO] [stderr] 33 |                 Token::Func(f) => unimplemented!(),
[INFO] [stderr]    |                             ^ help: if this is intentional, prefix it with an underscore: `_f`
[INFO] [stderr]    |
[INFO] [stderr]    = note: `#[warn(unused_variables)]` on by default
[INFO] [stderr] 
[INFO] [stderr] warning: variable does not need to be mutable
[INFO] [stderr]   --> compiler/src/lib.rs:51:13
[INFO] [stderr]    |
[INFO] [stderr] 51 | ...   let mut binary_code: Vec<u8> = [HEADER.to_vec(), [2, 0, 0, 0, 0, 0, 0 ,0 ,3, 2, 192, 0, 204, 204, 204, 204, 204, 205, 12].to_vec()]...
[INFO] [stderr]    |           ----^^^^^^^^^^^
[INFO] [stderr]    |           |
[INFO] [stderr]    |           help: remove this `mut`
[INFO] [stderr]    |
[INFO] [stderr]    = note: `#[warn(unused_mut)]` on by default
[INFO] [stderr] 
[INFO] [stderr] warning: `compiler` (lib) generated 7 warnings (run `cargo fix --lib -p compiler` to apply 5 suggestions)
[INFO] [stderr] warning: `compiler` (lib test) generated 8 warnings (7 duplicates) (run `cargo fix --lib -p compiler --tests` to apply 1 suggestion)
[INFO] [stderr] warning: unused variable: `program`
[INFO] [stderr]    --> virtual_machine/src/lib.rs:175:13
[INFO] [stderr]     |
[INFO] [stderr] 175 |         let program = [HEADER.to_vec(), vec![
[INFO] [stderr]     |             ^^^^^^^ help: if this is intentional, prefix it with an underscore: `_program`
[INFO] [stderr]     |
[INFO] [stderr]     = note: `#[warn(unused_variables)]` on by default
[INFO] [stderr] 
[INFO] [stderr] warning: function `neg_jump` is never used
[INFO] [stderr]    --> virtual_machine/src/lib.rs:174:8
[INFO] [stderr]     |
[INFO] [stderr] 174 |     fn neg_jump() {
[INFO] [stderr]     |        ^^^^^^^^
[INFO] [stderr]     |
[INFO] [stderr]     = note: `#[warn(dead_code)]` on by default
[INFO] [stderr] 
[INFO] [stderr] warning: `virtual_machine` (lib test) generated 4 warnings (2 duplicates)
[INFO] [stderr]     Finished `test` profile [unoptimized + debuginfo] target(s) in 0.01s
[INFO] [stderr]      Running unittests src/lib.rs (/opt/rustwide/target/debug/deps/compiler-941f7d6d1ad82591)
[INFO] [stdout] 
[INFO] [stdout] running 8 tests
[INFO] [stdout] test compiler_tests::basic_generating ... ok
[INFO] [stdout] test compiler_tests::basic_lexing ... ok
[INFO] [stdout] test compiler_tests::basic_parsing ... ok
[INFO] [stdout] test compiler_tests::lex_func ... ok
[INFO] [stdout] test compiler_tests::basic_compiling ... FAILED
[INFO] [stdout] test compiler_tests::compile_func1 ... FAILED
[INFO] [stdout] test compiler_tests::compile_func2 ... FAILED
[INFO] [stdout] test compiler_tests::parse_func ... FAILED
[INFO] [stdout] 
[INFO] [stdout] failures:
[INFO] [stdout] 
[INFO] [stdout] ---- compiler_tests::basic_compiling stdout ----
[INFO] [stdout] UT: [OpCode("PUSH"), NumF(2.0), OpCode("PUSH"), NumF(2.5), OpCode("ADDF"), OpCode("PUSH"), NumF(5.0), OpCode("DIVF")]
[INFO] [stdout] 
[INFO] [stdout] 
[INFO] [stdout] PT: [OpCode("PUSH"), NumF(2.0), OpCode("PUSH"), NumF(2.5), OpCode("ADDF"), OpCode("PUSH"), NumF(5.0), OpCode("DIVF")]
[INFO] [stdout] 
[INFO] [stdout] Bin: [78, 97, 114, 105, 118, 97, 32, 69, 120, 101, 99, 117, 116, 97, 98, 108, 101, 2, 64, 0, 0, 0, 0, 0, 0, 0, 2, 64, 4, 0, 0, 0, 0, 0, 0, 12, 2, 64, 20, 0, 0, 0, 0, 0, 0, 15]
[INFO] [stdout] 
[INFO] [stdout] 
[INFO] [stdout] thread 'compiler_tests::basic_compiling' panicked at compiler/src/compiler.rs:37:58:
[INFO] [stdout] called `Result::unwrap()` on an `Err` value: Os { code: 30, kind: ReadOnlyFilesystem, message: "Read-only file system" }
[INFO] [stdout] stack backtrace:
[INFO] [stdout]    0:     0x597718f5d9fa - std::backtrace_rs::backtrace::libunwind::trace::hb059275cfc8d6126
[INFO] [stdout]                                at /rustc/6067b36314ab5eb2eb47cecc464545ba58e1ad24/library/std/src/../../backtrace/src/backtrace/libunwind.rs:116:5
[INFO] [stdout]    1:     0x597718f5d9fa - std::backtrace_rs::backtrace::trace_unsynchronized::h2da071e4327ce3ee
[INFO] [stdout]                                at /rustc/6067b36314ab5eb2eb47cecc464545ba58e1ad24/library/std/src/../../backtrace/src/backtrace/mod.rs:66:5
[INFO] [stdout]    2:     0x597718f5d9fa - std::sys::backtrace::_print_fmt::h842a1474e6f8d23f
[INFO] [stdout]                                at /rustc/6067b36314ab5eb2eb47cecc464545ba58e1ad24/library/std/src/sys/backtrace.rs:66:9
[INFO] [stdout]    3:     0x597718f5d9fa - <std::sys::backtrace::BacktraceLock::print::DisplayBacktrace as core::fmt::Display>::fmt::h71a62eb3b9696b12
[INFO] [stdout]                                at /rustc/6067b36314ab5eb2eb47cecc464545ba58e1ad24/library/std/src/sys/backtrace.rs:39:26
[INFO] [stdout]    4:     0x597718f86383 - core::fmt::rt::Argument::fmt::hdb6b616786b41dc1
[INFO] [stdout]                                at /rustc/6067b36314ab5eb2eb47cecc464545ba58e1ad24/library/core/src/fmt/rt.rs:177:76
[INFO] [stdout]    5:     0x597718f86383 - core::fmt::write::h2cc1698af7e2d686
[INFO] [stdout]                                at /rustc/6067b36314ab5eb2eb47cecc464545ba58e1ad24/library/core/src/fmt/mod.rs:1440:21
[INFO] [stdout]    6:     0x597718f5a553 - std::io::Write::write_fmt::hab1b4cd059a79022
[INFO] [stdout]                                at /rustc/6067b36314ab5eb2eb47cecc464545ba58e1ad24/library/std/src/io/mod.rs:1887:15
[INFO] [stdout]    7:     0x597718f5d842 - std::sys::backtrace::BacktraceLock::print::h147fe35b4ea13b08
[INFO] [stdout]                                at /rustc/6067b36314ab5eb2eb47cecc464545ba58e1ad24/library/std/src/sys/backtrace.rs:42:9
[INFO] [stdout]    8:     0x597718f5ee1f - std::panicking::default_hook::{{closure}}::hbd44223dbdc0d208
[INFO] [stdout]                                at /rustc/6067b36314ab5eb2eb47cecc464545ba58e1ad24/library/std/src/panicking.rs:298:22
[INFO] [stdout]    9:     0x597718f5ec38 - std::panicking::default_hook::h20f81eb0576efcec
[INFO] [stdout]                                at /rustc/6067b36314ab5eb2eb47cecc464545ba58e1ad24/library/std/src/panicking.rs:322:9
[INFO] [stdout]   10:     0x597718f26653 - <alloc::boxed::Box<F,A> as core::ops::function::Fn<Args>>::call::hdb53814c496a4d34
[INFO] [stdout]                                at /rustc/6067b36314ab5eb2eb47cecc464545ba58e1ad24/library/alloc/src/boxed.rs:2027:9
[INFO] [stdout]   11:     0x597718f26653 - test::test_main::{{closure}}::hc0a4963c59427c24
[INFO] [stdout]                                at /rustc/6067b36314ab5eb2eb47cecc464545ba58e1ad24/library/test/src/lib.rs:134:21
[INFO] [stdout]   12:     0x597718f5f913 - <alloc::boxed::Box<F,A> as core::ops::function::Fn<Args>>::call::h591b2225413a77e9
[INFO] [stdout]                                at /rustc/6067b36314ab5eb2eb47cecc464545ba58e1ad24/library/alloc/src/boxed.rs:2027:9
[INFO] [stdout]   13:     0x597718f5f913 - std::panicking::rust_panic_with_hook::h625eea43051b2edc
[INFO] [stdout]                                at /rustc/6067b36314ab5eb2eb47cecc464545ba58e1ad24/library/std/src/panicking.rs:839:13
[INFO] [stdout]   14:     0x597718f5f5ca - std::panicking::begin_panic_handler::{{closure}}::h4f9159cfbc3f6bd3
[INFO] [stdout]                                at /rustc/6067b36314ab5eb2eb47cecc464545ba58e1ad24/library/std/src/panicking.rs:704:13
[INFO] [stdout]   15:     0x597718f5def9 - std::sys::backtrace::__rust_end_short_backtrace::h0390abce48353151
[INFO] [stdout]                                at /rustc/6067b36314ab5eb2eb47cecc464545ba58e1ad24/library/std/src/sys/backtrace.rs:168:18
[INFO] [stdout]   16:     0x597718f5f25d - rust_begin_unwind
[INFO] [stdout]                                at /rustc/6067b36314ab5eb2eb47cecc464545ba58e1ad24/library/std/src/panicking.rs:695:5
[INFO] [stdout]   17:     0x597718f849e0 - core::panicking::panic_fmt::h9e7c637e9e5f29c9
[INFO] [stdout]                                at /rustc/6067b36314ab5eb2eb47cecc464545ba58e1ad24/library/core/src/panicking.rs:75:14
[INFO] [stdout]   18:     0x597718f84e26 - core::result::unwrap_failed::h7979f09313fe1849
[INFO] [stdout]                                at /rustc/6067b36314ab5eb2eb47cecc464545ba58e1ad24/library/core/src/result.rs:1704:5
[INFO] [stdout]   19:     0x597718ee7580 - core::result::Result<T,E>::unwrap::hd70ddc6ab0a700bb
[INFO] [stdout]                                at /rustc/6067b36314ab5eb2eb47cecc464545ba58e1ad24/library/core/src/result.rs:1109:23
[INFO] [stdout]   20:     0x597718ee7580 - compiler::compiler::Compiler::compile::h065cc9db27ef94c6
[INFO] [stdout]                                at /opt/rustwide/workdir/compiler/src/compiler.rs:37:24
[INFO] [stdout]   21:     0x597718ee2ac5 - compiler::compiler_tests::basic_compiling::h2feab74e6c301b55
[INFO] [stdout]                                at /opt/rustwide/workdir/compiler/src/lib.rs:71:28
[INFO] [stdout]   22:     0x597718ee2a37 - compiler::compiler_tests::basic_compiling::{{closure}}::h855521a0021bc0af
[INFO] [stdout]                                at /opt/rustwide/workdir/compiler/src/lib.rs:61:25
[INFO] [stdout]   23:     0x597718ee4836 - core::ops::function::FnOnce::call_once::h9da92c6831b5050d
[INFO] [stdout]                                at /rustc/6067b36314ab5eb2eb47cecc464545ba58e1ad24/library/core/src/ops/function.rs:250:5
[INFO] [stdout]   24:     0x597718f2bdab - core::ops::function::FnOnce::call_once::he27718dfdd183f43
[INFO] [stdout]                                at /rustc/6067b36314ab5eb2eb47cecc464545ba58e1ad24/library/core/src/ops/function.rs:250:5
[INFO] [stdout]   25:     0x597718f2bdab - test::__rust_begin_short_backtrace::h4e84902998457a5d
[INFO] [stdout]                                at /rustc/6067b36314ab5eb2eb47cecc464545ba58e1ad24/library/test/src/lib.rs:632:18
[INFO] [stdout]   26:     0x597718f2ace3 - test::run_test_in_process::{{closure}}::h7176fd18fc1feca0
[INFO] [stdout]                                at /rustc/6067b36314ab5eb2eb47cecc464545ba58e1ad24/library/test/src/lib.rs:655:60
[INFO] [stdout]   27:     0x597718f2ace3 - <core::panic::unwind_safe::AssertUnwindSafe<F> as core::ops::function::FnOnce<()>>::call_once::hf79cff2a624d8cf7
[INFO] [stdout]                                at /rustc/6067b36314ab5eb2eb47cecc464545ba58e1ad24/library/core/src/panic/unwind_safe.rs:272:9
[INFO] [stdout]   28:     0x597718f2ace3 - std::panicking::try::do_call::h3da0561d9ab99c25
[INFO] [stdout]                                at /rustc/6067b36314ab5eb2eb47cecc464545ba58e1ad24/library/std/src/panicking.rs:587:40
[INFO] [stdout]   29:     0x597718f2ace3 - std::panicking::try::h41c9fa508bc61df6
[INFO] [stdout]                                at /rustc/6067b36314ab5eb2eb47cecc464545ba58e1ad24/library/std/src/panicking.rs:550:19
[INFO] [stdout]   30:     0x597718f2ace3 - std::panic::catch_unwind::h6b3ff07bb5afad93
[INFO] [stdout]                                at /rustc/6067b36314ab5eb2eb47cecc464545ba58e1ad24/library/std/src/panic.rs:358:14
[INFO] [stdout]   31:     0x597718f2ace3 - test::run_test_in_process::hc7253dd11b39b9f4
[INFO] [stdout]                                at /rustc/6067b36314ab5eb2eb47cecc464545ba58e1ad24/library/test/src/lib.rs:655:27
[INFO] [stdout]   32:     0x597718f2ace3 - test::run_test::{{closure}}::hfb2007f8649c30bb
[INFO] [stdout]                                at /rustc/6067b36314ab5eb2eb47cecc464545ba58e1ad24/library/test/src/lib.rs:576:43
[INFO] [stdout]   33:     0x597718eeddc5 - test::run_test::{{closure}}::h56a17aa7a282a9f4
[INFO] [stdout]                                at /rustc/6067b36314ab5eb2eb47cecc464545ba58e1ad24/library/test/src/lib.rs:606:41
[INFO] [stdout]   34:     0x597718eeddc5 - std::sys::backtrace::__rust_begin_short_backtrace::hd2d2d2fb8e8c6aac
[INFO] [stdout]                                at /rustc/6067b36314ab5eb2eb47cecc464545ba58e1ad24/library/std/src/sys/backtrace.rs:152:18
[INFO] [stdout]   35:     0x597718ef16aa - std::thread::Builder::spawn_unchecked_::{{closure}}::{{closure}}::h4faa3f9db6133423
[INFO] [stdout]                                at /rustc/6067b36314ab5eb2eb47cecc464545ba58e1ad24/library/std/src/thread/mod.rs:559:17
[INFO] [stdout]   36:     0x597718ef16aa - <core::panic::unwind_safe::AssertUnwindSafe<F> as core::ops::function::FnOnce<()>>::call_once::hf2e855a36a4ea846
[INFO] [stdout]                                at /rustc/6067b36314ab5eb2eb47cecc464545ba58e1ad24/library/core/src/panic/unwind_safe.rs:272:9
[INFO] [stdout]   37:     0x597718ef16aa - std::panicking::try::do_call::h2f73af3616c35465
[INFO] [stdout]                                at /rustc/6067b36314ab5eb2eb47cecc464545ba58e1ad24/library/std/src/panicking.rs:587:40
[INFO] [stdout]   38:     0x597718ef16aa - std::panicking::try::hd1660ce9efadef5a
[INFO] [stdout]                                at /rustc/6067b36314ab5eb2eb47cecc464545ba58e1ad24/library/std/src/panicking.rs:550:19
[INFO] [stdout]   39:     0x597718ef16aa - std::panic::catch_unwind::h5ee8d7823b8ca744
[INFO] [stdout]                                at /rustc/6067b36314ab5eb2eb47cecc464545ba58e1ad24/library/std/src/panic.rs:358:14
[INFO] [stdout]   40:     0x597718ef16aa - std::thread::Builder::spawn_unchecked_::{{closure}}::h53c3a1894dce8407
[INFO] [stdout]                                at /rustc/6067b36314ab5eb2eb47cecc464545ba58e1ad24/library/std/src/thread/mod.rs:557:30
[INFO] [stdout]   41:     0x597718ef16aa - core::ops::function::FnOnce::call_once{{vtable.shim}}::h048ce291ad4f62bf
[INFO] [stdout]                                at /rustc/6067b36314ab5eb2eb47cecc464545ba58e1ad24/library/core/src/ops/function.rs:250:5
[INFO] [stdout]   42:     0x597718f6385b - <alloc::boxed::Box<F,A> as core::ops::function::FnOnce<Args>>::call_once::ha52bedf99a3b4981
[INFO] [stdout]                                at /rustc/6067b36314ab5eb2eb47cecc464545ba58e1ad24/library/alloc/src/boxed.rs:2013:9
[INFO] [stdout]   43:     0x597718f6385b - <alloc::boxed::Box<F,A> as core::ops::function::FnOnce<Args>>::call_once::h567748934d80ccf8
[INFO] [stdout]                                at /rustc/6067b36314ab5eb2eb47cecc464545ba58e1ad24/library/alloc/src/boxed.rs:2013:9
[INFO] [stdout]   44:     0x597718f6385b - std::sys::pal::unix::thread::Thread::new::thread_start::h2d970728ae887adc
[INFO] [stdout]                                at /rustc/6067b36314ab5eb2eb47cecc464545ba58e1ad24/library/std/src/sys/pal/unix/thread.rs:106:17
[INFO] [stdout]   45:     0x7bccbdda4ac3 - <unknown>
[INFO] [stdout]   46:     0x7bccbde35a04 - clone
[INFO] [stdout]   47:                0x0 - <unknown>
[INFO] [stdout] 
[INFO] [stdout] ---- compiler_tests::compile_func1 stdout ----
[INFO] [stdout] UT: [OpCode("PUSH"), NumU(30), OpCode("DUPLI"), OpCode("CALL"), OpCode("fizz"), OpCode("CALL"), OpCode("buzz"), OpCode("HALT"), Func("fizz"), OpCode("PUSH"), NumU(5), OpCode("MODU"), OpCode("PUSH"), NumU(0), OpCode("CMP"), NumU(0), OpCode("JNE"), NumU(3), OpCode("PUSH"), NumU(70), OpCode("PRINT"), NumU(3), OpCode("RETURN"), Func("buzz"), OpCode("PUSH"), NumU(3), OpCode("MODU"), OpCode("PUSH"), NumU(0), OpCode("CMP"), NumU(0), OpCode("JNE"), NumU(3), OpCode("PUSH"), NumU(66), OpCode("PRINT"), NumU(3), OpCode("RETURN")]
[INFO] [stdout] 
[INFO] [stdout] 
[INFO] [stdout] PT: [OpCode("PUSH"), NumU(30), OpCode("DUPLI"), OpCode("CALL"), NumU(45), OpCode("CALL"), NumU(101), OpCode("HALT"), OpCode("PUSH"), NumU(5), OpCode("MODU"), OpCode("PUSH"), NumU(0), OpCode("CMP"), NumU(0), OpCode("JNE"), NumU(27), OpCode("PUSH"), NumU(70), OpCode("PRINT"), NumU(3), OpCode("RETURN"), OpCode("PUSH"), NumU(3), OpCode("MODU"), OpCode("PUSH"), NumU(0), OpCode("CMP"), NumU(0), OpCode("JNE"), NumU(27), OpCode("PUSH"), NumU(66), OpCode("PRINT"), NumU(3), OpCode("RETURN")]
[INFO] [stdout] 
[INFO] [stdout] Bin: [78, 97, 114, 105, 118, 97, 32, 69, 120, 101, 99, 117, 116, 97, 98, 108, 101, 2, 0, 0, 0, 0, 0, 0, 0, 30, 33, 27, 0, 0, 0, 0, 0, 0, 0, 45, 27, 0, 0, 0, 0, 0, 0, 0, 101, 1, 2, 0, 0, 0, 0, 0, 0, 0, 5, 29, 2, 0, 0, 0, 0, 0, 0, 0, 0, 21, 0, 0, 0, 0, 0, 0, 0, 0, 24, 0, 0, 0, 0, 0, 0, 0, 27, 2, 0, 0, 0, 0, 0, 0, 0, 70, 32, 0, 0, 0, 0, 0, 0, 0, 3, 28, 2, 0, 0, 0, 0, 0, 0, 0, 3, 29, 2, 0, 0, 0, 0, 0, 0, 0, 0, 21, 0, 0, 0, 0, 0, 0, 0, 0, 24, 0, 0, 0, 0, 0, 0, 0, 27, 2, 0, 0, 0, 0, 0, 0, 0, 66, 32, 0, 0, 0, 0, 0, 0, 0, 3, 28]
[INFO] [stdout] 
[INFO] [stdout] 
[INFO] [stdout] thread 'compiler_tests::compile_func1' panicked at compiler/src/compiler.rs:37:58:
[INFO] [stdout] called `Result::unwrap()` on an `Err` value: Os { code: 30, kind: ReadOnlyFilesystem, message: "Read-only file system" }
[INFO] [stdout] stack backtrace:
[INFO] [stdout]    0:     0x597718f5d9fa - std::backtrace_rs::backtrace::libunwind::trace::hb059275cfc8d6126
[INFO] [stdout]                                at /rustc/6067b36314ab5eb2eb47cecc464545ba58e1ad24/library/std/src/../../backtrace/src/backtrace/libunwind.rs:116:5
[INFO] [stdout]    1:     0x597718f5d9fa - std::backtrace_rs::backtrace::trace_unsynchronized::h2da071e4327ce3ee
[INFO] [stdout]                                at /rustc/6067b36314ab5eb2eb47cecc464545ba58e1ad24/library/std/src/../../backtrace/src/backtrace/mod.rs:66:5
[INFO] [stdout]    2:     0x597718f5d9fa - std::sys::backtrace::_print_fmt::h842a1474e6f8d23f
[INFO] [stdout]                                at /rustc/6067b36314ab5eb2eb47cecc464545ba58e1ad24/library/std/src/sys/backtrace.rs:66:9
[INFO] [stdout]    3:     0x597718f5d9fa - <std::sys::backtrace::BacktraceLock::print::DisplayBacktrace as core::fmt::Display>::fmt::h71a62eb3b9696b12
[INFO] [stdout]                                at /rustc/6067b36314ab5eb2eb47cecc464545ba58e1ad24/library/std/src/sys/backtrace.rs:39:26
[INFO] [stdout]    4:     0x597718f86383 - core::fmt::rt::Argument::fmt::hdb6b616786b41dc1
[INFO] [stdout]                                at /rustc/6067b36314ab5eb2eb47cecc464545ba58e1ad24/library/core/src/fmt/rt.rs:177:76
[INFO] [stdout]    5:     0x597718f86383 - core::fmt::write::h2cc1698af7e2d686
[INFO] [stdout]                                at /rustc/6067b36314ab5eb2eb47cecc464545ba58e1ad24/library/core/src/fmt/mod.rs:1440:21
[INFO] [stdout]    6:     0x597718f5a553 - std::io::Write::write_fmt::hab1b4cd059a79022
[INFO] [stdout]                                at /rustc/6067b36314ab5eb2eb47cecc464545ba58e1ad24/library/std/src/io/mod.rs:1887:15
[INFO] [stdout]    7:     0x597718f5d842 - std::sys::backtrace::BacktraceLock::print::h147fe35b4ea13b08
[INFO] [stdout]                                at /rustc/6067b36314ab5eb2eb47cecc464545ba58e1ad24/library/std/src/sys/backtrace.rs:42:9
[INFO] [stdout]    8:     0x597718f5ee1f - std::panicking::default_hook::{{closure}}::hbd44223dbdc0d208
[INFO] [stdout]                                at /rustc/6067b36314ab5eb2eb47cecc464545ba58e1ad24/library/std/src/panicking.rs:298:22
[INFO] [stdout]    9:     0x597718f5ec38 - std::panicking::default_hook::h20f81eb0576efcec
[INFO] [stdout]                                at /rustc/6067b36314ab5eb2eb47cecc464545ba58e1ad24/library/std/src/panicking.rs:322:9
[INFO] [stdout]   10:     0x597718f26653 - <alloc::boxed::Box<F,A> as core::ops::function::Fn<Args>>::call::hdb53814c496a4d34
[INFO] [stdout]                                at /rustc/6067b36314ab5eb2eb47cecc464545ba58e1ad24/library/alloc/src/boxed.rs:2027:9
[INFO] [stdout]   11:     0x597718f26653 - test::test_main::{{closure}}::hc0a4963c59427c24
[INFO] [stdout]                                at /rustc/6067b36314ab5eb2eb47cecc464545ba58e1ad24/library/test/src/lib.rs:134:21
[INFO] [stdout]   12:     0x597718f5f913 - <alloc::boxed::Box<F,A> as core::ops::function::Fn<Args>>::call::h591b2225413a77e9
[INFO] [stdout]                                at /rustc/6067b36314ab5eb2eb47cecc464545ba58e1ad24/library/alloc/src/boxed.rs:2027:9
[INFO] [stdout]   13:     0x597718f5f913 - std::panicking::rust_panic_with_hook::h625eea43051b2edc
[INFO] [stdout]                                at /rustc/6067b36314ab5eb2eb47cecc464545ba58e1ad24/library/std/src/panicking.rs:839:13
[INFO] [stdout]   14:     0x597718f5f5ca - std::panicking::begin_panic_handler::{{closure}}::h4f9159cfbc3f6bd3
[INFO] [stdout]                                at /rustc/6067b36314ab5eb2eb47cecc464545ba58e1ad24/library/std/src/panicking.rs:704:13
[INFO] [stdout]   15:     0x597718f5def9 - std::sys::backtrace::__rust_end_short_backtrace::h0390abce48353151
[INFO] [stdout]                                at /rustc/6067b36314ab5eb2eb47cecc464545ba58e1ad24/library/std/src/sys/backtrace.rs:168:18
[INFO] [stdout]   16:     0x597718f5f25d - rust_begin_unwind
[INFO] [stdout]                                at /rustc/6067b36314ab5eb2eb47cecc464545ba58e1ad24/library/std/src/panicking.rs:695:5
[INFO] [stdout]   17:     0x597718f849e0 - core::panicking::panic_fmt::h9e7c637e9e5f29c9
[INFO] [stdout]                                at /rustc/6067b36314ab5eb2eb47cecc464545ba58e1ad24/library/core/src/panicking.rs:75:14
[INFO] [stdout]   18:     0x597718f84e26 - core::result::unwrap_failed::h7979f09313fe1849
[INFO] [stdout]                                at /rustc/6067b36314ab5eb2eb47cecc464545ba58e1ad24/library/core/src/result.rs:1704:5
[INFO] [stdout]   19:     0x597718ee7580 - core::result::Result<T,E>::unwrap::hd70ddc6ab0a700bb
[INFO] [stdout]                                at /rustc/6067b36314ab5eb2eb47cecc464545ba58e1ad24/library/core/src/result.rs:1109:23
[INFO] [stdout]   20:     0x597718ee7580 - compiler::compiler::Compiler::compile::h065cc9db27ef94c6
[INFO] [stdout]                                at /opt/rustwide/workdir/compiler/src/compiler.rs:37:24
[INFO] [stdout]   21:     0x597718ee3c65 - compiler::compiler_tests::compile_func1::h95afe2171cd136e6
[INFO] [stdout]                                at /opt/rustwide/workdir/compiler/src/lib.rs:133:28
[INFO] [stdout]   22:     0x597718ee3bd7 - compiler::compiler_tests::compile_func1::{{closure}}::h79ec51c44c1e4c89
[INFO] [stdout]                                at /opt/rustwide/workdir/compiler/src/lib.rs:102:23
[INFO] [stdout]   23:     0x597718ee4606 - core::ops::function::FnOnce::call_once::h57e518bc3adbe8d1
[INFO] [stdout]                                at /rustc/6067b36314ab5eb2eb47cecc464545ba58e1ad24/library/core/src/ops/function.rs:250:5
[INFO] [stdout]   24:     0x597718f2bdab - core::ops::function::FnOnce::call_once::he27718dfdd183f43
[INFO] [stdout]                                at /rustc/6067b36314ab5eb2eb47cecc464545ba58e1ad24/library/core/src/ops/function.rs:250:5
[INFO] [stdout]   25:     0x597718f2bdab - test::__rust_begin_short_backtrace::h4e84902998457a5d
[INFO] [stdout]                                at /rustc/6067b36314ab5eb2eb47cecc464545ba58e1ad24/library/test/src/lib.rs:632:18
[INFO] [stdout]   26:     0x597718f2ace3 - test::run_test_in_process::{{closure}}::h7176fd18fc1feca0
[INFO] [stdout]                                at /rustc/6067b36314ab5eb2eb47cecc464545ba58e1ad24/library/test/src/lib.rs:655:60
[INFO] [stdout]   27:     0x597718f2ace3 - <core::panic::unwind_safe::AssertUnwindSafe<F> as core::ops::function::FnOnce<()>>::call_once::hf79cff2a624d8cf7
[INFO] [stdout]                                at /rustc/6067b36314ab5eb2eb47cecc464545ba58e1ad24/library/core/src/panic/unwind_safe.rs:272:9
[INFO] [stdout]   28:     0x597718f2ace3 - std::panicking::try::do_call::h3da0561d9ab99c25
[INFO] [stdout]                                at /rustc/6067b36314ab5eb2eb47cecc464545ba58e1ad24/library/std/src/panicking.rs:587:40
[INFO] [stdout]   29:     0x597718f2ace3 - std::panicking::try::h41c9fa508bc61df6
[INFO] [stdout]                                at /rustc/6067b36314ab5eb2eb47cecc464545ba58e1ad24/library/std/src/panicking.rs:550:19
[INFO] [stdout]   30:     0x597718f2ace3 - std::panic::catch_unwind::h6b3ff07bb5afad93
[INFO] [stdout]                                at /rustc/6067b36314ab5eb2eb47cecc464545ba58e1ad24/library/std/src/panic.rs:358:14
[INFO] [stdout]   31:     0x597718f2ace3 - test::run_test_in_process::hc7253dd11b39b9f4
[INFO] [stdout]                                at /rustc/6067b36314ab5eb2eb47cecc464545ba58e1ad24/library/test/src/lib.rs:655:27
[INFO] [stdout]   32:     0x597718f2ace3 - test::run_test::{{closure}}::hfb2007f8649c30bb
[INFO] [stdout]                                at /rustc/6067b36314ab5eb2eb47cecc464545ba58e1ad24/library/test/src/lib.rs:576:43
[INFO] [stdout]   33:     0x597718eeddc5 - test::run_test::{{closure}}::h56a17aa7a282a9f4
[INFO] [stdout]                                at /rustc/6067b36314ab5eb2eb47cecc464545ba58e1ad24/library/test/src/lib.rs:606:41
[INFO] [stdout]   34:     0x597718eeddc5 - std::sys::backtrace::__rust_begin_short_backtrace::hd2d2d2fb8e8c6aac
[INFO] [stdout]                                at /rustc/6067b36314ab5eb2eb47cecc464545ba58e1ad24/library/std/src/sys/backtrace.rs:152:18
[INFO] [stdout]   35:     0x597718ef16aa - std::thread::Builder::spawn_unchecked_::{{closure}}::{{closure}}::h4faa3f9db6133423
[INFO] [stdout]                                at /rustc/6067b36314ab5eb2eb47cecc464545ba58e1ad24/library/std/src/thread/mod.rs:559:17
[INFO] [stdout]   36:     0x597718ef16aa - <core::panic::unwind_safe::AssertUnwindSafe<F> as core::ops::function::FnOnce<()>>::call_once::hf2e855a36a4ea846
[INFO] [stdout]                                at /rustc/6067b36314ab5eb2eb47cecc464545ba58e1ad24/library/core/src/panic/unwind_safe.rs:272:9
[INFO] [stdout]   37:     0x597718ef16aa - std::panicking::try::do_call::h2f73af3616c35465
[INFO] [stdout]                                at /rustc/6067b36314ab5eb2eb47cecc464545ba58e1ad24/library/std/src/panicking.rs:587:40
[INFO] [stdout]   38:     0x597718ef16aa - std::panicking::try::hd1660ce9efadef5a
[INFO] [stdout]                                at /rustc/6067b36314ab5eb2eb47cecc464545ba58e1ad24/library/std/src/panicking.rs:550:19
[INFO] [stdout]   39:     0x597718ef16aa - std::panic::catch_unwind::h5ee8d7823b8ca744
[INFO] [stdout]                                at /rustc/6067b36314ab5eb2eb47cecc464545ba58e1ad24/library/std/src/panic.rs:358:14
[INFO] [stdout]   40:     0x597718ef16aa - std::thread::Builder::spawn_unchecked_::{{closure}}::h53c3a1894dce8407
[INFO] [stdout]                                at /rustc/6067b36314ab5eb2eb47cecc464545ba58e1ad24/library/std/src/thread/mod.rs:557:30
[INFO] [stdout]   41:     0x597718ef16aa - core::ops::function::FnOnce::call_once{{vtable.shim}}::h048ce291ad4f62bf
[INFO] [stdout]                                at /rustc/6067b36314ab5eb2eb47cecc464545ba58e1ad24/library/core/src/ops/function.rs:250:5
[INFO] [stdout]   42:     0x597718f6385b - <alloc::boxed::Box<F,A> as core::ops::function::FnOnce<Args>>::call_once::ha52bedf99a3b4981
[INFO] [stdout]                                at /rustc/6067b36314ab5eb2eb47cecc464545ba58e1ad24/library/alloc/src/boxed.rs:2013:9
[INFO] [stdout]   43:     0x597718f6385b - <alloc::boxed::Box<F,A> as core::ops::function::FnOnce<Args>>::call_once::h567748934d80ccf8
[INFO] [stdout]                                at /rustc/6067b36314ab5eb2eb47cecc464545ba58e1ad24/library/alloc/src/boxed.rs:2013:9
[INFO] [stdout]   44:     0x597718f6385b - std::sys::pal::unix::thread::Thread::new::thread_start::h2d970728ae887adc
[INFO] [stdout]                                at /rustc/6067b36314ab5eb2eb47cecc464545ba58e1ad24/library/std/src/sys/pal/unix/thread.rs:106:17
[INFO] [stdout]   45:     0x7bccbdda4ac3 - <unknown>
[INFO] [stdout]   46:     0x7bccbde35a04 - clone
[INFO] [stdout]   47:                0x0 - <unknown>
[INFO] [stdout] 
[INFO] [stdout] ---- compiler_tests::compile_func2 stdout ----
[INFO] [stdout] UT: [OpCode("PUSH"), NumU(15), OpCode("STORE"), NumU(0), OpCode("PUSH"), NumU(1), OpCode("DUPLI"), OpCode("CALL"), OpCode("fizz"), OpCode("DUPLI"), OpCode("CALL"), OpCode("buzz"), OpCode("DUPLI"), OpCode("CALL"), OpCode("self"), OpCode("CALL"), OpCode("increment"), OpCode("DUPLI"), OpCode("CALL"), OpCode("over_initial"), OpCode("JMP"), NumI(-9), Func("over_initial"), OpCode("LOAD"), NumU(0), OpCode("CMP"), NumU(0), OpCode("JNE"), NumU(2), OpCode("HALT"), OpCode("RETURN"), Func("increment"), OpCode("PUSH"), NumU(1), OpCode("ADDU"), OpCode("RETURN"), Func("fizz"), OpCode("PUSH"), NumU(3), OpCode("MODU"), OpCode("PUSH"), NumU(0), OpCode("CMP"), NumU(0), OpCode("JNE"), NumU(6), OpCode("PUSH"), NumU(1), OpCode("STORE"), NumU(1), OpCode("PUSH"), NumU(70), OpCode("PRINT"), NumU(3), OpCode("RETURN"), OpCode("PUSH"), NumU(0), OpCode("STORE"), NumU(1), OpCode("RETURN"), Func("buzz"), OpCode("PUSH"), NumU(5), OpCode("MODU"), OpCode("PUSH"), NumU(0), OpCode("CMP"), NumU(0), OpCode("JNE"), NumU(6), OpCode("PUSH"), NumU(1), OpCode("STORE"), NumU(2), OpCode("PUSH"), NumU(66), OpCode("PRINT"), NumU(3), OpCode("RETURN"), OpCode("PUSH"), NumU(0), OpCode("STORE"), NumU(2), OpCode("RETURN"), Func("self"), OpCode("LOAD"), NumU(1), OpCode("PUSH"), NumU(1), OpCode("CMP"), NumU(0), OpCode("JE"), NumU(6), OpCode("LOAD"), NumU(2), OpCode("PUSH"), NumU(1), OpCode("CMP"), NumU(0), OpCode("JE"), NumU(2), OpCode("PRINT"), NumU(0), OpCode("RETURN")]
[INFO] [stdout] 
[INFO] [stdout] 
[INFO] [stdout] PT: [OpCode("PUSH"), NumU(15), OpCode("STORE"), NumU(0), OpCode("PUSH"), NumU(1), OpCode("DUPLI"), OpCode("CALL"), NumU(141), OpCode("DUPLI"), OpCode("CALL"), NumU(234), OpCode("DUPLI"), OpCode("CALL"), NumU(327), OpCode("CALL"), NumU(130), OpCode("DUPLI"), OpCode("CALL"), NumU(101), OpCode("JMP"), NumU(18446744073709551567), OpCode("LOAD"), NumU(0), OpCode("CMP"), NumU(0), OpCode("JNE"), NumU(10), OpCode("HALT"), OpCode("RETURN"), OpCode("PUSH"), NumU(1), OpCode("ADDU"), OpCode("RETURN"), OpCode("PUSH"), NumU(3), OpCode("MODU"), OpCode("PUSH"), NumU(0), OpCode("CMP"), NumU(0), OpCode("JNE"), NumU(46), OpCode("PUSH"), NumU(1), OpCode("STORE"), NumU(1), OpCode("PUSH"), NumU(70), OpCode("PRINT"), NumU(3), OpCode("RETURN"), OpCode("PUSH"), NumU(0), OpCode("STORE"), NumU(1), OpCode("RETURN"), OpCode("PUSH"), NumU(5), OpCode("MODU"), OpCode("PUSH"), NumU(0), OpCode("CMP"), NumU(0), OpCode("JNE"), NumU(46), OpCode("PUSH"), NumU(1), OpCode("STORE"), NumU(2), OpCode("PUSH"), NumU(66), OpCode("PRINT"), NumU(3), OpCode("RETURN"), OpCode("PUSH"), NumU(0), OpCode("STORE"), NumU(2), OpCode("RETURN"), OpCode("LOAD"), NumU(1), OpCode("PUSH"), NumU(1), OpCode("CMP"), NumU(0), OpCode("JE"), NumU(54), OpCode("LOAD"), NumU(2), OpCode("PUSH"), NumU(1), OpCode("CMP"), NumU(0), OpCode("JE"), NumU(18), OpCode("PRINT"), NumU(0), OpCode("RETURN")]
[INFO] [stdout] 
[INFO] [stdout] Bin: [78, 97, 114, 105, 118, 97, 32, 69, 120, 101, 99, 117, 116, 97, 98, 108, 101, 2, 0, 0, 0, 0, 0, 0, 0, 15, 34, 0, 0, 0, 0, 0, 0, 0, 0, 2, 0, 0, 0, 0, 0, 0, 0, 1, 33, 27, 0, 0, 0, 0, 0, 0, 0, 141, 33, 27, 0, 0, 0, 0, 0, 0, 0, 234, 33, 27, 0, 0, 0, 0, 0, 0, 1, 71, 27, 0, 0, 0, 0, 0, 0, 0, 130, 33, 27, 0, 0, 0, 0, 0, 0, 0, 101, 22, 255, 255, 255, 255, 255, 255, 255, 207, 35, 0, 0, 0, 0, 0, 0, 0, 0, 21, 0, 0, 0, 0, 0, 0, 0, 0, 24, 0, 0, 0, 0, 0, 0, 0, 10, 1, 28, 2, 0, 0, 0, 0, 0, 0, 0, 1, 4, 28, 2, 0, 0, 0, 0, 0, 0, 0, 3, 29, 2, 0, 0, 0, 0, 0, 0, 0, 0, 21, 0, 0, 0, 0, 0, 0, 0, 0, 24, 0, 0, 0, 0, 0, 0, 0, 46, 2, 0, 0, 0, 0, 0, 0, 0, 1, 34, 0, 0, 0, 0, 0, 0, 0, 1, 2, 0, 0, 0, 0, 0, 0, 0, 70, 32, 0, 0, 0, 0, 0, 0, 0, 3, 28, 2, 0, 0, 0, 0, 0, 0, 0, 0, 34, 0, 0, 0, 0, 0, 0, 0, 1, 28, 2, 0, 0, 0, 0, 0, 0, 0, 5, 29, 2, 0, 0, 0, 0, 0, 0, 0, 0, 21, 0, 0, 0, 0, 0, 0, 0, 0, 24, 0, 0, 0, 0, 0, 0, 0, 46, 2, 0, 0, 0, 0, 0, 0, 0, 1, 34, 0, 0, 0, 0, 0, 0, 0, 2, 2, 0, 0, 0, 0, 0, 0, 0, 66, 32, 0, 0, 0, 0, 0, 0, 0, 3, 28, 2, 0, 0, 0, 0, 0, 0, 0, 0, 34, 0, 0, 0, 0, 0, 0, 0, 2, 28, 35, 0, 0, 0, 0, 0, 0, 0, 1, 2, 0, 0, 0, 0, 0, 0, 0, 1, 21, 0, 0, 0, 0, 0, 0, 0, 0, 23, 0, 0, 0, 0, 0, 0, 0, 54, 35, 0, 0, 0, 0, 0, 0, 0, 2, 2, 0, 0, 0, 0, 0, 0, 0, 1, 21, 0, 0, 0, 0, 0, 0, 0, 0, 23, 0, 0, 0, 0, 0, 0, 0, 18, 32, 0, 0, 0, 0, 0, 0, 0, 0, 28]
[INFO] [stdout] 
[INFO] [stdout] 
[INFO] [stdout] thread 'compiler_tests::compile_func2' panicked at compiler/src/compiler.rs:37:58:
[INFO] [stdout] called `Result::unwrap()` on an `Err` value: Os { code: 30, kind: ReadOnlyFilesystem, message: "Read-only file system" }
[INFO] [stdout] stack backtrace:
[INFO] [stdout]    0:     0x597718f5d9fa - std::backtrace_rs::backtrace::libunwind::trace::hb059275cfc8d6126
[INFO] [stdout]                                at /rustc/6067b36314ab5eb2eb47cecc464545ba58e1ad24/library/std/src/../../backtrace/src/backtrace/libunwind.rs:116:5
[INFO] [stdout]    1:     0x597718f5d9fa - std::backtrace_rs::backtrace::trace_unsynchronized::h2da071e4327ce3ee
[INFO] [stdout]                                at /rustc/6067b36314ab5eb2eb47cecc464545ba58e1ad24/library/std/src/../../backtrace/src/backtrace/mod.rs:66:5
[INFO] [stdout]    2:     0x597718f5d9fa - std::sys::backtrace::_print_fmt::h842a1474e6f8d23f
[INFO] [stdout]                                at /rustc/6067b36314ab5eb2eb47cecc464545ba58e1ad24/library/std/src/sys/backtrace.rs:66:9
[INFO] [stdout]    3:     0x597718f5d9fa - <std::sys::backtrace::BacktraceLock::print::DisplayBacktrace as core::fmt::Display>::fmt::h71a62eb3b9696b12
[INFO] [stdout]                                at /rustc/6067b36314ab5eb2eb47cecc464545ba58e1ad24/library/std/src/sys/backtrace.rs:39:26
[INFO] [stdout]    4:     0x597718f86383 - core::fmt::rt::Argument::fmt::hdb6b616786b41dc1
[INFO] [stdout]                                at /rustc/6067b36314ab5eb2eb47cecc464545ba58e1ad24/library/core/src/fmt/rt.rs:177:76
[INFO] [stdout]    5:     0x597718f86383 - core::fmt::write::h2cc1698af7e2d686
[INFO] [stdout]                                at /rustc/6067b36314ab5eb2eb47cecc464545ba58e1ad24/library/core/src/fmt/mod.rs:1440:21
[INFO] [stdout]    6:     0x597718f5a553 - std::io::Write::write_fmt::hab1b4cd059a79022
[INFO] [stdout]                                at /rustc/6067b36314ab5eb2eb47cecc464545ba58e1ad24/library/std/src/io/mod.rs:1887:15
[INFO] [stdout]    7:     0x597718f5d842 - std::sys::backtrace::BacktraceLock::print::h147fe35b4ea13b08
[INFO] [stdout]                                at /rustc/6067b36314ab5eb2eb47cecc464545ba58e1ad24/library/std/src/sys/backtrace.rs:42:9
[INFO] [stdout]    8:     0x597718f5ee1f - std::panicking::default_hook::{{closure}}::hbd44223dbdc0d208
[INFO] [stdout]                                at /rustc/6067b36314ab5eb2eb47cecc464545ba58e1ad24/library/std/src/panicking.rs:298:22
[INFO] [stdout]    9:     0x597718f5ec38 - std::panicking::default_hook::h20f81eb0576efcec
[INFO] [stdout]                                at /rustc/6067b36314ab5eb2eb47cecc464545ba58e1ad24/library/std/src/panicking.rs:322:9
[INFO] [stdout]   10:     0x597718f26653 - <alloc::boxed::Box<F,A> as core::ops::function::Fn<Args>>::call::hdb53814c496a4d34
[INFO] [stdout]                                at /rustc/6067b36314ab5eb2eb47cecc464545ba58e1ad24/library/alloc/src/boxed.rs:2027:9
[INFO] [stdout]   11:     0x597718f26653 - test::test_main::{{closure}}::hc0a4963c59427c24
[INFO] [stdout]                                at /rustc/6067b36314ab5eb2eb47cecc464545ba58e1ad24/library/test/src/lib.rs:134:21
[INFO] [stdout]   12:     0x597718f5f913 - <alloc::boxed::Box<F,A> as core::ops::function::Fn<Args>>::call::h591b2225413a77e9
[INFO] [stdout]                                at /rustc/6067b36314ab5eb2eb47cecc464545ba58e1ad24/library/alloc/src/boxed.rs:2027:9
[INFO] [stdout]   13:     0x597718f5f913 - std::panicking::rust_panic_with_hook::h625eea43051b2edc
[INFO] [stdout]                                at /rustc/6067b36314ab5eb2eb47cecc464545ba58e1ad24/library/std/src/panicking.rs:839:13
[INFO] [stdout]   14:     0x597718f5f5ca - std::panicking::begin_panic_handler::{{closure}}::h4f9159cfbc3f6bd3
[INFO] [stdout]                                at /rustc/6067b36314ab5eb2eb47cecc464545ba58e1ad24/library/std/src/panicking.rs:704:13
[INFO] [stdout]   15:     0x597718f5def9 - std::sys::backtrace::__rust_end_short_backtrace::h0390abce48353151
[INFO] [stdout]                                at /rustc/6067b36314ab5eb2eb47cecc464545ba58e1ad24/library/std/src/sys/backtrace.rs:168:18
[INFO] [stdout]   16:     0x597718f5f25d - rust_begin_unwind
[INFO] [stdout]                                at /rustc/6067b36314ab5eb2eb47cecc464545ba58e1ad24/library/std/src/panicking.rs:695:5
[INFO] [stdout]   17:     0x597718f849e0 - core::panicking::panic_fmt::h9e7c637e9e5f29c9
[INFO] [stdout]                                at /rustc/6067b36314ab5eb2eb47cecc464545ba58e1ad24/library/core/src/panicking.rs:75:14
[INFO] [stdout]   18:     0x597718f84e26 - core::result::unwrap_failed::h7979f09313fe1849
[INFO] [stdout]                                at /rustc/6067b36314ab5eb2eb47cecc464545ba58e1ad24/library/core/src/result.rs:1704:5
[INFO] [stdout]   19:     0x597718ee7580 - core::result::Result<T,E>::unwrap::hd70ddc6ab0a700bb
[INFO] [stdout]                                at /rustc/6067b36314ab5eb2eb47cecc464545ba58e1ad24/library/core/src/result.rs:1109:23
[INFO] [stdout]   20:     0x597718ee7580 - compiler::compiler::Compiler::compile::h065cc9db27ef94c6
[INFO] [stdout]                                at /opt/rustwide/workdir/compiler/src/compiler.rs:37:24
[INFO] [stdout]   21:     0x597718ee3e25 - compiler::compiler_tests::compile_func2::h9239e07b07cda6be
[INFO] [stdout]                                at /opt/rustwide/workdir/compiler/src/lib.rs:210:28
[INFO] [stdout]   22:     0x597718ee3d97 - compiler::compiler_tests::compile_func2::{{closure}}::hd5d13eeab207a1c5
[INFO] [stdout]                                at /opt/rustwide/workdir/compiler/src/lib.rs:137:23
[INFO] [stdout]   23:     0x597718ee44d6 - core::ops::function::FnOnce::call_once::h252f957a4752d0ad
[INFO] [stdout]                                at /rustc/6067b36314ab5eb2eb47cecc464545ba58e1ad24/library/core/src/ops/function.rs:250:5
[INFO] [stdout]   24:     0x597718f2bdab - core::ops::function::FnOnce::call_once::he27718dfdd183f43
[INFO] [stdout]                                at /rustc/6067b36314ab5eb2eb47cecc464545ba58e1ad24/library/core/src/ops/function.rs:250:5
[INFO] [stdout]   25:     0x597718f2bdab - test::__rust_begin_short_backtrace::h4e84902998457a5d
[INFO] [stdout]                                at /rustc/6067b36314ab5eb2eb47cecc464545ba58e1ad24/library/test/src/lib.rs:632:18
[INFO] [stdout]   26:     0x597718f2ace3 - test::run_test_in_process::{{closure}}::h7176fd18fc1feca0
[INFO] [stdout]                                at /rustc/6067b36314ab5eb2eb47cecc464545ba58e1ad24/library/test/src/lib.rs:655:60
[INFO] [stdout]   27:     0x597718f2ace3 - <core::panic::unwind_safe::AssertUnwindSafe<F> as core::ops::function::FnOnce<()>>::call_once::hf79cff2a624d8cf7
[INFO] [stdout]                                at /rustc/6067b36314ab5eb2eb47cecc464545ba58e1ad24/library/core/src/panic/unwind_safe.rs:272:9
[INFO] [stdout]   28:     0x597718f2ace3 - std::panicking::try::do_call::h3da0561d9ab99c25
[INFO] [stdout]                                at /rustc/6067b36314ab5eb2eb47cecc464545ba58e1ad24/library/std/src/panicking.rs:587:40
[INFO] [stdout]   29:     0x597718f2ace3 - std::panicking::try::h41c9fa508bc61df6
[INFO] [stdout]                                at /rustc/6067b36314ab5eb2eb47cecc464545ba58e1ad24/library/std/src/panicking.rs:550:19
[INFO] [stdout]   30:     0x597718f2ace3 - std::panic::catch_unwind::h6b3ff07bb5afad93
[INFO] [stdout]                                at /rustc/6067b36314ab5eb2eb47cecc464545ba58e1ad24/library/std/src/panic.rs:358:14
[INFO] [stdout]   31:     0x597718f2ace3 - test::run_test_in_process::hc7253dd11b39b9f4
[INFO] [stdout]                                at /rustc/6067b36314ab5eb2eb47cecc464545ba58e1ad24/library/test/src/lib.rs:655:27
[INFO] [stdout]   32:     0x597718f2ace3 - test::run_test::{{closure}}::hfb2007f8649c30bb
[INFO] [stdout]                                at /rustc/6067b36314ab5eb2eb47cecc464545ba58e1ad24/library/test/src/lib.rs:576:43
[INFO] [stdout]   33:     0x597718eeddc5 - test::run_test::{{closure}}::h56a17aa7a282a9f4
[INFO] [stdout]                                at /rustc/6067b36314ab5eb2eb47cecc464545ba58e1ad24/library/test/src/lib.rs:606:41
[INFO] [stdout]   34:     0x597718eeddc5 - std::sys::backtrace::__rust_begin_short_backtrace::hd2d2d2fb8e8c6aac
[INFO] [stdout]                                at /rustc/6067b36314ab5eb2eb47cecc464545ba58e1ad24/library/std/src/sys/backtrace.rs:152:18
[INFO] [stdout]   35:     0x597718ef16aa - std::thread::Builder::spawn_unchecked_::{{closure}}::{{closure}}::h4faa3f9db6133423
[INFO] [stdout]                                at /rustc/6067b36314ab5eb2eb47cecc464545ba58e1ad24/library/std/src/thread/mod.rs:559:17
[INFO] [stdout]   36:     0x597718ef16aa - <core::panic::unwind_safe::AssertUnwindSafe<F> as core::ops::function::FnOnce<()>>::call_once::hf2e855a36a4ea846
[INFO] [stdout]                                at /rustc/6067b36314ab5eb2eb47cecc464545ba58e1ad24/library/core/src/panic/unwind_safe.rs:272:9
[INFO] [stdout]   37:     0x597718ef16aa - std::panicking::try::do_call::h2f73af3616c35465
[INFO] [stdout]                                at /rustc/6067b36314ab5eb2eb47cecc464545ba58e1ad24/library/std/src/panicking.rs:587:40
[INFO] [stdout]   38:     0x597718ef16aa - std::panicking::try::hd1660ce9efadef5a
[INFO] [stdout]                                at /rustc/6067b36314ab5eb2eb47cecc464545ba58e1ad24/library/std/src/panicking.rs:550:19
[INFO] [stdout]   39:     0x597718ef16aa - std::panic::catch_unwind::h5ee8d7823b8ca744
[INFO] [stdout]                                at /rustc/6067b36314ab5eb2eb47cecc464545ba58e1ad24/library/std/src/panic.rs:358:14
[INFO] [stdout]   40:     0x597718ef16aa - std::thread::Builder::spawn_unchecked_::{{closure}}::h53c3a1894dce8407
[INFO] [stdout]                                at /rustc/6067b36314ab5eb2eb47cecc464545ba58e1ad24/library/std/src/thread/mod.rs:557:30
[INFO] [stdout]   41:     0x597718ef16aa - core::ops::function::FnOnce::call_once{{vtable.shim}}::h048ce291ad4f62bf
[INFO] [stdout]                                at /rustc/6067b36314ab5eb2eb47cecc464545ba58e1ad24/library/core/src/ops/function.rs:250:5
[INFO] [stdout]   42:     0x597718f6385b - <alloc::boxed::Box<F,A> as core::ops::function::FnOnce<Args>>::call_once::ha52bedf99a3b4981
[INFO] [stdout]                                at /rustc/6067b36314ab5eb2eb47cecc464545ba58e1ad24/library/alloc/src/boxed.rs:2013:9
[INFO] [stdout]   43:     0x597718f6385b - <alloc::boxed::Box<F,A> as core::ops::function::FnOnce<Args>>::call_once::h567748934d80ccf8
[INFO] [stdout]                                at /rustc/6067b36314ab5eb2eb47cecc464545ba58e1ad24/library/alloc/src/boxed.rs:2013:9
[INFO] [stdout]   44:     0x597718f6385b - std::sys::pal::unix::thread::Thread::new::thread_start::h2d970728ae887adc
[INFO] [stdout]                                at /rustc/6067b36314ab5eb2eb47cecc464545ba58e1ad24/library/std/src/sys/pal/unix/thread.rs:106:17
[INFO] [stdout]   45:     0x7bccbdda4ac3 - <unknown>
[INFO] [stdout]   46:     0x7bccbde35a04 - clone
[INFO] [stdout]   47:                0x0 - <unknown>
[INFO] [stdout] 
[INFO] [stdout] ---- compiler_tests::parse_func stdout ----
[INFO] [stdout] 
[INFO] [stdout] thread 'compiler_tests::parse_func' panicked at compiler/src/lib.rs:98:9:
[INFO] [stdout] assertion `left == right` failed
[INFO] [stdout]   left: [OpCode("PUSH"), NumI(-21), OpCode("ADDF"), Func("my_func"), OpCode("PUSH"), NumU(2), OpCode("RETURN")]
[INFO] [stdout]  right: [OpCode("PUSH"), NumI(-21), OpCode("ADDF"), OpCode("PUSH"), NumU(2), OpCode("RETURN")]
[INFO] [stdout] stack backtrace:
[INFO] [stdout]    0:     0x597718f5d9fa - std::backtrace_rs::backtrace::libunwind::trace::hb059275cfc8d6126
[INFO] [stdout]                                at /rustc/6067b36314ab5eb2eb47cecc464545ba58e1ad24/library/std/src/../../backtrace/src/backtrace/libunwind.rs:116:5
[INFO] [stdout]    1:     0x597718f5d9fa - std::backtrace_rs::backtrace::trace_unsynchronized::h2da071e4327ce3ee
[INFO] [stdout]                                at /rustc/6067b36314ab5eb2eb47cecc464545ba58e1ad24/library/std/src/../../backtrace/src/backtrace/mod.rs:66:5
[INFO] [stdout]    2:     0x597718f5d9fa - std::sys::backtrace::_print_fmt::h842a1474e6f8d23f
[INFO] [stdout]                                at /rustc/6067b36314ab5eb2eb47cecc464545ba58e1ad24/library/std/src/sys/backtrace.rs:66:9
[INFO] [stdout]    3:     0x597718f5d9fa - <std::sys::backtrace::BacktraceLock::print::DisplayBacktrace as core::fmt::Display>::fmt::h71a62eb3b9696b12
[INFO] [stdout]                                at /rustc/6067b36314ab5eb2eb47cecc464545ba58e1ad24/library/std/src/sys/backtrace.rs:39:26
[INFO] [stdout]    4:     0x597718f86383 - core::fmt::rt::Argument::fmt::hdb6b616786b41dc1
[INFO] [stdout]                                at /rustc/6067b36314ab5eb2eb47cecc464545ba58e1ad24/library/core/src/fmt/rt.rs:177:76
[INFO] [stdout]    5:     0x597718f86383 - core::fmt::write::h2cc1698af7e2d686
[INFO] [stdout]                                at /rustc/6067b36314ab5eb2eb47cecc464545ba58e1ad24/library/core/src/fmt/mod.rs:1440:21
[INFO] [stdout]    6:     0x597718f5a553 - std::io::Write::write_fmt::hab1b4cd059a79022
[INFO] [stdout]                                at /rustc/6067b36314ab5eb2eb47cecc464545ba58e1ad24/library/std/src/io/mod.rs:1887:15
[INFO] [stdout]    7:     0x597718f5d842 - std::sys::backtrace::BacktraceLock::print::h147fe35b4ea13b08
[INFO] [stdout]                                at /rustc/6067b36314ab5eb2eb47cecc464545ba58e1ad24/library/std/src/sys/backtrace.rs:42:9
[INFO] [stdout]    8:     0x597718f5ee1f - std::panicking::default_hook::{{closure}}::hbd44223dbdc0d208
[INFO] [stdout]                                at /rustc/6067b36314ab5eb2eb47cecc464545ba58e1ad24/library/std/src/panicking.rs:298:22
[INFO] [stdout]    9:     0x597718f5ec38 - std::panicking::default_hook::h20f81eb0576efcec
[INFO] [stdout]                                at /rustc/6067b36314ab5eb2eb47cecc464545ba58e1ad24/library/std/src/panicking.rs:322:9
[INFO] [stdout]   10:     0x597718f26653 - <alloc::boxed::Box<F,A> as core::ops::function::Fn<Args>>::call::hdb53814c496a4d34
[INFO] [stdout]                                at /rustc/6067b36314ab5eb2eb47cecc464545ba58e1ad24/library/alloc/src/boxed.rs:2027:9
[INFO] [stdout]   11:     0x597718f26653 - test::test_main::{{closure}}::hc0a4963c59427c24
[INFO] [stdout]                                at /rustc/6067b36314ab5eb2eb47cecc464545ba58e1ad24/library/test/src/lib.rs:134:21
[INFO] [stdout]   12:     0x597718f5f913 - <alloc::boxed::Box<F,A> as core::ops::function::Fn<Args>>::call::h591b2225413a77e9
[INFO] [stdout]                                at /rustc/6067b36314ab5eb2eb47cecc464545ba58e1ad24/library/alloc/src/boxed.rs:2027:9
[INFO] [stdout]   13:     0x597718f5f913 - std::panicking::rust_panic_with_hook::h625eea43051b2edc
[INFO] [stdout]                                at /rustc/6067b36314ab5eb2eb47cecc464545ba58e1ad24/library/std/src/panicking.rs:839:13
[INFO] [stdout]   14:     0x597718f5f5ca - std::panicking::begin_panic_handler::{{closure}}::h4f9159cfbc3f6bd3
[INFO] [stdout]                                at /rustc/6067b36314ab5eb2eb47cecc464545ba58e1ad24/library/std/src/panicking.rs:704:13
[INFO] [stdout]   15:     0x597718f5def9 - std::sys::backtrace::__rust_end_short_backtrace::h0390abce48353151
[INFO] [stdout]                                at /rustc/6067b36314ab5eb2eb47cecc464545ba58e1ad24/library/std/src/sys/backtrace.rs:168:18
[INFO] [stdout]   16:     0x597718f5f25d - rust_begin_unwind
[INFO] [stdout]                                at /rustc/6067b36314ab5eb2eb47cecc464545ba58e1ad24/library/std/src/panicking.rs:695:5
[INFO] [stdout]   17:     0x597718f849e0 - core::panicking::panic_fmt::h9e7c637e9e5f29c9
[INFO] [stdout]                                at /rustc/6067b36314ab5eb2eb47cecc464545ba58e1ad24/library/core/src/panicking.rs:75:14
[INFO] [stdout]   18:     0x597718f84da2 - core::panicking::assert_failed_inner::h538bec7c1374cd9c
[INFO] [stdout]   19:     0x597718ee5a7c - core::panicking::assert_failed::h3c8f323e2f38b13c
[INFO] [stdout]                                at /rustc/6067b36314ab5eb2eb47cecc464545ba58e1ad24/library/core/src/panicking.rs:364:5
[INFO] [stdout]   20:     0x597718ee3b1a - compiler::compiler_tests::parse_func::h2d1d0e87234bd5fc
[INFO] [stdout]                                at /opt/rustwide/workdir/compiler/src/lib.rs:98:9
[INFO] [stdout]   21:     0x597718ee31d7 - compiler::compiler_tests::parse_func::{{closure}}::h4db98339fe36280f
[INFO] [stdout]                                at /opt/rustwide/workdir/compiler/src/lib.rs:92:20
[INFO] [stdout]   22:     0x597718ee4516 - core::ops::function::FnOnce::call_once::h2b3217f3ab239494
[INFO] [stdout]                                at /rustc/6067b36314ab5eb2eb47cecc464545ba58e1ad24/library/core/src/ops/function.rs:250:5
[INFO] [stdout]   23:     0x597718f2bdab - core::ops::function::FnOnce::call_once::he27718dfdd183f43
[INFO] [stdout]                                at /rustc/6067b36314ab5eb2eb47cecc464545ba58e1ad24/library/core/src/ops/function.rs:250:5
[INFO] [stdout]   24:     0x597718f2bdab - test::__rust_begin_short_backtrace::h4e84902998457a5d
[INFO] [stdout]                                at /rustc/6067b36314ab5eb2eb47cecc464545ba58e1ad24/library/test/src/lib.rs:632:18
[INFO] [stdout]   25:     0x597718f2ace3 - test::run_test_in_process::{{closure}}::h7176fd18fc1feca0
[INFO] [stdout]                                at /rustc/6067b36314ab5eb2eb47cecc464545ba58e1ad24/library/test/src/lib.rs:655:60
[INFO] [stdout]   26:     0x597718f2ace3 - <core::panic::unwind_safe::AssertUnwindSafe<F> as core::ops::function::FnOnce<()>>::call_once::hf79cff2a624d8cf7
[INFO] [stdout]                                at /rustc/6067b36314ab5eb2eb47cecc464545ba58e1ad24/library/core/src/panic/unwind_safe.rs:272:9
[INFO] [stdout]   27:     0x597718f2ace3 - std::panicking::try::do_call::h3da0561d9ab99c25
[INFO] [stdout]                                at /rustc/6067b36314ab5eb2eb47cecc464545ba58e1ad24/library/std/src/panicking.rs:587:40
[INFO] [stdout]   28:     0x597718f2ace3 - std::panicking::try::h41c9fa508bc61df6
[INFO] [stdout]                                at /rustc/6067b36314ab5eb2eb47cecc464545ba58e1ad24/library/std/src/panicking.rs:550:19
[INFO] [stdout]   29:     0x597718f2ace3 - std::panic::catch_unwind::h6b3ff07bb5afad93
[INFO] [stdout]                                at /rustc/6067b36314ab5eb2eb47cecc464545ba58e1ad24/library/std/src/panic.rs:358:14
[INFO] [stdout]   30:     0x597718f2ace3 - test::run_test_in_process::hc7253dd11b39b9f4
[INFO] [stdout]                                at /rustc/6067b36314ab5eb2eb47cecc464545ba58e1ad24/library/test/src/lib.rs:655:27
[INFO] [stdout]   31:     0x597718f2ace3 - test::run_test::{{closure}}::hfb2007f8649c30bb
[INFO] [stdout]                                at /rustc/6067b36314ab5eb2eb47cecc464545ba58e1ad24/library/test/src/lib.rs:576:43
[INFO] [stdout]   32:     0x597718eeddc5 - test::run_test::{{closure}}::h56a17aa7a282a9f4
[INFO] [stdout]                                at /rustc/6067b36314ab5eb2eb47cecc464545ba58e1ad24/library/test/src/lib.rs:606:41
[INFO] [stdout]   33:     0x597718eeddc5 - std::sys::backtrace::__rust_begin_short_backtrace::hd2d2d2fb8e8c6aac
[INFO] [stdout]                                at /rustc/6067b36314ab5eb2eb47cecc464545ba58e1ad24/library/std/src/sys/backtrace.rs:152:18
[INFO] [stdout]   34:     0x597718ef16aa - std::thread::Builder::spawn_unchecked_::{{closure}}::{{closure}}::h4faa3f9db6133423
[INFO] [stdout]                                at /rustc/6067b36314ab5eb2eb47cecc464545ba58e1ad24/library/std/src/thread/mod.rs:559:17
[INFO] [stdout]   35:     0x597718ef16aa - <core::panic::unwind_safe::AssertUnwindSafe<F> as core::ops::function::FnOnce<()>>::call_once::hf2e855a36a4ea846
[INFO] [stdout]                                at /rustc/6067b36314ab5eb2eb47cecc464545ba58e1ad24/library/core/src/panic/unwind_safe.rs:272:9
[INFO] [stdout]   36:     0x597718ef16aa - std::panicking::try::do_call::h2f73af3616c35465
[INFO] [stdout]                                at /rustc/6067b36314ab5eb2eb47cecc464545ba58e1ad24/library/std/src/panicking.rs:587:40
[INFO] [stdout]   37:     0x597718ef16aa - std::panicking::try::hd1660ce9efadef5a
[INFO] [stdout]                                at /rustc/6067b36314ab5eb2eb47cecc464545ba58e1ad24/library/std/src/panicking.rs:550:19
[INFO] [stdout]   38:     0x597718ef16aa - std::panic::catch_unwind::h5ee8d7823b8ca744
[INFO] [stdout]                                at /rustc/6067b36314ab5eb2eb47cecc464545ba58e1ad24/library/std/src/panic.rs:358:14
[INFO] [stdout]   39:     0x597718ef16aa - std::thread::Builder::spawn_unchecked_::{{closure}}::h53c3a1894dce8407
[INFO] [stdout]                                at /rustc/6067b36314ab5eb2eb47cecc464545ba58e1ad24/library/std/src/thread/mod.rs:557:30
[INFO] [stdout]   40:     0x597718ef16aa - core::ops::function::FnOnce::call_once{{vtable.shim}}::h048ce291ad4f62bf
[INFO] [stdout]                                at /rustc/6067b36314ab5eb2eb47cecc464545ba58e1ad24/library/core/src/ops/function.rs:250:5
[INFO] [stdout]   41:     0x597718f6385b - <alloc::boxed::Box<F,A> as core::ops::function::FnOnce<Args>>::call_once::ha52bedf99a3b4981
[INFO] [stdout]                                at /rustc/6067b36314ab5eb2eb47cecc464545ba58e1ad24/library/alloc/src/boxed.rs:2013:9
[INFO] [stdout]   42:     0x597718f6385b - <alloc::boxed::Box<F,A> as core::ops::function::FnOnce<Args>>::call_once::h567748934d80ccf8
[INFO] [stdout]                                at /rustc/6067b36314ab5eb2eb47cecc464545ba58e1ad24/library/alloc/src/boxed.rs:2013:9
[INFO] [stdout]   43:     0x597718f6385b - std::sys::pal::unix::thread::Thread::new::thread_start::h2d970728ae887adc
[INFO] [stdout]                                at /rustc/6067b36314ab5eb2eb47cecc464545ba58e1ad24/library/std/src/sys/pal/unix/thread.rs:106:17
[INFO] [stdout]   44:     0x7bccbdda4ac3 - <unknown>
[INFO] [stdout]   45:     0x7bccbde35a04 - clone
[INFO] [stdout]   46:                0x0 - <unknown>
[INFO] [stdout] 
[INFO] [stdout] 
[INFO] [stdout] failures:
[INFO] [stdout]     compiler_tests::basic_compiling
[INFO] [stdout]     compiler_tests::compile_func1
[INFO] [stdout]     compiler_tests::compile_func2
[INFO] [stdout]     compiler_tests::parse_func
[INFO] [stdout] 
[INFO] [stdout] test result: FAILED. 4 passed; 4 failed; 0 ignored; 0 measured; 0 filtered out; finished in 0.01s
[INFO] [stdout] 
[INFO] [stderr] error: test failed, to rerun pass `-p compiler --lib`
[INFO] running `Command { std: "docker" "inspect" "401bcbb0a005892ee7f5be150f1127a694d89eb5a261882df3cdf685059591e3", kill_on_drop: false }`
[INFO] running `Command { std: "docker" "rm" "-f" "401bcbb0a005892ee7f5be150f1127a694d89eb5a261882df3cdf685059591e3", kill_on_drop: false }`
[INFO] [stdout] 401bcbb0a005892ee7f5be150f1127a694d89eb5a261882df3cdf685059591e3
