[INFO] cloning repository https://github.com/MajorBarnulf/porte
[INFO] running `Command { std: "git" "-c" "credential.helper=" "-c" "credential.helper=/workspace/cargo-home/bin/git-credential-null" "clone" "--bare" "https://github.com/MajorBarnulf/porte" "/workspace/cache/git-repos/https%3A%2F%2Fgithub.com%2FMajorBarnulf%2Fporte", kill_on_drop: false }`
[INFO] [stderr] Cloning into bare repository '/workspace/cache/git-repos/https%3A%2F%2Fgithub.com%2FMajorBarnulf%2Fporte'...
[INFO] running `Command { std: "git" "rev-parse" "HEAD", kill_on_drop: false }`
[INFO] [stdout] 28377bd3c271e70afc27c297c19a28884d70d288
[INFO] testing MajorBarnulf/porte against nightly-2025-01-18+rustflags=-Zrandomize-layout for randomize-layout-2
[INFO] running `Command { std: "git" "clone" "/workspace/cache/git-repos/https%3A%2F%2Fgithub.com%2FMajorBarnulf%2Fporte" "/workspace/builds/worker-2-tc2/source", kill_on_drop: false }`
[INFO] [stderr] Cloning into '/workspace/builds/worker-2-tc2/source'...
[INFO] [stderr] done.
[INFO] validating manifest of git repo https://github.com/MajorBarnulf/porte on toolchain nightly-2025-01-18
[INFO] running `Command { std: CARGO_HOME="/workspace/cargo-home" RUSTUP_HOME="/workspace/rustup-home" "/workspace/cargo-home/bin/cargo" "+nightly-2025-01-18" "metadata" "--manifest-path" "Cargo.toml" "--no-deps", kill_on_drop: false }`
[INFO] started tweaking git repo https://github.com/MajorBarnulf/porte
[INFO] finished tweaking git repo https://github.com/MajorBarnulf/porte
[INFO] tweaked toml for git repo https://github.com/MajorBarnulf/porte written to /workspace/builds/worker-2-tc2/source/Cargo.toml
[INFO] crate git repo https://github.com/MajorBarnulf/porte already has a lockfile, it will not be regenerated
[INFO] running `Command { std: CARGO_HOME="/workspace/cargo-home" RUSTUP_HOME="/workspace/rustup-home" "/workspace/cargo-home/bin/cargo" "+nightly-2025-01-18" "fetch" "--manifest-path" "Cargo.toml", kill_on_drop: false }`
[INFO] running `Command { std: "docker" "create" "-v" "/var/lib/crater-agent-workspace/builds/worker-2-tc2/target:/opt/rustwide/target:rw,Z" "-v" "/var/lib/crater-agent-workspace/builds/worker-2-tc2/source:/opt/rustwide/workdir:ro,Z" "-v" "/var/lib/crater-agent-workspace/cargo-home:/opt/rustwide/cargo-home:ro,Z" "-v" "/var/lib/crater-agent-workspace/rustup-home:/opt/rustwide/rustup-home:ro,Z" "-e" "SOURCE_DIR=/opt/rustwide/workdir" "-e" "CARGO_TARGET_DIR=/opt/rustwide/target" "-e" "CARGO_HOME=/opt/rustwide/cargo-home" "-e" "RUSTUP_HOME=/opt/rustwide/rustup-home" "-w" "/opt/rustwide/workdir" "-m" "1610612736" "--user" "0:0" "--network" "none" "ghcr.io/rust-lang/crates-build-env/linux@sha256:819108c5571ea2e421544af4d832f968d213c87fbe3707a016657f43d2f853bc" "/opt/rustwide/cargo-home/bin/cargo" "+nightly-2025-01-18" "metadata" "--no-deps" "--format-version=1", kill_on_drop: false }`
[INFO] [stdout] d2a6142396114077f8f35c99f323d2aae750b0d85465b1947f39bf366549744e
[INFO] running `Command { std: "docker" "start" "-a" "d2a6142396114077f8f35c99f323d2aae750b0d85465b1947f39bf366549744e", kill_on_drop: false }`
[INFO] running `Command { std: "docker" "inspect" "d2a6142396114077f8f35c99f323d2aae750b0d85465b1947f39bf366549744e", kill_on_drop: false }`
[INFO] running `Command { std: "docker" "rm" "-f" "d2a6142396114077f8f35c99f323d2aae750b0d85465b1947f39bf366549744e", kill_on_drop: false }`
[INFO] [stdout] d2a6142396114077f8f35c99f323d2aae750b0d85465b1947f39bf366549744e
[INFO] running `Command { std: "docker" "create" "-v" "/var/lib/crater-agent-workspace/builds/worker-2-tc2/target:/opt/rustwide/target:rw,Z" "-v" "/var/lib/crater-agent-workspace/builds/worker-2-tc2/source:/opt/rustwide/workdir:ro,Z" "-v" "/var/lib/crater-agent-workspace/cargo-home:/opt/rustwide/cargo-home:ro,Z" "-v" "/var/lib/crater-agent-workspace/rustup-home:/opt/rustwide/rustup-home:ro,Z" "-e" "SOURCE_DIR=/opt/rustwide/workdir" "-e" "CARGO_TARGET_DIR=/opt/rustwide/target" "-e" "CARGO_INCREMENTAL=0" "-e" "RUST_BACKTRACE=full" "-e" "RUSTFLAGS=--cap-lints=forbid -Zrandomize-layout" "-e" "RUSTDOCFLAGS=--cap-lints=forbid" "-e" "CARGO_HOME=/opt/rustwide/cargo-home" "-e" "RUSTUP_HOME=/opt/rustwide/rustup-home" "-w" "/opt/rustwide/workdir" "-m" "1610612736" "--user" "0:0" "--network" "none" "ghcr.io/rust-lang/crates-build-env/linux@sha256:819108c5571ea2e421544af4d832f968d213c87fbe3707a016657f43d2f853bc" "/opt/rustwide/cargo-home/bin/cargo" "+nightly-2025-01-18" "build" "--frozen" "--message-format=json", kill_on_drop: false }`
[INFO] [stdout] 8db0dc148b77fb6ecc546daa2f94c6e7bc39b92b566b891d95eb0925059228c6
[INFO] running `Command { std: "docker" "start" "-a" "8db0dc148b77fb6ecc546daa2f94c6e7bc39b92b566b891d95eb0925059228c6", kill_on_drop: false }`
[INFO] [stderr]    Compiling libc v0.2.126
[INFO] [stderr]    Compiling crunchy v0.2.2
[INFO] [stderr]    Compiling tiny-keccak v2.0.2
[INFO] [stderr]    Compiling proc-macro-hack v0.5.20+deprecated
[INFO] [stderr]    Compiling cfg-if v1.0.0
[INFO] [stderr]    Compiling once_cell v1.18.0
[INFO] [stderr]    Compiling getrandom v0.2.6
[INFO] [stderr]    Compiling const-random-macro v0.1.15
[INFO] [stderr]    Compiling const-random v0.1.15
[INFO] [stderr]    Compiling ahash v0.3.8
[INFO] [stderr]    Compiling chumsky v0.8.0
[INFO] [stderr]    Compiling porte v0.4.0 (/opt/rustwide/workdir)
[INFO] [stderr]     Finished `dev` profile [unoptimized + debuginfo] target(s) in 9.99s
[INFO] running `Command { std: "docker" "inspect" "8db0dc148b77fb6ecc546daa2f94c6e7bc39b92b566b891d95eb0925059228c6", kill_on_drop: false }`
[INFO] running `Command { std: "docker" "rm" "-f" "8db0dc148b77fb6ecc546daa2f94c6e7bc39b92b566b891d95eb0925059228c6", kill_on_drop: false }`
[INFO] [stdout] 8db0dc148b77fb6ecc546daa2f94c6e7bc39b92b566b891d95eb0925059228c6
[INFO] running `Command { std: "docker" "create" "-v" "/var/lib/crater-agent-workspace/builds/worker-2-tc2/target:/opt/rustwide/target:rw,Z" "-v" "/var/lib/crater-agent-workspace/builds/worker-2-tc2/source:/opt/rustwide/workdir:ro,Z" "-v" "/var/lib/crater-agent-workspace/cargo-home:/opt/rustwide/cargo-home:ro,Z" "-v" "/var/lib/crater-agent-workspace/rustup-home:/opt/rustwide/rustup-home:ro,Z" "-e" "SOURCE_DIR=/opt/rustwide/workdir" "-e" "CARGO_TARGET_DIR=/opt/rustwide/target" "-e" "CARGO_INCREMENTAL=0" "-e" "RUST_BACKTRACE=full" "-e" "RUSTFLAGS=--cap-lints=forbid -Zrandomize-layout" "-e" "RUSTDOCFLAGS=--cap-lints=forbid" "-e" "CARGO_HOME=/opt/rustwide/cargo-home" "-e" "RUSTUP_HOME=/opt/rustwide/rustup-home" "-w" "/opt/rustwide/workdir" "-m" "1610612736" "--user" "0:0" "--network" "none" "ghcr.io/rust-lang/crates-build-env/linux@sha256:819108c5571ea2e421544af4d832f968d213c87fbe3707a016657f43d2f853bc" "/opt/rustwide/cargo-home/bin/cargo" "+nightly-2025-01-18" "test" "--frozen" "--no-run" "--message-format=json", kill_on_drop: false }`
[INFO] [stdout] 52b04273da7b2d50346a0c52c219b83fd640ec58969ecec52faadae903ea30f4
[INFO] running `Command { std: "docker" "start" "-a" "52b04273da7b2d50346a0c52c219b83fd640ec58969ecec52faadae903ea30f4", kill_on_drop: false }`
[INFO] [stderr]    Compiling porte v0.4.0 (/opt/rustwide/workdir)
[INFO] [stderr]     Finished `test` profile [unoptimized + debuginfo] target(s) in 4.60s
[INFO] running `Command { std: "docker" "inspect" "52b04273da7b2d50346a0c52c219b83fd640ec58969ecec52faadae903ea30f4", kill_on_drop: false }`
[INFO] running `Command { std: "docker" "rm" "-f" "52b04273da7b2d50346a0c52c219b83fd640ec58969ecec52faadae903ea30f4", kill_on_drop: false }`
[INFO] [stdout] 52b04273da7b2d50346a0c52c219b83fd640ec58969ecec52faadae903ea30f4
[INFO] running `Command { std: "docker" "create" "-v" "/var/lib/crater-agent-workspace/builds/worker-2-tc2/target:/opt/rustwide/target:rw,Z" "-v" "/var/lib/crater-agent-workspace/builds/worker-2-tc2/source:/opt/rustwide/workdir:ro,Z" "-v" "/var/lib/crater-agent-workspace/cargo-home:/opt/rustwide/cargo-home:ro,Z" "-v" "/var/lib/crater-agent-workspace/rustup-home:/opt/rustwide/rustup-home:ro,Z" "-e" "SOURCE_DIR=/opt/rustwide/workdir" "-e" "CARGO_TARGET_DIR=/opt/rustwide/target" "-e" "CARGO_INCREMENTAL=0" "-e" "RUST_BACKTRACE=full" "-e" "RUSTFLAGS=--cap-lints=forbid -Zrandomize-layout" "-e" "RUSTDOCFLAGS=--cap-lints=forbid" "-e" "CARGO_HOME=/opt/rustwide/cargo-home" "-e" "RUSTUP_HOME=/opt/rustwide/rustup-home" "-w" "/opt/rustwide/workdir" "-m" "1610612736" "--user" "0:0" "--network" "none" "ghcr.io/rust-lang/crates-build-env/linux@sha256:819108c5571ea2e421544af4d832f968d213c87fbe3707a016657f43d2f853bc" "/opt/rustwide/cargo-home/bin/cargo" "+nightly-2025-01-18" "test" "--frozen", kill_on_drop: false }`
[INFO] [stdout] b0d83852ec6d09d6c910e678ed2964328ff75abc5a30a22d32a8a80a42fd7f33
[INFO] running `Command { std: "docker" "start" "-a" "b0d83852ec6d09d6c910e678ed2964328ff75abc5a30a22d32a8a80a42fd7f33", kill_on_drop: false }`
[INFO] [stderr]     Finished `test` profile [unoptimized + debuginfo] target(s) in 0.03s
[INFO] [stdout] 
[INFO] [stdout] running 15 tests
[INFO] [stderr]      Running unittests src/main.rs (/opt/rustwide/target/debug/deps/porte-87e05c77bdc8c733)
[INFO] [stdout] test syntax_tree::parser::test_function_definition_parser ... ok
[INFO] [stdout] test demo::ast ... ok
[INFO] [stdout] test syntax_tree::parser::test_function_call_parser ... ok
[INFO] [stdout] test syntax_tree::parser::test_expression_parser ... ok
[INFO] [stdout] test syntax_tree::parser::test_function_return_parser ... ok
[INFO] [stdout] test syntax_tree::parser::test_literal_value ... ok
[INFO] [stdout] test syntax_tree::parser::test_loop_parser ... ok
[INFO] [stdout] test syntax_tree::parser::test_loop_break_parser ... ok
[INFO] [stdout] test syntax_tree::parser::test_scope_parser ... ok
[INFO] [stdout] test syntax_tree::parser::test_parser ... ok
[INFO] [stdout] test syntax_tree::parser::test_variable_definition_parser ... ok
[INFO] [stdout] test syntax_tree::parser::test_variable_assignement_parser ... ok
[INFO] [stdout] test syntax_tree::parser::test_condition_parser ... ok
[INFO] [stdout] test syntax_tree::parser::test_variable_call_parser ... ok
[INFO] [stdout] test it_works ... FAILED
[INFO] [stdout] 
[INFO] [stdout] failures:
[INFO] [stdout] 
[INFO] [stdout] ---- it_works stdout ----
[INFO] [stdout] 
[INFO] [stdout] thread 'it_works' panicked at src/execution_tree/parser.rs:221:32:
[INFO] [stdout] call of undeclared function 'print'
[INFO] [stdout] stack backtrace:
[INFO] [stdout]    0:     0x61dec51b834a - std::backtrace_rs::backtrace::libunwind::trace::hb059275cfc8d6126
[INFO] [stdout]                                at /rustc/6067b36314ab5eb2eb47cecc464545ba58e1ad24/library/std/src/../../backtrace/src/backtrace/libunwind.rs:116:5
[INFO] [stdout]    1:     0x61dec51b834a - std::backtrace_rs::backtrace::trace_unsynchronized::h2da071e4327ce3ee
[INFO] [stdout]                                at /rustc/6067b36314ab5eb2eb47cecc464545ba58e1ad24/library/std/src/../../backtrace/src/backtrace/mod.rs:66:5
[INFO] [stdout]    2:     0x61dec51b834a - std::sys::backtrace::_print_fmt::h842a1474e6f8d23f
[INFO] [stdout]                                at /rustc/6067b36314ab5eb2eb47cecc464545ba58e1ad24/library/std/src/sys/backtrace.rs:66:9
[INFO] [stdout]    3:     0x61dec51b834a - <std::sys::backtrace::BacktraceLock::print::DisplayBacktrace as core::fmt::Display>::fmt::h71a62eb3b9696b12
[INFO] [stdout]                                at /rustc/6067b36314ab5eb2eb47cecc464545ba58e1ad24/library/std/src/sys/backtrace.rs:39:26
[INFO] [stdout]    4:     0x61dec51e1173 - core::fmt::rt::Argument::fmt::hdb6b616786b41dc1
[INFO] [stdout]                                at /rustc/6067b36314ab5eb2eb47cecc464545ba58e1ad24/library/core/src/fmt/rt.rs:177:76
[INFO] [stdout]    5:     0x61dec51e1173 - core::fmt::write::h2cc1698af7e2d686
[INFO] [stdout]                                at /rustc/6067b36314ab5eb2eb47cecc464545ba58e1ad24/library/core/src/fmt/mod.rs:1440:21
[INFO] [stdout]    6:     0x61dec51b4ea3 - std::io::Write::write_fmt::hab1b4cd059a79022
[INFO] [stdout]                                at /rustc/6067b36314ab5eb2eb47cecc464545ba58e1ad24/library/std/src/io/mod.rs:1887:15
[INFO] [stdout]    7:     0x61dec51b8192 - std::sys::backtrace::BacktraceLock::print::h147fe35b4ea13b08
[INFO] [stdout]                                at /rustc/6067b36314ab5eb2eb47cecc464545ba58e1ad24/library/std/src/sys/backtrace.rs:42:9
[INFO] [stdout]    8:     0x61dec51b976f - std::panicking::default_hook::{{closure}}::hbd44223dbdc0d208
[INFO] [stdout]                                at /rustc/6067b36314ab5eb2eb47cecc464545ba58e1ad24/library/std/src/panicking.rs:298:22
[INFO] [stdout]    9:     0x61dec51b9588 - std::panicking::default_hook::h20f81eb0576efcec
[INFO] [stdout]                                at /rustc/6067b36314ab5eb2eb47cecc464545ba58e1ad24/library/std/src/panicking.rs:322:9
[INFO] [stdout]   10:     0x61dec517faa3 - <alloc::boxed::Box<F,A> as core::ops::function::Fn<Args>>::call::hdb53814c496a4d34
[INFO] [stdout]                                at /rustc/6067b36314ab5eb2eb47cecc464545ba58e1ad24/library/alloc/src/boxed.rs:2027:9
[INFO] [stdout]   11:     0x61dec517faa3 - test::test_main::{{closure}}::hc0a4963c59427c24
[INFO] [stdout]                                at /rustc/6067b36314ab5eb2eb47cecc464545ba58e1ad24/library/test/src/lib.rs:134:21
[INFO] [stdout]   12:     0x61dec51ba263 - <alloc::boxed::Box<F,A> as core::ops::function::Fn<Args>>::call::h591b2225413a77e9
[INFO] [stdout]                                at /rustc/6067b36314ab5eb2eb47cecc464545ba58e1ad24/library/alloc/src/boxed.rs:2027:9
[INFO] [stdout]   13:     0x61dec51ba263 - std::panicking::rust_panic_with_hook::h625eea43051b2edc
[INFO] [stdout]                                at /rustc/6067b36314ab5eb2eb47cecc464545ba58e1ad24/library/std/src/panicking.rs:839:13
[INFO] [stdout]   14:     0x61dec51b9f1a - std::panicking::begin_panic_handler::{{closure}}::h4f9159cfbc3f6bd3
[INFO] [stdout]                                at /rustc/6067b36314ab5eb2eb47cecc464545ba58e1ad24/library/std/src/panicking.rs:704:13
[INFO] [stdout]   15:     0x61dec51b8849 - std::sys::backtrace::__rust_end_short_backtrace::h0390abce48353151
[INFO] [stdout]                                at /rustc/6067b36314ab5eb2eb47cecc464545ba58e1ad24/library/std/src/sys/backtrace.rs:168:18
[INFO] [stdout]   16:     0x61dec51b9bad - rust_begin_unwind
[INFO] [stdout]                                at /rustc/6067b36314ab5eb2eb47cecc464545ba58e1ad24/library/std/src/panicking.rs:695:5
[INFO] [stdout]   17:     0x61dec51df480 - core::panicking::panic_fmt::h9e7c637e9e5f29c9
[INFO] [stdout]                                at /rustc/6067b36314ab5eb2eb47cecc464545ba58e1ad24/library/core/src/panicking.rs:75:14
[INFO] [stdout]   18:     0x61dec50f7124 - porte::execution_tree::parser::Parser::parse_function_call::{{closure}}::h2a1e1873f509fa8e
[INFO] [stdout]                                at /opt/rustwide/workdir/src/execution_tree/parser.rs:221:32
[INFO] [stdout]   19:     0x61dec51423ca - core::option::Option<T>::unwrap_or_else::h746527f610e82ed0
[INFO] [stdout]                                at /rustc/6067b36314ab5eb2eb47cecc464545ba58e1ad24/library/core/src/option.rs:1023:21
[INFO] [stdout]   20:     0x61dec50f6fbb - porte::execution_tree::parser::Parser::parse_function_call::h4d886f88bc471ef4
[INFO] [stdout]                                at /opt/rustwide/workdir/src/execution_tree/parser.rs:219:27
[INFO] [stdout]   21:     0x61dec50f669c - porte::execution_tree::parser::Parser::parse_expression::h59b75f7cc27cb762
[INFO] [stdout]                                at /opt/rustwide/workdir/src/execution_tree/parser.rs:126:37
[INFO] [stdout]   22:     0x61dec50f63dd - porte::execution_tree::parser::Parser::parse_syntax_tree_scope::{{closure}}::h2be57a090408c891
[INFO] [stdout]                                at /opt/rustwide/workdir/src/execution_tree/parser.rs:76:31
[INFO] [stdout]   23:     0x61dec512eebb - core::iter::adapters::map::map_try_fold::{{closure}}::haa4aa82544c9f216
[INFO] [stdout]                                at /rustc/6067b36314ab5eb2eb47cecc464545ba58e1ad24/library/core/src/iter/adapters/map.rs:95:28
[INFO] [stdout]   24:     0x61dec50e74d1 - <alloc::vec::into_iter::IntoIter<T,A> as core::iter::traits::iterator::Iterator>::try_fold::hf3400230f0fcea77
[INFO] [stdout]                                at /rustc/6067b36314ab5eb2eb47cecc464545ba58e1ad24/library/alloc/src/vec/into_iter.rs:346:25
[INFO] [stdout]   25:     0x61dec512c7ab - <core::iter::adapters::map::Map<I,F> as core::iter::traits::iterator::Iterator>::try_fold::h26e34d2e050b7eb3
[INFO] [stdout]                                at /rustc/6067b36314ab5eb2eb47cecc464545ba58e1ad24/library/core/src/iter/adapters/map.rs:121:9
[INFO] [stdout]   26:     0x61dec5131263 - <I as alloc::vec::in_place_collect::SpecInPlaceCollect<T,I>>::collect_in_place::h0c2d6c560634b8d1
[INFO] [stdout]                                at /rustc/6067b36314ab5eb2eb47cecc464545ba58e1ad24/library/alloc/src/vec/in_place_collect.rs:380:13
[INFO] [stdout]   27:     0x61dec50ee212 - alloc::vec::in_place_collect::from_iter_in_place::hd53a60ecda546a9b
[INFO] [stdout]                                at /rustc/6067b36314ab5eb2eb47cecc464545ba58e1ad24/library/alloc/src/vec/in_place_collect.rs:271:9
[INFO] [stdout]   28:     0x61dec51010b4 - alloc::vec::in_place_collect::from_iter_in_place{{reify.shim}}::h16998ab3746cf19e
[INFO] [stdout]                                at /rustc/6067b36314ab5eb2eb47cecc464545ba58e1ad24/library/alloc/src/vec/in_place_collect.rs:251:1
[INFO] [stdout]   29:     0x61dec50f134d - alloc::vec::in_place_collect::<impl alloc::vec::spec_from_iter::SpecFromIter<T,I> for alloc::vec::Vec<T>>::from_iter::he9f89373e6517e1a
[INFO] [stdout]                                at /rustc/6067b36314ab5eb2eb47cecc464545ba58e1ad24/library/alloc/src/vec/in_place_collect.rs:246:9
[INFO] [stdout]   30:     0x61dec50f25df - <alloc::vec::Vec<T> as core::iter::traits::collect::FromIterator<T>>::from_iter::h2dc5ca8928fcc99f
[INFO] [stdout]                                at /rustc/6067b36314ab5eb2eb47cecc464545ba58e1ad24/library/alloc/src/vec/mod.rs:3427:9
[INFO] [stdout]   31:     0x61dec512d634 - core::iter::traits::iterator::Iterator::collect::hfb69aa590cabca68
[INFO] [stdout]                                at /rustc/6067b36314ab5eb2eb47cecc464545ba58e1ad24/library/core/src/iter/traits/iterator.rs:1971:9
[INFO] [stdout]   32:     0x61dec50f626e - porte::execution_tree::parser::Parser::parse_syntax_tree_scope::h245022ed7675b0dc
[INFO] [stdout]                                at /opt/rustwide/workdir/src/execution_tree/parser.rs:74:27
[INFO] [stdout]   33:     0x61dec50f6de2 - porte::execution_tree::parser::Parser::parse_function_definition::h6c0a208551d33fd6
[INFO] [stdout]                                at /opt/rustwide/workdir/src/execution_tree/parser.rs:204:29
[INFO] [stdout]   34:     0x61dec50f664b - porte::execution_tree::parser::Parser::parse_expression::h59b75f7cc27cb762
[INFO] [stdout]                                at /opt/rustwide/workdir/src/execution_tree/parser.rs:122:21
[INFO] [stdout]   35:     0x61dec50f697f - porte::execution_tree::parser::Parser::parse_variable_definition::hb517e9cf523e7fb0
[INFO] [stdout]                                at /opt/rustwide/workdir/src/execution_tree/parser.rs:159:21
[INFO] [stdout]   36:     0x61dec50f6524 - porte::execution_tree::parser::Parser::parse_expression::h59b75f7cc27cb762
[INFO] [stdout]                                at /opt/rustwide/workdir/src/execution_tree/parser.rs:108:21
[INFO] [stdout]   37:     0x61dec50f63dd - porte::execution_tree::parser::Parser::parse_syntax_tree_scope::{{closure}}::h2be57a090408c891
[INFO] [stdout]                                at /opt/rustwide/workdir/src/execution_tree/parser.rs:76:31
[INFO] [stdout]   38:     0x61dec512eebb - core::iter::adapters::map::map_try_fold::{{closure}}::haa4aa82544c9f216
[INFO] [stdout]                                at /rustc/6067b36314ab5eb2eb47cecc464545ba58e1ad24/library/core/src/iter/adapters/map.rs:95:28
[INFO] [stdout]   39:     0x61dec50e74d1 - <alloc::vec::into_iter::IntoIter<T,A> as core::iter::traits::iterator::Iterator>::try_fold::hf3400230f0fcea77
[INFO] [stdout]                                at /rustc/6067b36314ab5eb2eb47cecc464545ba58e1ad24/library/alloc/src/vec/into_iter.rs:346:25
[INFO] [stdout]   40:     0x61dec512c7ab - <core::iter::adapters::map::Map<I,F> as core::iter::traits::iterator::Iterator>::try_fold::h26e34d2e050b7eb3
[INFO] [stdout]                                at /rustc/6067b36314ab5eb2eb47cecc464545ba58e1ad24/library/core/src/iter/adapters/map.rs:121:9
[INFO] [stdout]   41:     0x61dec5131263 - <I as alloc::vec::in_place_collect::SpecInPlaceCollect<T,I>>::collect_in_place::h0c2d6c560634b8d1
[INFO] [stdout]                                at /rustc/6067b36314ab5eb2eb47cecc464545ba58e1ad24/library/alloc/src/vec/in_place_collect.rs:380:13
[INFO] [stdout]   42:     0x61dec50ee212 - alloc::vec::in_place_collect::from_iter_in_place::hd53a60ecda546a9b
[INFO] [stdout]                                at /rustc/6067b36314ab5eb2eb47cecc464545ba58e1ad24/library/alloc/src/vec/in_place_collect.rs:271:9
[INFO] [stdout]   43:     0x61dec51010b4 - alloc::vec::in_place_collect::from_iter_in_place{{reify.shim}}::h16998ab3746cf19e
[INFO] [stdout]                                at /rustc/6067b36314ab5eb2eb47cecc464545ba58e1ad24/library/alloc/src/vec/in_place_collect.rs:251:1
[INFO] [stdout]   44:     0x61dec50f134d - alloc::vec::in_place_collect::<impl alloc::vec::spec_from_iter::SpecFromIter<T,I> for alloc::vec::Vec<T>>::from_iter::he9f89373e6517e1a
[INFO] [stdout]                                at /rustc/6067b36314ab5eb2eb47cecc464545ba58e1ad24/library/alloc/src/vec/in_place_collect.rs:246:9
[INFO] [stdout]   45:     0x61dec50f25df - <alloc::vec::Vec<T> as core::iter::traits::collect::FromIterator<T>>::from_iter::h2dc5ca8928fcc99f
[INFO] [stdout]                                at /rustc/6067b36314ab5eb2eb47cecc464545ba58e1ad24/library/alloc/src/vec/mod.rs:3427:9
[INFO] [stdout]   46:     0x61dec512d634 - core::iter::traits::iterator::Iterator::collect::hfb69aa590cabca68
[INFO] [stdout]                                at /rustc/6067b36314ab5eb2eb47cecc464545ba58e1ad24/library/core/src/iter/traits/iterator.rs:1971:9
[INFO] [stdout]   47:     0x61dec50f626e - porte::execution_tree::parser::Parser::parse_syntax_tree_scope::h245022ed7675b0dc
[INFO] [stdout]                                at /opt/rustwide/workdir/src/execution_tree/parser.rs:74:27
[INFO] [stdout]   48:     0x61dec50f5dbb - porte::execution_tree::parser::Parser::parse::h062544d40ff59af6
[INFO] [stdout]                                at /opt/rustwide/workdir/src/execution_tree/parser.rs:56:29
[INFO] [stdout]   49:     0x61dec51142b2 - porte::it_works::h8abd20c594d0d6ec
[INFO] [stdout]                                at /opt/rustwide/workdir/src/main.rs:47:16
[INFO] [stdout]   50:     0x61dec5113b67 - porte::it_works::{{closure}}::h86c77e6e8aea69c6
[INFO] [stdout]                                at /opt/rustwide/workdir/src/main.rs:23:14
[INFO] [stdout]   51:     0x61dec50f9fb6 - core::ops::function::FnOnce::call_once::h3a73ff9d31a8c253
[INFO] [stdout]                                at /rustc/6067b36314ab5eb2eb47cecc464545ba58e1ad24/library/core/src/ops/function.rs:250:5
[INFO] [stdout]   52:     0x61dec51851fb - core::ops::function::FnOnce::call_once::he27718dfdd183f43
[INFO] [stdout]                                at /rustc/6067b36314ab5eb2eb47cecc464545ba58e1ad24/library/core/src/ops/function.rs:250:5
[INFO] [stdout]   53:     0x61dec51851fb - test::__rust_begin_short_backtrace::h4e84902998457a5d
[INFO] [stdout]                                at /rustc/6067b36314ab5eb2eb47cecc464545ba58e1ad24/library/test/src/lib.rs:632:18
[INFO] [stdout]   54:     0x61dec5184133 - test::run_test_in_process::{{closure}}::h7176fd18fc1feca0
[INFO] [stdout]                                at /rustc/6067b36314ab5eb2eb47cecc464545ba58e1ad24/library/test/src/lib.rs:655:60
[INFO] [stdout]   55:     0x61dec5184133 - <core::panic::unwind_safe::AssertUnwindSafe<F> as core::ops::function::FnOnce<()>>::call_once::hf79cff2a624d8cf7
[INFO] [stdout]                                at /rustc/6067b36314ab5eb2eb47cecc464545ba58e1ad24/library/core/src/panic/unwind_safe.rs:272:9
[INFO] [stdout]   56:     0x61dec5184133 - std::panicking::try::do_call::h3da0561d9ab99c25
[INFO] [stdout]                                at /rustc/6067b36314ab5eb2eb47cecc464545ba58e1ad24/library/std/src/panicking.rs:587:40
[INFO] [stdout]   57:     0x61dec5184133 - std::panicking::try::h41c9fa508bc61df6
[INFO] [stdout]                                at /rustc/6067b36314ab5eb2eb47cecc464545ba58e1ad24/library/std/src/panicking.rs:550:19
[INFO] [stdout]   58:     0x61dec5184133 - std::panic::catch_unwind::h6b3ff07bb5afad93
[INFO] [stdout]                                at /rustc/6067b36314ab5eb2eb47cecc464545ba58e1ad24/library/std/src/panic.rs:358:14
[INFO] [stdout]   59:     0x61dec5184133 - test::run_test_in_process::hc7253dd11b39b9f4
[INFO] [stdout]                                at /rustc/6067b36314ab5eb2eb47cecc464545ba58e1ad24/library/test/src/lib.rs:655:27
[INFO] [stdout]   60:     0x61dec5184133 - test::run_test::{{closure}}::hfb2007f8649c30bb
[INFO] [stdout]                                at /rustc/6067b36314ab5eb2eb47cecc464545ba58e1ad24/library/test/src/lib.rs:576:43
[INFO] [stdout]   61:     0x61dec5147215 - test::run_test::{{closure}}::h56a17aa7a282a9f4
[INFO] [stdout]                                at /rustc/6067b36314ab5eb2eb47cecc464545ba58e1ad24/library/test/src/lib.rs:606:41
[INFO] [stdout]   62:     0x61dec5147215 - std::sys::backtrace::__rust_begin_short_backtrace::hd2d2d2fb8e8c6aac
[INFO] [stdout]                                at /rustc/6067b36314ab5eb2eb47cecc464545ba58e1ad24/library/std/src/sys/backtrace.rs:152:18
[INFO] [stdout]   63:     0x61dec514aafa - std::thread::Builder::spawn_unchecked_::{{closure}}::{{closure}}::h4faa3f9db6133423
[INFO] [stdout]                                at /rustc/6067b36314ab5eb2eb47cecc464545ba58e1ad24/library/std/src/thread/mod.rs:559:17
[INFO] [stdout]   64:     0x61dec514aafa - <core::panic::unwind_safe::AssertUnwindSafe<F> as core::ops::function::FnOnce<()>>::call_once::hf2e855a36a4ea846
[INFO] [stdout]                                at /rustc/6067b36314ab5eb2eb47cecc464545ba58e1ad24/library/core/src/panic/unwind_safe.rs:272:9
[INFO] [stdout]   65:     0x61dec514aafa - std::panicking::try::do_call::h2f73af3616c35465
[INFO] [stdout]                                at /rustc/6067b36314ab5eb2eb47cecc464545ba58e1ad24/library/std/src/panicking.rs:587:40
[INFO] [stdout]   66:     0x61dec514aafa - std::panicking::try::hd1660ce9efadef5a
[INFO] [stdout]                                at /rustc/6067b36314ab5eb2eb47cecc464545ba58e1ad24/library/std/src/panicking.rs:550:19
[INFO] [stdout]   67:     0x61dec514aafa - std::panic::catch_unwind::h5ee8d7823b8ca744
[INFO] [stdout]                                at /rustc/6067b36314ab5eb2eb47cecc464545ba58e1ad24/library/std/src/panic.rs:358:14
[INFO] [stdout]   68:     0x61dec514aafa - std::thread::Builder::spawn_unchecked_::{{closure}}::h53c3a1894dce8407
[INFO] [stdout]                                at /rustc/6067b36314ab5eb2eb47cecc464545ba58e1ad24/library/std/src/thread/mod.rs:557:30
[INFO] [stdout]   69:     0x61dec514aafa - core::ops::function::FnOnce::call_once{{vtable.shim}}::h048ce291ad4f62bf
[INFO] [stdout]                                at /rustc/6067b36314ab5eb2eb47cecc464545ba58e1ad24/library/core/src/ops/function.rs:250:5
[INFO] [stdout]   70:     0x61dec51be19b - <alloc::boxed::Box<F,A> as core::ops::function::FnOnce<Args>>::call_once::ha52bedf99a3b4981
[INFO] [stdout]                                at /rustc/6067b36314ab5eb2eb47cecc464545ba58e1ad24/library/alloc/src/boxed.rs:2013:9
[INFO] [stdout]   71:     0x61dec51be19b - <alloc::boxed::Box<F,A> as core::ops::function::FnOnce<Args>>::call_once::h567748934d80ccf8
[INFO] [stdout]                                at /rustc/6067b36314ab5eb2eb47cecc464545ba58e1ad24/library/alloc/src/boxed.rs:2013:9
[INFO] [stdout]   72:     0x61dec51be19b - std::sys::pal::unix::thread::Thread::new::thread_start::h2d970728ae887adc
[INFO] [stdout]                                at /rustc/6067b36314ab5eb2eb47cecc464545ba58e1ad24/library/std/src/sys/pal/unix/thread.rs:106:17
[INFO] [stdout]   73:     0x7a5f4d7d3ac3 - <unknown>
[INFO] [stdout]   74:     0x7a5f4d864a04 - clone
[INFO] [stdout]   75:                0x0 - <unknown>
[INFO] [stdout] 
[INFO] [stdout] 
[INFO] [stdout] failures:
[INFO] [stdout]     it_works
[INFO] [stdout] 
[INFO] [stdout] test result: FAILED. 14 passed; 1 failed; 0 ignored; 0 measured; 0 filtered out; finished in 0.10s
[INFO] [stdout] 
[INFO] [stderr] error: test failed, to rerun pass `--bin porte`
[INFO] running `Command { std: "docker" "inspect" "b0d83852ec6d09d6c910e678ed2964328ff75abc5a30a22d32a8a80a42fd7f33", kill_on_drop: false }`
[INFO] running `Command { std: "docker" "rm" "-f" "b0d83852ec6d09d6c910e678ed2964328ff75abc5a30a22d32a8a80a42fd7f33", kill_on_drop: false }`
[INFO] [stdout] b0d83852ec6d09d6c910e678ed2964328ff75abc5a30a22d32a8a80a42fd7f33
