[INFO] cloning repository https://github.com/MackoLysy/RustyRobot
[INFO] running `Command { std: "git" "-c" "credential.helper=" "-c" "credential.helper=/workspace/cargo-home/bin/git-credential-null" "clone" "--bare" "https://github.com/MackoLysy/RustyRobot" "/workspace/cache/git-repos/https%3A%2F%2Fgithub.com%2FMackoLysy%2FRustyRobot", kill_on_drop: false }`
[INFO] [stderr] Cloning into bare repository '/workspace/cache/git-repos/https%3A%2F%2Fgithub.com%2FMackoLysy%2FRustyRobot'...
[INFO] running `Command { std: "git" "rev-parse" "HEAD", kill_on_drop: false }`
[INFO] [stdout] 1823ecb85d409e449a82713343e58f5760daa94d
[INFO] testing MackoLysy/RustyRobot against nightly-2025-01-18 for randomize-layout-2
[INFO] running `Command { std: "git" "clone" "/workspace/cache/git-repos/https%3A%2F%2Fgithub.com%2FMackoLysy%2FRustyRobot" "/workspace/builds/worker-1-tc1/source", kill_on_drop: false }`
[INFO] [stderr] Cloning into '/workspace/builds/worker-1-tc1/source'...
[INFO] [stderr] done.
[INFO] validating manifest of git repo https://github.com/MackoLysy/RustyRobot on toolchain nightly-2025-01-18
[INFO] running `Command { std: CARGO_HOME="/workspace/cargo-home" RUSTUP_HOME="/workspace/rustup-home" "/workspace/cargo-home/bin/cargo" "+nightly-2025-01-18" "metadata" "--manifest-path" "Cargo.toml" "--no-deps", kill_on_drop: false }`
[INFO] started tweaking git repo https://github.com/MackoLysy/RustyRobot
[INFO] finished tweaking git repo https://github.com/MackoLysy/RustyRobot
[INFO] tweaked toml for git repo https://github.com/MackoLysy/RustyRobot written to /workspace/builds/worker-1-tc1/source/Cargo.toml
[INFO] crate git repo https://github.com/MackoLysy/RustyRobot already has a lockfile, it will not be regenerated
[INFO] running `Command { std: CARGO_HOME="/workspace/cargo-home" RUSTUP_HOME="/workspace/rustup-home" "/workspace/cargo-home/bin/cargo" "+nightly-2025-01-18" "fetch" "--manifest-path" "Cargo.toml", kill_on_drop: false }`
[INFO] [stderr]     Updating crates.io index
[INFO] [stderr]  Downloading crates ...
[INFO] [stderr]   Downloaded assert_approx_eq v1.1.0
[INFO] running `Command { std: "docker" "create" "-v" "/var/lib/crater-agent-workspace/builds/worker-1-tc1/target:/opt/rustwide/target:rw,Z" "-v" "/var/lib/crater-agent-workspace/builds/worker-1-tc1/source:/opt/rustwide/workdir:ro,Z" "-v" "/var/lib/crater-agent-workspace/cargo-home:/opt/rustwide/cargo-home:ro,Z" "-v" "/var/lib/crater-agent-workspace/rustup-home:/opt/rustwide/rustup-home:ro,Z" "-e" "SOURCE_DIR=/opt/rustwide/workdir" "-e" "CARGO_TARGET_DIR=/opt/rustwide/target" "-e" "CARGO_HOME=/opt/rustwide/cargo-home" "-e" "RUSTUP_HOME=/opt/rustwide/rustup-home" "-w" "/opt/rustwide/workdir" "-m" "1610612736" "--user" "0:0" "--network" "none" "ghcr.io/rust-lang/crates-build-env/linux@sha256:819108c5571ea2e421544af4d832f968d213c87fbe3707a016657f43d2f853bc" "/opt/rustwide/cargo-home/bin/cargo" "+nightly-2025-01-18" "metadata" "--no-deps" "--format-version=1", kill_on_drop: false }`
[INFO] [stdout] 9182444e047b3f64d62f39b8702d3f5da2d7eba4596cdfe550c12a23aa2ca0b5
[INFO] running `Command { std: "docker" "start" "-a" "9182444e047b3f64d62f39b8702d3f5da2d7eba4596cdfe550c12a23aa2ca0b5", kill_on_drop: false }`
[INFO] running `Command { std: "docker" "inspect" "9182444e047b3f64d62f39b8702d3f5da2d7eba4596cdfe550c12a23aa2ca0b5", kill_on_drop: false }`
[INFO] running `Command { std: "docker" "rm" "-f" "9182444e047b3f64d62f39b8702d3f5da2d7eba4596cdfe550c12a23aa2ca0b5", kill_on_drop: false }`
[INFO] [stdout] 9182444e047b3f64d62f39b8702d3f5da2d7eba4596cdfe550c12a23aa2ca0b5
[INFO] running `Command { std: "docker" "create" "-v" "/var/lib/crater-agent-workspace/builds/worker-1-tc1/target:/opt/rustwide/target:rw,Z" "-v" "/var/lib/crater-agent-workspace/builds/worker-1-tc1/source:/opt/rustwide/workdir:ro,Z" "-v" "/var/lib/crater-agent-workspace/cargo-home:/opt/rustwide/cargo-home:ro,Z" "-v" "/var/lib/crater-agent-workspace/rustup-home:/opt/rustwide/rustup-home:ro,Z" "-e" "SOURCE_DIR=/opt/rustwide/workdir" "-e" "CARGO_TARGET_DIR=/opt/rustwide/target" "-e" "CARGO_INCREMENTAL=0" "-e" "RUST_BACKTRACE=full" "-e" "RUSTFLAGS=--cap-lints=forbid" "-e" "RUSTDOCFLAGS=--cap-lints=forbid" "-e" "CARGO_HOME=/opt/rustwide/cargo-home" "-e" "RUSTUP_HOME=/opt/rustwide/rustup-home" "-w" "/opt/rustwide/workdir" "-m" "1610612736" "--user" "0:0" "--network" "none" "ghcr.io/rust-lang/crates-build-env/linux@sha256:819108c5571ea2e421544af4d832f968d213c87fbe3707a016657f43d2f853bc" "/opt/rustwide/cargo-home/bin/cargo" "+nightly-2025-01-18" "build" "--frozen" "--message-format=json", kill_on_drop: false }`
[INFO] [stdout] 2f9ac6f7f9664ed545115e138732522e65fe5f65c4a6483b57752411be362871
[INFO] running `Command { std: "docker" "start" "-a" "2f9ac6f7f9664ed545115e138732522e65fe5f65c4a6483b57752411be362871", kill_on_drop: false }`
[INFO] [stderr]    Compiling autocfg v0.1.7
[INFO] [stderr]    Compiling rand_core v0.4.2
[INFO] [stderr]    Compiling libc v0.2.81
[INFO] [stderr]    Compiling autocfg v1.0.1
[INFO] [stderr]    Compiling ryu v1.0.5
[INFO] [stderr]    Compiling serde v1.0.118
[INFO] [stderr]    Compiling cgmath v0.17.0
[INFO] [stderr]    Compiling serde_json v1.0.60
[INFO] [stderr]    Compiling rand_core v0.3.1
[INFO] [stderr]    Compiling rand_xorshift v0.1.1
[INFO] [stderr]    Compiling rand_hc v0.1.0
[INFO] [stderr]    Compiling rand_isaac v0.1.1
[INFO] [stderr]    Compiling rand_jitter v0.1.4
[INFO] [stderr]    Compiling itoa v0.4.6
[INFO] [stderr]    Compiling rand_chacha v0.1.1
[INFO] [stderr]    Compiling num-traits v0.2.14
[INFO] [stderr]    Compiling rand_pcg v0.1.2
[INFO] [stderr]    Compiling rand v0.6.5
[INFO] [stderr]    Compiling assert_approx_eq v1.1.0
[INFO] [stderr]    Compiling rand_os v0.1.3
[INFO] [stderr]    Compiling approx v0.3.2
[INFO] [stderr]    Compiling rusty_bot v0.1.0 (/opt/rustwide/workdir)
[INFO] [stdout] warning: field `server_addr` is never read
[INFO] [stdout]  --> src/udp_handler.rs:6:5
[INFO] [stdout]   |
[INFO] [stdout] 4 | pub struct UdpHandler {
[INFO] [stdout]   |            ---------- field in this struct
[INFO] [stdout] 5 |     socket: UdpSocket,
[INFO] [stdout] 6 |     server_addr: String,
[INFO] [stdout]   |     ^^^^^^^^^^^
[INFO] [stdout]   |
[INFO] [stdout]   = note: `UdpHandler` has a derived impl for the trait `Debug`, but this is intentionally ignored during dead code analysis
[INFO] [stdout]   = note: `#[warn(dead_code)]` on by default
[INFO] [stdout] 
[INFO] [stdout] 
[INFO] [stderr]     Finished `dev` profile [unoptimized + debuginfo] target(s) in 12.77s
[INFO] running `Command { std: "docker" "inspect" "2f9ac6f7f9664ed545115e138732522e65fe5f65c4a6483b57752411be362871", kill_on_drop: false }`
[INFO] running `Command { std: "docker" "rm" "-f" "2f9ac6f7f9664ed545115e138732522e65fe5f65c4a6483b57752411be362871", kill_on_drop: false }`
[INFO] [stdout] 2f9ac6f7f9664ed545115e138732522e65fe5f65c4a6483b57752411be362871
[INFO] running `Command { std: "docker" "create" "-v" "/var/lib/crater-agent-workspace/builds/worker-1-tc1/target:/opt/rustwide/target:rw,Z" "-v" "/var/lib/crater-agent-workspace/builds/worker-1-tc1/source:/opt/rustwide/workdir:ro,Z" "-v" "/var/lib/crater-agent-workspace/cargo-home:/opt/rustwide/cargo-home:ro,Z" "-v" "/var/lib/crater-agent-workspace/rustup-home:/opt/rustwide/rustup-home:ro,Z" "-e" "SOURCE_DIR=/opt/rustwide/workdir" "-e" "CARGO_TARGET_DIR=/opt/rustwide/target" "-e" "CARGO_INCREMENTAL=0" "-e" "RUST_BACKTRACE=full" "-e" "RUSTFLAGS=--cap-lints=forbid" "-e" "RUSTDOCFLAGS=--cap-lints=forbid" "-e" "CARGO_HOME=/opt/rustwide/cargo-home" "-e" "RUSTUP_HOME=/opt/rustwide/rustup-home" "-w" "/opt/rustwide/workdir" "-m" "1610612736" "--user" "0:0" "--network" "none" "ghcr.io/rust-lang/crates-build-env/linux@sha256:819108c5571ea2e421544af4d832f968d213c87fbe3707a016657f43d2f853bc" "/opt/rustwide/cargo-home/bin/cargo" "+nightly-2025-01-18" "test" "--frozen" "--no-run" "--message-format=json", kill_on_drop: false }`
[INFO] [stdout] 90ef9f76f0ea5ad06f7bcc38a1ac121a226487b550c226c94a38bee89b038296
[INFO] running `Command { std: "docker" "start" "-a" "90ef9f76f0ea5ad06f7bcc38a1ac121a226487b550c226c94a38bee89b038296", kill_on_drop: false }`
[INFO] [stderr]    Compiling rusty_bot v0.1.0 (/opt/rustwide/workdir)
[INFO] [stdout] warning: field `server_addr` is never read
[INFO] [stdout]  --> src/udp_handler.rs:6:5
[INFO] [stdout]   |
[INFO] [stdout] 4 | pub struct UdpHandler {
[INFO] [stdout]   |            ---------- field in this struct
[INFO] [stdout] 5 |     socket: UdpSocket,
[INFO] [stdout] 6 |     server_addr: String,
[INFO] [stdout]   |     ^^^^^^^^^^^
[INFO] [stdout]   |
[INFO] [stdout]   = note: `UdpHandler` has a derived impl for the trait `Debug`, but this is intentionally ignored during dead code analysis
[INFO] [stdout]   = note: `#[warn(dead_code)]` on by default
[INFO] [stdout] 
[INFO] [stdout] 
[INFO] [stderr]     Finished `test` profile [unoptimized + debuginfo] target(s) in 0.44s
[INFO] running `Command { std: "docker" "inspect" "90ef9f76f0ea5ad06f7bcc38a1ac121a226487b550c226c94a38bee89b038296", kill_on_drop: false }`
[INFO] running `Command { std: "docker" "rm" "-f" "90ef9f76f0ea5ad06f7bcc38a1ac121a226487b550c226c94a38bee89b038296", kill_on_drop: false }`
[INFO] [stdout] 90ef9f76f0ea5ad06f7bcc38a1ac121a226487b550c226c94a38bee89b038296
[INFO] running `Command { std: "docker" "create" "-v" "/var/lib/crater-agent-workspace/builds/worker-1-tc1/target:/opt/rustwide/target:rw,Z" "-v" "/var/lib/crater-agent-workspace/builds/worker-1-tc1/source:/opt/rustwide/workdir:ro,Z" "-v" "/var/lib/crater-agent-workspace/cargo-home:/opt/rustwide/cargo-home:ro,Z" "-v" "/var/lib/crater-agent-workspace/rustup-home:/opt/rustwide/rustup-home:ro,Z" "-e" "SOURCE_DIR=/opt/rustwide/workdir" "-e" "CARGO_TARGET_DIR=/opt/rustwide/target" "-e" "CARGO_INCREMENTAL=0" "-e" "RUST_BACKTRACE=full" "-e" "RUSTFLAGS=--cap-lints=forbid" "-e" "RUSTDOCFLAGS=--cap-lints=forbid" "-e" "CARGO_HOME=/opt/rustwide/cargo-home" "-e" "RUSTUP_HOME=/opt/rustwide/rustup-home" "-w" "/opt/rustwide/workdir" "-m" "1610612736" "--user" "0:0" "--network" "none" "ghcr.io/rust-lang/crates-build-env/linux@sha256:819108c5571ea2e421544af4d832f968d213c87fbe3707a016657f43d2f853bc" "/opt/rustwide/cargo-home/bin/cargo" "+nightly-2025-01-18" "test" "--frozen", kill_on_drop: false }`
[INFO] [stdout] 2f11355f4e2e64d4a3700a355619cce639af60402d156fe1322b729426f47fbe
[INFO] running `Command { std: "docker" "start" "-a" "2f11355f4e2e64d4a3700a355619cce639af60402d156fe1322b729426f47fbe", kill_on_drop: false }`
[INFO] [stderr] warning: field `server_addr` is never read
[INFO] [stderr]  --> src/udp_handler.rs:6:5
[INFO] [stderr]   |
[INFO] [stderr] 4 | pub struct UdpHandler {
[INFO] [stderr]   |            ---------- field in this struct
[INFO] [stderr] 5 |     socket: UdpSocket,
[INFO] [stderr] 6 |     server_addr: String,
[INFO] [stderr]   |     ^^^^^^^^^^^
[INFO] [stderr]   |
[INFO] [stderr]   = note: `UdpHandler` has a derived impl for the trait `Debug`, but this is intentionally ignored during dead code analysis
[INFO] [stderr]   = note: `#[warn(dead_code)]` on by default
[INFO] [stderr] 
[INFO] [stderr] warning: `rusty_bot` (bin "rusty_bot" test) generated 1 warning
[INFO] [stderr]     Finished `test` profile [unoptimized + debuginfo] target(s) in 0.07s
[INFO] [stdout] 
[INFO] [stderr]      Running unittests src/main.rs (/opt/rustwide/target/debug/deps/rusty_bot-e165a891ab5dee5c)
[INFO] [stdout] running 12 tests
[INFO] [stdout] test rusty_bot::point::tests::calulcate_radias_sin ... ok
[INFO] [stdout] test rusty_bot::point::tests::calucalte_point_simple ... ok
[INFO] [stdout] test rusty_bot::point::tests::calucalte_point_simple1 ... ok
[INFO] [stdout] test rusty_bot::point::tests::calulcate_radias ... ok
[INFO] [stdout] test rusty_bot::point::tests::calulcate_radias_cos ... ok
[INFO] [stdout] test rusty_bot::point::tests::simple ... ok
[INFO] [stdout] test rusty_bot::tests::get_message_invalid ... ok
[INFO] [stdout] test rusty_bot::tests::parse_message_invalid ... ok
[INFO] [stdout] test rusty_bot::tests::push_point ... ok
[INFO] [stdout] test rusty_bot::tests::push_point_extend ... ok
[INFO] [stdout] test rusty_bot::tests::parse_message ... ok
[INFO] [stdout] test rusty_bot::tests::get_message_valid ... FAILED
[INFO] [stdout] 
[INFO] [stdout] failures:
[INFO] [stdout] 
[INFO] [stdout] ---- rusty_bot::tests::get_message_valid stdout ----
[INFO] [stdout] 
[INFO] [stdout] thread 'rusty_bot::tests::get_message_valid' panicked at src/rusty_bot.rs:74:9:
[INFO] [stdout] assertion `left == right` failed
[INFO] [stdout]   left: 2
[INFO] [stdout]  right: 0
[INFO] [stdout] stack backtrace:
[INFO] [stdout]    0:     0x618b6015482a - std::backtrace_rs::backtrace::libunwind::trace::hb059275cfc8d6126
[INFO] [stdout]                                at /rustc/6067b36314ab5eb2eb47cecc464545ba58e1ad24/library/std/src/../../backtrace/src/backtrace/libunwind.rs:116:5
[INFO] [stdout]    1:     0x618b6015482a - std::backtrace_rs::backtrace::trace_unsynchronized::h2da071e4327ce3ee
[INFO] [stdout]                                at /rustc/6067b36314ab5eb2eb47cecc464545ba58e1ad24/library/std/src/../../backtrace/src/backtrace/mod.rs:66:5
[INFO] [stdout]    2:     0x618b6015482a - std::sys::backtrace::_print_fmt::h842a1474e6f8d23f
[INFO] [stdout]                                at /rustc/6067b36314ab5eb2eb47cecc464545ba58e1ad24/library/std/src/sys/backtrace.rs:66:9
[INFO] [stdout]    3:     0x618b6015482a - <std::sys::backtrace::BacktraceLock::print::DisplayBacktrace as core::fmt::Display>::fmt::h71a62eb3b9696b12
[INFO] [stdout]                                at /rustc/6067b36314ab5eb2eb47cecc464545ba58e1ad24/library/std/src/sys/backtrace.rs:39:26
[INFO] [stdout]    4:     0x618b6017c263 - core::fmt::rt::Argument::fmt::hdb6b616786b41dc1
[INFO] [stdout]                                at /rustc/6067b36314ab5eb2eb47cecc464545ba58e1ad24/library/core/src/fmt/rt.rs:177:76
[INFO] [stdout]    5:     0x618b6017c263 - core::fmt::write::h2cc1698af7e2d686
[INFO] [stdout]                                at /rustc/6067b36314ab5eb2eb47cecc464545ba58e1ad24/library/core/src/fmt/mod.rs:1440:21
[INFO] [stdout]    6:     0x618b60151383 - std::io::Write::write_fmt::hab1b4cd059a79022
[INFO] [stdout]                                at /rustc/6067b36314ab5eb2eb47cecc464545ba58e1ad24/library/std/src/io/mod.rs:1887:15
[INFO] [stdout]    7:     0x618b60154672 - std::sys::backtrace::BacktraceLock::print::h147fe35b4ea13b08
[INFO] [stdout]                                at /rustc/6067b36314ab5eb2eb47cecc464545ba58e1ad24/library/std/src/sys/backtrace.rs:42:9
[INFO] [stdout]    8:     0x618b60155c4f - std::panicking::default_hook::{{closure}}::hbd44223dbdc0d208
[INFO] [stdout]                                at /rustc/6067b36314ab5eb2eb47cecc464545ba58e1ad24/library/std/src/panicking.rs:298:22
[INFO] [stdout]    9:     0x618b60155a68 - std::panicking::default_hook::h20f81eb0576efcec
[INFO] [stdout]                                at /rustc/6067b36314ab5eb2eb47cecc464545ba58e1ad24/library/std/src/panicking.rs:322:9
[INFO] [stdout]   10:     0x618b601097e3 - <alloc::boxed::Box<F,A> as core::ops::function::Fn<Args>>::call::hdb53814c496a4d34
[INFO] [stdout]                                at /rustc/6067b36314ab5eb2eb47cecc464545ba58e1ad24/library/alloc/src/boxed.rs:2027:9
[INFO] [stdout]   11:     0x618b601097e3 - test::test_main::{{closure}}::hc0a4963c59427c24
[INFO] [stdout]                                at /rustc/6067b36314ab5eb2eb47cecc464545ba58e1ad24/library/test/src/lib.rs:134:21
[INFO] [stdout]   12:     0x618b60156743 - <alloc::boxed::Box<F,A> as core::ops::function::Fn<Args>>::call::h591b2225413a77e9
[INFO] [stdout]                                at /rustc/6067b36314ab5eb2eb47cecc464545ba58e1ad24/library/alloc/src/boxed.rs:2027:9
[INFO] [stdout]   13:     0x618b60156743 - std::panicking::rust_panic_with_hook::h625eea43051b2edc
[INFO] [stdout]                                at /rustc/6067b36314ab5eb2eb47cecc464545ba58e1ad24/library/std/src/panicking.rs:839:13
[INFO] [stdout]   14:     0x618b601563fa - std::panicking::begin_panic_handler::{{closure}}::h4f9159cfbc3f6bd3
[INFO] [stdout]                                at /rustc/6067b36314ab5eb2eb47cecc464545ba58e1ad24/library/std/src/panicking.rs:704:13
[INFO] [stdout]   15:     0x618b60154d29 - std::sys::backtrace::__rust_end_short_backtrace::h0390abce48353151
[INFO] [stdout]                                at /rustc/6067b36314ab5eb2eb47cecc464545ba58e1ad24/library/std/src/sys/backtrace.rs:168:18
[INFO] [stdout]   16:     0x618b6015608d - rust_begin_unwind
[INFO] [stdout]                                at /rustc/6067b36314ab5eb2eb47cecc464545ba58e1ad24/library/std/src/panicking.rs:695:5
[INFO] [stdout]   17:     0x618b6017a890 - core::panicking::panic_fmt::h9e7c637e9e5f29c9
[INFO] [stdout]                                at /rustc/6067b36314ab5eb2eb47cecc464545ba58e1ad24/library/core/src/panicking.rs:75:14
[INFO] [stdout]   18:     0x618b6017ac82 - core::panicking::assert_failed_inner::h538bec7c1374cd9c
[INFO] [stdout]   19:     0x618b601345ec - core::panicking::assert_failed::hd02c0d569d89af5b
[INFO] [stdout]                                at /rustc/6067b36314ab5eb2eb47cecc464545ba58e1ad24/library/core/src/panicking.rs:364:5
[INFO] [stdout]   20:     0x618b600ce668 - rusty_bot::rusty_bot::tests::get_message_valid::h7b77d37167aea2ed
[INFO] [stdout]                                at /opt/rustwide/workdir/src/rusty_bot.rs:74:9
[INFO] [stdout]   21:     0x618b600ce587 - rusty_bot::rusty_bot::tests::get_message_valid::{{closure}}::h43412098c8581e7e
[INFO] [stdout]                                at /opt/rustwide/workdir/src/rusty_bot.rs:71:27
[INFO] [stdout]   22:     0x618b600cc736 - core::ops::function::FnOnce::call_once::hb91db0ed0114f72a
[INFO] [stdout]                                at /rustc/6067b36314ab5eb2eb47cecc464545ba58e1ad24/library/core/src/ops/function.rs:250:5
[INFO] [stdout]   23:     0x618b6010ef3b - core::ops::function::FnOnce::call_once::he27718dfdd183f43
[INFO] [stdout]                                at /rustc/6067b36314ab5eb2eb47cecc464545ba58e1ad24/library/core/src/ops/function.rs:250:5
[INFO] [stdout]   24:     0x618b6010ef3b - test::__rust_begin_short_backtrace::h4e84902998457a5d
[INFO] [stdout]                                at /rustc/6067b36314ab5eb2eb47cecc464545ba58e1ad24/library/test/src/lib.rs:632:18
[INFO] [stdout]   25:     0x618b6010de73 - test::run_test_in_process::{{closure}}::h7176fd18fc1feca0
[INFO] [stdout]                                at /rustc/6067b36314ab5eb2eb47cecc464545ba58e1ad24/library/test/src/lib.rs:655:60
[INFO] [stdout]   26:     0x618b6010de73 - <core::panic::unwind_safe::AssertUnwindSafe<F> as core::ops::function::FnOnce<()>>::call_once::hf79cff2a624d8cf7
[INFO] [stdout]                                at /rustc/6067b36314ab5eb2eb47cecc464545ba58e1ad24/library/core/src/panic/unwind_safe.rs:272:9
[INFO] [stdout]   27:     0x618b6010de73 - std::panicking::try::do_call::h3da0561d9ab99c25
[INFO] [stdout]                                at /rustc/6067b36314ab5eb2eb47cecc464545ba58e1ad24/library/std/src/panicking.rs:587:40
[INFO] [stdout]   28:     0x618b6010de73 - std::panicking::try::h41c9fa508bc61df6
[INFO] [stdout]                                at /rustc/6067b36314ab5eb2eb47cecc464545ba58e1ad24/library/std/src/panicking.rs:550:19
[INFO] [stdout]   29:     0x618b6010de73 - std::panic::catch_unwind::h6b3ff07bb5afad93
[INFO] [stdout]                                at /rustc/6067b36314ab5eb2eb47cecc464545ba58e1ad24/library/std/src/panic.rs:358:14
[INFO] [stdout]   30:     0x618b6010de73 - test::run_test_in_process::hc7253dd11b39b9f4
[INFO] [stdout]                                at /rustc/6067b36314ab5eb2eb47cecc464545ba58e1ad24/library/test/src/lib.rs:655:27
[INFO] [stdout]   31:     0x618b6010de73 - test::run_test::{{closure}}::hfb2007f8649c30bb
[INFO] [stdout]                                at /rustc/6067b36314ab5eb2eb47cecc464545ba58e1ad24/library/test/src/lib.rs:576:43
[INFO] [stdout]   32:     0x618b600d0f55 - test::run_test::{{closure}}::h56a17aa7a282a9f4
[INFO] [stdout]                                at /rustc/6067b36314ab5eb2eb47cecc464545ba58e1ad24/library/test/src/lib.rs:606:41
[INFO] [stdout]   33:     0x618b600d0f55 - std::sys::backtrace::__rust_begin_short_backtrace::hd2d2d2fb8e8c6aac
[INFO] [stdout]                                at /rustc/6067b36314ab5eb2eb47cecc464545ba58e1ad24/library/std/src/sys/backtrace.rs:152:18
[INFO] [stdout]   34:     0x618b600d483a - std::thread::Builder::spawn_unchecked_::{{closure}}::{{closure}}::h4faa3f9db6133423
[INFO] [stdout]                                at /rustc/6067b36314ab5eb2eb47cecc464545ba58e1ad24/library/std/src/thread/mod.rs:559:17
[INFO] [stdout]   35:     0x618b600d483a - <core::panic::unwind_safe::AssertUnwindSafe<F> as core::ops::function::FnOnce<()>>::call_once::hf2e855a36a4ea846
[INFO] [stdout]                                at /rustc/6067b36314ab5eb2eb47cecc464545ba58e1ad24/library/core/src/panic/unwind_safe.rs:272:9
[INFO] [stdout]   36:     0x618b600d483a - std::panicking::try::do_call::h2f73af3616c35465
[INFO] [stdout]                                at /rustc/6067b36314ab5eb2eb47cecc464545ba58e1ad24/library/std/src/panicking.rs:587:40
[INFO] [stdout]   37:     0x618b600d483a - std::panicking::try::hd1660ce9efadef5a
[INFO] [stdout]                                at /rustc/6067b36314ab5eb2eb47cecc464545ba58e1ad24/library/std/src/panicking.rs:550:19
[INFO] [stdout]   38:     0x618b600d483a - std::panic::catch_unwind::h5ee8d7823b8ca744
[INFO] [stdout]                                at /rustc/6067b36314ab5eb2eb47cecc464545ba58e1ad24/library/std/src/panic.rs:358:14
[INFO] [stdout]   39:     0x618b600d483a - std::thread::Builder::spawn_unchecked_::{{closure}}::h53c3a1894dce8407
[INFO] [stdout]                                at /rustc/6067b36314ab5eb2eb47cecc464545ba58e1ad24/library/std/src/thread/mod.rs:557:30
[INFO] [stdout]   40:     0x618b600d483a - core::ops::function::FnOnce::call_once{{vtable.shim}}::h048ce291ad4f62bf
[INFO] [stdout]                                at /rustc/6067b36314ab5eb2eb47cecc464545ba58e1ad24/library/core/src/ops/function.rs:250:5
[INFO] [stdout]   41:     0x618b6015a67b - <alloc::boxed::Box<F,A> as core::ops::function::FnOnce<Args>>::call_once::ha52bedf99a3b4981
[INFO] [stdout]                                at /rustc/6067b36314ab5eb2eb47cecc464545ba58e1ad24/library/alloc/src/boxed.rs:2013:9
[INFO] [stdout]   42:     0x618b6015a67b - <alloc::boxed::Box<F,A> as core::ops::function::FnOnce<Args>>::call_once::h567748934d80ccf8
[INFO] [stdout]                                at /rustc/6067b36314ab5eb2eb47cecc464545ba58e1ad24/library/alloc/src/boxed.rs:2013:9
[INFO] [stdout]   43:     0x618b6015a67b - std::sys::pal::unix::thread::Thread::new::thread_start::h2d970728ae887adc
[INFO] [stdout]                                at /rustc/6067b36314ab5eb2eb47cecc464545ba58e1ad24/library/std/src/sys/pal/unix/thread.rs:106:17
[INFO] [stdout]   44:     0x7556f0197ac3 - <unknown>
[INFO] [stdout]   45:     0x7556f0228a04 - clone
[INFO] [stdout]   46:                0x0 - <unknown>
[INFO] [stdout] 
[INFO] [stdout] 
[INFO] [stdout] failures:
[INFO] [stdout]     rusty_bot::tests::get_message_valid
[INFO] [stdout] 
[INFO] [stdout] test result: FAILED. 11 passed; 1 failed; 0 ignored; 0 measured; 0 filtered out; finished in 0.04s
[INFO] [stdout] 
[INFO] [stderr] error: test failed, to rerun pass `--bin rusty_bot`
[INFO] running `Command { std: "docker" "inspect" "2f11355f4e2e64d4a3700a355619cce639af60402d156fe1322b729426f47fbe", kill_on_drop: false }`
[INFO] running `Command { std: "docker" "rm" "-f" "2f11355f4e2e64d4a3700a355619cce639af60402d156fe1322b729426f47fbe", kill_on_drop: false }`
[INFO] [stdout] 2f11355f4e2e64d4a3700a355619cce639af60402d156fe1322b729426f47fbe
