[INFO] cloning repository https://github.com/Machinalabs/merkle-tree-rs
[INFO] running `Command { std: "git" "-c" "credential.helper=" "-c" "credential.helper=/workspace/cargo-home/bin/git-credential-null" "clone" "--bare" "https://github.com/Machinalabs/merkle-tree-rs" "/workspace/cache/git-repos/https%3A%2F%2Fgithub.com%2FMachinalabs%2Fmerkle-tree-rs", kill_on_drop: false }`
[INFO] [stderr] Cloning into bare repository '/workspace/cache/git-repos/https%3A%2F%2Fgithub.com%2FMachinalabs%2Fmerkle-tree-rs'...
[INFO] running `Command { std: "git" "rev-parse" "HEAD", kill_on_drop: false }`
[INFO] [stdout] 74d87f643eb203f64073e9b539979c1996915c44
[INFO] testing Machinalabs/merkle-tree-rs against nightly-2025-01-18 for randomize-layout-2
[INFO] running `Command { std: "git" "clone" "/workspace/cache/git-repos/https%3A%2F%2Fgithub.com%2FMachinalabs%2Fmerkle-tree-rs" "/workspace/builds/worker-7-tc1/source", kill_on_drop: false }`
[INFO] [stderr] Cloning into '/workspace/builds/worker-7-tc1/source'...
[INFO] [stderr] done.
[INFO] validating manifest of git repo https://github.com/Machinalabs/merkle-tree-rs on toolchain nightly-2025-01-18
[INFO] running `Command { std: CARGO_HOME="/workspace/cargo-home" RUSTUP_HOME="/workspace/rustup-home" "/workspace/cargo-home/bin/cargo" "+nightly-2025-01-18" "metadata" "--manifest-path" "Cargo.toml" "--no-deps", kill_on_drop: false }`
[INFO] started tweaking git repo https://github.com/Machinalabs/merkle-tree-rs
[INFO] finished tweaking git repo https://github.com/Machinalabs/merkle-tree-rs
[INFO] tweaked toml for git repo https://github.com/Machinalabs/merkle-tree-rs written to /workspace/builds/worker-7-tc1/source/Cargo.toml
[INFO] crate git repo https://github.com/Machinalabs/merkle-tree-rs already has a lockfile, it will not be regenerated
[INFO] running `Command { std: CARGO_HOME="/workspace/cargo-home" RUSTUP_HOME="/workspace/rustup-home" "/workspace/cargo-home/bin/cargo" "+nightly-2025-01-18" "fetch" "--manifest-path" "Cargo.toml", kill_on_drop: false }`
[INFO] [stderr]     Blocking waiting for file lock on package cache
[INFO] [stderr]     Updating crates.io index
[INFO] [stderr]     Blocking waiting for file lock on package cache
[INFO] [stderr]  Downloading crates ...
[INFO] [stderr]   Downloaded round v0.1.2
[INFO] running `Command { std: "docker" "create" "-v" "/var/lib/crater-agent-workspace/builds/worker-7-tc1/target:/opt/rustwide/target:rw,Z" "-v" "/var/lib/crater-agent-workspace/builds/worker-7-tc1/source:/opt/rustwide/workdir:ro,Z" "-v" "/var/lib/crater-agent-workspace/cargo-home:/opt/rustwide/cargo-home:ro,Z" "-v" "/var/lib/crater-agent-workspace/rustup-home:/opt/rustwide/rustup-home:ro,Z" "-e" "SOURCE_DIR=/opt/rustwide/workdir" "-e" "CARGO_TARGET_DIR=/opt/rustwide/target" "-e" "CARGO_HOME=/opt/rustwide/cargo-home" "-e" "RUSTUP_HOME=/opt/rustwide/rustup-home" "-w" "/opt/rustwide/workdir" "-m" "1610612736" "--user" "0:0" "--network" "none" "ghcr.io/rust-lang/crates-build-env/linux@sha256:819108c5571ea2e421544af4d832f968d213c87fbe3707a016657f43d2f853bc" "/opt/rustwide/cargo-home/bin/cargo" "+nightly-2025-01-18" "metadata" "--no-deps" "--format-version=1", kill_on_drop: false }`
[INFO] [stdout] d6041851aa5201811d843b045e09e6a4c9684d4ea83480bed447cabd8b449c8a
[INFO] running `Command { std: "docker" "start" "-a" "d6041851aa5201811d843b045e09e6a4c9684d4ea83480bed447cabd8b449c8a", kill_on_drop: false }`
[INFO] running `Command { std: "docker" "inspect" "d6041851aa5201811d843b045e09e6a4c9684d4ea83480bed447cabd8b449c8a", kill_on_drop: false }`
[INFO] running `Command { std: "docker" "rm" "-f" "d6041851aa5201811d843b045e09e6a4c9684d4ea83480bed447cabd8b449c8a", kill_on_drop: false }`
[INFO] [stdout] d6041851aa5201811d843b045e09e6a4c9684d4ea83480bed447cabd8b449c8a
[INFO] running `Command { std: "docker" "create" "-v" "/var/lib/crater-agent-workspace/builds/worker-7-tc1/target:/opt/rustwide/target:rw,Z" "-v" "/var/lib/crater-agent-workspace/builds/worker-7-tc1/source:/opt/rustwide/workdir:ro,Z" "-v" "/var/lib/crater-agent-workspace/cargo-home:/opt/rustwide/cargo-home:ro,Z" "-v" "/var/lib/crater-agent-workspace/rustup-home:/opt/rustwide/rustup-home:ro,Z" "-e" "SOURCE_DIR=/opt/rustwide/workdir" "-e" "CARGO_TARGET_DIR=/opt/rustwide/target" "-e" "CARGO_INCREMENTAL=0" "-e" "RUST_BACKTRACE=full" "-e" "RUSTFLAGS=--cap-lints=forbid" "-e" "RUSTDOCFLAGS=--cap-lints=forbid" "-e" "CARGO_HOME=/opt/rustwide/cargo-home" "-e" "RUSTUP_HOME=/opt/rustwide/rustup-home" "-w" "/opt/rustwide/workdir" "-m" "1610612736" "--user" "0:0" "--network" "none" "ghcr.io/rust-lang/crates-build-env/linux@sha256:819108c5571ea2e421544af4d832f968d213c87fbe3707a016657f43d2f853bc" "/opt/rustwide/cargo-home/bin/cargo" "+nightly-2025-01-18" "build" "--frozen" "--message-format=json", kill_on_drop: false }`
[INFO] [stdout] 3172605e78f8de87735891cae0c034a2ae12e552943074437fa1e21256a3de4d
[INFO] running `Command { std: "docker" "start" "-a" "3172605e78f8de87735891cae0c034a2ae12e552943074437fa1e21256a3de4d", kill_on_drop: false }`
[INFO] [stderr]    Compiling proc-macro2 v1.0.79
[INFO] [stderr]    Compiling typenum v1.17.0
[INFO] [stderr]    Compiling unicode-ident v1.0.12
[INFO] [stderr]    Compiling version_check v0.9.4
[INFO] [stderr]    Compiling libc v0.2.153
[INFO] [stderr]    Compiling serde v1.0.197
[INFO] [stderr]    Compiling async-trait v0.1.79
[INFO] [stderr]    Compiling gcc v0.3.55
[INFO] [stderr]    Compiling cpufeatures v0.2.12
[INFO] [stderr]    Compiling serde_json v1.0.115
[INFO] [stderr]    Compiling bytes v1.6.0
[INFO] [stderr]    Compiling pin-project-lite v0.2.14
[INFO] [stderr]    Compiling ryu v1.0.17
[INFO] [stderr]    Compiling hex v0.4.3
[INFO] [stderr]    Compiling rustc-serialize v0.3.25
[INFO] [stderr]    Compiling round v0.1.2
[INFO] [stderr]    Compiling generic-array v0.14.7
[INFO] [stderr]    Compiling tokio v1.37.0
[INFO] [stderr]    Compiling rust-crypto v0.2.36
[INFO] [stderr]    Compiling quote v1.0.35
[INFO] [stderr]    Compiling rand v0.4.6
[INFO] [stderr]    Compiling time v0.1.45
[INFO] [stderr]    Compiling syn v2.0.57
[INFO] [stderr]    Compiling rand v0.3.23
[INFO] [stderr]    Compiling crypto-common v0.1.6
[INFO] [stderr]    Compiling block-buffer v0.10.4
[INFO] [stderr]    Compiling digest v0.10.7
[INFO] [stderr]    Compiling sha2 v0.10.8
[INFO] [stderr]    Compiling serde_derive v1.0.197
[INFO] [stderr]    Compiling sha256 v1.5.0
[INFO] [stderr]    Compiling claim_nft v0.1.0 (/opt/rustwide/workdir)
[INFO] [stdout] warning: value assigned to `pair` is never read
[INFO] [stdout]   --> src/main.rs:82:26
[INFO] [stdout]    |
[INFO] [stdout] 82 |                 let (mut pair, mut next_index): (String, usize) = ("".to_string(), index);
[INFO] [stdout]    |                          ^^^^
[INFO] [stdout]    |
[INFO] [stdout]    = help: maybe it is overwritten before being read?
[INFO] [stdout]    = note: `#[warn(unused_assignments)]` on by default
[INFO] [stdout] 
[INFO] [stdout] 
[INFO] [stdout] warning: value assigned to `pair` is never read
[INFO] [stdout]   --> src/main.rs:97:17
[INFO] [stdout]    |
[INFO] [stdout] 97 |         let mut pair = String::new();
[INFO] [stdout]    |                 ^^^^
[INFO] [stdout]    |
[INFO] [stdout]    = help: maybe it is overwritten before being read?
[INFO] [stdout] 
[INFO] [stdout] 
[INFO] [stdout] warning: unused variable: `err`
[INFO] [stdout]    --> src/main.rs:202:13
[INFO] [stdout]     |
[INFO] [stdout] 202 |         Err(err) => println!("Merkle not found!"),
[INFO] [stdout]     |             ^^^ help: if this is intentional, prefix it with an underscore: `_err`
[INFO] [stdout]     |
[INFO] [stdout]     = note: `#[warn(unused_variables)]` on by default
[INFO] [stdout] 
[INFO] [stdout] 
[INFO] [stdout] warning: field `levels` is never read
[INFO] [stdout]   --> src/main.rs:21:5
[INFO] [stdout]    |
[INFO] [stdout] 19 | struct MerkleTree {
[INFO] [stdout]    |        ---------- field in this struct
[INFO] [stdout] 20 |     elements: Result<Vec<Vec<String>>, String>,
[INFO] [stdout] 21 |     levels: usize,
[INFO] [stdout]    |     ^^^^^^
[INFO] [stdout]    |
[INFO] [stdout]    = note: `MerkleTree` has a derived impl for the trait `Debug`, but this is intentionally ignored during dead code analysis
[INFO] [stdout]    = note: `#[warn(dead_code)]` on by default
[INFO] [stdout] 
[INFO] [stdout] 
[INFO] [stderr]     Finished `dev` profile [unoptimized + debuginfo] target(s) in 21.13s
[INFO] running `Command { std: "docker" "inspect" "3172605e78f8de87735891cae0c034a2ae12e552943074437fa1e21256a3de4d", kill_on_drop: false }`
[INFO] running `Command { std: "docker" "rm" "-f" "3172605e78f8de87735891cae0c034a2ae12e552943074437fa1e21256a3de4d", kill_on_drop: false }`
[INFO] [stdout] 3172605e78f8de87735891cae0c034a2ae12e552943074437fa1e21256a3de4d
[INFO] running `Command { std: "docker" "create" "-v" "/var/lib/crater-agent-workspace/builds/worker-7-tc1/target:/opt/rustwide/target:rw,Z" "-v" "/var/lib/crater-agent-workspace/builds/worker-7-tc1/source:/opt/rustwide/workdir:ro,Z" "-v" "/var/lib/crater-agent-workspace/cargo-home:/opt/rustwide/cargo-home:ro,Z" "-v" "/var/lib/crater-agent-workspace/rustup-home:/opt/rustwide/rustup-home:ro,Z" "-e" "SOURCE_DIR=/opt/rustwide/workdir" "-e" "CARGO_TARGET_DIR=/opt/rustwide/target" "-e" "CARGO_INCREMENTAL=0" "-e" "RUST_BACKTRACE=full" "-e" "RUSTFLAGS=--cap-lints=forbid" "-e" "RUSTDOCFLAGS=--cap-lints=forbid" "-e" "CARGO_HOME=/opt/rustwide/cargo-home" "-e" "RUSTUP_HOME=/opt/rustwide/rustup-home" "-w" "/opt/rustwide/workdir" "-m" "1610612736" "--user" "0:0" "--network" "none" "ghcr.io/rust-lang/crates-build-env/linux@sha256:819108c5571ea2e421544af4d832f968d213c87fbe3707a016657f43d2f853bc" "/opt/rustwide/cargo-home/bin/cargo" "+nightly-2025-01-18" "test" "--frozen" "--no-run" "--message-format=json", kill_on_drop: false }`
[INFO] [stdout] 42448b24a631160b84cc2bad175c400b409942aa28b7825a12929296df605753
[INFO] running `Command { std: "docker" "start" "-a" "42448b24a631160b84cc2bad175c400b409942aa28b7825a12929296df605753", kill_on_drop: false }`
[INFO] [stderr]    Compiling claim_nft v0.1.0 (/opt/rustwide/workdir)
[INFO] [stdout] warning: value assigned to `pair` is never read
[INFO] [stdout]   --> src/main.rs:82:26
[INFO] [stdout]    |
[INFO] [stdout] 82 |                 let (mut pair, mut next_index): (String, usize) = ("".to_string(), index);
[INFO] [stdout]    |                          ^^^^
[INFO] [stdout]    |
[INFO] [stdout]    = help: maybe it is overwritten before being read?
[INFO] [stdout]    = note: `#[warn(unused_assignments)]` on by default
[INFO] [stdout] 
[INFO] [stdout] 
[INFO] [stdout] warning: value assigned to `pair` is never read
[INFO] [stdout]   --> src/main.rs:97:17
[INFO] [stdout]    |
[INFO] [stdout] 97 |         let mut pair = String::new();
[INFO] [stdout]    |                 ^^^^
[INFO] [stdout]    |
[INFO] [stdout]    = help: maybe it is overwritten before being read?
[INFO] [stdout] 
[INFO] [stdout] 
[INFO] [stdout] warning: unused variable: `err`
[INFO] [stdout]    --> src/main.rs:202:13
[INFO] [stdout]     |
[INFO] [stdout] 202 |         Err(err) => println!("Merkle not found!"),
[INFO] [stdout]     |             ^^^ help: if this is intentional, prefix it with an underscore: `_err`
[INFO] [stdout]     |
[INFO] [stdout]     = note: `#[warn(unused_variables)]` on by default
[INFO] [stdout] 
[INFO] [stdout] 
[INFO] [stdout] warning: field `levels` is never read
[INFO] [stdout]   --> src/main.rs:21:5
[INFO] [stdout]    |
[INFO] [stdout] 19 | struct MerkleTree {
[INFO] [stdout]    |        ---------- field in this struct
[INFO] [stdout] 20 |     elements: Result<Vec<Vec<String>>, String>,
[INFO] [stdout] 21 |     levels: usize,
[INFO] [stdout]    |     ^^^^^^
[INFO] [stdout]    |
[INFO] [stdout]    = note: `MerkleTree` has a derived impl for the trait `Debug`, but this is intentionally ignored during dead code analysis
[INFO] [stdout]    = note: `#[warn(dead_code)]` on by default
[INFO] [stdout] 
[INFO] [stdout] 
[INFO] [stderr]     Finished `test` profile [unoptimized + debuginfo] target(s) in 0.46s
[INFO] running `Command { std: "docker" "inspect" "42448b24a631160b84cc2bad175c400b409942aa28b7825a12929296df605753", kill_on_drop: false }`
[INFO] running `Command { std: "docker" "rm" "-f" "42448b24a631160b84cc2bad175c400b409942aa28b7825a12929296df605753", kill_on_drop: false }`
[INFO] [stdout] 42448b24a631160b84cc2bad175c400b409942aa28b7825a12929296df605753
[INFO] running `Command { std: "docker" "create" "-v" "/var/lib/crater-agent-workspace/builds/worker-7-tc1/target:/opt/rustwide/target:rw,Z" "-v" "/var/lib/crater-agent-workspace/builds/worker-7-tc1/source:/opt/rustwide/workdir:ro,Z" "-v" "/var/lib/crater-agent-workspace/cargo-home:/opt/rustwide/cargo-home:ro,Z" "-v" "/var/lib/crater-agent-workspace/rustup-home:/opt/rustwide/rustup-home:ro,Z" "-e" "SOURCE_DIR=/opt/rustwide/workdir" "-e" "CARGO_TARGET_DIR=/opt/rustwide/target" "-e" "CARGO_INCREMENTAL=0" "-e" "RUST_BACKTRACE=full" "-e" "RUSTFLAGS=--cap-lints=forbid" "-e" "RUSTDOCFLAGS=--cap-lints=forbid" "-e" "CARGO_HOME=/opt/rustwide/cargo-home" "-e" "RUSTUP_HOME=/opt/rustwide/rustup-home" "-w" "/opt/rustwide/workdir" "-m" "1610612736" "--user" "0:0" "--network" "none" "ghcr.io/rust-lang/crates-build-env/linux@sha256:819108c5571ea2e421544af4d832f968d213c87fbe3707a016657f43d2f853bc" "/opt/rustwide/cargo-home/bin/cargo" "+nightly-2025-01-18" "test" "--frozen", kill_on_drop: false }`
[INFO] [stdout] 5a65ca0a1c7266ab208a248a34e66c074ef9976397aa68055d3c21ac276ab914
[INFO] running `Command { std: "docker" "start" "-a" "5a65ca0a1c7266ab208a248a34e66c074ef9976397aa68055d3c21ac276ab914", kill_on_drop: false }`
[INFO] [stderr] warning: value assigned to `pair` is never read
[INFO] [stderr]   --> src/main.rs:82:26
[INFO] [stderr]    |
[INFO] [stderr] 82 |                 let (mut pair, mut next_index): (String, usize) = ("".to_string(), index);
[INFO] [stderr]    |                          ^^^^
[INFO] [stderr]    |
[INFO] [stderr]    = help: maybe it is overwritten before being read?
[INFO] [stderr]    = note: `#[warn(unused_assignments)]` on by default
[INFO] [stderr] 
[INFO] [stderr] warning: value assigned to `pair` is never read
[INFO] [stderr]   --> src/main.rs:97:17
[INFO] [stderr]    |
[INFO] [stderr] 97 |         let mut pair = String::new();
[INFO] [stderr]    |                 ^^^^
[INFO] [stderr]    |
[INFO] [stderr]    = help: maybe it is overwritten before being read?
[INFO] [stderr] 
[INFO] [stderr] warning: unused variable: `err`
[INFO] [stderr]    --> src/main.rs:202:13
[INFO] [stderr]     |
[INFO] [stderr] 202 |         Err(err) => println!("Merkle not found!"),
[INFO] [stderr]     |             ^^^ help: if this is intentional, prefix it with an underscore: `_err`
[INFO] [stderr]     |
[INFO] [stderr]     = note: `#[warn(unused_variables)]` on by default
[INFO] [stderr] 
[INFO] [stderr] warning: field `levels` is never read
[INFO] [stderr]   --> src/main.rs:21:5
[INFO] [stderr]    |
[INFO] [stderr] 19 | struct MerkleTree {
[INFO] [stderr]    |        ---------- field in this struct
[INFO] [stderr] 20 |     elements: Result<Vec<Vec<String>>, String>,
[INFO] [stderr] 21 |     levels: usize,
[INFO] [stderr]    |     ^^^^^^
[INFO] [stderr]    |
[INFO] [stderr]    = note: `MerkleTree` has a derived impl for the trait `Debug`, but this is intentionally ignored during dead code analysis
[INFO] [stderr]    = note: `#[warn(dead_code)]` on by default
[INFO] [stderr] 
[INFO] [stderr] warning: `claim_nft` (bin "claim_nft" test) generated 4 warnings
[INFO] [stderr]     Finished `test` profile [unoptimized + debuginfo] target(s) in 0.06s
[INFO] [stderr]      Running unittests src/main.rs (/opt/rustwide/target/debug/deps/claim_nft-34ffc8cc5d280da8)
[INFO] [stdout] 
[INFO] [stdout] running 1 test
[INFO] [stdout] test tests::obtain_next_layer ... FAILED
[INFO] [stdout] 
[INFO] [stdout] failures:
[INFO] [stdout] 
[INFO] [stdout] ---- tests::obtain_next_layer stdout ----
[INFO] [stdout] 
[INFO] [stdout] thread 'tests::obtain_next_layer' panicked at src/main.rs:264:9:
[INFO] [stdout] assertion failed: next_level_function.iter().all(|item| next_level.contains(item))
[INFO] [stdout] stack backtrace:
[INFO] [stdout]    0:     0x65326952820a - std::backtrace_rs::backtrace::libunwind::trace::hb059275cfc8d6126
[INFO] [stdout]                                at /rustc/6067b36314ab5eb2eb47cecc464545ba58e1ad24/library/std/src/../../backtrace/src/backtrace/libunwind.rs:116:5
[INFO] [stdout]    1:     0x65326952820a - std::backtrace_rs::backtrace::trace_unsynchronized::h2da071e4327ce3ee
[INFO] [stdout]                                at /rustc/6067b36314ab5eb2eb47cecc464545ba58e1ad24/library/std/src/../../backtrace/src/backtrace/mod.rs:66:5
[INFO] [stdout]    2:     0x65326952820a - std::sys::backtrace::_print_fmt::h842a1474e6f8d23f
[INFO] [stdout]                                at /rustc/6067b36314ab5eb2eb47cecc464545ba58e1ad24/library/std/src/sys/backtrace.rs:66:9
[INFO] [stdout]    3:     0x65326952820a - <std::sys::backtrace::BacktraceLock::print::DisplayBacktrace as core::fmt::Display>::fmt::h71a62eb3b9696b12
[INFO] [stdout]                                at /rustc/6067b36314ab5eb2eb47cecc464545ba58e1ad24/library/std/src/sys/backtrace.rs:39:26
[INFO] [stdout]    4:     0x65326954f833 - core::fmt::rt::Argument::fmt::hdb6b616786b41dc1
[INFO] [stdout]                                at /rustc/6067b36314ab5eb2eb47cecc464545ba58e1ad24/library/core/src/fmt/rt.rs:177:76
[INFO] [stdout]    5:     0x65326954f833 - core::fmt::write::h2cc1698af7e2d686
[INFO] [stdout]                                at /rustc/6067b36314ab5eb2eb47cecc464545ba58e1ad24/library/core/src/fmt/mod.rs:1440:21
[INFO] [stdout]    6:     0x653269524d63 - std::io::Write::write_fmt::hab1b4cd059a79022
[INFO] [stdout]                                at /rustc/6067b36314ab5eb2eb47cecc464545ba58e1ad24/library/std/src/io/mod.rs:1887:15
[INFO] [stdout]    7:     0x653269528052 - std::sys::backtrace::BacktraceLock::print::h147fe35b4ea13b08
[INFO] [stdout]                                at /rustc/6067b36314ab5eb2eb47cecc464545ba58e1ad24/library/std/src/sys/backtrace.rs:42:9
[INFO] [stdout]    8:     0x65326952962f - std::panicking::default_hook::{{closure}}::hbd44223dbdc0d208
[INFO] [stdout]                                at /rustc/6067b36314ab5eb2eb47cecc464545ba58e1ad24/library/std/src/panicking.rs:298:22
[INFO] [stdout]    9:     0x653269529448 - std::panicking::default_hook::h20f81eb0576efcec
[INFO] [stdout]                                at /rustc/6067b36314ab5eb2eb47cecc464545ba58e1ad24/library/std/src/panicking.rs:322:9
[INFO] [stdout]   10:     0x6532694ed083 - <alloc::boxed::Box<F,A> as core::ops::function::Fn<Args>>::call::hdb53814c496a4d34
[INFO] [stdout]                                at /rustc/6067b36314ab5eb2eb47cecc464545ba58e1ad24/library/alloc/src/boxed.rs:2027:9
[INFO] [stdout]   11:     0x6532694ed083 - test::test_main::{{closure}}::hc0a4963c59427c24
[INFO] [stdout]                                at /rustc/6067b36314ab5eb2eb47cecc464545ba58e1ad24/library/test/src/lib.rs:134:21
[INFO] [stdout]   12:     0x65326952a123 - <alloc::boxed::Box<F,A> as core::ops::function::Fn<Args>>::call::h591b2225413a77e9
[INFO] [stdout]                                at /rustc/6067b36314ab5eb2eb47cecc464545ba58e1ad24/library/alloc/src/boxed.rs:2027:9
[INFO] [stdout]   13:     0x65326952a123 - std::panicking::rust_panic_with_hook::h625eea43051b2edc
[INFO] [stdout]                                at /rustc/6067b36314ab5eb2eb47cecc464545ba58e1ad24/library/std/src/panicking.rs:839:13
[INFO] [stdout]   14:     0x653269529da6 - std::panicking::begin_panic_handler::{{closure}}::h4f9159cfbc3f6bd3
[INFO] [stdout]                                at /rustc/6067b36314ab5eb2eb47cecc464545ba58e1ad24/library/std/src/panicking.rs:697:13
[INFO] [stdout]   15:     0x653269528709 - std::sys::backtrace::__rust_end_short_backtrace::h0390abce48353151
[INFO] [stdout]                                at /rustc/6067b36314ab5eb2eb47cecc464545ba58e1ad24/library/std/src/sys/backtrace.rs:168:18
[INFO] [stdout]   16:     0x653269529a6d - rust_begin_unwind
[INFO] [stdout]                                at /rustc/6067b36314ab5eb2eb47cecc464545ba58e1ad24/library/std/src/panicking.rs:695:5
[INFO] [stdout]   17:     0x65326954e240 - core::panicking::panic_fmt::h9e7c637e9e5f29c9
[INFO] [stdout]                                at /rustc/6067b36314ab5eb2eb47cecc464545ba58e1ad24/library/core/src/panicking.rs:75:14
[INFO] [stdout]   18:     0x65326954e2cc - core::panicking::panic::haa3255ea20181a33
[INFO] [stdout]                                at /rustc/6067b36314ab5eb2eb47cecc464545ba58e1ad24/library/core/src/panicking.rs:145:5
[INFO] [stdout]   19:     0x6532694b2136 - claim_nft::tests::obtain_next_layer::h167f4a1cd0311a00
[INFO] [stdout]                                at /opt/rustwide/workdir/src/main.rs:264:9
[INFO] [stdout]   20:     0x6532694b1cc7 - claim_nft::tests::obtain_next_layer::{{closure}}::h9a0863db15fd68b6
[INFO] [stdout]                                at /opt/rustwide/workdir/src/main.rs:251:27
[INFO] [stdout]   21:     0x6532694aef96 - core::ops::function::FnOnce::call_once::h2042f26493633b41
[INFO] [stdout]                                at /rustc/6067b36314ab5eb2eb47cecc464545ba58e1ad24/library/core/src/ops/function.rs:250:5
[INFO] [stdout]   22:     0x6532694f27db - core::ops::function::FnOnce::call_once::he27718dfdd183f43
[INFO] [stdout]                                at /rustc/6067b36314ab5eb2eb47cecc464545ba58e1ad24/library/core/src/ops/function.rs:250:5
[INFO] [stdout]   23:     0x6532694f27db - test::__rust_begin_short_backtrace::h4e84902998457a5d
[INFO] [stdout]                                at /rustc/6067b36314ab5eb2eb47cecc464545ba58e1ad24/library/test/src/lib.rs:632:18
[INFO] [stdout]   24:     0x6532694f1713 - test::run_test_in_process::{{closure}}::h7176fd18fc1feca0
[INFO] [stdout]                                at /rustc/6067b36314ab5eb2eb47cecc464545ba58e1ad24/library/test/src/lib.rs:655:60
[INFO] [stdout]   25:     0x6532694f1713 - <core::panic::unwind_safe::AssertUnwindSafe<F> as core::ops::function::FnOnce<()>>::call_once::hf79cff2a624d8cf7
[INFO] [stdout]                                at /rustc/6067b36314ab5eb2eb47cecc464545ba58e1ad24/library/core/src/panic/unwind_safe.rs:272:9
[INFO] [stdout]   26:     0x6532694f1713 - std::panicking::try::do_call::h3da0561d9ab99c25
[INFO] [stdout]                                at /rustc/6067b36314ab5eb2eb47cecc464545ba58e1ad24/library/std/src/panicking.rs:587:40
[INFO] [stdout]   27:     0x6532694f1713 - std::panicking::try::h41c9fa508bc61df6
[INFO] [stdout]                                at /rustc/6067b36314ab5eb2eb47cecc464545ba58e1ad24/library/std/src/panicking.rs:550:19
[INFO] [stdout]   28:     0x6532694f1713 - std::panic::catch_unwind::h6b3ff07bb5afad93
[INFO] [stdout]                                at /rustc/6067b36314ab5eb2eb47cecc464545ba58e1ad24/library/std/src/panic.rs:358:14
[INFO] [stdout]   29:     0x6532694f1713 - test::run_test_in_process::hc7253dd11b39b9f4
[INFO] [stdout]                                at /rustc/6067b36314ab5eb2eb47cecc464545ba58e1ad24/library/test/src/lib.rs:655:27
[INFO] [stdout]   30:     0x6532694f1713 - test::run_test::{{closure}}::hfb2007f8649c30bb
[INFO] [stdout]                                at /rustc/6067b36314ab5eb2eb47cecc464545ba58e1ad24/library/test/src/lib.rs:576:43
[INFO] [stdout]   31:     0x6532694b47f5 - test::run_test::{{closure}}::h56a17aa7a282a9f4
[INFO] [stdout]                                at /rustc/6067b36314ab5eb2eb47cecc464545ba58e1ad24/library/test/src/lib.rs:606:41
[INFO] [stdout]   32:     0x6532694b47f5 - std::sys::backtrace::__rust_begin_short_backtrace::hd2d2d2fb8e8c6aac
[INFO] [stdout]                                at /rustc/6067b36314ab5eb2eb47cecc464545ba58e1ad24/library/std/src/sys/backtrace.rs:152:18
[INFO] [stdout]   33:     0x6532694b80da - std::thread::Builder::spawn_unchecked_::{{closure}}::{{closure}}::h4faa3f9db6133423
[INFO] [stdout]                                at /rustc/6067b36314ab5eb2eb47cecc464545ba58e1ad24/library/std/src/thread/mod.rs:559:17
[INFO] [stdout]   34:     0x6532694b80da - <core::panic::unwind_safe::AssertUnwindSafe<F> as core::ops::function::FnOnce<()>>::call_once::hf2e855a36a4ea846
[INFO] [stdout]                                at /rustc/6067b36314ab5eb2eb47cecc464545ba58e1ad24/library/core/src/panic/unwind_safe.rs:272:9
[INFO] [stdout]   35:     0x6532694b80da - std::panicking::try::do_call::h2f73af3616c35465
[INFO] [stdout]                                at /rustc/6067b36314ab5eb2eb47cecc464545ba58e1ad24/library/std/src/panicking.rs:587:40
[INFO] [stdout]   36:     0x6532694b80da - std::panicking::try::hd1660ce9efadef5a
[INFO] [stdout]                                at /rustc/6067b36314ab5eb2eb47cecc464545ba58e1ad24/library/std/src/panicking.rs:550:19
[INFO] [stdout]   37:     0x6532694b80da - std::panic::catch_unwind::h5ee8d7823b8ca744
[INFO] [stdout]                                at /rustc/6067b36314ab5eb2eb47cecc464545ba58e1ad24/library/std/src/panic.rs:358:14
[INFO] [stdout]   38:     0x6532694b80da - std::thread::Builder::spawn_unchecked_::{{closure}}::h53c3a1894dce8407
[INFO] [stdout]                                at /rustc/6067b36314ab5eb2eb47cecc464545ba58e1ad24/library/std/src/thread/mod.rs:557:30
[INFO] [stdout]   39:     0x6532694b80da - core::ops::function::FnOnce::call_once{{vtable.shim}}::h048ce291ad4f62bf
[INFO] [stdout]                                at /rustc/6067b36314ab5eb2eb47cecc464545ba58e1ad24/library/core/src/ops/function.rs:250:5
[INFO] [stdout]   40:     0x65326952e05b - <alloc::boxed::Box<F,A> as core::ops::function::FnOnce<Args>>::call_once::ha52bedf99a3b4981
[INFO] [stdout]                                at /rustc/6067b36314ab5eb2eb47cecc464545ba58e1ad24/library/alloc/src/boxed.rs:2013:9
[INFO] [stdout]   41:     0x65326952e05b - <alloc::boxed::Box<F,A> as core::ops::function::FnOnce<Args>>::call_once::h567748934d80ccf8
[INFO] [stdout]                                at /rustc/6067b36314ab5eb2eb47cecc464545ba58e1ad24/library/alloc/src/boxed.rs:2013:9
[INFO] [stdout]   42:     0x65326952e05b - std::sys::pal::unix::thread::Thread::new::thread_start::h2d970728ae887adc
[INFO] [stdout]                                at /rustc/6067b36314ab5eb2eb47cecc464545ba58e1ad24/library/std/src/sys/pal/unix/thread.rs:106:17
[INFO] [stdout]   43:     0x7c79d5ed6ac3 - <unknown>
[INFO] [stdout]   44:     0x7c79d5f67a04 - clone
[INFO] [stdout]   45:                0x0 - <unknown>
[INFO] [stdout] 
[INFO] [stdout] 
[INFO] [stdout] failures:
[INFO] [stdout]     tests::obtain_next_layer
[INFO] [stdout] 
[INFO] [stdout] test result: FAILED. 0 passed; 1 failed; 0 ignored; 0 measured; 0 filtered out; finished in 0.04s
[INFO] [stdout] 
[INFO] [stderr] error: test failed, to rerun pass `--bin claim_nft`
[INFO] running `Command { std: "docker" "inspect" "5a65ca0a1c7266ab208a248a34e66c074ef9976397aa68055d3c21ac276ab914", kill_on_drop: false }`
[INFO] running `Command { std: "docker" "rm" "-f" "5a65ca0a1c7266ab208a248a34e66c074ef9976397aa68055d3c21ac276ab914", kill_on_drop: false }`
[INFO] [stdout] 5a65ca0a1c7266ab208a248a34e66c074ef9976397aa68055d3c21ac276ab914
