[INFO] cloning repository https://github.com/Macchina-CLI/libmacchina
[INFO] running `Command { std: "git" "-c" "credential.helper=" "-c" "credential.helper=/workspace/cargo-home/bin/git-credential-null" "clone" "--bare" "https://github.com/Macchina-CLI/libmacchina" "/workspace/cache/git-repos/https%3A%2F%2Fgithub.com%2FMacchina-CLI%2Flibmacchina", kill_on_drop: false }`
[INFO] [stderr] Cloning into bare repository '/workspace/cache/git-repos/https%3A%2F%2Fgithub.com%2FMacchina-CLI%2Flibmacchina'...
[INFO] running `Command { std: "git" "rev-parse" "HEAD", kill_on_drop: false }`
[INFO] [stdout] a7d5001a65a98d5c9567958f3ab54f60e0b4d0ee
[INFO] testing Macchina-CLI/libmacchina against nightly-2025-01-18+rustflags=-Zrandomize-layout for randomize-layout-2
[INFO] running `Command { std: "git" "clone" "/workspace/cache/git-repos/https%3A%2F%2Fgithub.com%2FMacchina-CLI%2Flibmacchina" "/workspace/builds/worker-7-tc2/source", kill_on_drop: false }`
[INFO] [stderr] Cloning into '/workspace/builds/worker-7-tc2/source'...
[INFO] [stderr] done.
[INFO] validating manifest of git repo https://github.com/Macchina-CLI/libmacchina on toolchain nightly-2025-01-18
[INFO] running `Command { std: CARGO_HOME="/workspace/cargo-home" RUSTUP_HOME="/workspace/rustup-home" "/workspace/cargo-home/bin/cargo" "+nightly-2025-01-18" "metadata" "--manifest-path" "Cargo.toml" "--no-deps", kill_on_drop: false }`
[INFO] started tweaking git repo https://github.com/Macchina-CLI/libmacchina
[INFO] finished tweaking git repo https://github.com/Macchina-CLI/libmacchina
[INFO] tweaked toml for git repo https://github.com/Macchina-CLI/libmacchina written to /workspace/builds/worker-7-tc2/source/Cargo.toml
[INFO] running `Command { std: CARGO_HOME="/workspace/cargo-home" RUSTUP_HOME="/workspace/rustup-home" "/workspace/cargo-home/bin/cargo" "+nightly-2025-01-18" "generate-lockfile" "--manifest-path" "Cargo.toml", kill_on_drop: false }`
[INFO] [stderr]     Updating crates.io index
[INFO] [stderr]      Locking 164 packages to latest compatible versions
[INFO] [stderr]       Adding core-foundation v0.9.4 (available: v0.10.0)
[INFO] [stderr]       Adding core-graphics v0.23.2 (available: v0.24.0)
[INFO] [stderr]       Adding dirs v5.0.1 (available: v6.0.0)
[INFO] [stderr]       Adding if-addrs v0.10.2 (available: v0.13.3)
[INFO] [stderr]       Adding itertools v0.11.0 (available: v0.14.0)
[INFO] [stderr]       Adding local-ip-address v0.5.7 (available: v0.6.3)
[INFO] [stderr]       Adding nix v0.26.4 (available: v0.29.0)
[INFO] [stderr]       Adding pciid-parser v0.6.3 (available: v0.7.2)
[INFO] [stderr]       Adding sysctl v0.5.5 (available: v0.6.0)
[INFO] [stderr]       Adding vergen v8.3.2 (available: v9.0.4)
[INFO] [stderr]       Adding windows v0.39.0 (available: v0.59.0)
[INFO] [stderr]       Adding winreg v0.10.1 (available: v0.55.0)
[INFO] [stderr]       Adding wmi v0.12.2 (available: v0.14.4)
[INFO] [stderr]       Adding x11rb v0.12.0 (available: v0.13.1)
[INFO] running `Command { std: CARGO_HOME="/workspace/cargo-home" RUSTUP_HOME="/workspace/rustup-home" "/workspace/cargo-home/bin/cargo" "+nightly-2025-01-18" "fetch" "--manifest-path" "Cargo.toml", kill_on_drop: false }`
[INFO] [stderr]     Blocking waiting for file lock on package cache
[INFO] running `Command { std: "docker" "create" "-v" "/var/lib/crater-agent-workspace/builds/worker-7-tc2/target:/opt/rustwide/target:rw,Z" "-v" "/var/lib/crater-agent-workspace/builds/worker-7-tc2/source:/opt/rustwide/workdir:ro,Z" "-v" "/var/lib/crater-agent-workspace/cargo-home:/opt/rustwide/cargo-home:ro,Z" "-v" "/var/lib/crater-agent-workspace/rustup-home:/opt/rustwide/rustup-home:ro,Z" "-e" "SOURCE_DIR=/opt/rustwide/workdir" "-e" "CARGO_TARGET_DIR=/opt/rustwide/target" "-e" "CARGO_HOME=/opt/rustwide/cargo-home" "-e" "RUSTUP_HOME=/opt/rustwide/rustup-home" "-w" "/opt/rustwide/workdir" "-m" "1610612736" "--user" "0:0" "--network" "none" "ghcr.io/rust-lang/crates-build-env/linux@sha256:819108c5571ea2e421544af4d832f968d213c87fbe3707a016657f43d2f853bc" "/opt/rustwide/cargo-home/bin/cargo" "+nightly-2025-01-18" "metadata" "--no-deps" "--format-version=1", kill_on_drop: false }`
[INFO] [stdout] 2991baf789c588b31d5d1b2fa665042d4541e895debcffce8745dae7cf884a22
[INFO] running `Command { std: "docker" "start" "-a" "2991baf789c588b31d5d1b2fa665042d4541e895debcffce8745dae7cf884a22", kill_on_drop: false }`
[INFO] running `Command { std: "docker" "inspect" "2991baf789c588b31d5d1b2fa665042d4541e895debcffce8745dae7cf884a22", kill_on_drop: false }`
[INFO] running `Command { std: "docker" "rm" "-f" "2991baf789c588b31d5d1b2fa665042d4541e895debcffce8745dae7cf884a22", kill_on_drop: false }`
[INFO] [stdout] 2991baf789c588b31d5d1b2fa665042d4541e895debcffce8745dae7cf884a22
[INFO] running `Command { std: "docker" "create" "-v" "/var/lib/crater-agent-workspace/builds/worker-7-tc2/target:/opt/rustwide/target:rw,Z" "-v" "/var/lib/crater-agent-workspace/builds/worker-7-tc2/source:/opt/rustwide/workdir:ro,Z" "-v" "/var/lib/crater-agent-workspace/cargo-home:/opt/rustwide/cargo-home:ro,Z" "-v" "/var/lib/crater-agent-workspace/rustup-home:/opt/rustwide/rustup-home:ro,Z" "-e" "SOURCE_DIR=/opt/rustwide/workdir" "-e" "CARGO_TARGET_DIR=/opt/rustwide/target" "-e" "CARGO_INCREMENTAL=0" "-e" "RUST_BACKTRACE=full" "-e" "RUSTFLAGS=--cap-lints=forbid -Zrandomize-layout" "-e" "RUSTDOCFLAGS=--cap-lints=forbid" "-e" "CARGO_HOME=/opt/rustwide/cargo-home" "-e" "RUSTUP_HOME=/opt/rustwide/rustup-home" "-w" "/opt/rustwide/workdir" "-m" "1610612736" "--user" "0:0" "--network" "none" "ghcr.io/rust-lang/crates-build-env/linux@sha256:819108c5571ea2e421544af4d832f968d213c87fbe3707a016657f43d2f853bc" "/opt/rustwide/cargo-home/bin/cargo" "+nightly-2025-01-18" "build" "--frozen" "--message-format=json", kill_on_drop: false }`
[INFO] [stdout] da61bd7d58ca7170a926326c5ee65dd68cd01f15437dde97ef8c39c16b4fcdf5
[INFO] running `Command { std: "docker" "start" "-a" "da61bd7d58ca7170a926326c5ee65dd68cd01f15437dde97ef8c39c16b4fcdf5", kill_on_drop: false }`
[INFO] [stderr]    Compiling proc-macro2 v1.0.93
[INFO] [stderr]    Compiling unicode-ident v1.0.14
[INFO] [stderr]    Compiling libc v0.2.169
[INFO] [stderr]    Compiling pkg-config v0.3.31
[INFO] [stderr]    Compiling shlex v1.3.0
[INFO] [stderr]    Compiling once_cell v1.20.2
[INFO] [stderr]    Compiling autocfg v1.4.0
[INFO] [stderr]    Compiling thiserror v1.0.69
[INFO] [stderr]    Compiling memchr v2.7.4
[INFO] [stderr]    Compiling rpm-pkg-count v0.2.1
[INFO] [stderr]    Compiling option-ext v0.2.0
[INFO] [stderr]    Compiling heck v0.5.0
[INFO] [stderr]    Compiling same-file v1.0.6
[INFO] [stderr]    Compiling pin-project-lite v0.2.16
[INFO] [stderr]    Compiling regex-syntax v0.8.5
[INFO] [stderr]    Compiling libloading v0.8.6
[INFO] [stderr]    Compiling byteorder v1.5.0
[INFO] [stderr]    Compiling either v1.13.0
[INFO] [stderr]    Compiling log v0.4.25
[INFO] [stderr]    Compiling walkdir v2.5.0
[INFO] [stderr]    Compiling cc v1.2.10
[INFO] [stderr]    Compiling dlib v0.5.2
[INFO] [stderr]    Compiling tracing-core v0.1.33
[INFO] [stderr]    Compiling libmacchina v8.0.0 (/opt/rustwide/workdir)
[INFO] [stderr]    Compiling lazy_static v1.5.0
[INFO] [stderr]    Compiling bitflags v2.8.0
[INFO] [stderr]    Compiling itertools v0.11.0
[INFO] [stderr]    Compiling os-release v0.1.0
[INFO] [stderr]    Compiling home v0.5.11
[INFO] [stderr]    Compiling memoffset v0.7.1
[INFO] [stderr]    Compiling wayland-sys v0.31.5
[INFO] [stderr]    Compiling quote v1.0.38
[INFO] [stderr]    Compiling aho-corasick v1.1.3
[INFO] [stderr]    Compiling syn v2.0.96
[INFO] [stderr]    Compiling sqlite3-src v0.6.1
[INFO] [stderr]    Compiling sqlite3-sys v0.17.0
[INFO] [stderr]    Compiling sqlite v0.36.1
[INFO] [stderr]    Compiling dirs-sys v0.4.1
[INFO] [stderr]    Compiling nix v0.26.4
[INFO] [stderr]    Compiling num_cpus v1.16.0
[INFO] [stderr]    Compiling if-addrs v0.10.2
[INFO] [stderr]    Compiling dirs v5.0.1
[INFO] [stderr]    Compiling regex-automata v0.4.9
[INFO] [stderr]    Compiling regex v1.11.1
[INFO] [stderr]    Compiling tracing-attributes v0.1.28
[INFO] [stderr]    Compiling thiserror-impl v1.0.69
[INFO] [stderr]    Compiling enum-as-inner v0.6.1
[INFO] [stderr]    Compiling tracing v0.1.41
[INFO] [stderr]    Compiling sysctl v0.5.5
[INFO] [stderr]    Compiling pciid-parser v0.6.3
[INFO] [stderr]     Finished `dev` profile [unoptimized + debuginfo] target(s) in 17.37s
[INFO] running `Command { std: "docker" "inspect" "da61bd7d58ca7170a926326c5ee65dd68cd01f15437dde97ef8c39c16b4fcdf5", kill_on_drop: false }`
[INFO] running `Command { std: "docker" "rm" "-f" "da61bd7d58ca7170a926326c5ee65dd68cd01f15437dde97ef8c39c16b4fcdf5", kill_on_drop: false }`
[INFO] [stdout] da61bd7d58ca7170a926326c5ee65dd68cd01f15437dde97ef8c39c16b4fcdf5
[INFO] running `Command { std: "docker" "create" "-v" "/var/lib/crater-agent-workspace/builds/worker-7-tc2/target:/opt/rustwide/target:rw,Z" "-v" "/var/lib/crater-agent-workspace/builds/worker-7-tc2/source:/opt/rustwide/workdir:ro,Z" "-v" "/var/lib/crater-agent-workspace/cargo-home:/opt/rustwide/cargo-home:ro,Z" "-v" "/var/lib/crater-agent-workspace/rustup-home:/opt/rustwide/rustup-home:ro,Z" "-e" "SOURCE_DIR=/opt/rustwide/workdir" "-e" "CARGO_TARGET_DIR=/opt/rustwide/target" "-e" "CARGO_INCREMENTAL=0" "-e" "RUST_BACKTRACE=full" "-e" "RUSTFLAGS=--cap-lints=forbid -Zrandomize-layout" "-e" "RUSTDOCFLAGS=--cap-lints=forbid" "-e" "CARGO_HOME=/opt/rustwide/cargo-home" "-e" "RUSTUP_HOME=/opt/rustwide/rustup-home" "-w" "/opt/rustwide/workdir" "-m" "1610612736" "--user" "0:0" "--network" "none" "ghcr.io/rust-lang/crates-build-env/linux@sha256:819108c5571ea2e421544af4d832f968d213c87fbe3707a016657f43d2f853bc" "/opt/rustwide/cargo-home/bin/cargo" "+nightly-2025-01-18" "test" "--frozen" "--no-run" "--message-format=json", kill_on_drop: false }`
[INFO] [stdout] a5c2281eec190b5c533315d639d9441e007fc05b8f8d6ccfdedc0c8a132f8393
[INFO] running `Command { std: "docker" "start" "-a" "a5c2281eec190b5c533315d639d9441e007fc05b8f8d6ccfdedc0c8a132f8393", kill_on_drop: false }`
[INFO] [stderr]    Compiling libmacchina v8.0.0 (/opt/rustwide/workdir)
[INFO] [stderr]     Finished `test` profile [unoptimized + debuginfo] target(s) in 0.67s
[INFO] running `Command { std: "docker" "inspect" "a5c2281eec190b5c533315d639d9441e007fc05b8f8d6ccfdedc0c8a132f8393", kill_on_drop: false }`
[INFO] running `Command { std: "docker" "rm" "-f" "a5c2281eec190b5c533315d639d9441e007fc05b8f8d6ccfdedc0c8a132f8393", kill_on_drop: false }`
[INFO] [stdout] a5c2281eec190b5c533315d639d9441e007fc05b8f8d6ccfdedc0c8a132f8393
[INFO] running `Command { std: "docker" "create" "-v" "/var/lib/crater-agent-workspace/builds/worker-7-tc2/target:/opt/rustwide/target:rw,Z" "-v" "/var/lib/crater-agent-workspace/builds/worker-7-tc2/source:/opt/rustwide/workdir:ro,Z" "-v" "/var/lib/crater-agent-workspace/cargo-home:/opt/rustwide/cargo-home:ro,Z" "-v" "/var/lib/crater-agent-workspace/rustup-home:/opt/rustwide/rustup-home:ro,Z" "-e" "SOURCE_DIR=/opt/rustwide/workdir" "-e" "CARGO_TARGET_DIR=/opt/rustwide/target" "-e" "CARGO_INCREMENTAL=0" "-e" "RUST_BACKTRACE=full" "-e" "RUSTFLAGS=--cap-lints=forbid -Zrandomize-layout" "-e" "RUSTDOCFLAGS=--cap-lints=forbid" "-e" "CARGO_HOME=/opt/rustwide/cargo-home" "-e" "RUSTUP_HOME=/opt/rustwide/rustup-home" "-w" "/opt/rustwide/workdir" "-m" "1610612736" "--user" "0:0" "--network" "none" "ghcr.io/rust-lang/crates-build-env/linux@sha256:819108c5571ea2e421544af4d832f968d213c87fbe3707a016657f43d2f853bc" "/opt/rustwide/cargo-home/bin/cargo" "+nightly-2025-01-18" "test" "--frozen", kill_on_drop: false }`
[INFO] [stdout] 568c71128b00f90b9afd5e7915c49efe8162da2106556bc00be171e3e573a169
[INFO] running `Command { std: "docker" "start" "-a" "568c71128b00f90b9afd5e7915c49efe8162da2106556bc00be171e3e573a169", kill_on_drop: false }`
[INFO] [stderr]     Finished `test` profile [unoptimized + debuginfo] target(s) in 0.11s
[INFO] [stderr]      Running unittests src/lib.rs (/opt/rustwide/target/debug/deps/libmacchina-a379989c2c09b02d)
[INFO] [stdout] 
[INFO] [stdout] running 4 tests
[INFO] [stdout] test extra::tests::test_path_extension ... ok
[INFO] [stdout] test extra::tests::test_ucfirst ... ok
[INFO] [stderr]    Doc-tests libmacchina
[INFO] [stdout] test extra::tests::test_which ... ok
[INFO] [stdout] test extra::tests::test_pop_newline ... ok
[INFO] [stdout] 
[INFO] [stdout] test result: ok. 4 passed; 0 failed; 0 ignored; 0 measured; 0 filtered out; finished in 0.01s
[INFO] [stdout] 
[INFO] [stdout] 
[INFO] [stdout] running 7 tests
[INFO] [stdout] test src/traits.rs - traits::MemoryReadout (line 161) ... FAILED
[INFO] [stdout] test src/traits.rs - traits::PackageReadout (line 243) ... ok
[INFO] [stdout] test src/traits.rs - traits::ProductReadout (line 353) ... ok
[INFO] [stdout] test src/traits.rs - traits::BatteryReadout (line 54) ... ok
[INFO] [stdout] test src/traits.rs - traits::NetworkReadout (line 276) ... ok
[INFO] [stdout] test src/traits.rs - traits::GeneralReadout (line 410) ... ok
[INFO] [stdout] test src/traits.rs - traits::KernelReadout (line 108) ... ok
[INFO] [stdout] 
[INFO] [stdout] failures:
[INFO] [stdout] 
[INFO] [stdout] ---- src/traits.rs - traits::MemoryReadout (line 161) stdout ----
[INFO] [stdout] error[E0046]: not all trait items implemented, missing: `swap_total`, `swap_free`, `swap_used`
[INFO] [stdout]   --> src/traits.rs:168:1
[INFO] [stdout]    |
[INFO] [stdout] 10 | impl MemoryReadout for MacOSMemoryReadout {
[INFO] [stdout]    | ^^^^^^^^^^^^^^^^^^^^^^^^^^^^^^^^^^^^^^^^^ missing `swap_total`, `swap_free`, `swap_used` in implementation
[INFO] [stdout]    |
[INFO] [stdout]    = help: implement the missing item: `fn swap_total(&self) -> Result<u64, ReadoutError> { todo!() }`
[INFO] [stdout]    = help: implement the missing item: `fn swap_free(&self) -> Result<u64, ReadoutError> { todo!() }`
[INFO] [stdout]    = help: implement the missing item: `fn swap_used(&self) -> Result<u64, ReadoutError> { todo!() }`
[INFO] [stdout] 
[INFO] [stdout] error: aborting due to 1 previous error
[INFO] [stdout] 
[INFO] [stdout] For more information about this error, try `rustc --explain E0046`.
[INFO] [stdout] Couldn't compile the test.
[INFO] [stdout] 
[INFO] [stdout] failures:
[INFO] [stdout]     src/traits.rs - traits::MemoryReadout (line 161)
[INFO] [stdout] 
[INFO] [stdout] test result: FAILED. 6 passed; 1 failed; 0 ignored; 0 measured; 0 filtered out; finished in 0.31s
[INFO] [stdout] 
[INFO] [stderr] error: doctest failed, to rerun pass `--doc`
[INFO] running `Command { std: "docker" "inspect" "568c71128b00f90b9afd5e7915c49efe8162da2106556bc00be171e3e573a169", kill_on_drop: false }`
[INFO] running `Command { std: "docker" "rm" "-f" "568c71128b00f90b9afd5e7915c49efe8162da2106556bc00be171e3e573a169", kill_on_drop: false }`
[INFO] [stdout] 568c71128b00f90b9afd5e7915c49efe8162da2106556bc00be171e3e573a169
