[INFO] cloning repository https://github.com/Maan-el/linked_lists
[INFO] running `Command { std: "git" "-c" "credential.helper=" "-c" "credential.helper=/workspace/cargo-home/bin/git-credential-null" "clone" "--bare" "https://github.com/Maan-el/linked_lists" "/workspace/cache/git-repos/https%3A%2F%2Fgithub.com%2FMaan-el%2Flinked_lists", kill_on_drop: false }`
[INFO] [stderr] Cloning into bare repository '/workspace/cache/git-repos/https%3A%2F%2Fgithub.com%2FMaan-el%2Flinked_lists'...
[INFO] running `Command { std: "git" "rev-parse" "HEAD", kill_on_drop: false }`
[INFO] [stdout] 15192ca3920c62b1a038f0cf6f114eb112f9aa55
[INFO] testing Maan-el/linked_lists against nightly-2025-01-18 for randomize-layout-2
[INFO] running `Command { std: "git" "clone" "/workspace/cache/git-repos/https%3A%2F%2Fgithub.com%2FMaan-el%2Flinked_lists" "/workspace/builds/worker-0-tc1/source", kill_on_drop: false }`
[INFO] [stderr] Cloning into '/workspace/builds/worker-0-tc1/source'...
[INFO] [stderr] done.
[INFO] validating manifest of git repo https://github.com/Maan-el/linked_lists on toolchain nightly-2025-01-18
[INFO] running `Command { std: CARGO_HOME="/workspace/cargo-home" RUSTUP_HOME="/workspace/rustup-home" "/workspace/cargo-home/bin/cargo" "+nightly-2025-01-18" "metadata" "--manifest-path" "Cargo.toml" "--no-deps", kill_on_drop: false }`
[INFO] started tweaking git repo https://github.com/Maan-el/linked_lists
[INFO] finished tweaking git repo https://github.com/Maan-el/linked_lists
[INFO] tweaked toml for git repo https://github.com/Maan-el/linked_lists written to /workspace/builds/worker-0-tc1/source/Cargo.toml
[INFO] crate git repo https://github.com/Maan-el/linked_lists already has a lockfile, it will not be regenerated
[INFO] running `Command { std: CARGO_HOME="/workspace/cargo-home" RUSTUP_HOME="/workspace/rustup-home" "/workspace/cargo-home/bin/cargo" "+nightly-2025-01-18" "fetch" "--manifest-path" "Cargo.toml", kill_on_drop: false }`
[INFO] running `Command { std: "docker" "create" "-v" "/var/lib/crater-agent-workspace/builds/worker-0-tc1/target:/opt/rustwide/target:rw,Z" "-v" "/var/lib/crater-agent-workspace/builds/worker-0-tc1/source:/opt/rustwide/workdir:ro,Z" "-v" "/var/lib/crater-agent-workspace/cargo-home:/opt/rustwide/cargo-home:ro,Z" "-v" "/var/lib/crater-agent-workspace/rustup-home:/opt/rustwide/rustup-home:ro,Z" "-e" "SOURCE_DIR=/opt/rustwide/workdir" "-e" "CARGO_TARGET_DIR=/opt/rustwide/target" "-e" "CARGO_HOME=/opt/rustwide/cargo-home" "-e" "RUSTUP_HOME=/opt/rustwide/rustup-home" "-w" "/opt/rustwide/workdir" "-m" "1610612736" "--user" "0:0" "--network" "none" "ghcr.io/rust-lang/crates-build-env/linux@sha256:819108c5571ea2e421544af4d832f968d213c87fbe3707a016657f43d2f853bc" "/opt/rustwide/cargo-home/bin/cargo" "+nightly-2025-01-18" "metadata" "--no-deps" "--format-version=1", kill_on_drop: false }`
[INFO] [stdout] ca207f9213d669e7a0957b82439cd0ccd6f94641f3364149aefd2739d32f897f
[INFO] running `Command { std: "docker" "start" "-a" "ca207f9213d669e7a0957b82439cd0ccd6f94641f3364149aefd2739d32f897f", kill_on_drop: false }`
[INFO] running `Command { std: "docker" "inspect" "ca207f9213d669e7a0957b82439cd0ccd6f94641f3364149aefd2739d32f897f", kill_on_drop: false }`
[INFO] running `Command { std: "docker" "rm" "-f" "ca207f9213d669e7a0957b82439cd0ccd6f94641f3364149aefd2739d32f897f", kill_on_drop: false }`
[INFO] [stdout] ca207f9213d669e7a0957b82439cd0ccd6f94641f3364149aefd2739d32f897f
[INFO] running `Command { std: "docker" "create" "-v" "/var/lib/crater-agent-workspace/builds/worker-0-tc1/target:/opt/rustwide/target:rw,Z" "-v" "/var/lib/crater-agent-workspace/builds/worker-0-tc1/source:/opt/rustwide/workdir:ro,Z" "-v" "/var/lib/crater-agent-workspace/cargo-home:/opt/rustwide/cargo-home:ro,Z" "-v" "/var/lib/crater-agent-workspace/rustup-home:/opt/rustwide/rustup-home:ro,Z" "-e" "SOURCE_DIR=/opt/rustwide/workdir" "-e" "CARGO_TARGET_DIR=/opt/rustwide/target" "-e" "CARGO_INCREMENTAL=0" "-e" "RUST_BACKTRACE=full" "-e" "RUSTFLAGS=--cap-lints=forbid" "-e" "RUSTDOCFLAGS=--cap-lints=forbid" "-e" "CARGO_HOME=/opt/rustwide/cargo-home" "-e" "RUSTUP_HOME=/opt/rustwide/rustup-home" "-w" "/opt/rustwide/workdir" "-m" "1610612736" "--user" "0:0" "--network" "none" "ghcr.io/rust-lang/crates-build-env/linux@sha256:819108c5571ea2e421544af4d832f968d213c87fbe3707a016657f43d2f853bc" "/opt/rustwide/cargo-home/bin/cargo" "+nightly-2025-01-18" "build" "--frozen" "--message-format=json", kill_on_drop: false }`
[INFO] [stdout] 034c441ed7dfa00c288b7313d61252a6bc8fdd7de182b598c57bb1a62fa1a9c7
[INFO] running `Command { std: "docker" "start" "-a" "034c441ed7dfa00c288b7313d61252a6bc8fdd7de182b598c57bb1a62fa1a9c7", kill_on_drop: false }`
[INFO] [stderr]    Compiling linked_lists v0.1.0 (/opt/rustwide/workdir)
[INFO] [stderr]     Finished `dev` profile [unoptimized + debuginfo] target(s) in 0.33s
[INFO] running `Command { std: "docker" "inspect" "034c441ed7dfa00c288b7313d61252a6bc8fdd7de182b598c57bb1a62fa1a9c7", kill_on_drop: false }`
[INFO] running `Command { std: "docker" "rm" "-f" "034c441ed7dfa00c288b7313d61252a6bc8fdd7de182b598c57bb1a62fa1a9c7", kill_on_drop: false }`
[INFO] [stdout] 034c441ed7dfa00c288b7313d61252a6bc8fdd7de182b598c57bb1a62fa1a9c7
[INFO] running `Command { std: "docker" "create" "-v" "/var/lib/crater-agent-workspace/builds/worker-0-tc1/target:/opt/rustwide/target:rw,Z" "-v" "/var/lib/crater-agent-workspace/builds/worker-0-tc1/source:/opt/rustwide/workdir:ro,Z" "-v" "/var/lib/crater-agent-workspace/cargo-home:/opt/rustwide/cargo-home:ro,Z" "-v" "/var/lib/crater-agent-workspace/rustup-home:/opt/rustwide/rustup-home:ro,Z" "-e" "SOURCE_DIR=/opt/rustwide/workdir" "-e" "CARGO_TARGET_DIR=/opt/rustwide/target" "-e" "CARGO_INCREMENTAL=0" "-e" "RUST_BACKTRACE=full" "-e" "RUSTFLAGS=--cap-lints=forbid" "-e" "RUSTDOCFLAGS=--cap-lints=forbid" "-e" "CARGO_HOME=/opt/rustwide/cargo-home" "-e" "RUSTUP_HOME=/opt/rustwide/rustup-home" "-w" "/opt/rustwide/workdir" "-m" "1610612736" "--user" "0:0" "--network" "none" "ghcr.io/rust-lang/crates-build-env/linux@sha256:819108c5571ea2e421544af4d832f968d213c87fbe3707a016657f43d2f853bc" "/opt/rustwide/cargo-home/bin/cargo" "+nightly-2025-01-18" "test" "--frozen" "--no-run" "--message-format=json", kill_on_drop: false }`
[INFO] [stdout] 166fccc9b93de2d9deaa72be302373432b2db660b0551aff9c9428032dd9ada1
[INFO] running `Command { std: "docker" "start" "-a" "166fccc9b93de2d9deaa72be302373432b2db660b0551aff9c9428032dd9ada1", kill_on_drop: false }`
[INFO] [stderr]    Compiling linked_lists v0.1.0 (/opt/rustwide/workdir)
[INFO] [stderr]     Finished `test` profile [unoptimized + debuginfo] target(s) in 1.14s
[INFO] running `Command { std: "docker" "inspect" "166fccc9b93de2d9deaa72be302373432b2db660b0551aff9c9428032dd9ada1", kill_on_drop: false }`
[INFO] running `Command { std: "docker" "rm" "-f" "166fccc9b93de2d9deaa72be302373432b2db660b0551aff9c9428032dd9ada1", kill_on_drop: false }`
[INFO] [stdout] 166fccc9b93de2d9deaa72be302373432b2db660b0551aff9c9428032dd9ada1
[INFO] running `Command { std: "docker" "create" "-v" "/var/lib/crater-agent-workspace/builds/worker-0-tc1/target:/opt/rustwide/target:rw,Z" "-v" "/var/lib/crater-agent-workspace/builds/worker-0-tc1/source:/opt/rustwide/workdir:ro,Z" "-v" "/var/lib/crater-agent-workspace/cargo-home:/opt/rustwide/cargo-home:ro,Z" "-v" "/var/lib/crater-agent-workspace/rustup-home:/opt/rustwide/rustup-home:ro,Z" "-e" "SOURCE_DIR=/opt/rustwide/workdir" "-e" "CARGO_TARGET_DIR=/opt/rustwide/target" "-e" "CARGO_INCREMENTAL=0" "-e" "RUST_BACKTRACE=full" "-e" "RUSTFLAGS=--cap-lints=forbid" "-e" "RUSTDOCFLAGS=--cap-lints=forbid" "-e" "CARGO_HOME=/opt/rustwide/cargo-home" "-e" "RUSTUP_HOME=/opt/rustwide/rustup-home" "-w" "/opt/rustwide/workdir" "-m" "1610612736" "--user" "0:0" "--network" "none" "ghcr.io/rust-lang/crates-build-env/linux@sha256:819108c5571ea2e421544af4d832f968d213c87fbe3707a016657f43d2f853bc" "/opt/rustwide/cargo-home/bin/cargo" "+nightly-2025-01-18" "test" "--frozen", kill_on_drop: false }`
[INFO] [stdout] 8f75d6dd88f44acdca91aab3d73eb5cab5cae68a00482c2f9252098411479da5
[INFO] running `Command { std: "docker" "start" "-a" "8f75d6dd88f44acdca91aab3d73eb5cab5cae68a00482c2f9252098411479da5", kill_on_drop: false }`
[INFO] [stderr]     Finished `test` profile [unoptimized + debuginfo] target(s) in 0.01s
[INFO] [stderr]      Running unittests src/lib.rs (/opt/rustwide/target/debug/deps/linked_lists-997e6103bdf50580)
[INFO] [stdout] 
[INFO] [stdout] running 31 tests
[INFO] [stdout] test fifth::test::miri_food ... ok
[INFO] [stdout] test first::test::basico ... ok
[INFO] [stdout] test fifth::test::basics ... ok
[INFO] [stdout] test second::test::iter_mut ... ok
[INFO] [stdout] test fourth::test::peek ... ok
[INFO] [stdout] test second::test::basico ... ok
[INFO] [stdout] test fourth::test::into_iter ... ok
[INFO] [stdout] test fifth::test::into_iter ... ok
[INFO] [stdout] test fifth::test::iter ... ok
[INFO] [stdout] test sixth::test::test_debug ... ok
[INFO] [stdout] test fifth::test::iter_mut ... ok
[INFO] [stdout] test sixth::test::test_hashmap ... ok
[INFO] [stdout] test sixth::test::test_iterator ... ok
[INFO] [stdout] test second::test::into_iter ... ok
[INFO] [stdout] test second::test::iter ... ok
[INFO] [stdout] test sixth::test::test_cursor_mut_insert ... ok
[INFO] [stdout] test sixth::test::test_basic ... ok
[INFO] [stdout] test sixth::test::test_basic_front ... ok
[INFO] [stdout] test sixth::test::test_cursor_move_peek ... ok
[INFO] [stdout] test sixth::test::test_iterator_double_end ... ok
[INFO] [stdout] test sixth::test::test_ord ... ok
[INFO] [stdout] test sixth::test::test_rev_iter ... ok
[INFO] [stdout] test sixth::test::test_ord_nan ... ok
[INFO] [stdout] test tests::it_works ... ok
[INFO] [stdout] test third::test::iter ... ok
[INFO] [stdout] test second::test::peek ... ok
[INFO] [stdout] test fourth::test::basics ... ok
[INFO] [stdout] test sixth::test::test_iterator_mut_double_end ... ok
[INFO] [stdout] test sixth::test::test_mut_iter ... ok
[INFO] [stdout] test sixth::test::test_eq ... ok
[INFO] [stdout] test third::test::basics ... ok
[INFO] [stdout] 
[INFO] [stdout] test result: ok. 31 passed; 0 failed; 0 ignored; 0 measured; 0 filtered out; finished in 0.01s
[INFO] [stdout] 
[INFO] [stderr]    Doc-tests linked_lists
[INFO] [stdout] 
[INFO] [stdout] running 1 test
[INFO] [stdout] test src/sixth.rs - sixth::assert_properties::iter_mut_invariant (line 791) - compile fail ... FAILED
[INFO] [stdout] 
[INFO] [stdout] failures:
[INFO] [stdout] 
[INFO] [stdout] ---- src/sixth.rs - sixth::assert_properties::iter_mut_invariant (line 791) stdout ----
[INFO] [stdout] error[E0432]: unresolved import `linked_list`
[INFO] [stdout]  --> src/sixth.rs:792:5
[INFO] [stdout]   |
[INFO] [stdout] 3 | use linked_list::IterMut;
[INFO] [stdout]   |     ^^^^^^^^^^^ use of undeclared crate or module `linked_list`
[INFO] [stdout]   |
[INFO] [stdout] help: there is a crate or module with a similar name
[INFO] [stdout]   |
[INFO] [stdout] 3 | use linked_lists::IterMut;
[INFO] [stdout]   |     ~~~~~~~~~~~~
[INFO] [stdout] 
[INFO] [stdout] error: aborting due to 1 previous error
[INFO] [stdout] 
[INFO] [stdout] For more information about this error, try `rustc --explain E0432`.
[INFO] [stdout] Some expected error codes were not found: ["E0308"]
[INFO] [stdout] 
[INFO] [stdout] failures:
[INFO] [stdout]     src/sixth.rs - sixth::assert_properties::iter_mut_invariant (line 791)
[INFO] [stdout] 
[INFO] [stdout] test result: FAILED. 0 passed; 1 failed; 0 ignored; 0 measured; 0 filtered out; finished in 0.10s
[INFO] [stdout] 
[INFO] [stderr] error: doctest failed, to rerun pass `--doc`
[INFO] running `Command { std: "docker" "inspect" "8f75d6dd88f44acdca91aab3d73eb5cab5cae68a00482c2f9252098411479da5", kill_on_drop: false }`
[INFO] running `Command { std: "docker" "rm" "-f" "8f75d6dd88f44acdca91aab3d73eb5cab5cae68a00482c2f9252098411479da5", kill_on_drop: false }`
[INFO] [stdout] 8f75d6dd88f44acdca91aab3d73eb5cab5cae68a00482c2f9252098411479da5
