[INFO] cloning repository https://github.com/LukeMathWalker/wiremock-rs
[INFO] running `Command { std: "git" "-c" "credential.helper=" "-c" "credential.helper=/workspace/cargo-home/bin/git-credential-null" "clone" "--bare" "https://github.com/LukeMathWalker/wiremock-rs" "/workspace/cache/git-repos/https%3A%2F%2Fgithub.com%2FLukeMathWalker%2Fwiremock-rs", kill_on_drop: false }`
[INFO] [stderr] Cloning into bare repository '/workspace/cache/git-repos/https%3A%2F%2Fgithub.com%2FLukeMathWalker%2Fwiremock-rs'...
[INFO] running `Command { std: "git" "rev-parse" "HEAD", kill_on_drop: false }`
[INFO] [stdout] 4c79601e9c34b0b2ee48f269a5528235d2db9655
[INFO] testing LukeMathWalker/wiremock-rs against nightly-2025-01-18 for randomize-layout-2
[INFO] running `Command { std: "git" "clone" "/workspace/cache/git-repos/https%3A%2F%2Fgithub.com%2FLukeMathWalker%2Fwiremock-rs" "/workspace/builds/worker-6-tc1/source", kill_on_drop: false }`
[INFO] [stderr] Cloning into '/workspace/builds/worker-6-tc1/source'...
[INFO] [stderr] done.
[INFO] validating manifest of git repo https://github.com/LukeMathWalker/wiremock-rs on toolchain nightly-2025-01-18
[INFO] running `Command { std: CARGO_HOME="/workspace/cargo-home" RUSTUP_HOME="/workspace/rustup-home" "/workspace/cargo-home/bin/cargo" "+nightly-2025-01-18" "metadata" "--manifest-path" "Cargo.toml" "--no-deps", kill_on_drop: false }`
[INFO] started tweaking git repo https://github.com/LukeMathWalker/wiremock-rs
[INFO] finished tweaking git repo https://github.com/LukeMathWalker/wiremock-rs
[INFO] tweaked toml for git repo https://github.com/LukeMathWalker/wiremock-rs written to /workspace/builds/worker-6-tc1/source/Cargo.toml
[INFO] running `Command { std: CARGO_HOME="/workspace/cargo-home" RUSTUP_HOME="/workspace/rustup-home" "/workspace/cargo-home/bin/cargo" "+nightly-2025-01-18" "generate-lockfile" "--manifest-path" "Cargo.toml", kill_on_drop: false }`
[INFO] [stderr]     Updating crates.io index
[INFO] [stderr]     Blocking waiting for file lock on package cache
[INFO] [stderr]      Locking 288 packages to latest compatible versions
[INFO] [stderr]       Adding crypto-mac v0.10.0 (available: v0.10.1)
[INFO] [stderr]       Adding deadpool v0.10.0 (available: v0.12.1)
[INFO] [stderr]       Adding universal-hash v0.4.0 (available: v0.4.1)
[INFO] running `Command { std: CARGO_HOME="/workspace/cargo-home" RUSTUP_HOME="/workspace/rustup-home" "/workspace/cargo-home/bin/cargo" "+nightly-2025-01-18" "fetch" "--manifest-path" "Cargo.toml", kill_on_drop: false }`
[INFO] [stderr]  Downloading crates ...
[INFO] [stderr]   Downloaded ipnet v2.11.0
[INFO] [stderr]   Downloaded libnghttp2-sys v0.1.11+1.64.0
[INFO] running `Command { std: "docker" "create" "-v" "/var/lib/crater-agent-workspace/builds/worker-6-tc1/target:/opt/rustwide/target:rw,Z" "-v" "/var/lib/crater-agent-workspace/builds/worker-6-tc1/source:/opt/rustwide/workdir:ro,Z" "-v" "/var/lib/crater-agent-workspace/cargo-home:/opt/rustwide/cargo-home:ro,Z" "-v" "/var/lib/crater-agent-workspace/rustup-home:/opt/rustwide/rustup-home:ro,Z" "-e" "SOURCE_DIR=/opt/rustwide/workdir" "-e" "CARGO_TARGET_DIR=/opt/rustwide/target" "-e" "CARGO_HOME=/opt/rustwide/cargo-home" "-e" "RUSTUP_HOME=/opt/rustwide/rustup-home" "-w" "/opt/rustwide/workdir" "-m" "1610612736" "--user" "0:0" "--network" "none" "ghcr.io/rust-lang/crates-build-env/linux@sha256:819108c5571ea2e421544af4d832f968d213c87fbe3707a016657f43d2f853bc" "/opt/rustwide/cargo-home/bin/cargo" "+nightly-2025-01-18" "metadata" "--no-deps" "--format-version=1", kill_on_drop: false }`
[INFO] [stdout] 61f33ad82d223117eec9ae9e2c6f901ae45cb7d784ee4bc5c4390b2a37ad6a1e
[INFO] running `Command { std: "docker" "start" "-a" "61f33ad82d223117eec9ae9e2c6f901ae45cb7d784ee4bc5c4390b2a37ad6a1e", kill_on_drop: false }`
[INFO] running `Command { std: "docker" "inspect" "61f33ad82d223117eec9ae9e2c6f901ae45cb7d784ee4bc5c4390b2a37ad6a1e", kill_on_drop: false }`
[INFO] running `Command { std: "docker" "rm" "-f" "61f33ad82d223117eec9ae9e2c6f901ae45cb7d784ee4bc5c4390b2a37ad6a1e", kill_on_drop: false }`
[INFO] [stdout] 61f33ad82d223117eec9ae9e2c6f901ae45cb7d784ee4bc5c4390b2a37ad6a1e
[INFO] running `Command { std: "docker" "create" "-v" "/var/lib/crater-agent-workspace/builds/worker-6-tc1/target:/opt/rustwide/target:rw,Z" "-v" "/var/lib/crater-agent-workspace/builds/worker-6-tc1/source:/opt/rustwide/workdir:ro,Z" "-v" "/var/lib/crater-agent-workspace/cargo-home:/opt/rustwide/cargo-home:ro,Z" "-v" "/var/lib/crater-agent-workspace/rustup-home:/opt/rustwide/rustup-home:ro,Z" "-e" "SOURCE_DIR=/opt/rustwide/workdir" "-e" "CARGO_TARGET_DIR=/opt/rustwide/target" "-e" "CARGO_INCREMENTAL=0" "-e" "RUST_BACKTRACE=full" "-e" "RUSTFLAGS=--cap-lints=forbid" "-e" "RUSTDOCFLAGS=--cap-lints=forbid" "-e" "CARGO_HOME=/opt/rustwide/cargo-home" "-e" "RUSTUP_HOME=/opt/rustwide/rustup-home" "-w" "/opt/rustwide/workdir" "-m" "1610612736" "--user" "0:0" "--network" "none" "ghcr.io/rust-lang/crates-build-env/linux@sha256:819108c5571ea2e421544af4d832f968d213c87fbe3707a016657f43d2f853bc" "/opt/rustwide/cargo-home/bin/cargo" "+nightly-2025-01-18" "build" "--frozen" "--message-format=json", kill_on_drop: false }`
[INFO] [stdout] 7e09416202c02e9519eb96e46d58b17123ebbb85c1f9d9641de9caf52160e317
[INFO] running `Command { std: "docker" "start" "-a" "7e09416202c02e9519eb96e46d58b17123ebbb85c1f9d9641de9caf52160e317", kill_on_drop: false }`
[INFO] [stderr]    Compiling proc-macro2 v1.0.93
[INFO] [stderr]    Compiling unicode-ident v1.0.14
[INFO] [stderr]    Compiling autocfg v1.4.0
[INFO] [stderr]    Compiling libc v0.2.169
[INFO] [stderr]    Compiling stable_deref_trait v1.2.0
[INFO] [stderr]    Compiling smallvec v1.13.2
[INFO] [stderr]    Compiling pin-project-lite v0.2.16
[INFO] [stderr]    Compiling memchr v2.7.4
[INFO] [stderr]    Compiling parking_lot_core v0.9.10
[INFO] [stderr]    Compiling bytes v1.9.0
[INFO] [stderr]    Compiling futures-core v0.3.31
[INFO] [stderr]    Compiling futures-sink v0.3.31
[INFO] [stderr]    Compiling litemap v0.7.4
[INFO] [stderr]    Compiling scopeguard v1.2.0
[INFO] [stderr]    Compiling writeable v0.5.5
[INFO] [stderr]    Compiling cfg-if v1.0.0
[INFO] [stderr]    Compiling itoa v1.0.14
[INFO] [stderr]    Compiling pin-utils v0.1.0
[INFO] [stderr]    Compiling futures-task v0.3.31
[INFO] [stderr]    Compiling futures-io v0.3.31
[INFO] [stderr]    Compiling icu_locid_transform_data v1.5.0
[INFO] [stderr]    Compiling fnv v1.0.7
[INFO] [stderr]    Compiling serde v1.0.217
[INFO] [stderr]    Compiling futures-channel v0.3.31
[INFO] [stderr]    Compiling icu_properties_data v1.5.0
[INFO] [stderr]    Compiling value-bag v1.10.0
[INFO] [stderr]    Compiling once_cell v1.20.2
[INFO] [stderr]    Compiling hashbrown v0.15.2
[INFO] [stderr]    Compiling utf8_iter v1.0.4
[INFO] [stderr]    Compiling log v0.4.25
[INFO] [stderr]    Compiling equivalent v1.0.1
[INFO] [stderr]    Compiling tracing-core v0.1.33
[INFO] [stderr]    Compiling write16 v1.0.0
[INFO] [stderr]    Compiling utf16_iter v1.0.5
[INFO] [stderr]    Compiling icu_normalizer_data v1.5.0
[INFO] [stderr]    Compiling httparse v1.9.5
[INFO] [stderr]    Compiling try-lock v0.2.5
[INFO] [stderr]    Compiling serde_json v1.0.137
[INFO] [stderr]    Compiling atomic-waker v1.1.2
[INFO] [stderr]    Compiling want v0.3.1
[INFO] [stderr]    Compiling lock_api v0.4.12
[INFO] [stderr]    Compiling slab v0.4.9
[INFO] [stderr]    Compiling aho-corasick v1.1.3
[INFO] [stderr]    Compiling httpdate v1.0.3
[INFO] [stderr]    Compiling ryu v1.0.18
[INFO] [stderr]    Compiling regex-syntax v0.8.5
[INFO] [stderr]    Compiling percent-encoding v2.3.1
[INFO] [stderr]    Compiling tower-service v0.3.3
[INFO] [stderr]    Compiling deadpool-runtime v0.1.4
[INFO] [stderr]    Compiling http v1.2.0
[INFO] [stderr]    Compiling form_urlencoded v1.2.1
[INFO] [stderr]    Compiling base64 v0.22.1
[INFO] [stderr]    Compiling indexmap v2.7.1
[INFO] [stderr]    Compiling quote v1.0.38
[INFO] [stderr]    Compiling syn v2.0.96
[INFO] [stderr]    Compiling http-body v1.0.1
[INFO] [stderr]    Compiling mio v1.0.3
[INFO] [stderr]    Compiling signal-hook-registry v1.4.2
[INFO] [stderr]    Compiling socket2 v0.5.8
[INFO] [stderr]    Compiling num_cpus v1.16.0
[INFO] [stderr]    Compiling regex-automata v0.4.9
[INFO] [stderr]    Compiling parking_lot v0.12.3
[INFO] [stderr]    Compiling regex v1.11.1
[INFO] [stderr]    Compiling synstructure v0.13.1
[INFO] [stderr]    Compiling zerofrom-derive v0.1.5
[INFO] [stderr]    Compiling yoke-derive v0.7.5
[INFO] [stderr]    Compiling zerovec-derive v0.10.3
[INFO] [stderr]    Compiling displaydoc v0.2.5
[INFO] [stderr]    Compiling icu_provider_macros v1.5.0
[INFO] [stderr]    Compiling futures-macro v0.3.31
[INFO] [stderr]    Compiling tokio-macros v2.5.0
[INFO] [stderr]    Compiling serde_derive v1.0.217
[INFO] [stderr]    Compiling tracing-attributes v0.1.28
[INFO] [stderr]    Compiling async-trait v0.1.85
[INFO] [stderr]    Compiling futures-util v0.3.31
[INFO] [stderr]    Compiling tokio v1.43.0
[INFO] [stderr]    Compiling tracing v0.1.41
[INFO] [stderr]    Compiling zerofrom v0.1.5
[INFO] [stderr]    Compiling yoke v0.7.5
[INFO] [stderr]    Compiling zerovec v0.10.4
[INFO] [stderr]    Compiling tinystr v0.7.6
[INFO] [stderr]    Compiling icu_collections v1.5.0
[INFO] [stderr]    Compiling icu_locid v1.5.0
[INFO] [stderr]    Compiling icu_provider v1.5.0
[INFO] [stderr]    Compiling icu_locid_transform v1.5.0
[INFO] [stderr]    Compiling icu_properties v1.5.1
[INFO] [stderr]    Compiling futures-executor v0.3.31
[INFO] [stderr]    Compiling http-body-util v0.1.2
[INFO] [stderr]    Compiling futures v0.3.31
[INFO] [stderr]    Compiling tokio-util v0.7.13
[INFO] [stderr]    Compiling deadpool v0.10.0
[INFO] [stderr]    Compiling icu_normalizer v1.5.0
[INFO] [stderr]    Compiling h2 v0.4.7
[INFO] [stderr]    Compiling idna_adapter v1.2.0
[INFO] [stderr]    Compiling idna v1.0.3
[INFO] [stderr]    Compiling url v2.5.4
[INFO] [stderr]    Compiling assert-json-diff v2.0.2
[INFO] [stderr]    Compiling hyper v1.5.2
[INFO] [stderr]    Compiling hyper-util v0.1.10
[INFO] [stderr]    Compiling wiremock v0.6.2 (/opt/rustwide/workdir)
[INFO] [stderr]     Finished `dev` profile [unoptimized + debuginfo] target(s) in 50.86s
[INFO] running `Command { std: "docker" "inspect" "7e09416202c02e9519eb96e46d58b17123ebbb85c1f9d9641de9caf52160e317", kill_on_drop: false }`
[INFO] running `Command { std: "docker" "rm" "-f" "7e09416202c02e9519eb96e46d58b17123ebbb85c1f9d9641de9caf52160e317", kill_on_drop: false }`
[INFO] [stdout] 7e09416202c02e9519eb96e46d58b17123ebbb85c1f9d9641de9caf52160e317
[INFO] running `Command { std: "docker" "create" "-v" "/var/lib/crater-agent-workspace/builds/worker-6-tc1/target:/opt/rustwide/target:rw,Z" "-v" "/var/lib/crater-agent-workspace/builds/worker-6-tc1/source:/opt/rustwide/workdir:ro,Z" "-v" "/var/lib/crater-agent-workspace/cargo-home:/opt/rustwide/cargo-home:ro,Z" "-v" "/var/lib/crater-agent-workspace/rustup-home:/opt/rustwide/rustup-home:ro,Z" "-e" "SOURCE_DIR=/opt/rustwide/workdir" "-e" "CARGO_TARGET_DIR=/opt/rustwide/target" "-e" "CARGO_INCREMENTAL=0" "-e" "RUST_BACKTRACE=full" "-e" "RUSTFLAGS=--cap-lints=forbid" "-e" "RUSTDOCFLAGS=--cap-lints=forbid" "-e" "CARGO_HOME=/opt/rustwide/cargo-home" "-e" "RUSTUP_HOME=/opt/rustwide/rustup-home" "-w" "/opt/rustwide/workdir" "-m" "1610612736" "--user" "0:0" "--network" "none" "ghcr.io/rust-lang/crates-build-env/linux@sha256:819108c5571ea2e421544af4d832f968d213c87fbe3707a016657f43d2f853bc" "/opt/rustwide/cargo-home/bin/cargo" "+nightly-2025-01-18" "test" "--frozen" "--no-run" "--message-format=json", kill_on_drop: false }`
[INFO] [stdout] 6d6198a652a0715527a60832f13087c12b54f1a4d5267d9fca42da8ce1524013
[INFO] running `Command { std: "docker" "start" "-a" "6d6198a652a0715527a60832f13087c12b54f1a4d5267d9fca42da8ce1524013", kill_on_drop: false }`
[INFO] [stderr]    Compiling version_check v0.9.5
[INFO] [stderr]    Compiling shlex v1.3.0
[INFO] [stderr]    Compiling typenum v1.17.0
[INFO] [stderr]    Compiling pkg-config v0.3.31
[INFO] [stderr]    Compiling vcpkg v0.2.15
[INFO] [stderr]    Compiling crossbeam-utils v0.8.21
[INFO] [stderr]    Compiling parking v2.2.1
[INFO] [stderr]    Compiling bitflags v2.8.0
[INFO] [stderr]    Compiling subtle v2.6.1
[INFO] [stderr]    Compiling syn v1.0.109
[INFO] [stderr]    Compiling zerocopy-derive v0.7.35
[INFO] [stderr]    Compiling byteorder v1.5.0
[INFO] [stderr]    Compiling opaque-debug v0.3.1
[INFO] [stderr]    Compiling fastrand v2.3.0
[INFO] [stderr]    Compiling wasm-bindgen-shared v0.2.100
[INFO] [stderr]    Compiling proc-macro-hack v0.5.20+deprecated
[INFO] [stderr]    Compiling cc v1.2.10
[INFO] [stderr]    Compiling rustix v0.38.43
[INFO] [stderr]    Compiling getrandom v0.1.16
[INFO] [stderr]    Compiling openssl-probe v0.1.5
[INFO] [stderr]    Compiling linux-raw-sys v0.4.15
[INFO] [stderr]    Compiling futures-lite v2.6.0
[INFO] [stderr]    Compiling getrandom v0.2.15
[INFO] [stderr]    Compiling const_fn v0.4.11
[INFO] [stderr]    Compiling bumpalo v3.16.0
[INFO] [stderr]    Compiling cpuid-bool v0.2.0
[INFO] [stderr]    Compiling generic-array v0.14.7
[INFO] [stderr]    Compiling standback v0.2.17
[INFO] [stderr]    Compiling event-listener v2.5.3
[INFO] [stderr]    Compiling async-task v4.7.1
[INFO] [stderr]    Compiling rand_core v0.6.4
[INFO] [stderr]    Compiling time v0.2.27
[INFO] [stderr]    Compiling wasm-bindgen-backend v0.2.100
[INFO] [stderr]    Compiling piper v0.2.4
[INFO] [stderr]    Compiling rustversion v1.0.19
[INFO] [stderr]    Compiling thiserror v1.0.69
[INFO] [stderr]    Compiling foreign-types-shared v0.1.1
[INFO] [stderr]    Compiling openssl v0.10.68
[INFO] [stderr]    Compiling concurrent-queue v2.5.0
[INFO] [stderr]    Compiling event-listener v5.4.0
[INFO] [stderr]    Compiling async-channel v1.9.0
[INFO] [stderr]    Compiling rand_core v0.5.1
[INFO] [stderr]    Compiling foreign-types v0.3.2
[INFO] [stderr]    Compiling cookie v0.14.4
[INFO] [stderr]    Compiling thiserror-impl v1.0.69
[INFO] [stderr]    Compiling event-listener-strategy v0.5.3
[INFO] [stderr]    Compiling pin-project-internal v1.1.8
[INFO] [stderr]    Compiling openssl-macros v0.1.1
[INFO] [stderr]    Compiling async-channel v2.3.1
[INFO] [stderr]    Compiling async-lock v3.4.0
[INFO] [stderr]    Compiling zerocopy v0.7.35
[INFO] [stderr]    Compiling anyhow v1.0.95
[INFO] [stderr]    Compiling cpufeatures v0.2.16
[INFO] [stderr]    Compiling waker-fn v1.2.0
[INFO] [stderr]    Compiling native-tls v0.2.12
[INFO] [stderr]    Compiling curl v0.4.47
[INFO] [stderr]    Compiling fastrand v1.9.0
[INFO] [stderr]    Compiling wasm-bindgen v0.2.100
[INFO] [stderr]    Compiling serde_urlencoded v0.7.1
[INFO] [stderr]    Compiling spinning_top v0.2.5
[INFO] [stderr]    Compiling futures-lite v1.13.0
[INFO] [stderr]    Compiling kv-log-macro v1.0.7
[INFO] [stderr]    Compiling base64 v0.13.1
[INFO] [stderr]    Compiling isahc v0.9.14
[INFO] [stderr]    Compiling unicase v2.8.1
[INFO] [stderr]    Compiling async-executor v1.13.1
[INFO] [stderr]    Compiling blocking v1.6.1
[INFO] [stderr]    Compiling http-types v2.12.0
[INFO] [stderr]    Compiling mime_guess v2.0.5
[INFO] [stderr]    Compiling flume v0.9.2
[INFO] [stderr]    Compiling cipher v0.2.5
[INFO] [stderr]    Compiling universal-hash v0.4.0
[INFO] [stderr]    Compiling digest v0.9.0
[INFO] [stderr]    Compiling crypto-mac v0.10.0
[INFO] [stderr]    Compiling polyval v0.4.5
[INFO] [stderr]    Compiling aes-soft v0.6.4
[INFO] [stderr]    Compiling ctr v0.6.0
[INFO] [stderr]    Compiling hmac v0.10.1
[INFO] [stderr]    Compiling aead v0.3.2
[INFO] [stderr]    Compiling block-buffer v0.9.0
[INFO] [stderr]    Compiling sha2 v0.9.9
[INFO] [stderr]    Compiling ghash v0.3.1
[INFO] [stderr]    Compiling hkdf v0.10.0
[INFO] [stderr]    Compiling sluice v0.5.5
[INFO] [stderr]    Compiling http v0.2.12
[INFO] [stderr]    Compiling infer v0.2.3
[INFO] [stderr]    Compiling openssl-sys v0.9.104
[INFO] [stderr]    Compiling libnghttp2-sys v0.1.11+1.64.0
[INFO] [stderr]    Compiling libz-sys v1.1.21
[INFO] [stderr]    Compiling curl-sys v0.4.78+curl-8.11.0
[INFO] [stderr]    Compiling ppv-lite86 v0.2.20
[INFO] [stderr]    Compiling aes v0.6.0
[INFO] [stderr]    Compiling aes-gcm v0.8.0
[INFO] [stderr]    Compiling serde_qs v0.8.5
[INFO] [stderr]    Compiling mime v0.3.17
[INFO] [stderr]    Compiling pin-project v1.1.8
[INFO] [stderr]    Compiling bytes v0.5.6
[INFO] [stderr]    Compiling tracing-futures v0.2.5
[INFO] [stderr]    Compiling wasm-bindgen-macro-support v0.2.100
[INFO] [stderr]    Compiling encoding_rs v0.8.35
[INFO] [stderr]    Compiling sync_wrapper v1.0.2
[INFO] [stderr]    Compiling rand_chacha v0.3.1
[INFO] [stderr]    Compiling rand_chacha v0.2.2
[INFO] [stderr]    Compiling tower-layer v0.3.3
[INFO] [stderr]    Compiling rustls-pki-types v1.10.1
[INFO] [stderr]    Compiling actix-macros v0.2.4
[INFO] [stderr]    Compiling rand v0.8.5
[INFO] [stderr]    Compiling tower v0.5.2
[INFO] [stderr]    Compiling ipnet v2.11.0
[INFO] [stderr]    Compiling rand v0.7.3
[INFO] [stderr]    Compiling rustls-pemfile v2.2.0
[INFO] [stderr]    Compiling actix-rt v2.10.0
[INFO] [stderr]    Compiling wasm-bindgen-macro v0.2.100
[INFO] [stderr]    Compiling time-macros-impl v0.1.2
[INFO] [stderr]    Compiling async-attributes v1.1.2
[INFO] [stderr]    Compiling time-macros v0.1.1
[INFO] [stderr]    Compiling js-sys v0.3.77
[INFO] [stderr]    Compiling polling v3.7.4
[INFO] [stderr]    Compiling async-io v2.4.0
[INFO] [stderr]    Compiling async-global-executor v2.4.1
[INFO] [stderr]    Compiling async-std v1.13.0
[INFO] [stderr]    Compiling tokio-native-tls v0.3.1
[INFO] [stderr]    Compiling hyper-tls v0.6.0
[INFO] [stderr]    Compiling reqwest v0.12.12
[INFO] [stderr]    Compiling web-sys v0.3.77
[INFO] [stderr]    Compiling http-client v6.5.3
[INFO] [stderr]    Compiling surf v2.3.2
[INFO] [stderr]    Compiling wiremock v0.6.2 (/opt/rustwide/workdir)
[INFO] [stderr]     Finished `test` profile [unoptimized + debuginfo] target(s) in 42.33s
[INFO] running `Command { std: "docker" "inspect" "6d6198a652a0715527a60832f13087c12b54f1a4d5267d9fca42da8ce1524013", kill_on_drop: false }`
[INFO] running `Command { std: "docker" "rm" "-f" "6d6198a652a0715527a60832f13087c12b54f1a4d5267d9fca42da8ce1524013", kill_on_drop: false }`
[INFO] [stdout] 6d6198a652a0715527a60832f13087c12b54f1a4d5267d9fca42da8ce1524013
[INFO] running `Command { std: "docker" "create" "-v" "/var/lib/crater-agent-workspace/builds/worker-6-tc1/target:/opt/rustwide/target:rw,Z" "-v" "/var/lib/crater-agent-workspace/builds/worker-6-tc1/source:/opt/rustwide/workdir:ro,Z" "-v" "/var/lib/crater-agent-workspace/cargo-home:/opt/rustwide/cargo-home:ro,Z" "-v" "/var/lib/crater-agent-workspace/rustup-home:/opt/rustwide/rustup-home:ro,Z" "-e" "SOURCE_DIR=/opt/rustwide/workdir" "-e" "CARGO_TARGET_DIR=/opt/rustwide/target" "-e" "CARGO_INCREMENTAL=0" "-e" "RUST_BACKTRACE=full" "-e" "RUSTFLAGS=--cap-lints=forbid" "-e" "RUSTDOCFLAGS=--cap-lints=forbid" "-e" "CARGO_HOME=/opt/rustwide/cargo-home" "-e" "RUSTUP_HOME=/opt/rustwide/rustup-home" "-w" "/opt/rustwide/workdir" "-m" "1610612736" "--user" "0:0" "--network" "none" "ghcr.io/rust-lang/crates-build-env/linux@sha256:819108c5571ea2e421544af4d832f968d213c87fbe3707a016657f43d2f853bc" "/opt/rustwide/cargo-home/bin/cargo" "+nightly-2025-01-18" "test" "--frozen", kill_on_drop: false }`
[INFO] [stdout] 36f1d6f97bffd76c93d98ddadadce75302c7108e13a6028b091b839d028d4cd9
[INFO] running `Command { std: "docker" "start" "-a" "36f1d6f97bffd76c93d98ddadadce75302c7108e13a6028b091b839d028d4cd9", kill_on_drop: false }`
[INFO] [stderr]     Finished `test` profile [unoptimized + debuginfo] target(s) in 0.78s
[INFO] [stderr]      Running unittests src/lib.rs (/opt/rustwide/target/debug/deps/wiremock-5777e6b239caca2b)
[INFO] [stdout] 
[INFO] [stdout] running 3 tests
[INFO] [stdout] test mock_set::tests::generation_is_incremented_for_every_reset ... ok
[INFO] [stdout] test mock_set::tests::deactivating_a_mock_does_not_invalidate_other_ids ... ok
[INFO] [stdout] test mock_set::tests::accessing_a_mock_id_after_a_reset_triggers_a_panic - should panic ... ok
[INFO] [stdout] 
[INFO] [stdout] test result: ok. 3 passed; 0 failed; 0 ignored; 0 measured; 0 filtered out; finished in 0.24s
[INFO] [stdout] 
[INFO] [stderr]      Running tests/mocks.rs (/opt/rustwide/target/debug/deps/mocks-fc3beff3aa3830c3)
[INFO] [stdout] 
[INFO] [stdout] running 15 tests
[INFO] [stdout] test new_starts_the_server ... ok
[INFO] [stdout] test debug_prints_mock_server_variants ... ok
[INFO] [stdout] test body_json_matches_independent_of_key_ordering ... ok
[INFO] [stdout] test simple_route_mock ... ok
[INFO] [stdout] test body_json_partial_matches_a_part_of_response_json ... ok
[INFO] [stdout] test returns_404_if_nothing_matches ... ok
[INFO] [stdout] test use_mock_guard_to_verify_requests_from_mock ... ok
[INFO] [stdout] test two_route_mocks ... ok
[INFO] [stdout] test use_mock_guard_to_await_satisfaction_readiness ... ok
[INFO] [stdout] test query_parameter_is_not_accepted_in_path - should panic ... ok
[INFO] [stdout] test panic_during_expectation_does_not_crash - should panic ... ok
[INFO] [stdout] test host_is_not_accepted_in_path - should panic ... ok
[INFO] [stdout] test panics_if_the_expectation_is_not_satisfied - should panic ... ok
[INFO] [stdout] test received_request_are_printed_as_panic_message_if_expectations_are_not_verified - should panic ... ok
[INFO] [stdout] test no_received_request_line_is_printed_in_the_panic_message_if_expectations_are_not_verified - should panic ... ok
[INFO] [stdout] 
[INFO] [stdout] test result: ok. 15 passed; 0 failed; 0 ignored; 0 measured; 0 filtered out; finished in 0.19s
[INFO] [stdout] 
[INFO] [stderr]      Running tests/priority.rs (/opt/rustwide/target/debug/deps/priority-d92fcea4ef8a1a94)
[INFO] [stdout] 
[INFO] [stdout] running 3 tests
[INFO] [stdout] test should_not_prioritize_mock_with_lower_priority ... ok
[INFO] [stdout] test by_default_should_use_insertion_order ... ok
[INFO] [stdout] test should_prioritize_mock_with_highest_priority ... ok
[INFO] [stdout] 
[INFO] [stdout] test result: ok. 3 passed; 0 failed; 0 ignored; 0 measured; 0 filtered out; finished in 0.04s
[INFO] [stdout] 
[INFO] [stderr]      Running tests/request_header_matching.rs (/opt/rustwide/target/debug/deps/request_header_matching-182d5ccb063d6f9c)
[INFO] [stdout] 
[INFO] [stdout] running 16 tests
[INFO] [stdout] test should_not_match_simple_request_header_upon_wrong_value ... ok
[INFO] [stdout] test should_match_regex_multiple_header_values ... ok
[INFO] [stdout] test should_not_match_bad_basic_auth_header ... ok
[INFO] [stdout] test should_match_multi_request_header ... ok
[INFO] [stdout] test should_match_basic_auth_header ... ok
[INFO] [stdout] test should_not_match_regex_with_at_least_one_wrong_header_value ... ok
[INFO] [stdout] test should_match_simple_request_header ... ok
[INFO] [stdout] test should_match_bearer_token_header ... ok
[INFO] [stdout] test should_match_regex_single_header_value ... ok
[INFO] [stdout] test should_not_match_regex_with_no_values_for_header ... ok
[INFO] [stdout] test should_not_match_simple_request_header_upon_wrong_key ... ok
[INFO] [stdout] test should_not_match_multi_request_header_upon_incomplete_values ... ok
[INFO] [stdout] test should_not_match_regex_with_wrong_header_value ... ok
[INFO] [stdout] test should_not_match_multi_request_header_upon_wrong_values ... ok
[INFO] [stdout] test should_not_match_bearer_token_header ... ok
[INFO] [stdout] test should_match_multi_request_header_x ... ok
[INFO] [stdout] 
[INFO] [stdout] test result: ok. 16 passed; 0 failed; 0 ignored; 0 measured; 0 filtered out; finished in 0.12s
[INFO] [stdout] 
[INFO] [stderr]      Running tests/timeout.rs (/opt/rustwide/target/debug/deps/timeout-192d239e34e6e3a7)
[INFO] [stdout] 
[INFO] [stdout] running 2 tests
[INFO] [stdout] test request_times_out_if_the_server_takes_too_long_with_actix ... ok
[INFO] [stdout] test request_times_out_if_the_server_takes_too_long_with_tokio ... ok
[INFO] [stdout] 
[INFO] [stdout] test result: ok. 2 passed; 0 failed; 0 ignored; 0 measured; 0 filtered out; finished in 1.14s
[INFO] [stdout] 
[INFO] [stderr]      Running tests/tokio.rs (/opt/rustwide/target/debug/deps/tokio-249d9f09acc28e4a)
[INFO] [stdout] 
[INFO] [stdout] running 4 tests
[INFO] [stdout] test hello_surf ... ok
[INFO] [stdout] test hello_reqwest ... ok
[INFO] [stdout] test hello_reqwest_http2 ... ok
[INFO] [stdout] test hello_reqwest_actix ... ok
[INFO] [stdout] 
[INFO] [stdout] test result: ok. 4 passed; 0 failed; 0 ignored; 0 measured; 0 filtered out; finished in 0.18s
[INFO] [stdout] 
[INFO] [stderr]    Doc-tests wiremock
[INFO] [stdout] 
[INFO] [stdout] running 54 tests
[INFO] [stdout] test src/lib.rs - (line 22) ... FAILED
[INFO] [stdout] test src/matchers.rs - matchers::MethodExactMatcher (line 39) ... FAILED
[INFO] [stdout] test src/matchers.rs - matchers::BodyPartialJsonMatcher (line 748) ... FAILED
[INFO] [stdout] test src/matchers.rs - matchers::AnyMatcher (line 100) ... FAILED
[INFO] [stdout] test src/matchers.rs - matchers::BodyContainsMatcher (line 677) ... FAILED
[INFO] [stdout] test src/matchers.rs - matchers::BodyExactMatcher (line 566) ... FAILED
[INFO] [stdout] test src/matchers.rs - matchers::PathRegexMatcher (line 239) ... ok
[INFO] [stdout] test src/matchers.rs - matchers::HeaderExactMatcher (line 317) ... ok
[INFO] [stdout] test src/matchers.rs - matchers::HeaderRegexMatcher (line 471) ... ok
[INFO] [stdout] test src/matchers.rs - matchers::PathRegexMatcher (line 265) ... ok
[INFO] [stdout] test src/matchers.rs - matchers::PathExactMatcher (line 172) ... ok
[INFO] [stdout] test src/matchers.rs - matchers::BodyExactMatcher (line 539) ... ok
[INFO] [stdout] test src/matchers.rs - matchers::BearerTokenMatcher (line 1133) ... ok
[INFO] [stdout] test src/matchers.rs - matchers::PathExactMatcher (line 143) ... ok
[INFO] [stdout] test src/matchers.rs - matchers::BasicAuthMatcher (line 1060) ... ok
[INFO] [stdout] test src/matchers.rs - matchers::HeaderExistsMatcher (line 411) ... ok
[INFO] [stdout] test src/matchers.rs - matchers::QueryParamExactMatcher (line 820) ... ok
[INFO] [stdout] test src/mock.rs - mock::Match (line 62) ... ok
[INFO] [stdout] test src/matchers.rs - matchers::body_json_schema (line 995) ... ok
[INFO] [stdout] test src/matchers.rs - matchers::QueryParamContainsMatcher (line 877) ... ok
[INFO] [stdout] test src/matchers.rs - matchers::QueryParamIsMissingMatcher (line 935) ... ok
[INFO] [stdout] test src/mock.rs - mock::Match (line 12) ... ok
[INFO] [stdout] test src/mock.rs - mock::Times (line 672) ... ok
[INFO] [stdout] test src/mock.rs - mock::Mock (line 216) ... ok
[INFO] [stdout] test src/mock.rs - mock::Mock::expect (line 419) ... ok
[INFO] [stdout] test src/mock.rs - mock::Mock (line 186) ... ok
[INFO] [stdout] test src/mock.rs - mock::Mock (line 147) ... ok
[INFO] [stdout] test src/mock.rs - mock::Mock::mount_as_scoped (line 556) ... ok
[INFO] [stdout] test src/mock.rs - mock::Mock::named (line 467) ... ok
[INFO] [stdout] test src/mock_server/bare_server.rs - mock_server::bare_server::MockGuard::wait_until_satisfied (line 242) ... ok
[INFO] [stdout] test src/mock.rs - mock::Times (line 678) ... ok
[INFO] [stdout] test src/mock.rs - mock::Mock::mount_as_scoped (line 595) ... ok
[INFO] [stdout] test src/mock_server/exposed_server.rs - mock_server::exposed_server::MockServer::received_requests (line 451) ... ok
[INFO] [stdout] test src/mock_server/builder.rs - mock_server::builder::MockServerBuilder::disable_request_recording (line 70) ... ok
[INFO] [stdout] test src/mock_server/builder.rs - mock_server::builder::MockServerBuilder::listener (line 38) ... ok
[INFO] [stdout] test src/mock_server/exposed_server.rs - mock_server::exposed_server::MockServer::address (line 399) ... ok
[INFO] [stdout] test src/mock.rs - mock::Mock::up_to_n_times (line 298) ... ok
[INFO] [stdout] test src/mock_server/exposed_server.rs - mock_server::exposed_server::MockServer::received_requests (line 426) ... ok
[INFO] [stdout] test src/mock.rs - mock::Mock::with_priority (line 356) ... ok
[INFO] [stdout] test src/mock_server/exposed_server.rs - mock_server::exposed_server::MockServer::register (line 126) ... ok
[INFO] [stdout] test src/mock_server/exposed_server.rs - mock_server::exposed_server::MockServer::register_as_scoped (line 192) ... ok
[INFO] [stdout] test src/mock_server/exposed_server.rs - mock_server::exposed_server::MockServer::reset (line 300) ... ok
[INFO] [stdout] test src/mock_server/exposed_server.rs - mock_server::exposed_server::MockServer::received_requests (line 467) ... ok
[INFO] [stdout] test src/respond.rs - respond::Respond (line 11) ... ok
[INFO] [stdout] test src/respond.rs - respond::Respond (line 48) ... ok
[INFO] [stdout] test src/mock_server/exposed_server.rs - mock_server::exposed_server::MockServer::start (line 80) ... ok
[INFO] [stdout] test src/mock_server/exposed_server.rs - mock_server::exposed_server::MockServer::register_as_scoped (line 230) ... ok
[INFO] [stdout] test src/mock_server/exposed_server.rs - mock_server::exposed_server::MockServer::uri (line 374) ... ok
[INFO] [stdout] test src/mock_server/exposed_server.rs - mock_server::exposed_server::MockServer::reset (line 267) ... ok
[INFO] [stdout] test src/response_template.rs - response_template::ResponseTemplate::set_delay (line 275) ... ok
[INFO] [stdout] test src/respond.rs - respond::Respond (line 77) ... ok
[INFO] [stdout] test src/response_template.rs - response_template::ResponseTemplate::append_headers (line 122) ... ok
[INFO] [stdout] test src/response_template.rs - response_template::ResponseTemplate::insert_header (line 75) ... ok
[INFO] [stdout] test src/response_template.rs - response_template::ResponseTemplate::set_body_raw (line 216) ... ok
[INFO] [stdout] 
[INFO] [stdout] failures:
[INFO] [stdout] 
[INFO] [stdout] ---- src/lib.rs - (line 22) stdout ----
[INFO] [stdout] error: linking with `cc` failed: exit status: 1
[INFO] [stdout]   |
[INFO] [stdout]   = note: LC_ALL="C" PATH="/opt/rustwide/rustup-home/toolchains/nightly-2025-01-18-x86_64-unknown-linux-gnu/lib/rustlib/x86_64-unknown-linux-gnu/bin:/opt/rustwide/rustup-home/toolchains/nightly-2025-01-18-x86_64-unknown-linux-gnu/lib/rustlib/x86_64-unknown-linux-gnu/bin/self-contained:/opt/rustwide/cargo-home/bin:/usr/local/sbin:/usr/local/bin:/usr/sbin:/usr/bin:/sbin:/bin" VSLANG="1033" "cc" "-m64" "/tmp/rustc73Tzjm/symbols.o" "<2 object files omitted>" "-Wl,--as-needed" "-Wl,-Bstatic" "/opt/rustwide/target/debug/deps/{libsurf-ed3e613a4dc55163.rlib,libmime_guess-d86743407da0af27.rlib,libunicase-5017e9507498ef51.rlib,libmime-4b44681fdb2c65f7.rlib,libencoding_rs-68ad4a143c31cce1.rlib,libhttp_client-a1831c5475e559ba.rlib,libhttp_types-1874bd22c29142e2.rlib,libserde_qs-f6a646114162af52.rlib,libthiserror-46bf9f73af5b8c4d.rlib,libanyhow-c985e57c0ac9efb6.rlib,libserde_urlencoded-7e65d08cbb36fafc.rlib,librand-aceabf220148732d.rlib,librand_chacha-94d15956c729e480.rlib,librand_core-a1d8e4a91ae5f303.rlib,libgetrandom-42df4ae857809ed9.rlib,libinfer-618700db1bc827b0.rlib,libcookie-0546c76d6cfac6a9.rlib,libhkdf-0846a4c3dff46404.rlib,libhmac-b599768976a33046.rlib,libcrypto_mac-2d5b51f44bd9b7e7.rlib,libsha2-c2cd20ee2860554a.rlib,libcpufeatures-1354436b31901300.rlib,libdigest-f96566fe47d0c16a.rlib,libblock_buffer-49d8315b97a4d4a4.rlib,libaes_gcm-a932fe81e3c64abc.rlib,libghash-d28fd2ec27e90943.rlib,libpolyval-7918f4fc110f0c4f.rlib,libcpuid_bool-42d239e8460b4b1c.rlib,libuniversal_hash-aad10f56c62258ac.rlib,libsubtle-ca7024fc66e4388f.rlib,libctr-be65d1c29cbe99ba.rlib,libaes-9c88aa7734ef70d5.rlib,libaes_soft-ed29ba5c215944c6.rlib,libopaque_debug-1c8528c9b2d49180.rlib,libcipher-9c1baf7cbfe58a33.rlib,libaead-4e6890f569b6ca4d.rlib,libgeneric_array-95b842bd756d01df.rlib,libtypenum-e3323f6ed06bf501.rlib,libbase64-b5296a10b8334a2c.rlib,librand-8d5edfb4119ab2a6.rlib,librand_chacha-691ea3ab5a9220f7.rlib,libppv_lite86-b60d62435e4d948b.rlib,libzerocopy-b371f9e84c0643cc.rlib,libbyteorder-7df9ab1ae37e1368.rlib,librand_core-fa04b88de1f754bd.rlib,libgetrandom-859d415c22811cad.rlib,libtime-343757b38b214b73.rlib,libtime_macros-d7729a02e9681aca.rlib,libstandback-58010570dc6ab96d.rlib,libisahc-114bbb6f0e3d6aed.rlib,libsluice-46fa114e281ac72e.rlib,libtracing_futures-3d09d68084ddbf1e.rlib,libpin_project-7c1f7b969f084c92.rlib,libhttp-6a89025946decf46.rlib,libfutures_lite-d78cdf84c905c68b.rlib,libfastrand-1a1f7fa7e5b5edde.rlib,libwaker_fn-6a297a1ea9bc1088.rlib,libbytes-28d97c987ff6326d.rlib,libflume-72d54cef8763853e.rlib,libspinning_top-56896945820a2edc.rlib,libcurl-a0a9e91644bd5832.rlib,libcurl_sys-44c312c1d849c3c6.rlib,libasync_std-0a200421c2a68cd8.rlib,libasync_global_executor-1eb98e2cc0059e11.rlib,libblocking-86bff2d1e95e3694.rlib,libpiper-b9dd12acb7c25ae0.rlib,libasync_channel-a2dede0e3ad6390a.rlib,libasync_executor-075975d82e5d6605.rlib,libasync_task-65820d26b839a505.rlib,libasync_io-d8e8ac4610eb9537.rlib,libpolling-1a6517a97405b57a.rlib,librustix-106b276217a89879.rlib,libbitflags-0dbcd73e56b9cd85.rlib,liblinux_raw_sys-aa9c2ff6a845f8dc.rlib,libfutures_lite-3f67561f1db0b885.rlib,libfastrand-503f12a96d791409.rlib,libasync_channel-32fe6ba34c70ad58.rlib,libevent_listener-67cd091983fb6763.rlib,libconcurrent_queue-e02a349b8b620020.rlib,libcrossbeam_utils-6947cd7c51cb69a0.rlib,libasync_lock-36bc4ce2d66ab2e6.rlib,libevent_listener_strategy-6ee2bb7def02ff20.rlib,libevent_listener-008c89b26f75e5a5.rlib,libparking-49fcf10303d3525f.rlib,libkv_log_macro-033e9cc464e400c6.rlib,libwiremock-d1239932d740be57.rlib,libfutures-1efc5371334f04a8.rlib,libfutures_executor-1ab933f5f848d7c6.rlib,libdeadpool-57c6d41a695bedb0.rlib,libnum_cpus-138b4757876870d4.rlib,libdeadpool_runtime-cddf124178e13e59.rlib,libhyper_util-e37bc35608a7fe0e.rlib,libtower_service-0d7df29686b13872.rlib,libhyper-0221e92105aa0a4e.rlib,libwant-0f3c3ee377cad37f.rlib,libtry_lock-aabba5e3d97e6b57.rlib,libhttparse-1f171d883a977f5d.rlib,libh2-0ae6696366685f8a.rlib,libtracing-46408f4e96d5a532.rlib,libtracing_core-2af278500a3d05c2.rlib,libonce_cell-debe7c411cf97340.rlib,libindexmap-7a34578bd52a8484.rlib,libequivalent-fdc46004df91ad08.rlib,libhashbrown-19954401a582c725.rlib,libatomic_waker-001109810bdecbaa.rlib,libtokio_util-f672406b6cb7231a.rlib,libtokio-141effd23b0f47ec.rlib,libsignal_hook_registry-aed92b678c0113a5.rlib,libsocket2-af858016a4888588.rlib,libmio-8a7e27e4bda9b6ff.rlib,libparking_lot-487df1e390e543b5.rlib,libparking_lot_core-9387cadb954d0405.rlib,liblibc-dccbd4dd90a02783.rlib,libcfg_if-33ef6c02a07f9fec.rlib,liblock_api-0fd539a479e0f355.rlib,libscopeguard-d52bd00767847e44.rlib,libhttpdate-9f9d2502c6a38412.rlib,libhttp_body_util-74c875834373c487.rlib,libfutures_util-489aef54777f948f.rlib,libfutures_io-972ebb79349338ae.rlib,libslab-d2d6782c70f6d408.rlib,libfutures_channel-f26d4826b597103e.rlib,libfutures_sink-be8442ee548d90f9.rlib,libfutures_task-19b3aba2be9e7ae8.rlib,libpin_utils-9a5791cba021167a.rlib,libfutures_core-fc6bb1738f00fc87.rlib,libpin_project_lite-bedc6e0acd72ff2a.rlib,libhttp_body-d5740143cdc85e9c.rlib,libregex-07d59f3792584a21.rlib,libregex_automata-b16ca0c62e99f813.rlib,libaho_corasick-5318fee7af990b33.rlib,libregex_syntax-13fc688ae7f36982.rlib,liblog-cfa970c2780ae150.rlib,libvalue_bag-15ec6f9a637d8114.rlib,libbase64-2a03de3babadded3.rlib,libassert_json_diff-fcfec1fcc0aed272.rlib,libserde_json-8014493678b21b5d.rlib,libmemchr-3ffe5f7a52883367.rlib,libryu-f8ba606093049f91.rlib,liburl-5fd69163230db7af.rlib,libidna-57791bd883ad5e3b.rlib,libidna_adapter-3bf83588c9268795.rlib,libicu_normalizer-ab95984599ec799f.rlib,libicu_normalizer_data-924449c90d89dbe9.rlib,libwrite16-e3dc6fad88157cf5.rlib,libutf8_iter-0d9be7b316c2b184.rlib,libutf16_iter-d3264925eca367d9.rlib,libsmallvec-e2fbd282c83e646d.rlib,libicu_properties-f523feeb670644c4.rlib,libicu_properties_data-51b5eb2cadc91212.rlib,libicu_locid_transform-bd03b9039d28a7ba.rlib,libicu_locid_transform_data-ad15ccbe3fb30a0f.rlib,libicu_collections-199aae7ef55a30c5.rlib,libicu_provider-8d4cc900c4255a53.rlib,libicu_locid-184184171233db06.rlib,liblitemap-cecd5a7fd1787c64.rlib,libtinystr-803852758cb58049.rlib,libzerovec-cf9f7c35a8a963cf.rlib,libwriteable-45c783735d88c2b0.rlib,libyoke-6d0556808a1a2c6d.rlib,libzerofrom-86b19c551941613c.rlib,libstable_deref_trait-e5f295e98f1b80b2.rlib,libform_urlencoded-a5edb5174711de82.rlib,libpercent_encoding-9bee39bbc5bd523a.rlib,libserde-8ab529ae8d44effc.rlib,libhttp-af6b2467def66428.rlib,libitoa-d34da3363977f6fb.rlib,libbytes-485c92da441bbc40.rlib,libfnv-2d77ec4f6f971b24.rlib}" "/opt/rustwide/rustup-home/toolchains/nightly-2025-01-18-x86_64-unknown-linux-gnu/lib/rustlib/x86_64-unknown-linux-gnu/lib/{libstd-006123e2ce67e99d.rlib,libpanic_unwind-e1447e1efa6f1e57.rlib,libobject-f6963a4916fcf097.rlib,libmemchr-49a2d9af912f4524.rlib,libaddr2line-04d19aad3936869d.rlib,libgimli-483c235edb789db0.rlib,librustc_demangle-294281af50b8f748.rlib,libstd_detect-3b08295250aabc2a.rlib,libhashbrown-4472d1e05ba0dfaf.rlib,librustc_std_workspace_alloc-2ef099fac590e457.rlib,libminiz_oxide-8a51f5e848546c29.rlib,libadler2-3d3fa22b868db521.rlib,libunwind-0ffda8b08e22dbea.rlib,libcfg_if-b08f62458fdd43b9.rlib,liblibc-559675126e63b890.rlib,liballoc-fcf21c8d1c9c7b75.rlib,librustc_std_workspace_core-e0b0460135bcf21d.rlib,libcore-d4097fdcbddd3bc7.rlib,libcompiler_builtins-fea484ac1eed7881.rlib}" "-Wl,-Bdynamic" "-lcurl" "-lgcc_s" "-lutil" "-lrt" "-lpthread" "-lm" "-ldl" "-lc" "-B/opt/rustwide/rustup-home/toolchains/nightly-2025-01-18-x86_64-unknown-linux-gnu/lib/rustlib/x86_64-unknown-linux-gnu/bin/gcc-ld" "-fuse-ld=lld" "-Wl,--eh-frame-hdr" "-Wl,-z,noexecstack" "-L" "/opt/rustwide/target/debug/build/libnghttp2-sys-a7289d31354be5e6/out/i/lib" "-L" "/usr/lib/x86_64-linux-gnu" "-L" "/opt/rustwide/rustup-home/toolchains/nightly-2025-01-18-x86_64-unknown-linux-gnu/lib/rustlib/x86_64-unknown-linux-gnu/lib" "-o" "/tmp/rustdoctestoolbcg/rust_out" "-Wl,--gc-sections" "-pie" "-Wl,-z,relro,-z,now" "-nodefaultlibs"
[INFO] [stdout]   = note: some arguments are omitted. use `--verbose` to show all linker arguments
[INFO] [stdout]   = note: collect2: fatal error: ld terminated with signal 9 [Killed]
[INFO] [stdout]           compilation terminated.
[INFO] [stdout]           
[INFO] [stdout] 
[INFO] [stdout] error: aborting due to 1 previous error
[INFO] [stdout] 
[INFO] [stdout] Couldn't compile the test.
[INFO] [stdout] ---- src/matchers.rs - matchers::MethodExactMatcher (line 39) stdout ----
[INFO] [stdout] error: linking with `cc` failed: exit status: 1
[INFO] [stdout]   |
[INFO] [stdout]   = note: LC_ALL="C" PATH="/opt/rustwide/rustup-home/toolchains/nightly-2025-01-18-x86_64-unknown-linux-gnu/lib/rustlib/x86_64-unknown-linux-gnu/bin:/opt/rustwide/rustup-home/toolchains/nightly-2025-01-18-x86_64-unknown-linux-gnu/lib/rustlib/x86_64-unknown-linux-gnu/bin/self-contained:/opt/rustwide/cargo-home/bin:/usr/local/sbin:/usr/local/bin:/usr/sbin:/usr/bin:/sbin:/bin" VSLANG="1033" "cc" "-m64" "/tmp/rustcX1XiCV/symbols.o" "<2 object files omitted>" "-Wl,--as-needed" "-Wl,-Bstatic" "/opt/rustwide/target/debug/deps/{libsurf-ed3e613a4dc55163.rlib,libmime_guess-d86743407da0af27.rlib,libunicase-5017e9507498ef51.rlib,libmime-4b44681fdb2c65f7.rlib,libencoding_rs-68ad4a143c31cce1.rlib,libhttp_client-a1831c5475e559ba.rlib,libhttp_types-1874bd22c29142e2.rlib,libserde_qs-f6a646114162af52.rlib,libthiserror-46bf9f73af5b8c4d.rlib,libanyhow-c985e57c0ac9efb6.rlib,libserde_urlencoded-7e65d08cbb36fafc.rlib,librand-aceabf220148732d.rlib,librand_chacha-94d15956c729e480.rlib,librand_core-a1d8e4a91ae5f303.rlib,libgetrandom-42df4ae857809ed9.rlib,libinfer-618700db1bc827b0.rlib,libcookie-0546c76d6cfac6a9.rlib,libhkdf-0846a4c3dff46404.rlib,libhmac-b599768976a33046.rlib,libcrypto_mac-2d5b51f44bd9b7e7.rlib,libsha2-c2cd20ee2860554a.rlib,libcpufeatures-1354436b31901300.rlib,libdigest-f96566fe47d0c16a.rlib,libblock_buffer-49d8315b97a4d4a4.rlib,libaes_gcm-a932fe81e3c64abc.rlib,libghash-d28fd2ec27e90943.rlib,libpolyval-7918f4fc110f0c4f.rlib,libcpuid_bool-42d239e8460b4b1c.rlib,libuniversal_hash-aad10f56c62258ac.rlib,libsubtle-ca7024fc66e4388f.rlib,libctr-be65d1c29cbe99ba.rlib,libaes-9c88aa7734ef70d5.rlib,libaes_soft-ed29ba5c215944c6.rlib,libopaque_debug-1c8528c9b2d49180.rlib,libcipher-9c1baf7cbfe58a33.rlib,libaead-4e6890f569b6ca4d.rlib,libgeneric_array-95b842bd756d01df.rlib,libtypenum-e3323f6ed06bf501.rlib,libbase64-b5296a10b8334a2c.rlib,librand-8d5edfb4119ab2a6.rlib,librand_chacha-691ea3ab5a9220f7.rlib,libppv_lite86-b60d62435e4d948b.rlib,libzerocopy-b371f9e84c0643cc.rlib,libbyteorder-7df9ab1ae37e1368.rlib,librand_core-fa04b88de1f754bd.rlib,libgetrandom-859d415c22811cad.rlib,libtime-343757b38b214b73.rlib,libtime_macros-d7729a02e9681aca.rlib,libstandback-58010570dc6ab96d.rlib,libisahc-114bbb6f0e3d6aed.rlib,libsluice-46fa114e281ac72e.rlib,libtracing_futures-3d09d68084ddbf1e.rlib,libpin_project-7c1f7b969f084c92.rlib,libhttp-6a89025946decf46.rlib,libfutures_lite-d78cdf84c905c68b.rlib,libfastrand-1a1f7fa7e5b5edde.rlib,libwaker_fn-6a297a1ea9bc1088.rlib,libbytes-28d97c987ff6326d.rlib,libflume-72d54cef8763853e.rlib,libspinning_top-56896945820a2edc.rlib,libcurl-a0a9e91644bd5832.rlib,libcurl_sys-44c312c1d849c3c6.rlib,libasync_std-0a200421c2a68cd8.rlib,libasync_global_executor-1eb98e2cc0059e11.rlib,libblocking-86bff2d1e95e3694.rlib,libpiper-b9dd12acb7c25ae0.rlib,libasync_channel-a2dede0e3ad6390a.rlib,libasync_executor-075975d82e5d6605.rlib,libasync_task-65820d26b839a505.rlib,libasync_io-d8e8ac4610eb9537.rlib,libpolling-1a6517a97405b57a.rlib,librustix-106b276217a89879.rlib,libbitflags-0dbcd73e56b9cd85.rlib,liblinux_raw_sys-aa9c2ff6a845f8dc.rlib,libfutures_lite-3f67561f1db0b885.rlib,libfastrand-503f12a96d791409.rlib,libasync_channel-32fe6ba34c70ad58.rlib,libevent_listener-67cd091983fb6763.rlib,libconcurrent_queue-e02a349b8b620020.rlib,libcrossbeam_utils-6947cd7c51cb69a0.rlib,libasync_lock-36bc4ce2d66ab2e6.rlib,libevent_listener_strategy-6ee2bb7def02ff20.rlib,libevent_listener-008c89b26f75e5a5.rlib,libparking-49fcf10303d3525f.rlib,libkv_log_macro-033e9cc464e400c6.rlib,libwiremock-d1239932d740be57.rlib,libfutures-1efc5371334f04a8.rlib,libfutures_executor-1ab933f5f848d7c6.rlib,libdeadpool-57c6d41a695bedb0.rlib,libnum_cpus-138b4757876870d4.rlib,libdeadpool_runtime-cddf124178e13e59.rlib,libhyper_util-e37bc35608a7fe0e.rlib,libtower_service-0d7df29686b13872.rlib,libhyper-0221e92105aa0a4e.rlib,libwant-0f3c3ee377cad37f.rlib,libtry_lock-aabba5e3d97e6b57.rlib,libhttparse-1f171d883a977f5d.rlib,libh2-0ae6696366685f8a.rlib,libtracing-46408f4e96d5a532.rlib,libtracing_core-2af278500a3d05c2.rlib,libonce_cell-debe7c411cf97340.rlib,libindexmap-7a34578bd52a8484.rlib,libequivalent-fdc46004df91ad08.rlib,libhashbrown-19954401a582c725.rlib,libatomic_waker-001109810bdecbaa.rlib,libtokio_util-f672406b6cb7231a.rlib,libtokio-141effd23b0f47ec.rlib,libsignal_hook_registry-aed92b678c0113a5.rlib,libsocket2-af858016a4888588.rlib,libmio-8a7e27e4bda9b6ff.rlib,libparking_lot-487df1e390e543b5.rlib,libparking_lot_core-9387cadb954d0405.rlib,liblibc-dccbd4dd90a02783.rlib,libcfg_if-33ef6c02a07f9fec.rlib,liblock_api-0fd539a479e0f355.rlib,libscopeguard-d52bd00767847e44.rlib,libhttpdate-9f9d2502c6a38412.rlib,libhttp_body_util-74c875834373c487.rlib,libfutures_util-489aef54777f948f.rlib,libfutures_io-972ebb79349338ae.rlib,libslab-d2d6782c70f6d408.rlib,libfutures_channel-f26d4826b597103e.rlib,libfutures_sink-be8442ee548d90f9.rlib,libfutures_task-19b3aba2be9e7ae8.rlib,libpin_utils-9a5791cba021167a.rlib,libfutures_core-fc6bb1738f00fc87.rlib,libpin_project_lite-bedc6e0acd72ff2a.rlib,libhttp_body-d5740143cdc85e9c.rlib,libregex-07d59f3792584a21.rlib,libregex_automata-b16ca0c62e99f813.rlib,libaho_corasick-5318fee7af990b33.rlib,libregex_syntax-13fc688ae7f36982.rlib,liblog-cfa970c2780ae150.rlib,libvalue_bag-15ec6f9a637d8114.rlib,libbase64-2a03de3babadded3.rlib,libassert_json_diff-fcfec1fcc0aed272.rlib,libserde_json-8014493678b21b5d.rlib,libmemchr-3ffe5f7a52883367.rlib,libryu-f8ba606093049f91.rlib,liburl-5fd69163230db7af.rlib,libidna-57791bd883ad5e3b.rlib,libidna_adapter-3bf83588c9268795.rlib,libicu_normalizer-ab95984599ec799f.rlib,libicu_normalizer_data-924449c90d89dbe9.rlib,libwrite16-e3dc6fad88157cf5.rlib,libutf8_iter-0d9be7b316c2b184.rlib,libutf16_iter-d3264925eca367d9.rlib,libsmallvec-e2fbd282c83e646d.rlib,libicu_properties-f523feeb670644c4.rlib,libicu_properties_data-51b5eb2cadc91212.rlib,libicu_locid_transform-bd03b9039d28a7ba.rlib,libicu_locid_transform_data-ad15ccbe3fb30a0f.rlib,libicu_collections-199aae7ef55a30c5.rlib,libicu_provider-8d4cc900c4255a53.rlib,libicu_locid-184184171233db06.rlib,liblitemap-cecd5a7fd1787c64.rlib,libtinystr-803852758cb58049.rlib,libzerovec-cf9f7c35a8a963cf.rlib,libwriteable-45c783735d88c2b0.rlib,libyoke-6d0556808a1a2c6d.rlib,libzerofrom-86b19c551941613c.rlib,libstable_deref_trait-e5f295e98f1b80b2.rlib,libform_urlencoded-a5edb5174711de82.rlib,libpercent_encoding-9bee39bbc5bd523a.rlib,libserde-8ab529ae8d44effc.rlib,libhttp-af6b2467def66428.rlib,libitoa-d34da3363977f6fb.rlib,libbytes-485c92da441bbc40.rlib,libfnv-2d77ec4f6f971b24.rlib}" "/opt/rustwide/rustup-home/toolchains/nightly-2025-01-18-x86_64-unknown-linux-gnu/lib/rustlib/x86_64-unknown-linux-gnu/lib/{libstd-006123e2ce67e99d.rlib,libpanic_unwind-e1447e1efa6f1e57.rlib,libobject-f6963a4916fcf097.rlib,libmemchr-49a2d9af912f4524.rlib,libaddr2line-04d19aad3936869d.rlib,libgimli-483c235edb789db0.rlib,librustc_demangle-294281af50b8f748.rlib,libstd_detect-3b08295250aabc2a.rlib,libhashbrown-4472d1e05ba0dfaf.rlib,librustc_std_workspace_alloc-2ef099fac590e457.rlib,libminiz_oxide-8a51f5e848546c29.rlib,libadler2-3d3fa22b868db521.rlib,libunwind-0ffda8b08e22dbea.rlib,libcfg_if-b08f62458fdd43b9.rlib,liblibc-559675126e63b890.rlib,liballoc-fcf21c8d1c9c7b75.rlib,librustc_std_workspace_core-e0b0460135bcf21d.rlib,libcore-d4097fdcbddd3bc7.rlib,libcompiler_builtins-fea484ac1eed7881.rlib}" "-Wl,-Bdynamic" "-lcurl" "-lgcc_s" "-lutil" "-lrt" "-lpthread" "-lm" "-ldl" "-lc" "-B/opt/rustwide/rustup-home/toolchains/nightly-2025-01-18-x86_64-unknown-linux-gnu/lib/rustlib/x86_64-unknown-linux-gnu/bin/gcc-ld" "-fuse-ld=lld" "-Wl,--eh-frame-hdr" "-Wl,-z,noexecstack" "-L" "/opt/rustwide/target/debug/build/libnghttp2-sys-a7289d31354be5e6/out/i/lib" "-L" "/usr/lib/x86_64-linux-gnu" "-L" "/opt/rustwide/rustup-home/toolchains/nightly-2025-01-18-x86_64-unknown-linux-gnu/lib/rustlib/x86_64-unknown-linux-gnu/lib" "-o" "/tmp/rustdoctesthndi8W/rust_out" "-Wl,--gc-sections" "-pie" "-Wl,-z,relro,-z,now" "-nodefaultlibs"
[INFO] [stdout]   = note: some arguments are omitted. use `--verbose` to show all linker arguments
[INFO] [stdout]   = note: collect2: fatal error: ld terminated with signal 9 [Killed]
[INFO] [stdout]           compilation terminated.
[INFO] [stdout]           
[INFO] [stdout] 
[INFO] [stdout] error: aborting due to 1 previous error
[INFO] [stdout] 
[INFO] [stdout] Couldn't compile the test.
[INFO] [stdout] ---- src/matchers.rs - matchers::BodyPartialJsonMatcher (line 748) stdout ----
[INFO] [stdout] error: linking with `cc` failed: exit status: 1
[INFO] [stdout]   |
[INFO] [stdout]   = note: LC_ALL="C" PATH="/opt/rustwide/rustup-home/toolchains/nightly-2025-01-18-x86_64-unknown-linux-gnu/lib/rustlib/x86_64-unknown-linux-gnu/bin:/opt/rustwide/rustup-home/toolchains/nightly-2025-01-18-x86_64-unknown-linux-gnu/lib/rustlib/x86_64-unknown-linux-gnu/bin/self-contained:/opt/rustwide/cargo-home/bin:/usr/local/sbin:/usr/local/bin:/usr/sbin:/usr/bin:/sbin:/bin" VSLANG="1033" "cc" "-m64" "/tmp/rustcNR2HcU/symbols.o" "<2 object files omitted>" "-Wl,--as-needed" "-Wl,-Bstatic" "/opt/rustwide/target/debug/deps/{libsurf-ed3e613a4dc55163.rlib,libmime_guess-d86743407da0af27.rlib,libunicase-5017e9507498ef51.rlib,libmime-4b44681fdb2c65f7.rlib,libencoding_rs-68ad4a143c31cce1.rlib,libhttp_client-a1831c5475e559ba.rlib,libhttp_types-1874bd22c29142e2.rlib,libserde_qs-f6a646114162af52.rlib,libthiserror-46bf9f73af5b8c4d.rlib,libanyhow-c985e57c0ac9efb6.rlib,libserde_urlencoded-7e65d08cbb36fafc.rlib,librand-aceabf220148732d.rlib,librand_chacha-94d15956c729e480.rlib,librand_core-a1d8e4a91ae5f303.rlib,libgetrandom-42df4ae857809ed9.rlib,libinfer-618700db1bc827b0.rlib,libcookie-0546c76d6cfac6a9.rlib,libhkdf-0846a4c3dff46404.rlib,libhmac-b599768976a33046.rlib,libcrypto_mac-2d5b51f44bd9b7e7.rlib,libsha2-c2cd20ee2860554a.rlib,libcpufeatures-1354436b31901300.rlib,libdigest-f96566fe47d0c16a.rlib,libblock_buffer-49d8315b97a4d4a4.rlib,libaes_gcm-a932fe81e3c64abc.rlib,libghash-d28fd2ec27e90943.rlib,libpolyval-7918f4fc110f0c4f.rlib,libcpuid_bool-42d239e8460b4b1c.rlib,libuniversal_hash-aad10f56c62258ac.rlib,libsubtle-ca7024fc66e4388f.rlib,libctr-be65d1c29cbe99ba.rlib,libaes-9c88aa7734ef70d5.rlib,libaes_soft-ed29ba5c215944c6.rlib,libopaque_debug-1c8528c9b2d49180.rlib,libcipher-9c1baf7cbfe58a33.rlib,libaead-4e6890f569b6ca4d.rlib,libgeneric_array-95b842bd756d01df.rlib,libtypenum-e3323f6ed06bf501.rlib,libbase64-b5296a10b8334a2c.rlib,librand-8d5edfb4119ab2a6.rlib,librand_chacha-691ea3ab5a9220f7.rlib,libppv_lite86-b60d62435e4d948b.rlib,libzerocopy-b371f9e84c0643cc.rlib,libbyteorder-7df9ab1ae37e1368.rlib,librand_core-fa04b88de1f754bd.rlib,libgetrandom-859d415c22811cad.rlib,libtime-343757b38b214b73.rlib,libtime_macros-d7729a02e9681aca.rlib,libstandback-58010570dc6ab96d.rlib,libisahc-114bbb6f0e3d6aed.rlib,libsluice-46fa114e281ac72e.rlib,libtracing_futures-3d09d68084ddbf1e.rlib,libpin_project-7c1f7b969f084c92.rlib,libhttp-6a89025946decf46.rlib,libfutures_lite-d78cdf84c905c68b.rlib,libfastrand-1a1f7fa7e5b5edde.rlib,libwaker_fn-6a297a1ea9bc1088.rlib,libbytes-28d97c987ff6326d.rlib,libflume-72d54cef8763853e.rlib,libspinning_top-56896945820a2edc.rlib,libcurl-a0a9e91644bd5832.rlib,libcurl_sys-44c312c1d849c3c6.rlib,libasync_std-0a200421c2a68cd8.rlib,libasync_global_executor-1eb98e2cc0059e11.rlib,libblocking-86bff2d1e95e3694.rlib,libpiper-b9dd12acb7c25ae0.rlib,libasync_channel-a2dede0e3ad6390a.rlib,libasync_executor-075975d82e5d6605.rlib,libasync_task-65820d26b839a505.rlib,libasync_io-d8e8ac4610eb9537.rlib,libpolling-1a6517a97405b57a.rlib,librustix-106b276217a89879.rlib,libbitflags-0dbcd73e56b9cd85.rlib,liblinux_raw_sys-aa9c2ff6a845f8dc.rlib,libfutures_lite-3f67561f1db0b885.rlib,libfastrand-503f12a96d791409.rlib,libasync_channel-32fe6ba34c70ad58.rlib,libevent_listener-67cd091983fb6763.rlib,libconcurrent_queue-e02a349b8b620020.rlib,libcrossbeam_utils-6947cd7c51cb69a0.rlib,libasync_lock-36bc4ce2d66ab2e6.rlib,libevent_listener_strategy-6ee2bb7def02ff20.rlib,libevent_listener-008c89b26f75e5a5.rlib,libparking-49fcf10303d3525f.rlib,libkv_log_macro-033e9cc464e400c6.rlib,libwiremock-d1239932d740be57.rlib,libfutures-1efc5371334f04a8.rlib,libfutures_executor-1ab933f5f848d7c6.rlib,libdeadpool-57c6d41a695bedb0.rlib,libnum_cpus-138b4757876870d4.rlib,libdeadpool_runtime-cddf124178e13e59.rlib,libhyper_util-e37bc35608a7fe0e.rlib,libtower_service-0d7df29686b13872.rlib,libhyper-0221e92105aa0a4e.rlib,libwant-0f3c3ee377cad37f.rlib,libtry_lock-aabba5e3d97e6b57.rlib,libhttparse-1f171d883a977f5d.rlib,libh2-0ae6696366685f8a.rlib,libtracing-46408f4e96d5a532.rlib,libtracing_core-2af278500a3d05c2.rlib,libonce_cell-debe7c411cf97340.rlib,libindexmap-7a34578bd52a8484.rlib,libequivalent-fdc46004df91ad08.rlib,libhashbrown-19954401a582c725.rlib,libatomic_waker-001109810bdecbaa.rlib,libtokio_util-f672406b6cb7231a.rlib,libtokio-141effd23b0f47ec.rlib,libsignal_hook_registry-aed92b678c0113a5.rlib,libsocket2-af858016a4888588.rlib,libmio-8a7e27e4bda9b6ff.rlib,libparking_lot-487df1e390e543b5.rlib,libparking_lot_core-9387cadb954d0405.rlib,liblibc-dccbd4dd90a02783.rlib,libcfg_if-33ef6c02a07f9fec.rlib,liblock_api-0fd539a479e0f355.rlib,libscopeguard-d52bd00767847e44.rlib,libhttpdate-9f9d2502c6a38412.rlib,libhttp_body_util-74c875834373c487.rlib,libfutures_util-489aef54777f948f.rlib,libfutures_io-972ebb79349338ae.rlib,libslab-d2d6782c70f6d408.rlib,libfutures_channel-f26d4826b597103e.rlib,libfutures_sink-be8442ee548d90f9.rlib,libfutures_task-19b3aba2be9e7ae8.rlib,libpin_utils-9a5791cba021167a.rlib,libfutures_core-fc6bb1738f00fc87.rlib,libpin_project_lite-bedc6e0acd72ff2a.rlib,libhttp_body-d5740143cdc85e9c.rlib,libregex-07d59f3792584a21.rlib,libregex_automata-b16ca0c62e99f813.rlib,libaho_corasick-5318fee7af990b33.rlib,libregex_syntax-13fc688ae7f36982.rlib,liblog-cfa970c2780ae150.rlib,libvalue_bag-15ec6f9a637d8114.rlib,libbase64-2a03de3babadded3.rlib,libassert_json_diff-fcfec1fcc0aed272.rlib,libserde_json-8014493678b21b5d.rlib,libmemchr-3ffe5f7a52883367.rlib,libryu-f8ba606093049f91.rlib,liburl-5fd69163230db7af.rlib,libidna-57791bd883ad5e3b.rlib,libidna_adapter-3bf83588c9268795.rlib,libicu_normalizer-ab95984599ec799f.rlib,libicu_normalizer_data-924449c90d89dbe9.rlib,libwrite16-e3dc6fad88157cf5.rlib,libutf8_iter-0d9be7b316c2b184.rlib,libutf16_iter-d3264925eca367d9.rlib,libsmallvec-e2fbd282c83e646d.rlib,libicu_properties-f523feeb670644c4.rlib,libicu_properties_data-51b5eb2cadc91212.rlib,libicu_locid_transform-bd03b9039d28a7ba.rlib,libicu_locid_transform_data-ad15ccbe3fb30a0f.rlib,libicu_collections-199aae7ef55a30c5.rlib,libicu_provider-8d4cc900c4255a53.rlib,libicu_locid-184184171233db06.rlib,liblitemap-cecd5a7fd1787c64.rlib,libtinystr-803852758cb58049.rlib,libzerovec-cf9f7c35a8a963cf.rlib,libwriteable-45c783735d88c2b0.rlib,libyoke-6d0556808a1a2c6d.rlib,libzerofrom-86b19c551941613c.rlib,libstable_deref_trait-e5f295e98f1b80b2.rlib,libform_urlencoded-a5edb5174711de82.rlib,libpercent_encoding-9bee39bbc5bd523a.rlib,libserde-8ab529ae8d44effc.rlib,libhttp-af6b2467def66428.rlib,libitoa-d34da3363977f6fb.rlib,libbytes-485c92da441bbc40.rlib,libfnv-2d77ec4f6f971b24.rlib}" "/opt/rustwide/rustup-home/toolchains/nightly-2025-01-18-x86_64-unknown-linux-gnu/lib/rustlib/x86_64-unknown-linux-gnu/lib/{libstd-006123e2ce67e99d.rlib,libpanic_unwind-e1447e1efa6f1e57.rlib,libobject-f6963a4916fcf097.rlib,libmemchr-49a2d9af912f4524.rlib,libaddr2line-04d19aad3936869d.rlib,libgimli-483c235edb789db0.rlib,librustc_demangle-294281af50b8f748.rlib,libstd_detect-3b08295250aabc2a.rlib,libhashbrown-4472d1e05ba0dfaf.rlib,librustc_std_workspace_alloc-2ef099fac590e457.rlib,libminiz_oxide-8a51f5e848546c29.rlib,libadler2-3d3fa22b868db521.rlib,libunwind-0ffda8b08e22dbea.rlib,libcfg_if-b08f62458fdd43b9.rlib,liblibc-559675126e63b890.rlib,liballoc-fcf21c8d1c9c7b75.rlib,librustc_std_workspace_core-e0b0460135bcf21d.rlib,libcore-d4097fdcbddd3bc7.rlib,libcompiler_builtins-fea484ac1eed7881.rlib}" "-Wl,-Bdynamic" "-lcurl" "-lgcc_s" "-lutil" "-lrt" "-lpthread" "-lm" "-ldl" "-lc" "-B/opt/rustwide/rustup-home/toolchains/nightly-2025-01-18-x86_64-unknown-linux-gnu/lib/rustlib/x86_64-unknown-linux-gnu/bin/gcc-ld" "-fuse-ld=lld" "-Wl,--eh-frame-hdr" "-Wl,-z,noexecstack" "-L" "/opt/rustwide/target/debug/build/libnghttp2-sys-a7289d31354be5e6/out/i/lib" "-L" "/usr/lib/x86_64-linux-gnu" "-L" "/opt/rustwide/rustup-home/toolchains/nightly-2025-01-18-x86_64-unknown-linux-gnu/lib/rustlib/x86_64-unknown-linux-gnu/lib" "-o" "/tmp/rustdoctestPsorI2/rust_out" "-Wl,--gc-sections" "-pie" "-Wl,-z,relro,-z,now" "-nodefaultlibs"
[INFO] [stdout]   = note: some arguments are omitted. use `--verbose` to show all linker arguments
[INFO] [stdout]   = note: collect2: fatal error: ld terminated with signal 9 [Killed]
[INFO] [stdout]           compilation terminated.
[INFO] [stdout]           
[INFO] [stdout] 
[INFO] [stdout] error: aborting due to 1 previous error
[INFO] [stdout] 
[INFO] [stdout] Couldn't compile the test.
[INFO] [stdout] ---- src/matchers.rs - matchers::AnyMatcher (line 100) stdout ----
[INFO] [stdout] error: linking with `cc` failed: exit status: 1
[INFO] [stdout]   |
[INFO] [stdout]   = note: LC_ALL="C" PATH="/opt/rustwide/rustup-home/toolchains/nightly-2025-01-18-x86_64-unknown-linux-gnu/lib/rustlib/x86_64-unknown-linux-gnu/bin:/opt/rustwide/rustup-home/toolchains/nightly-2025-01-18-x86_64-unknown-linux-gnu/lib/rustlib/x86_64-unknown-linux-gnu/bin/self-contained:/opt/rustwide/cargo-home/bin:/usr/local/sbin:/usr/local/bin:/usr/sbin:/usr/bin:/sbin:/bin" VSLANG="1033" "cc" "-m64" "/tmp/rustc4XHO7e/symbols.o" "<2 object files omitted>" "-Wl,--as-needed" "-Wl,-Bstatic" "/opt/rustwide/target/debug/deps/{libsurf-ed3e613a4dc55163.rlib,libmime_guess-d86743407da0af27.rlib,libunicase-5017e9507498ef51.rlib,libmime-4b44681fdb2c65f7.rlib,libencoding_rs-68ad4a143c31cce1.rlib,libhttp_client-a1831c5475e559ba.rlib,libhttp_types-1874bd22c29142e2.rlib,libserde_qs-f6a646114162af52.rlib,libthiserror-46bf9f73af5b8c4d.rlib,libanyhow-c985e57c0ac9efb6.rlib,libserde_urlencoded-7e65d08cbb36fafc.rlib,librand-aceabf220148732d.rlib,librand_chacha-94d15956c729e480.rlib,librand_core-a1d8e4a91ae5f303.rlib,libgetrandom-42df4ae857809ed9.rlib,libinfer-618700db1bc827b0.rlib,libcookie-0546c76d6cfac6a9.rlib,libhkdf-0846a4c3dff46404.rlib,libhmac-b599768976a33046.rlib,libcrypto_mac-2d5b51f44bd9b7e7.rlib,libsha2-c2cd20ee2860554a.rlib,libcpufeatures-1354436b31901300.rlib,libdigest-f96566fe47d0c16a.rlib,libblock_buffer-49d8315b97a4d4a4.rlib,libaes_gcm-a932fe81e3c64abc.rlib,libghash-d28fd2ec27e90943.rlib,libpolyval-7918f4fc110f0c4f.rlib,libcpuid_bool-42d239e8460b4b1c.rlib,libuniversal_hash-aad10f56c62258ac.rlib,libsubtle-ca7024fc66e4388f.rlib,libctr-be65d1c29cbe99ba.rlib,libaes-9c88aa7734ef70d5.rlib,libaes_soft-ed29ba5c215944c6.rlib,libopaque_debug-1c8528c9b2d49180.rlib,libcipher-9c1baf7cbfe58a33.rlib,libaead-4e6890f569b6ca4d.rlib,libgeneric_array-95b842bd756d01df.rlib,libtypenum-e3323f6ed06bf501.rlib,libbase64-b5296a10b8334a2c.rlib,librand-8d5edfb4119ab2a6.rlib,librand_chacha-691ea3ab5a9220f7.rlib,libppv_lite86-b60d62435e4d948b.rlib,libzerocopy-b371f9e84c0643cc.rlib,libbyteorder-7df9ab1ae37e1368.rlib,librand_core-fa04b88de1f754bd.rlib,libgetrandom-859d415c22811cad.rlib,libtime-343757b38b214b73.rlib,libtime_macros-d7729a02e9681aca.rlib,libstandback-58010570dc6ab96d.rlib,libisahc-114bbb6f0e3d6aed.rlib,libsluice-46fa114e281ac72e.rlib,libtracing_futures-3d09d68084ddbf1e.rlib,libpin_project-7c1f7b969f084c92.rlib,libhttp-6a89025946decf46.rlib,libfutures_lite-d78cdf84c905c68b.rlib,libfastrand-1a1f7fa7e5b5edde.rlib,libwaker_fn-6a297a1ea9bc1088.rlib,libbytes-28d97c987ff6326d.rlib,libflume-72d54cef8763853e.rlib,libspinning_top-56896945820a2edc.rlib,libcurl-a0a9e91644bd5832.rlib,libcurl_sys-44c312c1d849c3c6.rlib,libasync_std-0a200421c2a68cd8.rlib,libasync_global_executor-1eb98e2cc0059e11.rlib,libblocking-86bff2d1e95e3694.rlib,libpiper-b9dd12acb7c25ae0.rlib,libasync_channel-a2dede0e3ad6390a.rlib,libasync_executor-075975d82e5d6605.rlib,libasync_task-65820d26b839a505.rlib,libasync_io-d8e8ac4610eb9537.rlib,libpolling-1a6517a97405b57a.rlib,librustix-106b276217a89879.rlib,libbitflags-0dbcd73e56b9cd85.rlib,liblinux_raw_sys-aa9c2ff6a845f8dc.rlib,libfutures_lite-3f67561f1db0b885.rlib,libfastrand-503f12a96d791409.rlib,libasync_channel-32fe6ba34c70ad58.rlib,libevent_listener-67cd091983fb6763.rlib,libconcurrent_queue-e02a349b8b620020.rlib,libcrossbeam_utils-6947cd7c51cb69a0.rlib,libasync_lock-36bc4ce2d66ab2e6.rlib,libevent_listener_strategy-6ee2bb7def02ff20.rlib,libevent_listener-008c89b26f75e5a5.rlib,libparking-49fcf10303d3525f.rlib,libkv_log_macro-033e9cc464e400c6.rlib,libwiremock-d1239932d740be57.rlib,libfutures-1efc5371334f04a8.rlib,libfutures_executor-1ab933f5f848d7c6.rlib,libdeadpool-57c6d41a695bedb0.rlib,libnum_cpus-138b4757876870d4.rlib,libdeadpool_runtime-cddf124178e13e59.rlib,libhyper_util-e37bc35608a7fe0e.rlib,libtower_service-0d7df29686b13872.rlib,libhyper-0221e92105aa0a4e.rlib,libwant-0f3c3ee377cad37f.rlib,libtry_lock-aabba5e3d97e6b57.rlib,libhttparse-1f171d883a977f5d.rlib,libh2-0ae6696366685f8a.rlib,libtracing-46408f4e96d5a532.rlib,libtracing_core-2af278500a3d05c2.rlib,libonce_cell-debe7c411cf97340.rlib,libindexmap-7a34578bd52a8484.rlib,libequivalent-fdc46004df91ad08.rlib,libhashbrown-19954401a582c725.rlib,libatomic_waker-001109810bdecbaa.rlib,libtokio_util-f672406b6cb7231a.rlib,libtokio-141effd23b0f47ec.rlib,libsignal_hook_registry-aed92b678c0113a5.rlib,libsocket2-af858016a4888588.rlib,libmio-8a7e27e4bda9b6ff.rlib,libparking_lot-487df1e390e543b5.rlib,libparking_lot_core-9387cadb954d0405.rlib,liblibc-dccbd4dd90a02783.rlib,libcfg_if-33ef6c02a07f9fec.rlib,liblock_api-0fd539a479e0f355.rlib,libscopeguard-d52bd00767847e44.rlib,libhttpdate-9f9d2502c6a38412.rlib,libhttp_body_util-74c875834373c487.rlib,libfutures_util-489aef54777f948f.rlib,libfutures_io-972ebb79349338ae.rlib,libslab-d2d6782c70f6d408.rlib,libfutures_channel-f26d4826b597103e.rlib,libfutures_sink-be8442ee548d90f9.rlib,libfutures_task-19b3aba2be9e7ae8.rlib,libpin_utils-9a5791cba021167a.rlib,libfutures_core-fc6bb1738f00fc87.rlib,libpin_project_lite-bedc6e0acd72ff2a.rlib,libhttp_body-d5740143cdc85e9c.rlib,libregex-07d59f3792584a21.rlib,libregex_automata-b16ca0c62e99f813.rlib,libaho_corasick-5318fee7af990b33.rlib,libregex_syntax-13fc688ae7f36982.rlib,liblog-cfa970c2780ae150.rlib,libvalue_bag-15ec6f9a637d8114.rlib,libbase64-2a03de3babadded3.rlib,libassert_json_diff-fcfec1fcc0aed272.rlib,libserde_json-8014493678b21b5d.rlib,libmemchr-3ffe5f7a52883367.rlib,libryu-f8ba606093049f91.rlib,liburl-5fd69163230db7af.rlib,libidna-57791bd883ad5e3b.rlib,libidna_adapter-3bf83588c9268795.rlib,libicu_normalizer-ab95984599ec799f.rlib,libicu_normalizer_data-924449c90d89dbe9.rlib,libwrite16-e3dc6fad88157cf5.rlib,libutf8_iter-0d9be7b316c2b184.rlib,libutf16_iter-d3264925eca367d9.rlib,libsmallvec-e2fbd282c83e646d.rlib,libicu_properties-f523feeb670644c4.rlib,libicu_properties_data-51b5eb2cadc91212.rlib,libicu_locid_transform-bd03b9039d28a7ba.rlib,libicu_locid_transform_data-ad15ccbe3fb30a0f.rlib,libicu_collections-199aae7ef55a30c5.rlib,libicu_provider-8d4cc900c4255a53.rlib,libicu_locid-184184171233db06.rlib,liblitemap-cecd5a7fd1787c64.rlib,libtinystr-803852758cb58049.rlib,libzerovec-cf9f7c35a8a963cf.rlib,libwriteable-45c783735d88c2b0.rlib,libyoke-6d0556808a1a2c6d.rlib,libzerofrom-86b19c551941613c.rlib,libstable_deref_trait-e5f295e98f1b80b2.rlib,libform_urlencoded-a5edb5174711de82.rlib,libpercent_encoding-9bee39bbc5bd523a.rlib,libserde-8ab529ae8d44effc.rlib,libhttp-af6b2467def66428.rlib,libitoa-d34da3363977f6fb.rlib,libbytes-485c92da441bbc40.rlib,libfnv-2d77ec4f6f971b24.rlib}" "/opt/rustwide/rustup-home/toolchains/nightly-2025-01-18-x86_64-unknown-linux-gnu/lib/rustlib/x86_64-unknown-linux-gnu/lib/{libstd-006123e2ce67e99d.rlib,libpanic_unwind-e1447e1efa6f1e57.rlib,libobject-f6963a4916fcf097.rlib,libmemchr-49a2d9af912f4524.rlib,libaddr2line-04d19aad3936869d.rlib,libgimli-483c235edb789db0.rlib,librustc_demangle-294281af50b8f748.rlib,libstd_detect-3b08295250aabc2a.rlib,libhashbrown-4472d1e05ba0dfaf.rlib,librustc_std_workspace_alloc-2ef099fac590e457.rlib,libminiz_oxide-8a51f5e848546c29.rlib,libadler2-3d3fa22b868db521.rlib,libunwind-0ffda8b08e22dbea.rlib,libcfg_if-b08f62458fdd43b9.rlib,liblibc-559675126e63b890.rlib,liballoc-fcf21c8d1c9c7b75.rlib,librustc_std_workspace_core-e0b0460135bcf21d.rlib,libcore-d4097fdcbddd3bc7.rlib,libcompiler_builtins-fea484ac1eed7881.rlib}" "-Wl,-Bdynamic" "-lcurl" "-lgcc_s" "-lutil" "-lrt" "-lpthread" "-lm" "-ldl" "-lc" "-B/opt/rustwide/rustup-home/toolchains/nightly-2025-01-18-x86_64-unknown-linux-gnu/lib/rustlib/x86_64-unknown-linux-gnu/bin/gcc-ld" "-fuse-ld=lld" "-Wl,--eh-frame-hdr" "-Wl,-z,noexecstack" "-L" "/opt/rustwide/target/debug/build/libnghttp2-sys-a7289d31354be5e6/out/i/lib" "-L" "/usr/lib/x86_64-linux-gnu" "-L" "/opt/rustwide/rustup-home/toolchains/nightly-2025-01-18-x86_64-unknown-linux-gnu/lib/rustlib/x86_64-unknown-linux-gnu/lib" "-o" "/tmp/rustdoctestopawsD/rust_out" "-Wl,--gc-sections" "-pie" "-Wl,-z,relro,-z,now" "-nodefaultlibs"
[INFO] [stdout]   = note: some arguments are omitted. use `--verbose` to show all linker arguments
[INFO] [stdout]   = note: collect2: fatal error: ld terminated with signal 9 [Killed]
[INFO] [stdout]           compilation terminated.
[INFO] [stdout]           
[INFO] [stdout] 
[INFO] [stdout] error: aborting due to 1 previous error
[INFO] [stdout] 
[INFO] [stdout] Couldn't compile the test.
[INFO] [stdout] ---- src/matchers.rs - matchers::BodyContainsMatcher (line 677) stdout ----
[INFO] [stdout] error: linking with `cc` failed: exit status: 1
[INFO] [stdout]   |
[INFO] [stdout]   = note: LC_ALL="C" PATH="/opt/rustwide/rustup-home/toolchains/nightly-2025-01-18-x86_64-unknown-linux-gnu/lib/rustlib/x86_64-unknown-linux-gnu/bin:/opt/rustwide/rustup-home/toolchains/nightly-2025-01-18-x86_64-unknown-linux-gnu/lib/rustlib/x86_64-unknown-linux-gnu/bin/self-contained:/opt/rustwide/cargo-home/bin:/usr/local/sbin:/usr/local/bin:/usr/sbin:/usr/bin:/sbin:/bin" VSLANG="1033" "cc" "-m64" "/tmp/rustc1BgLB8/symbols.o" "<2 object files omitted>" "-Wl,--as-needed" "-Wl,-Bstatic" "/opt/rustwide/target/debug/deps/{libsurf-ed3e613a4dc55163.rlib,libmime_guess-d86743407da0af27.rlib,libunicase-5017e9507498ef51.rlib,libmime-4b44681fdb2c65f7.rlib,libencoding_rs-68ad4a143c31cce1.rlib,libhttp_client-a1831c5475e559ba.rlib,libhttp_types-1874bd22c29142e2.rlib,libserde_qs-f6a646114162af52.rlib,libthiserror-46bf9f73af5b8c4d.rlib,libanyhow-c985e57c0ac9efb6.rlib,libserde_urlencoded-7e65d08cbb36fafc.rlib,librand-aceabf220148732d.rlib,librand_chacha-94d15956c729e480.rlib,librand_core-a1d8e4a91ae5f303.rlib,libgetrandom-42df4ae857809ed9.rlib,libinfer-618700db1bc827b0.rlib,libcookie-0546c76d6cfac6a9.rlib,libhkdf-0846a4c3dff46404.rlib,libhmac-b599768976a33046.rlib,libcrypto_mac-2d5b51f44bd9b7e7.rlib,libsha2-c2cd20ee2860554a.rlib,libcpufeatures-1354436b31901300.rlib,libdigest-f96566fe47d0c16a.rlib,libblock_buffer-49d8315b97a4d4a4.rlib,libaes_gcm-a932fe81e3c64abc.rlib,libghash-d28fd2ec27e90943.rlib,libpolyval-7918f4fc110f0c4f.rlib,libcpuid_bool-42d239e8460b4b1c.rlib,libuniversal_hash-aad10f56c62258ac.rlib,libsubtle-ca7024fc66e4388f.rlib,libctr-be65d1c29cbe99ba.rlib,libaes-9c88aa7734ef70d5.rlib,libaes_soft-ed29ba5c215944c6.rlib,libopaque_debug-1c8528c9b2d49180.rlib,libcipher-9c1baf7cbfe58a33.rlib,libaead-4e6890f569b6ca4d.rlib,libgeneric_array-95b842bd756d01df.rlib,libtypenum-e3323f6ed06bf501.rlib,libbase64-b5296a10b8334a2c.rlib,librand-8d5edfb4119ab2a6.rlib,librand_chacha-691ea3ab5a9220f7.rlib,libppv_lite86-b60d62435e4d948b.rlib,libzerocopy-b371f9e84c0643cc.rlib,libbyteorder-7df9ab1ae37e1368.rlib,librand_core-fa04b88de1f754bd.rlib,libgetrandom-859d415c22811cad.rlib,libtime-343757b38b214b73.rlib,libtime_macros-d7729a02e9681aca.rlib,libstandback-58010570dc6ab96d.rlib,libisahc-114bbb6f0e3d6aed.rlib,libsluice-46fa114e281ac72e.rlib,libtracing_futures-3d09d68084ddbf1e.rlib,libpin_project-7c1f7b969f084c92.rlib,libhttp-6a89025946decf46.rlib,libfutures_lite-d78cdf84c905c68b.rlib,libfastrand-1a1f7fa7e5b5edde.rlib,libwaker_fn-6a297a1ea9bc1088.rlib,libbytes-28d97c987ff6326d.rlib,libflume-72d54cef8763853e.rlib,libspinning_top-56896945820a2edc.rlib,libcurl-a0a9e91644bd5832.rlib,libcurl_sys-44c312c1d849c3c6.rlib,libasync_std-0a200421c2a68cd8.rlib,libasync_global_executor-1eb98e2cc0059e11.rlib,libblocking-86bff2d1e95e3694.rlib,libpiper-b9dd12acb7c25ae0.rlib,libasync_channel-a2dede0e3ad6390a.rlib,libasync_executor-075975d82e5d6605.rlib,libasync_task-65820d26b839a505.rlib,libasync_io-d8e8ac4610eb9537.rlib,libpolling-1a6517a97405b57a.rlib,librustix-106b276217a89879.rlib,libbitflags-0dbcd73e56b9cd85.rlib,liblinux_raw_sys-aa9c2ff6a845f8dc.rlib,libfutures_lite-3f67561f1db0b885.rlib,libfastrand-503f12a96d791409.rlib,libasync_channel-32fe6ba34c70ad58.rlib,libevent_listener-67cd091983fb6763.rlib,libconcurrent_queue-e02a349b8b620020.rlib,libcrossbeam_utils-6947cd7c51cb69a0.rlib,libasync_lock-36bc4ce2d66ab2e6.rlib,libevent_listener_strategy-6ee2bb7def02ff20.rlib,libevent_listener-008c89b26f75e5a5.rlib,libparking-49fcf10303d3525f.rlib,libkv_log_macro-033e9cc464e400c6.rlib,libwiremock-d1239932d740be57.rlib,libfutures-1efc5371334f04a8.rlib,libfutures_executor-1ab933f5f848d7c6.rlib,libdeadpool-57c6d41a695bedb0.rlib,libnum_cpus-138b4757876870d4.rlib,libdeadpool_runtime-cddf124178e13e59.rlib,libhyper_util-e37bc35608a7fe0e.rlib,libtower_service-0d7df29686b13872.rlib,libhyper-0221e92105aa0a4e.rlib,libwant-0f3c3ee377cad37f.rlib,libtry_lock-aabba5e3d97e6b57.rlib,libhttparse-1f171d883a977f5d.rlib,libh2-0ae6696366685f8a.rlib,libtracing-46408f4e96d5a532.rlib,libtracing_core-2af278500a3d05c2.rlib,libonce_cell-debe7c411cf97340.rlib,libindexmap-7a34578bd52a8484.rlib,libequivalent-fdc46004df91ad08.rlib,libhashbrown-19954401a582c725.rlib,libatomic_waker-001109810bdecbaa.rlib,libtokio_util-f672406b6cb7231a.rlib,libtokio-141effd23b0f47ec.rlib,libsignal_hook_registry-aed92b678c0113a5.rlib,libsocket2-af858016a4888588.rlib,libmio-8a7e27e4bda9b6ff.rlib,libparking_lot-487df1e390e543b5.rlib,libparking_lot_core-9387cadb954d0405.rlib,liblibc-dccbd4dd90a02783.rlib,libcfg_if-33ef6c02a07f9fec.rlib,liblock_api-0fd539a479e0f355.rlib,libscopeguard-d52bd00767847e44.rlib,libhttpdate-9f9d2502c6a38412.rlib,libhttp_body_util-74c875834373c487.rlib,libfutures_util-489aef54777f948f.rlib,libfutures_io-972ebb79349338ae.rlib,libslab-d2d6782c70f6d408.rlib,libfutures_channel-f26d4826b597103e.rlib,libfutures_sink-be8442ee548d90f9.rlib,libfutures_task-19b3aba2be9e7ae8.rlib,libpin_utils-9a5791cba021167a.rlib,libfutures_core-fc6bb1738f00fc87.rlib,libpin_project_lite-bedc6e0acd72ff2a.rlib,libhttp_body-d5740143cdc85e9c.rlib,libregex-07d59f3792584a21.rlib,libregex_automata-b16ca0c62e99f813.rlib,libaho_corasick-5318fee7af990b33.rlib,libregex_syntax-13fc688ae7f36982.rlib,liblog-cfa970c2780ae150.rlib,libvalue_bag-15ec6f9a637d8114.rlib,libbase64-2a03de3babadded3.rlib,libassert_json_diff-fcfec1fcc0aed272.rlib,libserde_json-8014493678b21b5d.rlib,libmemchr-3ffe5f7a52883367.rlib,libryu-f8ba606093049f91.rlib,liburl-5fd69163230db7af.rlib,libidna-57791bd883ad5e3b.rlib,libidna_adapter-3bf83588c9268795.rlib,libicu_normalizer-ab95984599ec799f.rlib,libicu_normalizer_data-924449c90d89dbe9.rlib,libwrite16-e3dc6fad88157cf5.rlib,libutf8_iter-0d9be7b316c2b184.rlib,libutf16_iter-d3264925eca367d9.rlib,libsmallvec-e2fbd282c83e646d.rlib,libicu_properties-f523feeb670644c4.rlib,libicu_properties_data-51b5eb2cadc91212.rlib,libicu_locid_transform-bd03b9039d28a7ba.rlib,libicu_locid_transform_data-ad15ccbe3fb30a0f.rlib,libicu_collections-199aae7ef55a30c5.rlib,libicu_provider-8d4cc900c4255a53.rlib,libicu_locid-184184171233db06.rlib,liblitemap-cecd5a7fd1787c64.rlib,libtinystr-803852758cb58049.rlib,libzerovec-cf9f7c35a8a963cf.rlib,libwriteable-45c783735d88c2b0.rlib,libyoke-6d0556808a1a2c6d.rlib,libzerofrom-86b19c551941613c.rlib,libstable_deref_trait-e5f295e98f1b80b2.rlib,libform_urlencoded-a5edb5174711de82.rlib,libpercent_encoding-9bee39bbc5bd523a.rlib,libserde-8ab529ae8d44effc.rlib,libhttp-af6b2467def66428.rlib,libitoa-d34da3363977f6fb.rlib,libbytes-485c92da441bbc40.rlib,libfnv-2d77ec4f6f971b24.rlib}" "/opt/rustwide/rustup-home/toolchains/nightly-2025-01-18-x86_64-unknown-linux-gnu/lib/rustlib/x86_64-unknown-linux-gnu/lib/{libstd-006123e2ce67e99d.rlib,libpanic_unwind-e1447e1efa6f1e57.rlib,libobject-f6963a4916fcf097.rlib,libmemchr-49a2d9af912f4524.rlib,libaddr2line-04d19aad3936869d.rlib,libgimli-483c235edb789db0.rlib,librustc_demangle-294281af50b8f748.rlib,libstd_detect-3b08295250aabc2a.rlib,libhashbrown-4472d1e05ba0dfaf.rlib,librustc_std_workspace_alloc-2ef099fac590e457.rlib,libminiz_oxide-8a51f5e848546c29.rlib,libadler2-3d3fa22b868db521.rlib,libunwind-0ffda8b08e22dbea.rlib,libcfg_if-b08f62458fdd43b9.rlib,liblibc-559675126e63b890.rlib,liballoc-fcf21c8d1c9c7b75.rlib,librustc_std_workspace_core-e0b0460135bcf21d.rlib,libcore-d4097fdcbddd3bc7.rlib,libcompiler_builtins-fea484ac1eed7881.rlib}" "-Wl,-Bdynamic" "-lcurl" "-lgcc_s" "-lutil" "-lrt" "-lpthread" "-lm" "-ldl" "-lc" "-B/opt/rustwide/rustup-home/toolchains/nightly-2025-01-18-x86_64-unknown-linux-gnu/lib/rustlib/x86_64-unknown-linux-gnu/bin/gcc-ld" "-fuse-ld=lld" "-Wl,--eh-frame-hdr" "-Wl,-z,noexecstack" "-L" "/opt/rustwide/target/debug/build/libnghttp2-sys-a7289d31354be5e6/out/i/lib" "-L" "/usr/lib/x86_64-linux-gnu" "-L" "/opt/rustwide/rustup-home/toolchains/nightly-2025-01-18-x86_64-unknown-linux-gnu/lib/rustlib/x86_64-unknown-linux-gnu/lib" "-o" "/tmp/rustdoctestHU6usQ/rust_out" "-Wl,--gc-sections" "-pie" "-Wl,-z,relro,-z,now" "-nodefaultlibs"
[INFO] [stdout]   = note: some arguments are omitted. use `--verbose` to show all linker arguments
[INFO] [stdout]   = note: collect2: fatal error: ld terminated with signal 9 [Killed]
[INFO] [stdout]           compilation terminated.
[INFO] [stdout]           
[INFO] [stdout] 
[INFO] [stdout] error: aborting due to 1 previous error
[INFO] [stdout] 
[INFO] [stdout] Couldn't compile the test.
[INFO] [stdout] ---- src/matchers.rs - matchers::BodyExactMatcher (line 566) stdout ----
[INFO] [stdout] error: linking with `cc` failed: exit status: 1
[INFO] [stdout]   |
[INFO] [stdout]   = note: LC_ALL="C" PATH="/opt/rustwide/rustup-home/toolchains/nightly-2025-01-18-x86_64-unknown-linux-gnu/lib/rustlib/x86_64-unknown-linux-gnu/bin:/opt/rustwide/rustup-home/toolchains/nightly-2025-01-18-x86_64-unknown-linux-gnu/lib/rustlib/x86_64-unknown-linux-gnu/bin/self-contained:/opt/rustwide/cargo-home/bin:/usr/local/sbin:/usr/local/bin:/usr/sbin:/usr/bin:/sbin:/bin" VSLANG="1033" "cc" "-m64" "/tmp/rustc87CQSf/symbols.o" "<2 object files omitted>" "-Wl,--as-needed" "-Wl,-Bstatic" "/opt/rustwide/target/debug/deps/{libsurf-ed3e613a4dc55163.rlib,libmime_guess-d86743407da0af27.rlib,libunicase-5017e9507498ef51.rlib,libmime-4b44681fdb2c65f7.rlib,libencoding_rs-68ad4a143c31cce1.rlib,libhttp_client-a1831c5475e559ba.rlib,libhttp_types-1874bd22c29142e2.rlib,libserde_qs-f6a646114162af52.rlib,libthiserror-46bf9f73af5b8c4d.rlib,libanyhow-c985e57c0ac9efb6.rlib,libserde_urlencoded-7e65d08cbb36fafc.rlib,librand-aceabf220148732d.rlib,librand_chacha-94d15956c729e480.rlib,librand_core-a1d8e4a91ae5f303.rlib,libgetrandom-42df4ae857809ed9.rlib,libinfer-618700db1bc827b0.rlib,libcookie-0546c76d6cfac6a9.rlib,libhkdf-0846a4c3dff46404.rlib,libhmac-b599768976a33046.rlib,libcrypto_mac-2d5b51f44bd9b7e7.rlib,libsha2-c2cd20ee2860554a.rlib,libcpufeatures-1354436b31901300.rlib,libdigest-f96566fe47d0c16a.rlib,libblock_buffer-49d8315b97a4d4a4.rlib,libaes_gcm-a932fe81e3c64abc.rlib,libghash-d28fd2ec27e90943.rlib,libpolyval-7918f4fc110f0c4f.rlib,libcpuid_bool-42d239e8460b4b1c.rlib,libuniversal_hash-aad10f56c62258ac.rlib,libsubtle-ca7024fc66e4388f.rlib,libctr-be65d1c29cbe99ba.rlib,libaes-9c88aa7734ef70d5.rlib,libaes_soft-ed29ba5c215944c6.rlib,libopaque_debug-1c8528c9b2d49180.rlib,libcipher-9c1baf7cbfe58a33.rlib,libaead-4e6890f569b6ca4d.rlib,libgeneric_array-95b842bd756d01df.rlib,libtypenum-e3323f6ed06bf501.rlib,libbase64-b5296a10b8334a2c.rlib,librand-8d5edfb4119ab2a6.rlib,librand_chacha-691ea3ab5a9220f7.rlib,libppv_lite86-b60d62435e4d948b.rlib,libzerocopy-b371f9e84c0643cc.rlib,libbyteorder-7df9ab1ae37e1368.rlib,librand_core-fa04b88de1f754bd.rlib,libgetrandom-859d415c22811cad.rlib,libtime-343757b38b214b73.rlib,libtime_macros-d7729a02e9681aca.rlib,libstandback-58010570dc6ab96d.rlib,libisahc-114bbb6f0e3d6aed.rlib,libsluice-46fa114e281ac72e.rlib,libtracing_futures-3d09d68084ddbf1e.rlib,libpin_project-7c1f7b969f084c92.rlib,libhttp-6a89025946decf46.rlib,libfutures_lite-d78cdf84c905c68b.rlib,libfastrand-1a1f7fa7e5b5edde.rlib,libwaker_fn-6a297a1ea9bc1088.rlib,libbytes-28d97c987ff6326d.rlib,libflume-72d54cef8763853e.rlib,libspinning_top-56896945820a2edc.rlib,libcurl-a0a9e91644bd5832.rlib,libcurl_sys-44c312c1d849c3c6.rlib,libasync_std-0a200421c2a68cd8.rlib,libasync_global_executor-1eb98e2cc0059e11.rlib,libblocking-86bff2d1e95e3694.rlib,libpiper-b9dd12acb7c25ae0.rlib,libasync_channel-a2dede0e3ad6390a.rlib,libasync_executor-075975d82e5d6605.rlib,libasync_task-65820d26b839a505.rlib,libasync_io-d8e8ac4610eb9537.rlib,libpolling-1a6517a97405b57a.rlib,librustix-106b276217a89879.rlib,libbitflags-0dbcd73e56b9cd85.rlib,liblinux_raw_sys-aa9c2ff6a845f8dc.rlib,libfutures_lite-3f67561f1db0b885.rlib,libfastrand-503f12a96d791409.rlib,libasync_channel-32fe6ba34c70ad58.rlib,libevent_listener-67cd091983fb6763.rlib,libconcurrent_queue-e02a349b8b620020.rlib,libcrossbeam_utils-6947cd7c51cb69a0.rlib,libasync_lock-36bc4ce2d66ab2e6.rlib,libevent_listener_strategy-6ee2bb7def02ff20.rlib,libevent_listener-008c89b26f75e5a5.rlib,libparking-49fcf10303d3525f.rlib,libkv_log_macro-033e9cc464e400c6.rlib,libwiremock-d1239932d740be57.rlib,libfutures-1efc5371334f04a8.rlib,libfutures_executor-1ab933f5f848d7c6.rlib,libdeadpool-57c6d41a695bedb0.rlib,libnum_cpus-138b4757876870d4.rlib,libdeadpool_runtime-cddf124178e13e59.rlib,libhyper_util-e37bc35608a7fe0e.rlib,libtower_service-0d7df29686b13872.rlib,libhyper-0221e92105aa0a4e.rlib,libwant-0f3c3ee377cad37f.rlib,libtry_lock-aabba5e3d97e6b57.rlib,libhttparse-1f171d883a977f5d.rlib,libh2-0ae6696366685f8a.rlib,libtracing-46408f4e96d5a532.rlib,libtracing_core-2af278500a3d05c2.rlib,libonce_cell-debe7c411cf97340.rlib,libindexmap-7a34578bd52a8484.rlib,libequivalent-fdc46004df91ad08.rlib,libhashbrown-19954401a582c725.rlib,libatomic_waker-001109810bdecbaa.rlib,libtokio_util-f672406b6cb7231a.rlib,libtokio-141effd23b0f47ec.rlib,libsignal_hook_registry-aed92b678c0113a5.rlib,libsocket2-af858016a4888588.rlib,libmio-8a7e27e4bda9b6ff.rlib,libparking_lot-487df1e390e543b5.rlib,libparking_lot_core-9387cadb954d0405.rlib,liblibc-dccbd4dd90a02783.rlib,libcfg_if-33ef6c02a07f9fec.rlib,liblock_api-0fd539a479e0f355.rlib,libscopeguard-d52bd00767847e44.rlib,libhttpdate-9f9d2502c6a38412.rlib,libhttp_body_util-74c875834373c487.rlib,libfutures_util-489aef54777f948f.rlib,libfutures_io-972ebb79349338ae.rlib,libslab-d2d6782c70f6d408.rlib,libfutures_channel-f26d4826b597103e.rlib,libfutures_sink-be8442ee548d90f9.rlib,libfutures_task-19b3aba2be9e7ae8.rlib,libpin_utils-9a5791cba021167a.rlib,libfutures_core-fc6bb1738f00fc87.rlib,libpin_project_lite-bedc6e0acd72ff2a.rlib,libhttp_body-d5740143cdc85e9c.rlib,libregex-07d59f3792584a21.rlib,libregex_automata-b16ca0c62e99f813.rlib,libaho_corasick-5318fee7af990b33.rlib,libregex_syntax-13fc688ae7f36982.rlib,liblog-cfa970c2780ae150.rlib,libvalue_bag-15ec6f9a637d8114.rlib,libbase64-2a03de3babadded3.rlib,libassert_json_diff-fcfec1fcc0aed272.rlib,libserde_json-8014493678b21b5d.rlib,libmemchr-3ffe5f7a52883367.rlib,libryu-f8ba606093049f91.rlib,liburl-5fd69163230db7af.rlib,libidna-57791bd883ad5e3b.rlib,libidna_adapter-3bf83588c9268795.rlib,libicu_normalizer-ab95984599ec799f.rlib,libicu_normalizer_data-924449c90d89dbe9.rlib,libwrite16-e3dc6fad88157cf5.rlib,libutf8_iter-0d9be7b316c2b184.rlib,libutf16_iter-d3264925eca367d9.rlib,libsmallvec-e2fbd282c83e646d.rlib,libicu_properties-f523feeb670644c4.rlib,libicu_properties_data-51b5eb2cadc91212.rlib,libicu_locid_transform-bd03b9039d28a7ba.rlib,libicu_locid_transform_data-ad15ccbe3fb30a0f.rlib,libicu_collections-199aae7ef55a30c5.rlib,libicu_provider-8d4cc900c4255a53.rlib,libicu_locid-184184171233db06.rlib,liblitemap-cecd5a7fd1787c64.rlib,libtinystr-803852758cb58049.rlib,libzerovec-cf9f7c35a8a963cf.rlib,libwriteable-45c783735d88c2b0.rlib,libyoke-6d0556808a1a2c6d.rlib,libzerofrom-86b19c551941613c.rlib,libstable_deref_trait-e5f295e98f1b80b2.rlib,libform_urlencoded-a5edb5174711de82.rlib,libpercent_encoding-9bee39bbc5bd523a.rlib,libserde-8ab529ae8d44effc.rlib,libhttp-af6b2467def66428.rlib,libitoa-d34da3363977f6fb.rlib,libbytes-485c92da441bbc40.rlib,libfnv-2d77ec4f6f971b24.rlib}" "/opt/rustwide/rustup-home/toolchains/nightly-2025-01-18-x86_64-unknown-linux-gnu/lib/rustlib/x86_64-unknown-linux-gnu/lib/{libstd-006123e2ce67e99d.rlib,libpanic_unwind-e1447e1efa6f1e57.rlib,libobject-f6963a4916fcf097.rlib,libmemchr-49a2d9af912f4524.rlib,libaddr2line-04d19aad3936869d.rlib,libgimli-483c235edb789db0.rlib,librustc_demangle-294281af50b8f748.rlib,libstd_detect-3b08295250aabc2a.rlib,libhashbrown-4472d1e05ba0dfaf.rlib,librustc_std_workspace_alloc-2ef099fac590e457.rlib,libminiz_oxide-8a51f5e848546c29.rlib,libadler2-3d3fa22b868db521.rlib,libunwind-0ffda8b08e22dbea.rlib,libcfg_if-b08f62458fdd43b9.rlib,liblibc-559675126e63b890.rlib,liballoc-fcf21c8d1c9c7b75.rlib,librustc_std_workspace_core-e0b0460135bcf21d.rlib,libcore-d4097fdcbddd3bc7.rlib,libcompiler_builtins-fea484ac1eed7881.rlib}" "-Wl,-Bdynamic" "-lcurl" "-lgcc_s" "-lutil" "-lrt" "-lpthread" "-lm" "-ldl" "-lc" "-B/opt/rustwide/rustup-home/toolchains/nightly-2025-01-18-x86_64-unknown-linux-gnu/lib/rustlib/x86_64-unknown-linux-gnu/bin/gcc-ld" "-fuse-ld=lld" "-Wl,--eh-frame-hdr" "-Wl,-z,noexecstack" "-L" "/opt/rustwide/target/debug/build/libnghttp2-sys-a7289d31354be5e6/out/i/lib" "-L" "/usr/lib/x86_64-linux-gnu" "-L" "/opt/rustwide/rustup-home/toolchains/nightly-2025-01-18-x86_64-unknown-linux-gnu/lib/rustlib/x86_64-unknown-linux-gnu/lib" "-o" "/tmp/rustdoctestcGkCJN/rust_out" "-Wl,--gc-sections" "-pie" "-Wl,-z,relro,-z,now" "-nodefaultlibs"
[INFO] [stdout]   = note: some arguments are omitted. use `--verbose` to show all linker arguments
[INFO] [stdout]   = note: collect2: fatal error: ld terminated with signal 9 [Killed]
[INFO] [stdout]           compilation terminated.
[INFO] [stdout]           
[INFO] [stdout] 
[INFO] [stdout] error: aborting due to 1 previous error
[INFO] [stdout] 
[INFO] [stdout] Couldn't compile the test.
[INFO] [stdout] 
[INFO] [stdout] failures:
[INFO] [stdout]     src/lib.rs - (line 22)
[INFO] [stdout]     src/matchers.rs - matchers::AnyMatcher (line 100)
[INFO] [stdout]     src/matchers.rs - matchers::BodyContainsMatcher (line 677)
[INFO] [stdout]     src/matchers.rs - matchers::BodyExactMatcher (line 566)
[INFO] [stdout]     src/matchers.rs - matchers::BodyPartialJsonMatcher (line 748)
[INFO] [stdout]     src/matchers.rs - matchers::MethodExactMatcher (line 39)
[INFO] [stdout] 
[INFO] [stdout] test result: FAILED. 48 passed; 6 failed; 0 ignored; 0 measured; 0 filtered out; finished in 120.34s
[INFO] [stdout] 
[INFO] [stderr] error: doctest failed, to rerun pass `--doc`
[INFO] running `Command { std: "docker" "inspect" "36f1d6f97bffd76c93d98ddadadce75302c7108e13a6028b091b839d028d4cd9", kill_on_drop: false }`
[INFO] running `Command { std: "docker" "rm" "-f" "36f1d6f97bffd76c93d98ddadadce75302c7108e13a6028b091b839d028d4cd9", kill_on_drop: false }`
[INFO] [stdout] 36f1d6f97bffd76c93d98ddadadce75302c7108e13a6028b091b839d028d4cd9
