[INFO] cloning repository https://github.com/LorenzoLeonardo/async-curl
[INFO] running `Command { std: "git" "-c" "credential.helper=" "-c" "credential.helper=/workspace/cargo-home/bin/git-credential-null" "clone" "--bare" "https://github.com/LorenzoLeonardo/async-curl" "/workspace/cache/git-repos/https%3A%2F%2Fgithub.com%2FLorenzoLeonardo%2Fasync-curl", kill_on_drop: false }`
[INFO] [stderr] Cloning into bare repository '/workspace/cache/git-repos/https%3A%2F%2Fgithub.com%2FLorenzoLeonardo%2Fasync-curl'...
[INFO] running `Command { std: "git" "rev-parse" "HEAD", kill_on_drop: false }`
[INFO] [stdout] 3cea65a7d1a9f9ac0ad0316a2e77a77ad7768d7c
[INFO] testing LorenzoLeonardo/async-curl against nightly-2025-01-18 for randomize-layout-2
[INFO] running `Command { std: "git" "clone" "/workspace/cache/git-repos/https%3A%2F%2Fgithub.com%2FLorenzoLeonardo%2Fasync-curl" "/workspace/builds/worker-7-tc1/source", kill_on_drop: false }`
[INFO] [stderr] Cloning into '/workspace/builds/worker-7-tc1/source'...
[INFO] [stderr] done.
[INFO] validating manifest of git repo https://github.com/LorenzoLeonardo/async-curl on toolchain nightly-2025-01-18
[INFO] running `Command { std: CARGO_HOME="/workspace/cargo-home" RUSTUP_HOME="/workspace/rustup-home" "/workspace/cargo-home/bin/cargo" "+nightly-2025-01-18" "metadata" "--manifest-path" "Cargo.toml" "--no-deps", kill_on_drop: false }`
[INFO] started tweaking git repo https://github.com/LorenzoLeonardo/async-curl
[INFO] finished tweaking git repo https://github.com/LorenzoLeonardo/async-curl
[INFO] tweaked toml for git repo https://github.com/LorenzoLeonardo/async-curl written to /workspace/builds/worker-7-tc1/source/Cargo.toml
[INFO] crate git repo https://github.com/LorenzoLeonardo/async-curl already has a lockfile, it will not be regenerated
[INFO] running `Command { std: CARGO_HOME="/workspace/cargo-home" RUSTUP_HOME="/workspace/rustup-home" "/workspace/cargo-home/bin/cargo" "+nightly-2025-01-18" "fetch" "--manifest-path" "Cargo.toml", kill_on_drop: false }`
[INFO] [stderr]  Downloading crates ...
[INFO] [stderr]   Downloaded deadpool-runtime v0.1.3
[INFO] [stderr]   Downloaded wiremock v0.5.15
[INFO] [stderr]   Downloaded value-bag v1.8.1
[INFO] running `Command { std: "docker" "create" "-v" "/var/lib/crater-agent-workspace/builds/worker-7-tc1/target:/opt/rustwide/target:rw,Z" "-v" "/var/lib/crater-agent-workspace/builds/worker-7-tc1/source:/opt/rustwide/workdir:ro,Z" "-v" "/var/lib/crater-agent-workspace/cargo-home:/opt/rustwide/cargo-home:ro,Z" "-v" "/var/lib/crater-agent-workspace/rustup-home:/opt/rustwide/rustup-home:ro,Z" "-e" "SOURCE_DIR=/opt/rustwide/workdir" "-e" "CARGO_TARGET_DIR=/opt/rustwide/target" "-e" "CARGO_HOME=/opt/rustwide/cargo-home" "-e" "RUSTUP_HOME=/opt/rustwide/rustup-home" "-w" "/opt/rustwide/workdir" "-m" "1610612736" "--user" "0:0" "--network" "none" "ghcr.io/rust-lang/crates-build-env/linux@sha256:819108c5571ea2e421544af4d832f968d213c87fbe3707a016657f43d2f853bc" "/opt/rustwide/cargo-home/bin/cargo" "+nightly-2025-01-18" "metadata" "--no-deps" "--format-version=1", kill_on_drop: false }`
[INFO] [stdout] c6743466dce62a5c46dc9dd11cf29dfa4ff3fcaaacaff219022044dadcf2948d
[INFO] running `Command { std: "docker" "start" "-a" "c6743466dce62a5c46dc9dd11cf29dfa4ff3fcaaacaff219022044dadcf2948d", kill_on_drop: false }`
[INFO] running `Command { std: "docker" "inspect" "c6743466dce62a5c46dc9dd11cf29dfa4ff3fcaaacaff219022044dadcf2948d", kill_on_drop: false }`
[INFO] running `Command { std: "docker" "rm" "-f" "c6743466dce62a5c46dc9dd11cf29dfa4ff3fcaaacaff219022044dadcf2948d", kill_on_drop: false }`
[INFO] [stdout] c6743466dce62a5c46dc9dd11cf29dfa4ff3fcaaacaff219022044dadcf2948d
[INFO] running `Command { std: "docker" "create" "-v" "/var/lib/crater-agent-workspace/builds/worker-7-tc1/target:/opt/rustwide/target:rw,Z" "-v" "/var/lib/crater-agent-workspace/builds/worker-7-tc1/source:/opt/rustwide/workdir:ro,Z" "-v" "/var/lib/crater-agent-workspace/cargo-home:/opt/rustwide/cargo-home:ro,Z" "-v" "/var/lib/crater-agent-workspace/rustup-home:/opt/rustwide/rustup-home:ro,Z" "-e" "SOURCE_DIR=/opt/rustwide/workdir" "-e" "CARGO_TARGET_DIR=/opt/rustwide/target" "-e" "CARGO_INCREMENTAL=0" "-e" "RUST_BACKTRACE=full" "-e" "RUSTFLAGS=--cap-lints=forbid" "-e" "RUSTDOCFLAGS=--cap-lints=forbid" "-e" "CARGO_HOME=/opt/rustwide/cargo-home" "-e" "RUSTUP_HOME=/opt/rustwide/rustup-home" "-w" "/opt/rustwide/workdir" "-m" "1610612736" "--user" "0:0" "--network" "none" "ghcr.io/rust-lang/crates-build-env/linux@sha256:819108c5571ea2e421544af4d832f968d213c87fbe3707a016657f43d2f853bc" "/opt/rustwide/cargo-home/bin/cargo" "+nightly-2025-01-18" "build" "--frozen" "--message-format=json", kill_on_drop: false }`
[INFO] [stdout] 2efe85fc4af905c3a07cbfe2729a7ce38dc2e7979afd05966e0a6a58b33bc049
[INFO] running `Command { std: "docker" "start" "-a" "2efe85fc4af905c3a07cbfe2729a7ce38dc2e7979afd05966e0a6a58b33bc049", kill_on_drop: false }`
[INFO] [stderr]    Compiling cc v1.0.90
[INFO] [stderr]    Compiling vcpkg v0.2.15
[INFO] [stderr]    Compiling proc-macro2 v1.0.79
[INFO] [stderr]    Compiling libc v0.2.153
[INFO] [stderr]    Compiling curl v0.4.46
[INFO] [stderr]    Compiling async-trait v0.1.79
[INFO] [stderr]    Compiling openssl-probe v0.1.5
[INFO] [stderr]    Compiling log v0.4.21
[INFO] [stderr]    Compiling quote v1.0.35
[INFO] [stderr]    Compiling syn v2.0.58
[INFO] [stderr]    Compiling libz-sys v1.1.16
[INFO] [stderr]    Compiling openssl-sys v0.9.102
[INFO] [stderr]    Compiling curl-sys v0.4.72+curl-8.6.0
[INFO] [stderr]    Compiling socket2 v0.5.6
[INFO] [stderr]    Compiling tokio-macros v2.2.0
[INFO] [stderr]    Compiling tokio v1.37.0
[INFO] [stderr]    Compiling async-curl v0.4.3 (/opt/rustwide/workdir)
[INFO] [stderr]     Finished `dev` profile [unoptimized + debuginfo] target(s) in 11.70s
[INFO] running `Command { std: "docker" "inspect" "2efe85fc4af905c3a07cbfe2729a7ce38dc2e7979afd05966e0a6a58b33bc049", kill_on_drop: false }`
[INFO] running `Command { std: "docker" "rm" "-f" "2efe85fc4af905c3a07cbfe2729a7ce38dc2e7979afd05966e0a6a58b33bc049", kill_on_drop: false }`
[INFO] [stdout] 2efe85fc4af905c3a07cbfe2729a7ce38dc2e7979afd05966e0a6a58b33bc049
[INFO] running `Command { std: "docker" "create" "-v" "/var/lib/crater-agent-workspace/builds/worker-7-tc1/target:/opt/rustwide/target:rw,Z" "-v" "/var/lib/crater-agent-workspace/builds/worker-7-tc1/source:/opt/rustwide/workdir:ro,Z" "-v" "/var/lib/crater-agent-workspace/cargo-home:/opt/rustwide/cargo-home:ro,Z" "-v" "/var/lib/crater-agent-workspace/rustup-home:/opt/rustwide/rustup-home:ro,Z" "-e" "SOURCE_DIR=/opt/rustwide/workdir" "-e" "CARGO_TARGET_DIR=/opt/rustwide/target" "-e" "CARGO_INCREMENTAL=0" "-e" "RUST_BACKTRACE=full" "-e" "RUSTFLAGS=--cap-lints=forbid" "-e" "RUSTDOCFLAGS=--cap-lints=forbid" "-e" "CARGO_HOME=/opt/rustwide/cargo-home" "-e" "RUSTUP_HOME=/opt/rustwide/rustup-home" "-w" "/opt/rustwide/workdir" "-m" "1610612736" "--user" "0:0" "--network" "none" "ghcr.io/rust-lang/crates-build-env/linux@sha256:819108c5571ea2e421544af4d832f968d213c87fbe3707a016657f43d2f853bc" "/opt/rustwide/cargo-home/bin/cargo" "+nightly-2025-01-18" "test" "--frozen" "--no-run" "--message-format=json", kill_on_drop: false }`
[INFO] [stdout] aac82920ca8edff902efff71d495a47fb51734642687ed5d22cd28af848ef470
[INFO] running `Command { std: "docker" "start" "-a" "aac82920ca8edff902efff71d495a47fb51734642687ed5d22cd28af848ef470", kill_on_drop: false }`
[INFO] [stderr]    Compiling typenum v1.17.0
[INFO] [stderr]    Compiling generic-array v0.14.7
[INFO] [stderr]    Compiling autocfg v1.2.0
[INFO] [stderr]    Compiling futures-core v0.3.30
[INFO] [stderr]    Compiling crossbeam-utils v0.8.19
[INFO] [stderr]    Compiling parking v2.2.0
[INFO] [stderr]    Compiling futures-io v0.3.30
[INFO] [stderr]    Compiling memchr v2.7.2
[INFO] [stderr]    Compiling tracing-core v0.1.32
[INFO] [stderr]    Compiling bytes v1.6.0
[INFO] [stderr]    Compiling subtle v2.4.1
[INFO] [stderr]    Compiling value-bag v1.8.1
[INFO] [stderr]    Compiling itoa v1.0.11
[INFO] [stderr]    Compiling opaque-debug v0.3.1
[INFO] [stderr]    Compiling serde v1.0.197
[INFO] [stderr]    Compiling fastrand v2.0.2
[INFO] [stderr]    Compiling serde_derive v1.0.197
[INFO] [stderr]    Compiling socket2 v0.5.6
[INFO] [stderr]    Compiling standback v0.2.17
[INFO] [stderr]    Compiling syn v1.0.109
[INFO] [stderr]    Compiling futures-sink v0.3.30
[INFO] [stderr]    Compiling rustix v0.38.32
[INFO] [stderr]    Compiling proc-macro-hack v0.5.20+deprecated
[INFO] [stderr]    Compiling mio v0.8.11
[INFO] [stderr]    Compiling io-lifetimes v1.0.11
[INFO] [stderr]    Compiling futures-lite v2.3.0
[INFO] [stderr]    Compiling log v0.4.21
[INFO] [stderr]    Compiling getrandom v0.1.16
[INFO] [stderr]    Compiling slab v0.4.9
[INFO] [stderr]    Compiling fnv v1.0.7
[INFO] [stderr]    Compiling linux-raw-sys v0.4.13
[INFO] [stderr]    Compiling bitflags v2.5.0
[INFO] [stderr]    Compiling polling v2.8.0
[INFO] [stderr]    Compiling futures-channel v0.3.30
[INFO] [stderr]    Compiling futures-macro v0.3.30
[INFO] [stderr]    Compiling tracing v0.1.40
[INFO] [stderr]    Compiling tokio v1.37.0
[INFO] [stderr]    Compiling getrandom v0.2.12
[INFO] [stderr]    Compiling rustix v0.37.27
[INFO] [stderr]    Compiling atomic-waker v1.1.2
[INFO] [stderr]    Compiling async-task v4.7.0
[INFO] [stderr]    Compiling tinyvec_macros v0.1.1
[INFO] [stderr]    Compiling event-listener v2.5.3
[INFO] [stderr]    Compiling const_fn v0.4.9
[INFO] [stderr]    Compiling cpuid-bool v0.2.0
[INFO] [stderr]    Compiling concurrent-queue v2.4.0
[INFO] [stderr]    Compiling tinyvec v1.6.0
[INFO] [stderr]    Compiling piper v0.2.1
[INFO] [stderr]    Compiling rand_core v0.6.4
[INFO] [stderr]    Compiling aho-corasick v1.1.3
[INFO] [stderr]    Compiling http v0.2.12
[INFO] [stderr]    Compiling event-listener v4.0.3
[INFO] [stderr]    Compiling event-listener v5.3.0
[INFO] [stderr]    Compiling async-io v1.13.0
[INFO] [stderr]    Compiling time v0.2.27
[INFO] [stderr]    Compiling event-listener-strategy v0.4.0
[INFO] [stderr]    Compiling time-macros-impl v0.1.2
[INFO] [stderr]    Compiling thiserror v1.0.58
[INFO] [stderr]    Compiling linux-raw-sys v0.3.8
[INFO] [stderr]    Compiling event-listener-strategy v0.5.1
[INFO] [stderr]    Compiling serde_json v1.0.115
[INFO] [stderr]    Compiling async-channel v2.2.0
[INFO] [stderr]    Compiling fastrand v1.9.0
[INFO] [stderr]    Compiling cipher v0.2.5
[INFO] [stderr]    Compiling async-lock v3.3.0
[INFO] [stderr]    Compiling digest v0.9.0
[INFO] [stderr]    Compiling universal-hash v0.4.1
[INFO] [stderr]    Compiling futures-util v0.3.30
[INFO] [stderr]    Compiling polyval v0.4.5
[INFO] [stderr]    Compiling crypto-mac v0.10.1
[INFO] [stderr]    Compiling regex-syntax v0.8.3
[INFO] [stderr]    Compiling waker-fn v1.1.1
[INFO] [stderr]    Compiling ryu v1.0.17
[INFO] [stderr]    Compiling hmac v0.10.1
[INFO] [stderr]    Compiling futures-lite v1.13.0
[INFO] [stderr]    Compiling ghash v0.3.1
[INFO] [stderr]    Compiling aes-soft v0.6.4
[INFO] [stderr]    Compiling ctr v0.6.0
[INFO] [stderr]    Compiling time-macros v0.1.1
[INFO] [stderr]    Compiling aead v0.3.2
[INFO] [stderr]    Compiling block-buffer v0.9.0
[INFO] [stderr]    Compiling aes v0.6.0
[INFO] [stderr]    Compiling rand_core v0.5.1
[INFO] [stderr]    Compiling rand_chacha v0.3.1
[INFO] [stderr]    Compiling async-lock v2.8.0
[INFO] [stderr]    Compiling form_urlencoded v1.2.1
[INFO] [stderr]    Compiling unicode-normalization v0.1.23
[INFO] [stderr]    Compiling thiserror-impl v1.0.58
[INFO] [stderr]    Compiling async-executor v1.9.1
[INFO] [stderr]    Compiling blocking v1.5.1
[INFO] [stderr]    Compiling socket2 v0.4.10
[INFO] [stderr]    Compiling cookie v0.14.4
[INFO] [stderr]    Compiling unicode-bidi v0.3.15
[INFO] [stderr]    Compiling equivalent v1.0.1
[INFO] [stderr]    Compiling cpufeatures v0.2.12
[INFO] [stderr]    Compiling httparse v1.8.0
[INFO] [stderr]    Compiling anyhow v1.0.81
[INFO] [stderr]    Compiling hashbrown v0.14.3
[INFO] [stderr]    Compiling sha2 v0.9.9
[INFO] [stderr]    Compiling rand v0.8.5
[INFO] [stderr]    Compiling rand_chacha v0.2.2
[INFO] [stderr]    Compiling aes-gcm v0.8.0
[INFO] [stderr]    Compiling hkdf v0.10.0
[INFO] [stderr]    Compiling async-channel v1.9.0
[INFO] [stderr]    Compiling indexmap v2.2.6
[INFO] [stderr]    Compiling kv-log-macro v1.0.7
[INFO] [stderr]    Compiling idna v0.5.0
[INFO] [stderr]    Compiling http-types v2.12.0
[INFO] [stderr]    Compiling try-lock v0.2.5
[INFO] [stderr]    Compiling base64 v0.13.1
[INFO] [stderr]    Compiling want v0.3.1
[INFO] [stderr]    Compiling anstyle-parse v0.2.3
[INFO] [stderr]    Compiling rand v0.7.3
[INFO] [stderr]    Compiling http-body v0.4.6
[INFO] [stderr]    Compiling num_cpus v1.16.0
[INFO] [stderr]    Compiling anstyle-query v1.0.2
[INFO] [stderr]    Compiling anstyle v1.0.6
[INFO] [stderr]    Compiling retain_mut v0.1.9
[INFO] [stderr]    Compiling tower-service v0.3.2
[INFO] [stderr]    Compiling regex-automata v0.4.6
[INFO] [stderr]    Compiling infer v0.2.3
[INFO] [stderr]    Compiling httpdate v1.0.3
[INFO] [stderr]    Compiling deadpool-runtime v0.1.3
[INFO] [stderr]    Compiling anstream v0.6.13
[INFO] [stderr]    Compiling curl v0.4.46
[INFO] [stderr]    Compiling futures-timer v3.0.3
[INFO] [stderr]    Compiling http v1.1.0
[INFO] [stderr]    Compiling ctor v0.2.7
[INFO] [stderr]    Compiling futures-executor v0.3.30
[INFO] [stderr]    Compiling tokio-util v0.7.10
[INFO] [stderr]    Compiling deadpool v0.9.5
[INFO] [stderr]    Compiling async-curl v0.4.3 (/opt/rustwide/workdir)
[INFO] [stderr]    Compiling futures v0.3.30
[INFO] [stderr]    Compiling h2 v0.3.26
[INFO] [stderr]    Compiling polling v3.6.0
[INFO] [stderr]    Compiling async-io v2.3.2
[INFO] [stderr]    Compiling async-global-executor v2.4.1
[INFO] [stderr]    Compiling async-std v1.12.0
[INFO] [stderr]    Compiling regex v1.10.4
[INFO] [stderr]    Compiling serde_qs v0.8.5
[INFO] [stderr]    Compiling url v2.5.0
[INFO] [stderr]    Compiling serde_urlencoded v0.7.1
[INFO] [stderr]    Compiling env_filter v0.1.0
[INFO] [stderr]    Compiling env_logger v0.11.3
[INFO] [stderr]    Compiling hyper v0.14.28
[INFO] [stderr]    Compiling assert-json-diff v2.0.2
[INFO] [stderr]    Compiling wiremock v0.5.15
[INFO] [stdout] warning: unexpected `cfg` condition value: `used_linker`
[INFO] [stdout]   --> src/tests.rs:51:1
[INFO] [stdout]    |
[INFO] [stdout] 51 | #[ctor::ctor]
[INFO] [stdout]    | ^^^^^^^^^^^^^
[INFO] [stdout]    |
[INFO] [stdout]    = note: no expected values for `feature`
[INFO] [stdout]    = note: using a cfg inside a attribute macro will use the cfgs from the destination crate and not the ones from the defining crate
[INFO] [stdout]    = help: try referring to `ctor::ctor` crate for guidance on how handle this unexpected cfg
[INFO] [stdout]    = help: the attribute macro `ctor::ctor` may come from an old version of the `ctor` crate, try updating your dependency with `cargo update -p ctor`
[INFO] [stdout]    = note: see <https://doc.rust-lang.org/nightly/rustc/check-cfg/cargo-specifics.html> for more information about checking conditional configuration
[INFO] [stdout]    = note: `#[warn(unexpected_cfgs)]` on by default
[INFO] [stdout]    = note: this warning originates in the attribute macro `ctor::ctor` (in Nightly builds, run with -Z macro-backtrace for more info)
[INFO] [stdout] 
[INFO] [stdout] 
[INFO] [stderr]     Finished `test` profile [unoptimized + debuginfo] target(s) in 53.87s
[INFO] running `Command { std: "docker" "inspect" "aac82920ca8edff902efff71d495a47fb51734642687ed5d22cd28af848ef470", kill_on_drop: false }`
[INFO] running `Command { std: "docker" "rm" "-f" "aac82920ca8edff902efff71d495a47fb51734642687ed5d22cd28af848ef470", kill_on_drop: false }`
[INFO] [stdout] aac82920ca8edff902efff71d495a47fb51734642687ed5d22cd28af848ef470
[INFO] running `Command { std: "docker" "create" "-v" "/var/lib/crater-agent-workspace/builds/worker-7-tc1/target:/opt/rustwide/target:rw,Z" "-v" "/var/lib/crater-agent-workspace/builds/worker-7-tc1/source:/opt/rustwide/workdir:ro,Z" "-v" "/var/lib/crater-agent-workspace/cargo-home:/opt/rustwide/cargo-home:ro,Z" "-v" "/var/lib/crater-agent-workspace/rustup-home:/opt/rustwide/rustup-home:ro,Z" "-e" "SOURCE_DIR=/opt/rustwide/workdir" "-e" "CARGO_TARGET_DIR=/opt/rustwide/target" "-e" "CARGO_INCREMENTAL=0" "-e" "RUST_BACKTRACE=full" "-e" "RUSTFLAGS=--cap-lints=forbid" "-e" "RUSTDOCFLAGS=--cap-lints=forbid" "-e" "CARGO_HOME=/opt/rustwide/cargo-home" "-e" "RUSTUP_HOME=/opt/rustwide/rustup-home" "-w" "/opt/rustwide/workdir" "-m" "1610612736" "--user" "0:0" "--network" "none" "ghcr.io/rust-lang/crates-build-env/linux@sha256:819108c5571ea2e421544af4d832f968d213c87fbe3707a016657f43d2f853bc" "/opt/rustwide/cargo-home/bin/cargo" "+nightly-2025-01-18" "test" "--frozen", kill_on_drop: false }`
[INFO] [stdout] 25eed2ac1a7dbc9b73399a3f579115bc5b329f40049a8310e17c3c335520994d
[INFO] running `Command { std: "docker" "start" "-a" "25eed2ac1a7dbc9b73399a3f579115bc5b329f40049a8310e17c3c335520994d", kill_on_drop: false }`
[INFO] [stderr] warning: unexpected `cfg` condition value: `used_linker`
[INFO] [stderr]   --> src/tests.rs:51:1
[INFO] [stderr]    |
[INFO] [stderr] 51 | #[ctor::ctor]
[INFO] [stderr]    | ^^^^^^^^^^^^^
[INFO] [stderr]    |
[INFO] [stderr]    = note: no expected values for `feature`
[INFO] [stderr]    = note: using a cfg inside a attribute macro will use the cfgs from the destination crate and not the ones from the defining crate
[INFO] [stderr]    = help: try referring to `ctor::ctor` crate for guidance on how handle this unexpected cfg
[INFO] [stderr]    = help: the attribute macro `ctor::ctor` may come from an old version of the `ctor` crate, try updating your dependency with `cargo update -p ctor`
[INFO] [stderr]    = note: see <https://doc.rust-lang.org/nightly/rustc/check-cfg/cargo-specifics.html> for more information about checking conditional configuration
[INFO] [stderr]    = note: `#[warn(unexpected_cfgs)]` on by default
[INFO] [stderr]    = note: this warning originates in the attribute macro `ctor::ctor` (in Nightly builds, run with -Z macro-backtrace for more info)
[INFO] [stderr] 
[INFO] [stderr] warning: `async-curl` (lib test) generated 1 warning
[INFO] [stderr]     Finished `test` profile [unoptimized + debuginfo] target(s) in 0.41s
[INFO] [stderr]      Running unittests src/lib.rs (/opt/rustwide/target/debug/deps/async_curl-3508ab0d74c92b2b)
[INFO] [stdout] 
[INFO] [stdout] running 4 tests
[INFO] [stderr] [2025-01-20T06:06:43Z TRACE async_curl::tests] HTTP task . . . .
[INFO] [stderr] [2025-01-20T06:06:43Z TRACE async_curl::tests] Other task . . . .
[INFO] [stderr] [2025-01-20T06:06:43Z DEBUG wiremock::mock_set] Handling request.
[INFO] [stderr] [2025-01-20T06:06:43Z DEBUG wiremock::mock_set] Handling request.
[INFO] [stderr] [2025-01-20T06:06:43Z DEBUG wiremock::mock_set] Handling request.
[INFO] [stderr] [2025-01-20T06:06:43Z DEBUG wiremock::mock_set] Handling request.
[INFO] [stderr] [2025-01-20T06:06:43Z TRACE async_curl::tests] Other task . . . .
[INFO] [stderr] [2025-01-20T06:06:43Z TRACE async_curl::tests] Other task . . . .
[INFO] [stderr] [2025-01-20T06:06:43Z TRACE async_curl::tests] Other task . . . .
[INFO] [stdout] test tests::test_error ... ok
[INFO] [stderr] [2025-01-20T06:06:43Z DEBUG wiremock::mock_server::exposed_server] Verify mock expectations.
[INFO] [stdout] test tests::test_async_requests ... ok
[INFO] [stderr] [2025-01-20T06:06:43Z TRACE async_curl::tests] Easy { handle: 0x775a6000bc40, handler: ResponseHandler { data: Some([123, 34, 116, 111, 107, 101, 110, 34, 58, 34, 49, 50, 51, 52, 53, 34, 125]) } }
[INFO] [stdout] test tests::test_curl_builder ... ok
[INFO] [stderr] [2025-01-20T06:06:43Z DEBUG wiremock::mock_server::exposed_server] Verify mock expectations.
[INFO] [stderr] [2025-01-20T06:06:43Z TRACE async_curl::tests] Other task . . . .
[INFO] [stderr] [2025-01-20T06:06:43Z TRACE async_curl::actor] Warning! The receiver has been dropped. Ok(Easy { handle: 0x775a6400c200, handler: ResponseHandler { data: Some([123, 34, 116, 111, 107, 101, 110, 34, 58, 34, 49, 50, 51, 52, 53, 34, 125]) } })
[INFO] [stderr] [2025-01-20T06:06:43Z TRACE async_curl::tests] Other task . . . .
[INFO] [stderr] [2025-01-20T06:06:43Z TRACE async_curl::tests] Other task . . . .
[INFO] [stderr] [2025-01-20T06:06:43Z TRACE async_curl::tests] Other task . . . .
[INFO] [stderr] [2025-01-20T06:06:44Z TRACE async_curl::tests] Other task . . . .
[INFO] [stderr] [2025-01-20T06:06:44Z TRACE async_curl::tests] Other task . . . .
[INFO] [stderr] [2025-01-20T06:06:44Z DEBUG wiremock::mock_server::exposed_server] Verify mock expectations.
[INFO] [stdout] test tests::test_concurrency_abort ... ok
[INFO] [stdout] 
[INFO] [stdout] test result: ok. 4 passed; 0 failed; 0 ignored; 0 measured; 0 filtered out; finished in 0.53s
[INFO] [stdout] 
[INFO] [stderr]    Doc-tests async_curl
[INFO] [stdout] 
[INFO] [stdout] running 3 tests
[INFO] [stdout] test src/actor.rs - actor::CurlActor (line 27) ... FAILED
[INFO] [stdout] test src/actor.rs - actor::CurlActor (line 77) ... ok
[INFO] [stdout] test src/lib.rs - (line 5) ... ok
[INFO] [stdout] 
[INFO] [stdout] failures:
[INFO] [stdout] 
[INFO] [stdout] ---- src/actor.rs - actor::CurlActor (line 27) stdout ----
[INFO] [stdout] Test executable failed (exit status: 101).
[INFO] [stdout] 
[INFO] [stdout] stderr:
[INFO] [stdout] 
[INFO] [stdout] thread 'main' panicked at src/actor.rs:43:47:
[INFO] [stdout] called `Result::unwrap()` on an `Err` value: Curl(Error { description: "Couldn't resolve host name", code: 6, extra: None })
[INFO] [stdout] stack backtrace:
[INFO] [stdout]    0:     0x607441b305ea - std::backtrace_rs::backtrace::libunwind::trace::hb059275cfc8d6126
[INFO] [stdout]                                at /rustc/6067b36314ab5eb2eb47cecc464545ba58e1ad24/library/std/src/../../backtrace/src/backtrace/libunwind.rs:116:5
[INFO] [stdout]    1:     0x607441b305ea - std::backtrace_rs::backtrace::trace_unsynchronized::h2da071e4327ce3ee
[INFO] [stdout]                                at /rustc/6067b36314ab5eb2eb47cecc464545ba58e1ad24/library/std/src/../../backtrace/src/backtrace/mod.rs:66:5
[INFO] [stdout]    2:     0x607441b305ea - std::sys::backtrace::_print_fmt::h842a1474e6f8d23f
[INFO] [stdout]                                at /rustc/6067b36314ab5eb2eb47cecc464545ba58e1ad24/library/std/src/sys/backtrace.rs:66:9
[INFO] [stdout]    3:     0x607441b305ea - <std::sys::backtrace::BacktraceLock::print::DisplayBacktrace as core::fmt::Display>::fmt::h71a62eb3b9696b12
[INFO] [stdout]                                at /rustc/6067b36314ab5eb2eb47cecc464545ba58e1ad24/library/std/src/sys/backtrace.rs:39:26
[INFO] [stdout]    4:     0x607441b4ede3 - core::fmt::rt::Argument::fmt::hdb6b616786b41dc1
[INFO] [stdout]                                at /rustc/6067b36314ab5eb2eb47cecc464545ba58e1ad24/library/core/src/fmt/rt.rs:177:76
[INFO] [stdout]    5:     0x607441b4ede3 - core::fmt::write::h2cc1698af7e2d686
[INFO] [stdout]                                at /rustc/6067b36314ab5eb2eb47cecc464545ba58e1ad24/library/core/src/fmt/mod.rs:1440:21
[INFO] [stdout]    6:     0x607441b2d8a3 - std::io::Write::write_fmt::h00c8700df393f328
[INFO] [stdout]                                at /rustc/6067b36314ab5eb2eb47cecc464545ba58e1ad24/library/std/src/io/mod.rs:1887:15
[INFO] [stdout]    7:     0x607441b30432 - std::sys::backtrace::BacktraceLock::print::h147fe35b4ea13b08
[INFO] [stdout]                                at /rustc/6067b36314ab5eb2eb47cecc464545ba58e1ad24/library/std/src/sys/backtrace.rs:42:9
[INFO] [stdout]    8:     0x607441b3138f - std::panicking::default_hook::{{closure}}::hbd44223dbdc0d208
[INFO] [stdout]                                at /rustc/6067b36314ab5eb2eb47cecc464545ba58e1ad24/library/std/src/panicking.rs:298:22
[INFO] [stdout]    9:     0x607441b311fa - std::panicking::default_hook::h20f81eb0576efcec
[INFO] [stdout]                                at /rustc/6067b36314ab5eb2eb47cecc464545ba58e1ad24/library/std/src/panicking.rs:325:9
[INFO] [stdout]   10:     0x607441b31db2 - std::panicking::rust_panic_with_hook::h625eea43051b2edc
[INFO] [stdout]                                at /rustc/6067b36314ab5eb2eb47cecc464545ba58e1ad24/library/std/src/panicking.rs:831:13
[INFO] [stdout]   11:     0x607441b31b3a - std::panicking::begin_panic_handler::{{closure}}::h4f9159cfbc3f6bd3
[INFO] [stdout]                                at /rustc/6067b36314ab5eb2eb47cecc464545ba58e1ad24/library/std/src/panicking.rs:704:13
[INFO] [stdout]   12:     0x607441b30ae9 - std::sys::backtrace::__rust_end_short_backtrace::h0390abce48353151
[INFO] [stdout]                                at /rustc/6067b36314ab5eb2eb47cecc464545ba58e1ad24/library/std/src/sys/backtrace.rs:168:18
[INFO] [stdout]   13:     0x607441b317cd - rust_begin_unwind
[INFO] [stdout]                                at /rustc/6067b36314ab5eb2eb47cecc464545ba58e1ad24/library/std/src/panicking.rs:695:5
[INFO] [stdout]   14:     0x607441b4de90 - core::panicking::panic_fmt::h9e7c637e9e5f29c9
[INFO] [stdout]                                at /rustc/6067b36314ab5eb2eb47cecc464545ba58e1ad24/library/core/src/panicking.rs:75:14
[INFO] [stdout]   15:     0x607441b4e306 - core::result::unwrap_failed::h7979f09313fe1849
[INFO] [stdout]                                at /rustc/6067b36314ab5eb2eb47cecc464545ba58e1ad24/library/core/src/result.rs:1704:5
[INFO] [stdout]   16:     0x607441ab607f - rust_out::main::{{closure}}::h0db5994fb41e1674
[INFO] [stdout]   17:     0x607441ab4087 - <core::pin::Pin<P> as core::future::future::Future>::poll::hde07b12db52378a6
[INFO] [stdout]   18:     0x607441ab3604 - tokio::runtime::scheduler::current_thread::CoreGuard::block_on::{{closure}}::{{closure}}::{{closure}}::hde9aeb03542cf460
[INFO] [stdout]   19:     0x607441ab33ad - tokio::runtime::scheduler::current_thread::CoreGuard::block_on::{{closure}}::{{closure}}::h6203ed013acb8e4f
[INFO] [stdout]   20:     0x607441ab117d - tokio::runtime::scheduler::current_thread::Context::enter::he1f3271cada9f025
[INFO] [stdout]   21:     0x607441ab238b - tokio::runtime::scheduler::current_thread::CoreGuard::block_on::{{closure}}::h5d4ef778ca7c324d
[INFO] [stdout]   22:     0x607441ab208b - tokio::runtime::scheduler::current_thread::CoreGuard::enter::{{closure}}::h0a9ff249e94ab214
[INFO] [stdout]   23:     0x607441aaf400 - tokio::runtime::context::scoped::Scoped<T>::set::hc02d40a8ec2bf5c6
[INFO] [stdout]   24:     0x607441aaf0f3 - tokio::runtime::context::set_scheduler::{{closure}}::h9fea5e353d30ba50
[INFO] [stdout]   25:     0x607441a9b60d - std::thread::local::LocalKey<T>::try_with::h0542b1aeab016ca7
[INFO] [stdout]   26:     0x607441a9b2b8 - std::thread::local::LocalKey<T>::with::ha0df19f577b676ad
[INFO] [stdout]   27:     0x607441aaf02b - tokio::runtime::context::set_scheduler::h516b14d107f5cb8b
[INFO] [stdout]   28:     0x607441ab19fe - tokio::runtime::scheduler::current_thread::CoreGuard::enter::h5b3492b02ebc5e27
[INFO] [stdout]   29:     0x607441ab213c - tokio::runtime::scheduler::current_thread::CoreGuard::block_on::h33f35d0e6c177aa2
[INFO] [stdout]   30:     0x607441ab02f6 - tokio::runtime::scheduler::current_thread::CurrentThread::block_on::{{closure}}::ha45051cc73b3ea13
[INFO] [stdout]   31:     0x607441aaf538 - tokio::runtime::context::runtime::enter_runtime::h27af269dba4a445d
[INFO] [stdout]   32:     0x607441aafef2 - tokio::runtime::scheduler::current_thread::CurrentThread::block_on::h7dc8daf67e47244f
[INFO] [stdout]   33:     0x607441aafc5d - tokio::runtime::runtime::Runtime::block_on::h565b2efdc425f2fb
[INFO] [stdout]   34:     0x607441ab5aac - rust_out::main::h6a2dd21463730121
[INFO] [stdout]   35:     0x607441a9f153 - core::ops::function::FnOnce::call_once::h5dbaaf9097200eb4
[INFO] [stdout]   36:     0x607441a9a836 - std::sys::backtrace::__rust_begin_short_backtrace::h3c5f80503fbf61d7
[INFO] [stdout]   37:     0x607441a9a819 - std::rt::lang_start::{{closure}}::h8cb3cb09b4520439
[INFO] [stdout]   38:     0x607441b2a360 - core::ops::function::impls::<impl core::ops::function::FnOnce<A> for &F>::call_once::h1b085b6c1d2518b2
[INFO] [stdout]                                at /rustc/6067b36314ab5eb2eb47cecc464545ba58e1ad24/library/core/src/ops/function.rs:284:13
[INFO] [stdout]   39:     0x607441b2a360 - std::panicking::try::do_call::h382f964a5a23b565
[INFO] [stdout]                                at /rustc/6067b36314ab5eb2eb47cecc464545ba58e1ad24/library/std/src/panicking.rs:587:40
[INFO] [stdout]   40:     0x607441b2a360 - std::panicking::try::h57f991055eb622f9
[INFO] [stdout]                                at /rustc/6067b36314ab5eb2eb47cecc464545ba58e1ad24/library/std/src/panicking.rs:550:19
[INFO] [stdout]   41:     0x607441b2a360 - std::panic::catch_unwind::h4d9a74ef04456343
[INFO] [stdout]                                at /rustc/6067b36314ab5eb2eb47cecc464545ba58e1ad24/library/std/src/panic.rs:358:14
[INFO] [stdout]   42:     0x607441b2a360 - std::rt::lang_start_internal::{{closure}}::h2faa8ae84a93f314
[INFO] [stdout]                                at /rustc/6067b36314ab5eb2eb47cecc464545ba58e1ad24/library/std/src/rt.rs:163:24
[INFO] [stdout]   43:     0x607441b2a360 - std::panicking::try::do_call::h0f8932bf638a9bf5
[INFO] [stdout]                                at /rustc/6067b36314ab5eb2eb47cecc464545ba58e1ad24/library/std/src/panicking.rs:587:40
[INFO] [stdout]   44:     0x607441b2a360 - std::panicking::try::h683416ea756b175d
[INFO] [stdout]                                at /rustc/6067b36314ab5eb2eb47cecc464545ba58e1ad24/library/std/src/panicking.rs:550:19
[INFO] [stdout]   45:     0x607441b2a360 - std::panic::catch_unwind::h56189fac8994979f
[INFO] [stdout]                                at /rustc/6067b36314ab5eb2eb47cecc464545ba58e1ad24/library/std/src/panic.rs:358:14
[INFO] [stdout]   46:     0x607441b2a360 - std::rt::lang_start_internal::h8bbc1061691274fe
[INFO] [stdout]                                at /rustc/6067b36314ab5eb2eb47cecc464545ba58e1ad24/library/std/src/rt.rs:159:5
[INFO] [stdout]   47:     0x607441a9a801 - std::rt::lang_start::h03a72ae0d84ec2d1
[INFO] [stdout]   48:     0x607441ab6285 - main
[INFO] [stdout]   49:     0x7fe877bafd90 - <unknown>
[INFO] [stdout]   50:     0x7fe877bafe40 - __libc_start_main
[INFO] [stdout]   51:     0x607441a98c85 - _start
[INFO] [stdout]   52:                0x0 - <unknown>
[INFO] [stdout] 
[INFO] [stdout] 
[INFO] [stdout] 
[INFO] [stdout] failures:
[INFO] [stdout]     src/actor.rs - actor::CurlActor (line 27)
[INFO] [stdout] 
[INFO] [stdout] test result: FAILED. 2 passed; 1 failed; 0 ignored; 0 measured; 0 filtered out; finished in 2.18s
[INFO] [stdout] 
[INFO] [stderr] error: doctest failed, to rerun pass `--doc`
[INFO] running `Command { std: "docker" "inspect" "25eed2ac1a7dbc9b73399a3f579115bc5b329f40049a8310e17c3c335520994d", kill_on_drop: false }`
[INFO] running `Command { std: "docker" "rm" "-f" "25eed2ac1a7dbc9b73399a3f579115bc5b329f40049a8310e17c3c335520994d", kill_on_drop: false }`
[INFO] [stdout] 25eed2ac1a7dbc9b73399a3f579115bc5b329f40049a8310e17c3c335520994d
