[INFO] cloning repository https://github.com/LonnonDev/lemonmath
[INFO] running `Command { std: "git" "-c" "credential.helper=" "-c" "credential.helper=/workspace/cargo-home/bin/git-credential-null" "clone" "--bare" "https://github.com/LonnonDev/lemonmath" "/workspace/cache/git-repos/https%3A%2F%2Fgithub.com%2FLonnonDev%2Flemonmath", kill_on_drop: false }`
[INFO] [stderr] Cloning into bare repository '/workspace/cache/git-repos/https%3A%2F%2Fgithub.com%2FLonnonDev%2Flemonmath'...
[INFO] running `Command { std: "git" "rev-parse" "HEAD", kill_on_drop: false }`
[INFO] [stdout] 66485408287ccb9b8d72bc99f749f8fe5fcaeed7
[INFO] testing LonnonDev/lemonmath against nightly-2025-01-18+rustflags=-Zrandomize-layout for randomize-layout-2
[INFO] running `Command { std: "git" "clone" "/workspace/cache/git-repos/https%3A%2F%2Fgithub.com%2FLonnonDev%2Flemonmath" "/workspace/builds/worker-0-tc2/source", kill_on_drop: false }`
[INFO] [stderr] Cloning into '/workspace/builds/worker-0-tc2/source'...
[INFO] [stderr] done.
[INFO] validating manifest of git repo https://github.com/LonnonDev/lemonmath on toolchain nightly-2025-01-18
[INFO] running `Command { std: CARGO_HOME="/workspace/cargo-home" RUSTUP_HOME="/workspace/rustup-home" "/workspace/cargo-home/bin/cargo" "+nightly-2025-01-18" "metadata" "--manifest-path" "Cargo.toml" "--no-deps", kill_on_drop: false }`
[INFO] started tweaking git repo https://github.com/LonnonDev/lemonmath
[INFO] finished tweaking git repo https://github.com/LonnonDev/lemonmath
[INFO] tweaked toml for git repo https://github.com/LonnonDev/lemonmath written to /workspace/builds/worker-0-tc2/source/Cargo.toml
[INFO] crate git repo https://github.com/LonnonDev/lemonmath already has a lockfile, it will not be regenerated
[INFO] running `Command { std: CARGO_HOME="/workspace/cargo-home" RUSTUP_HOME="/workspace/rustup-home" "/workspace/cargo-home/bin/cargo" "+nightly-2025-01-18" "fetch" "--manifest-path" "Cargo.toml", kill_on_drop: false }`
[INFO] running `Command { std: "docker" "create" "-v" "/var/lib/crater-agent-workspace/builds/worker-0-tc2/target:/opt/rustwide/target:rw,Z" "-v" "/var/lib/crater-agent-workspace/builds/worker-0-tc2/source:/opt/rustwide/workdir:ro,Z" "-v" "/var/lib/crater-agent-workspace/cargo-home:/opt/rustwide/cargo-home:ro,Z" "-v" "/var/lib/crater-agent-workspace/rustup-home:/opt/rustwide/rustup-home:ro,Z" "-e" "SOURCE_DIR=/opt/rustwide/workdir" "-e" "CARGO_TARGET_DIR=/opt/rustwide/target" "-e" "CARGO_HOME=/opt/rustwide/cargo-home" "-e" "RUSTUP_HOME=/opt/rustwide/rustup-home" "-w" "/opt/rustwide/workdir" "-m" "1610612736" "--user" "0:0" "--network" "none" "ghcr.io/rust-lang/crates-build-env/linux@sha256:819108c5571ea2e421544af4d832f968d213c87fbe3707a016657f43d2f853bc" "/opt/rustwide/cargo-home/bin/cargo" "+nightly-2025-01-18" "metadata" "--no-deps" "--format-version=1", kill_on_drop: false }`
[INFO] [stdout] d387d12525914fdabd86d89fc2fdb847376e1ab9276487beeba83c0d6dcf7096
[INFO] running `Command { std: "docker" "start" "-a" "d387d12525914fdabd86d89fc2fdb847376e1ab9276487beeba83c0d6dcf7096", kill_on_drop: false }`
[INFO] running `Command { std: "docker" "inspect" "d387d12525914fdabd86d89fc2fdb847376e1ab9276487beeba83c0d6dcf7096", kill_on_drop: false }`
[INFO] running `Command { std: "docker" "rm" "-f" "d387d12525914fdabd86d89fc2fdb847376e1ab9276487beeba83c0d6dcf7096", kill_on_drop: false }`
[INFO] [stdout] d387d12525914fdabd86d89fc2fdb847376e1ab9276487beeba83c0d6dcf7096
[INFO] running `Command { std: "docker" "create" "-v" "/var/lib/crater-agent-workspace/builds/worker-0-tc2/target:/opt/rustwide/target:rw,Z" "-v" "/var/lib/crater-agent-workspace/builds/worker-0-tc2/source:/opt/rustwide/workdir:ro,Z" "-v" "/var/lib/crater-agent-workspace/cargo-home:/opt/rustwide/cargo-home:ro,Z" "-v" "/var/lib/crater-agent-workspace/rustup-home:/opt/rustwide/rustup-home:ro,Z" "-e" "SOURCE_DIR=/opt/rustwide/workdir" "-e" "CARGO_TARGET_DIR=/opt/rustwide/target" "-e" "CARGO_INCREMENTAL=0" "-e" "RUST_BACKTRACE=full" "-e" "RUSTFLAGS=--cap-lints=forbid -Zrandomize-layout" "-e" "RUSTDOCFLAGS=--cap-lints=forbid" "-e" "CARGO_HOME=/opt/rustwide/cargo-home" "-e" "RUSTUP_HOME=/opt/rustwide/rustup-home" "-w" "/opt/rustwide/workdir" "-m" "1610612736" "--user" "0:0" "--network" "none" "ghcr.io/rust-lang/crates-build-env/linux@sha256:819108c5571ea2e421544af4d832f968d213c87fbe3707a016657f43d2f853bc" "/opt/rustwide/cargo-home/bin/cargo" "+nightly-2025-01-18" "build" "--frozen" "--message-format=json", kill_on_drop: false }`
[INFO] [stdout] 5759fc49c512546653af3eddc0e6700ce858362580a9af350cbc4ec52e89a735
[INFO] running `Command { std: "docker" "start" "-a" "5759fc49c512546653af3eddc0e6700ce858362580a9af350cbc4ec52e89a735", kill_on_drop: false }`
[INFO] [stderr]    Compiling lemonmath v0.1.4 (/opt/rustwide/workdir)
[INFO] [stderr]     Finished `dev` profile [unoptimized + debuginfo] target(s) in 0.53s
[INFO] running `Command { std: "docker" "inspect" "5759fc49c512546653af3eddc0e6700ce858362580a9af350cbc4ec52e89a735", kill_on_drop: false }`
[INFO] running `Command { std: "docker" "rm" "-f" "5759fc49c512546653af3eddc0e6700ce858362580a9af350cbc4ec52e89a735", kill_on_drop: false }`
[INFO] [stdout] 5759fc49c512546653af3eddc0e6700ce858362580a9af350cbc4ec52e89a735
[INFO] running `Command { std: "docker" "create" "-v" "/var/lib/crater-agent-workspace/builds/worker-0-tc2/target:/opt/rustwide/target:rw,Z" "-v" "/var/lib/crater-agent-workspace/builds/worker-0-tc2/source:/opt/rustwide/workdir:ro,Z" "-v" "/var/lib/crater-agent-workspace/cargo-home:/opt/rustwide/cargo-home:ro,Z" "-v" "/var/lib/crater-agent-workspace/rustup-home:/opt/rustwide/rustup-home:ro,Z" "-e" "SOURCE_DIR=/opt/rustwide/workdir" "-e" "CARGO_TARGET_DIR=/opt/rustwide/target" "-e" "CARGO_INCREMENTAL=0" "-e" "RUST_BACKTRACE=full" "-e" "RUSTFLAGS=--cap-lints=forbid -Zrandomize-layout" "-e" "RUSTDOCFLAGS=--cap-lints=forbid" "-e" "CARGO_HOME=/opt/rustwide/cargo-home" "-e" "RUSTUP_HOME=/opt/rustwide/rustup-home" "-w" "/opt/rustwide/workdir" "-m" "1610612736" "--user" "0:0" "--network" "none" "ghcr.io/rust-lang/crates-build-env/linux@sha256:819108c5571ea2e421544af4d832f968d213c87fbe3707a016657f43d2f853bc" "/opt/rustwide/cargo-home/bin/cargo" "+nightly-2025-01-18" "test" "--frozen" "--no-run" "--message-format=json", kill_on_drop: false }`
[INFO] [stdout] a3c04899a8b859fa4d8e368e235ae695a1b6c39064a8c220164f265884ed3781
[INFO] running `Command { std: "docker" "start" "-a" "a3c04899a8b859fa4d8e368e235ae695a1b6c39064a8c220164f265884ed3781", kill_on_drop: false }`
[INFO] [stderr]    Compiling lemonmath v0.1.4 (/opt/rustwide/workdir)
[INFO] [stdout] warning: unused variable: `y`
[INFO] [stdout]   --> src/fraction.rs:63:9
[INFO] [stdout]    |
[INFO] [stdout] 63 |     let y = Fraction::from_float(1.0);
[INFO] [stdout]    |         ^ help: if this is intentional, prefix it with an underscore: `_y`
[INFO] [stdout]    |
[INFO] [stdout]    = note: `#[warn(unused_variables)]` on by default
[INFO] [stdout] 
[INFO] [stdout] 
[INFO] [stderr]     Finished `test` profile [unoptimized + debuginfo] target(s) in 0.53s
[INFO] running `Command { std: "docker" "inspect" "a3c04899a8b859fa4d8e368e235ae695a1b6c39064a8c220164f265884ed3781", kill_on_drop: false }`
[INFO] running `Command { std: "docker" "rm" "-f" "a3c04899a8b859fa4d8e368e235ae695a1b6c39064a8c220164f265884ed3781", kill_on_drop: false }`
[INFO] [stdout] a3c04899a8b859fa4d8e368e235ae695a1b6c39064a8c220164f265884ed3781
[INFO] running `Command { std: "docker" "create" "-v" "/var/lib/crater-agent-workspace/builds/worker-0-tc2/target:/opt/rustwide/target:rw,Z" "-v" "/var/lib/crater-agent-workspace/builds/worker-0-tc2/source:/opt/rustwide/workdir:ro,Z" "-v" "/var/lib/crater-agent-workspace/cargo-home:/opt/rustwide/cargo-home:ro,Z" "-v" "/var/lib/crater-agent-workspace/rustup-home:/opt/rustwide/rustup-home:ro,Z" "-e" "SOURCE_DIR=/opt/rustwide/workdir" "-e" "CARGO_TARGET_DIR=/opt/rustwide/target" "-e" "CARGO_INCREMENTAL=0" "-e" "RUST_BACKTRACE=full" "-e" "RUSTFLAGS=--cap-lints=forbid -Zrandomize-layout" "-e" "RUSTDOCFLAGS=--cap-lints=forbid" "-e" "CARGO_HOME=/opt/rustwide/cargo-home" "-e" "RUSTUP_HOME=/opt/rustwide/rustup-home" "-w" "/opt/rustwide/workdir" "-m" "1610612736" "--user" "0:0" "--network" "none" "ghcr.io/rust-lang/crates-build-env/linux@sha256:819108c5571ea2e421544af4d832f968d213c87fbe3707a016657f43d2f853bc" "/opt/rustwide/cargo-home/bin/cargo" "+nightly-2025-01-18" "test" "--frozen", kill_on_drop: false }`
[INFO] [stdout] ed0336b5d2257bbe5ead7d5e82a0154d3e274c788847856d871749edb9b581fe
[INFO] running `Command { std: "docker" "start" "-a" "ed0336b5d2257bbe5ead7d5e82a0154d3e274c788847856d871749edb9b581fe", kill_on_drop: false }`
[INFO] [stderr] warning: unused variable: `y`
[INFO] [stderr]   --> src/fraction.rs:63:9
[INFO] [stderr]    |
[INFO] [stderr] 63 |     let y = Fraction::from_float(1.0);
[INFO] [stderr]    |         ^ help: if this is intentional, prefix it with an underscore: `_y`
[INFO] [stderr]    |
[INFO] [stderr]    = note: `#[warn(unused_variables)]` on by default
[INFO] [stderr] 
[INFO] [stderr] warning: `lemonmath` (lib test) generated 1 warning
[INFO] [stderr]     Finished `test` profile [unoptimized + debuginfo] target(s) in 0.02s
[INFO] [stderr]      Running unittests src/lib.rs (/opt/rustwide/target/debug/deps/lemonmath-e51ad5a7eafdd446)
[INFO] [stdout] 
[INFO] [stdout] running 2 tests
[INFO] [stdout] test fraction::fraction_test ... ok
[INFO] [stdout] test vectors::vector_test ... ok
[INFO] [stdout] 
[INFO] [stdout] test result: ok. 2 passed; 0 failed; 0 ignored; 0 measured; 0 filtered out; finished in 0.01s
[INFO] [stdout] 
[INFO] [stderr]    Doc-tests lemonmath
[INFO] [stdout] 
[INFO] [stdout] running 33 tests
[INFO] [stdout] test src/fraction.rs - fraction (line 5) ... FAILED
[INFO] [stdout] test src/fraction.rs - fraction::Fraction::add_number (line 120) ... ok
[INFO] [stdout] test src/fraction.rs - fraction::Fraction::add (line 217) ... ok
[INFO] [stdout] test src/fraction.rs - fraction::Fraction (line 70) ... ok
[INFO] [stdout] test src/fraction.rs - fraction::Fraction::div_assign (line 373) ... ok
[INFO] [stdout] test src/fraction.rs - fraction::Fraction::div (line 277) ... ok
[INFO] [stdout] test src/fraction.rs - fraction::Fraction::default (line 392) ... ok
[INFO] [stdout] test src/fraction.rs - fraction::Fraction::add_assign (line 316) ... ok
[INFO] [stdout] test src/fraction.rs - fraction::Fraction::div_number (line 158) ... ok
[INFO] [stdout] test src/fraction.rs - fraction::Fraction::fmt (line 295) ... ok
[INFO] [stdout] test src/fraction.rs - fraction::Fraction::mul_number (line 139) ... ok
[INFO] [stdout] test src/fraction.rs - fraction::Fraction::from_float (line 103) ... ok
[INFO] [stdout] test src/fraction.rs - fraction::Fraction::neg (line 411) ... ok
[INFO] [stdout] test src/fraction.rs - fraction::Fraction::reduce (line 190) ... ok
[INFO] [stdout] test src/fraction.rs - fraction::Fraction::mul (line 257) ... ok
[INFO] [stdout] test src/fraction.rs - fraction::Fraction::mul_assign (line 354) ... ok
[INFO] [stdout] test src/fraction.rs - fraction::Fraction::new (line 87) ... ok
[INFO] [stdout] test src/fraction.rs - fraction::Fraction::sub (line 237) ... ok
[INFO] [stdout] test src/helper.rs - helper::GCD (line 107) ... ok
[INFO] [stdout] test src/fraction.rs - fraction::Fraction::sub_number (line 172) ... ok
[INFO] [stdout] test src/vectors.rs - vectors (line 5) ... FAILED
[INFO] [stdout] test src/helper.rs - helper::GetDecimal (line 10) ... ok
[INFO] [stdout] test src/helper.rs - helper::BetterExponent (line 42) ... ok
[INFO] [stdout] test src/fraction.rs - fraction::Fraction::sub_assign (line 335) ... ok
[INFO] [stdout] test src/helper.rs - helper::VecToFraction (line 72) ... ok
[INFO] [stdout] test src/vectors.rs - vectors::Vector<T>::add (line 167) ... ok
[INFO] [stdout] test src/vectors.rs - vectors::Vector<T>::fmt (line 120) ... FAILED
[INFO] [stdout] test src/vectors.rs - vectors::Vector<T>::div (line 243) ... ok
[INFO] [stdout] test src/vectors.rs - vectors::Vector<T>::mul (line 213) ... ok
[INFO] [stdout] test src/vectors.rs - vectors::Vector<T>::new (line 66) ... ok
[INFO] [stdout] test src/vectors.rs - vectors::Vector<T>::push (line 86) ... ok
[INFO] [stdout] test src/vectors.rs - vectors::Vector<T>::sub (line 190) ... ok
[INFO] [stdout] test src/vectors.rs - vectors::Vector<T>::transpose (line 101) ... ok
[INFO] [stdout] 
[INFO] [stdout] failures:
[INFO] [stdout] 
[INFO] [stdout] ---- src/fraction.rs - fraction (line 5) stdout ----
[INFO] [stdout] error: cannot find macro `aseert_eq` in this scope
[INFO] [stdout]   --> src/fraction.rs:16:1
[INFO] [stdout]    |
[INFO] [stdout] 14 | aseert_eq!(format!("{}", x), "1/2");
[INFO] [stdout]    | ^^^^^^^^^ help: a macro with a similar name exists: `assert_eq`
[INFO] [stdout]   --> /rustc/6067b36314ab5eb2eb47cecc464545ba58e1ad24/library/core/src/macros/mod.rs:42:1
[INFO] [stdout]    |
[INFO] [stdout]    = note: similarly named macro `assert_eq` defined here
[INFO] [stdout] 
[INFO] [stdout] error: aborting due to 1 previous error
[INFO] [stdout] 
[INFO] [stdout] Couldn't compile the test.
[INFO] [stdout] ---- src/vectors.rs - vectors (line 5) stdout ----
[INFO] [stdout] error[E0277]: can't compare `{integer}` with `{float}`
[INFO] [stdout]   --> src/vectors.rs:12:1
[INFO] [stdout]    |
[INFO] [stdout] 10 | assert_eq!(x.content, vec![1.0, 2.0, 3.0, 4.0, 5.0]);
[INFO] [stdout]    | ^^^^^^^^^^^^^^^^^^^^^^^^^^^^^^^^^^^^^^^^^^^^^^^^^^^^ no implementation for `{integer} == {float}`
[INFO] [stdout]    |
[INFO] [stdout]    = help: the trait `PartialEq<{float}>` is not implemented for `{integer}`
[INFO] [stdout]    = help: the following other types implement trait `PartialEq<Rhs>`:
[INFO] [stdout]              f128
[INFO] [stdout]              f16
[INFO] [stdout]              f32
[INFO] [stdout]              f64
[INFO] [stdout]              i128
[INFO] [stdout]              i16
[INFO] [stdout]              i32
[INFO] [stdout]              i64
[INFO] [stdout]            and 8 others
[INFO] [stdout]    = note: required for `Vec<{integer}>` to implement `PartialEq<Vec<{float}>>`
[INFO] [stdout]    = note: this error originates in the macro `assert_eq` (in Nightly builds, run with -Z macro-backtrace for more info)
[INFO] [stdout] 
[INFO] [stdout] error: aborting due to 1 previous error
[INFO] [stdout] 
[INFO] [stdout] For more information about this error, try `rustc --explain E0277`.
[INFO] [stdout] Couldn't compile the test.
[INFO] [stdout] ---- src/vectors.rs - vectors::Vector<T>::fmt (line 120) stdout ----
[INFO] [stdout] Test executable failed (exit status: 101).
[INFO] [stdout] 
[INFO] [stdout] stderr:
[INFO] [stdout] 
[INFO] [stdout] thread 'main' panicked at src/vectors.rs:9:1:
[INFO] [stdout] assertion `left == right` failed
[INFO] [stdout]   left: "⎡ 1 ⎤\n⎢ 2 ⎥\n⎢ 3 ⎥\n⎢ 4 ⎥\n⎣ 5 ⎦"
[INFO] [stdout]  right: "[ 1.0 2.0 3.0 4.0 5.0 ]"
[INFO] [stdout] stack backtrace:
[INFO] [stdout]    0:     0x632f7e44a97a - std::backtrace_rs::backtrace::libunwind::trace::hb059275cfc8d6126
[INFO] [stdout]                                at /rustc/6067b36314ab5eb2eb47cecc464545ba58e1ad24/library/std/src/../../backtrace/src/backtrace/libunwind.rs:116:5
[INFO] [stdout]    1:     0x632f7e44a97a - std::backtrace_rs::backtrace::trace_unsynchronized::h2da071e4327ce3ee
[INFO] [stdout]                                at /rustc/6067b36314ab5eb2eb47cecc464545ba58e1ad24/library/std/src/../../backtrace/src/backtrace/mod.rs:66:5
[INFO] [stdout]    2:     0x632f7e44a97a - std::sys::backtrace::_print_fmt::h842a1474e6f8d23f
[INFO] [stdout]                                at /rustc/6067b36314ab5eb2eb47cecc464545ba58e1ad24/library/std/src/sys/backtrace.rs:66:9
[INFO] [stdout]    3:     0x632f7e44a97a - <std::sys::backtrace::BacktraceLock::print::DisplayBacktrace as core::fmt::Display>::fmt::h71a62eb3b9696b12
[INFO] [stdout]                                at /rustc/6067b36314ab5eb2eb47cecc464545ba58e1ad24/library/std/src/sys/backtrace.rs:39:26
[INFO] [stdout]    4:     0x632f7e46b6b3 - core::fmt::rt::Argument::fmt::hdb6b616786b41dc1
[INFO] [stdout]                                at /rustc/6067b36314ab5eb2eb47cecc464545ba58e1ad24/library/core/src/fmt/rt.rs:177:76
[INFO] [stdout]    5:     0x632f7e46b6b3 - core::fmt::write::h2cc1698af7e2d686
[INFO] [stdout]                                at /rustc/6067b36314ab5eb2eb47cecc464545ba58e1ad24/library/core/src/fmt/mod.rs:1440:21
[INFO] [stdout]    6:     0x632f7e447fe3 - std::io::Write::write_fmt::h00c8700df393f328
[INFO] [stdout]                                at /rustc/6067b36314ab5eb2eb47cecc464545ba58e1ad24/library/std/src/io/mod.rs:1887:15
[INFO] [stdout]    7:     0x632f7e44a7c2 - std::sys::backtrace::BacktraceLock::print::h147fe35b4ea13b08
[INFO] [stdout]                                at /rustc/6067b36314ab5eb2eb47cecc464545ba58e1ad24/library/std/src/sys/backtrace.rs:42:9
[INFO] [stdout]    8:     0x632f7e44b70f - std::panicking::default_hook::{{closure}}::hbd44223dbdc0d208
[INFO] [stdout]                                at /rustc/6067b36314ab5eb2eb47cecc464545ba58e1ad24/library/std/src/panicking.rs:298:22
[INFO] [stdout]    9:     0x632f7e44b57a - std::panicking::default_hook::h20f81eb0576efcec
[INFO] [stdout]                                at /rustc/6067b36314ab5eb2eb47cecc464545ba58e1ad24/library/std/src/panicking.rs:325:9
[INFO] [stdout]   10:     0x632f7e44bfe2 - std::panicking::rust_panic_with_hook::h625eea43051b2edc
[INFO] [stdout]                                at /rustc/6067b36314ab5eb2eb47cecc464545ba58e1ad24/library/std/src/panicking.rs:831:13
[INFO] [stdout]   11:     0x632f7e44be7a - std::panicking::begin_panic_handler::{{closure}}::h4f9159cfbc3f6bd3
[INFO] [stdout]                                at /rustc/6067b36314ab5eb2eb47cecc464545ba58e1ad24/library/std/src/panicking.rs:704:13
[INFO] [stdout]   12:     0x632f7e44ae79 - std::sys::backtrace::__rust_end_short_backtrace::h0390abce48353151
[INFO] [stdout]                                at /rustc/6067b36314ab5eb2eb47cecc464545ba58e1ad24/library/std/src/sys/backtrace.rs:168:18
[INFO] [stdout]   13:     0x632f7e44bb0d - rust_begin_unwind
[INFO] [stdout]                                at /rustc/6067b36314ab5eb2eb47cecc464545ba58e1ad24/library/std/src/panicking.rs:695:5
[INFO] [stdout]   14:     0x632f7e46a3b0 - core::panicking::panic_fmt::h9e7c637e9e5f29c9
[INFO] [stdout]                                at /rustc/6067b36314ab5eb2eb47cecc464545ba58e1ad24/library/core/src/panicking.rs:75:14
[INFO] [stdout]   15:     0x632f7e46a772 - core::panicking::assert_failed_inner::h538bec7c1374cd9c
[INFO] [stdout]   16:     0x632f7e428bb7 - core::panicking::assert_failed::hbca7771568cd7791
[INFO] [stdout]   17:     0x632f7e42a233 - rust_out::main::_doctest_main_src_vectors_rs_120_0::h573904b74f85d323
[INFO] [stdout]   18:     0x632f7e42a046 - rust_out::main::he88f0b9b281d54e0
[INFO] [stdout]   19:     0x632f7e428493 - core::ops::function::FnOnce::call_once::hcf3829d8b58d0254
[INFO] [stdout]   20:     0x632f7e4282e6 - std::sys::backtrace::__rust_begin_short_backtrace::h5e1527399e8d5bd4
[INFO] [stdout]   21:     0x632f7e4282c9 - std::rt::lang_start::{{closure}}::h2c234101ed7b1b74
[INFO] [stdout]   22:     0x632f7e446070 - core::ops::function::impls::<impl core::ops::function::FnOnce<A> for &F>::call_once::h1b085b6c1d2518b2
[INFO] [stdout]                                at /rustc/6067b36314ab5eb2eb47cecc464545ba58e1ad24/library/core/src/ops/function.rs:284:13
[INFO] [stdout]   23:     0x632f7e446070 - std::panicking::try::do_call::h382f964a5a23b565
[INFO] [stdout]                                at /rustc/6067b36314ab5eb2eb47cecc464545ba58e1ad24/library/std/src/panicking.rs:587:40
[INFO] [stdout]   24:     0x632f7e446070 - std::panicking::try::h57f991055eb622f9
[INFO] [stdout]                                at /rustc/6067b36314ab5eb2eb47cecc464545ba58e1ad24/library/std/src/panicking.rs:550:19
[INFO] [stdout]   25:     0x632f7e446070 - std::panic::catch_unwind::h4d9a74ef04456343
[INFO] [stdout]                                at /rustc/6067b36314ab5eb2eb47cecc464545ba58e1ad24/library/std/src/panic.rs:358:14
[INFO] [stdout]   26:     0x632f7e446070 - std::rt::lang_start_internal::{{closure}}::h2faa8ae84a93f314
[INFO] [stdout]                                at /rustc/6067b36314ab5eb2eb47cecc464545ba58e1ad24/library/std/src/rt.rs:163:24
[INFO] [stdout]   27:     0x632f7e446070 - std::panicking::try::do_call::h0f8932bf638a9bf5
[INFO] [stdout]                                at /rustc/6067b36314ab5eb2eb47cecc464545ba58e1ad24/library/std/src/panicking.rs:587:40
[INFO] [stdout]   28:     0x632f7e446070 - std::panicking::try::h683416ea756b175d
[INFO] [stdout]                                at /rustc/6067b36314ab5eb2eb47cecc464545ba58e1ad24/library/std/src/panicking.rs:550:19
[INFO] [stdout]   29:     0x632f7e446070 - std::panic::catch_unwind::h56189fac8994979f
[INFO] [stdout]                                at /rustc/6067b36314ab5eb2eb47cecc464545ba58e1ad24/library/std/src/panic.rs:358:14
[INFO] [stdout]   30:     0x632f7e446070 - std::rt::lang_start_internal::h8bbc1061691274fe
[INFO] [stdout]                                at /rustc/6067b36314ab5eb2eb47cecc464545ba58e1ad24/library/std/src/rt.rs:159:5
[INFO] [stdout]   31:     0x632f7e4282b1 - std::rt::lang_start::h601b10a269c70ef7
[INFO] [stdout]   32:     0x632f7e42a285 - main
[INFO] [stdout]   33:     0x7b51262b5d90 - <unknown>
[INFO] [stdout]   34:     0x7b51262b5e40 - __libc_start_main
[INFO] [stdout]   35:     0x632f7e4280f5 - _start
[INFO] [stdout]   36:                0x0 - <unknown>
[INFO] [stdout] 
[INFO] [stdout] 
[INFO] [stdout] 
[INFO] [stdout] failures:
[INFO] [stdout]     src/fraction.rs - fraction (line 5)
[INFO] [stdout]     src/vectors.rs - vectors (line 5)
[INFO] [stdout]     src/vectors.rs - vectors::Vector<T>::fmt (line 120)
[INFO] [stdout] 
[INFO] [stdout] test result: FAILED. 30 passed; 3 failed; 0 ignored; 0 measured; 0 filtered out; finished in 3.93s
[INFO] [stdout] 
[INFO] [stderr] error: doctest failed, to rerun pass `--doc`
[INFO] running `Command { std: "docker" "inspect" "ed0336b5d2257bbe5ead7d5e82a0154d3e274c788847856d871749edb9b581fe", kill_on_drop: false }`
[INFO] running `Command { std: "docker" "rm" "-f" "ed0336b5d2257bbe5ead7d5e82a0154d3e274c788847856d871749edb9b581fe", kill_on_drop: false }`
[INFO] [stdout] ed0336b5d2257bbe5ead7d5e82a0154d3e274c788847856d871749edb9b581fe
