[INFO] cloning repository https://github.com/Lokasku/lazy
[INFO] running `Command { std: "git" "-c" "credential.helper=" "-c" "credential.helper=/workspace/cargo-home/bin/git-credential-null" "clone" "--bare" "https://github.com/Lokasku/lazy" "/workspace/cache/git-repos/https%3A%2F%2Fgithub.com%2FLokasku%2Flazy", kill_on_drop: false }`
[INFO] [stderr] Cloning into bare repository '/workspace/cache/git-repos/https%3A%2F%2Fgithub.com%2FLokasku%2Flazy'...
[INFO] running `Command { std: "git" "rev-parse" "HEAD", kill_on_drop: false }`
[INFO] [stdout] 902e21df2e0a552724ffc7e9acb2995f850fc4ae
[INFO] testing Lokasku/lazy against nightly-2025-01-18 for randomize-layout-2
[INFO] running `Command { std: "git" "clone" "/workspace/cache/git-repos/https%3A%2F%2Fgithub.com%2FLokasku%2Flazy" "/workspace/builds/worker-1-tc1/source", kill_on_drop: false }`
[INFO] [stderr] Cloning into '/workspace/builds/worker-1-tc1/source'...
[INFO] [stderr] done.
[INFO] validating manifest of git repo https://github.com/Lokasku/lazy on toolchain nightly-2025-01-18
[INFO] running `Command { std: CARGO_HOME="/workspace/cargo-home" RUSTUP_HOME="/workspace/rustup-home" "/workspace/cargo-home/bin/cargo" "+nightly-2025-01-18" "metadata" "--manifest-path" "Cargo.toml" "--no-deps", kill_on_drop: false }`
[INFO] started tweaking git repo https://github.com/Lokasku/lazy
[INFO] finished tweaking git repo https://github.com/Lokasku/lazy
[INFO] tweaked toml for git repo https://github.com/Lokasku/lazy written to /workspace/builds/worker-1-tc1/source/Cargo.toml
[INFO] crate git repo https://github.com/Lokasku/lazy already has a lockfile, it will not be regenerated
[INFO] running `Command { std: CARGO_HOME="/workspace/cargo-home" RUSTUP_HOME="/workspace/rustup-home" "/workspace/cargo-home/bin/cargo" "+nightly-2025-01-18" "fetch" "--manifest-path" "Cargo.toml", kill_on_drop: false }`
[INFO] [stderr]     Updating crates.io index
[INFO] [stderr]  Downloading crates ...
[INFO] [stderr]   Downloaded never-say-never v6.6.666
[INFO] [stderr]   Downloaded higher-kinded-types v0.1.1
[INFO] [stderr]   Downloaded logos-derive v0.14.0
[INFO] [stderr]   Downloaded polonius-the-crab v0.4.1
[INFO] [stderr]   Downloaded logos-codegen v0.14.0
[INFO] [stderr]   Downloaded ariadne v0.4.0
[INFO] [stderr]   Downloaded logos v0.14.0
[INFO] running `Command { std: "docker" "create" "-v" "/var/lib/crater-agent-workspace/builds/worker-1-tc1/target:/opt/rustwide/target:rw,Z" "-v" "/var/lib/crater-agent-workspace/builds/worker-1-tc1/source:/opt/rustwide/workdir:ro,Z" "-v" "/var/lib/crater-agent-workspace/cargo-home:/opt/rustwide/cargo-home:ro,Z" "-v" "/var/lib/crater-agent-workspace/rustup-home:/opt/rustwide/rustup-home:ro,Z" "-e" "SOURCE_DIR=/opt/rustwide/workdir" "-e" "CARGO_TARGET_DIR=/opt/rustwide/target" "-e" "CARGO_HOME=/opt/rustwide/cargo-home" "-e" "RUSTUP_HOME=/opt/rustwide/rustup-home" "-w" "/opt/rustwide/workdir" "-m" "1610612736" "--user" "0:0" "--network" "none" "ghcr.io/rust-lang/crates-build-env/linux@sha256:819108c5571ea2e421544af4d832f968d213c87fbe3707a016657f43d2f853bc" "/opt/rustwide/cargo-home/bin/cargo" "+nightly-2025-01-18" "metadata" "--no-deps" "--format-version=1", kill_on_drop: false }`
[INFO] [stdout] e81521c6ef1ebf83b85929f94c6df92f2c762adf31cf556d15c111d272ebb502
[INFO] running `Command { std: "docker" "start" "-a" "e81521c6ef1ebf83b85929f94c6df92f2c762adf31cf556d15c111d272ebb502", kill_on_drop: false }`
[INFO] running `Command { std: "docker" "inspect" "e81521c6ef1ebf83b85929f94c6df92f2c762adf31cf556d15c111d272ebb502", kill_on_drop: false }`
[INFO] running `Command { std: "docker" "rm" "-f" "e81521c6ef1ebf83b85929f94c6df92f2c762adf31cf556d15c111d272ebb502", kill_on_drop: false }`
[INFO] [stdout] e81521c6ef1ebf83b85929f94c6df92f2c762adf31cf556d15c111d272ebb502
[INFO] running `Command { std: "docker" "create" "-v" "/var/lib/crater-agent-workspace/builds/worker-1-tc1/target:/opt/rustwide/target:rw,Z" "-v" "/var/lib/crater-agent-workspace/builds/worker-1-tc1/source:/opt/rustwide/workdir:ro,Z" "-v" "/var/lib/crater-agent-workspace/cargo-home:/opt/rustwide/cargo-home:ro,Z" "-v" "/var/lib/crater-agent-workspace/rustup-home:/opt/rustwide/rustup-home:ro,Z" "-e" "SOURCE_DIR=/opt/rustwide/workdir" "-e" "CARGO_TARGET_DIR=/opt/rustwide/target" "-e" "CARGO_INCREMENTAL=0" "-e" "RUST_BACKTRACE=full" "-e" "RUSTFLAGS=--cap-lints=forbid" "-e" "RUSTDOCFLAGS=--cap-lints=forbid" "-e" "CARGO_HOME=/opt/rustwide/cargo-home" "-e" "RUSTUP_HOME=/opt/rustwide/rustup-home" "-w" "/opt/rustwide/workdir" "-m" "1610612736" "--user" "0:0" "--network" "none" "ghcr.io/rust-lang/crates-build-env/linux@sha256:819108c5571ea2e421544af4d832f968d213c87fbe3707a016657f43d2f853bc" "/opt/rustwide/cargo-home/bin/cargo" "+nightly-2025-01-18" "build" "--frozen" "--message-format=json", kill_on_drop: false }`
[INFO] [stdout] d548abf23e694205d74c5daeaa5b7d7188bdd4e388f40477e322de9b4255228f
[INFO] running `Command { std: "docker" "start" "-a" "d548abf23e694205d74c5daeaa5b7d7188bdd4e388f40477e322de9b4255228f", kill_on_drop: false }`
[INFO] [stderr]    Compiling cc v1.0.92
[INFO] [stderr]    Compiling libc v0.2.153
[INFO] [stderr]    Compiling proc-macro2 v1.0.79
[INFO] [stderr]    Compiling lazy_static v1.4.0
[INFO] [stderr]    Compiling once_cell v1.19.0
[INFO] [stderr]    Compiling ahash v0.8.11
[INFO] [stderr]    Compiling zerocopy v0.7.32
[INFO] [stderr]    Compiling fnv v1.0.7
[INFO] [stderr]    Compiling regex-syntax v0.8.2
[INFO] [stderr]    Compiling beef v0.5.2
[INFO] [stderr]    Compiling allocator-api2 v0.2.16
[INFO] [stderr]    Compiling never-say-never v6.6.666
[INFO] [stderr]    Compiling concolor-query v0.3.3
[INFO] [stderr]    Compiling higher-kinded-types v0.1.1
[INFO] [stderr]    Compiling yansi v0.5.1
[INFO] [stderr]    Compiling unicode-width v0.1.11
[INFO] [stderr]    Compiling polonius-the-crab v0.4.1
[INFO] [stderr]    Compiling hashbrown v0.14.3
[INFO] [stderr]    Compiling quote v1.0.35
[INFO] [stderr]    Compiling syn v2.0.53
[INFO] [stderr]    Compiling is-terminal v0.4.12
[INFO] [stderr]    Compiling concolor v0.1.1
[INFO] [stderr]    Compiling psm v0.1.21
[INFO] [stderr]    Compiling stacker v0.1.15
[INFO] [stderr]    Compiling ariadne v0.4.0
[INFO] [stderr]    Compiling chumsky v0.9.3
[INFO] [stderr]    Compiling logos-codegen v0.14.0
[INFO] [stderr]    Compiling logos-derive v0.14.0
[INFO] [stderr]    Compiling logos v0.14.0
[INFO] [stderr]    Compiling risk v0.1.0 (/opt/rustwide/workdir)
[INFO] [stdout] warning: unused import: `ParsedExpr`
[INFO] [stdout]   --> src/parser/mod.rs:19:58
[INFO] [stdout]    |
[INFO] [stdout] 19 | use crate::ast::{App, BinOp, Bool, Literal, LiteralKind, ParsedExpr, TypeDecl};
[INFO] [stdout]    |                                                          ^^^^^^^^^^
[INFO] [stdout]    |
[INFO] [stdout]    = note: `#[warn(unused_imports)]` on by default
[INFO] [stdout] 
[INFO] [stdout] 
[INFO] [stdout] warning: elided lifetime has a name
[INFO] [stdout]    --> src/parser/lexer.rs:209:41
[INFO] [stdout]     |
[INFO] [stdout] 209 | pub fn lexer<'a>(input: &'a str) -> Vec<Token> {
[INFO] [stdout]     |              --                         ^^^^^ this elided lifetime gets resolved as `'a`
[INFO] [stdout]     |              |
[INFO] [stdout]     |              lifetime `'a` declared here
[INFO] [stdout]     |
[INFO] [stdout]     = note: `#[warn(elided_named_lifetimes)]` on by default
[INFO] [stdout] 
[INFO] [stdout] 
[INFO] [stdout] warning: unused import: `Type`
[INFO] [stdout]  --> src/semantics/tc/error.rs:2:18
[INFO] [stdout]   |
[INFO] [stdout] 2 | use crate::ast::{Type, Span};
[INFO] [stdout]   |                  ^^^^
[INFO] [stdout] 
[INFO] [stdout] 
[INFO] [stdout] warning: the feature `strict_provenance` has been stable since 1.84.0 and no longer requires an attribute to enable
[INFO] [stdout]   --> src/main.rs:19:12
[INFO] [stdout]    |
[INFO] [stdout] 19 | #![feature(strict_provenance)]
[INFO] [stdout]    |            ^^^^^^^^^^^^^^^^^
[INFO] [stdout]    |
[INFO] [stdout]    = note: `#[warn(stable_features)]` on by default
[INFO] [stdout] 
[INFO] [stdout] 
[INFO] [stdout] warning: unused variable: `span`
[INFO] [stdout]   --> src/semantics/tc/error.rs:55:56
[INFO] [stdout]    |
[INFO] [stdout] 55 |             TypeCheckerErrorKind::NonExhaustiveMatch { span } => {
[INFO] [stdout]    |                                                        ^^^^ help: try ignoring the field: `span: _`
[INFO] [stdout]    |
[INFO] [stdout]    = note: `#[warn(unused_variables)]` on by default
[INFO] [stdout] 
[INFO] [stdout] 
[INFO] [stdout] warning: unused variable: `span`
[INFO] [stdout]   --> src/semantics/tc/error.rs:58:50
[INFO] [stdout]    |
[INFO] [stdout] 58 |             TypeCheckerErrorKind::InfiniteType { span } => {
[INFO] [stdout]    |                                                  ^^^^ help: try ignoring the field: `span: _`
[INFO] [stdout] 
[INFO] [stdout] 
[INFO] [stdout] warning: unused variable: `span`
[INFO] [stdout]   --> src/semantics/tc/error.rs:61:51
[INFO] [stdout]    |
[INFO] [stdout] 61 |             TypeCheckerErrorKind::AmbiguousType { span } => {
[INFO] [stdout]    |                                                   ^^^^ help: try ignoring the field: `span: _`
[INFO] [stdout] 
[INFO] [stdout] 
[INFO] [stdout] warning: unused variable: `span`
[INFO] [stdout]   --> src/semantics/tc/error.rs:67:17
[INFO] [stdout]    |
[INFO] [stdout] 67 |                 span,
[INFO] [stdout]    |                 ^^^^ help: try ignoring the field: `span: _`
[INFO] [stdout] 
[INFO] [stdout] 
[INFO] [stdout] warning: unused variable: `span`
[INFO] [stdout]   --> src/semantics/tc/error.rs:74:54
[INFO] [stdout]    |
[INFO] [stdout] 74 |             TypeCheckerErrorKind::UnificationError { span } => {
[INFO] [stdout]    |                                                      ^^^^ help: try ignoring the field: `span: _`
[INFO] [stdout] 
[INFO] [stdout] 
[INFO] [stdout] warning: unused variable: `args`
[INFO] [stdout]   --> src/semantics/tc/mod.rs:80:39
[INFO] [stdout]    |
[INFO] [stdout] 80 |             AnnExpr::App(App { ident, args, span }) => {
[INFO] [stdout]    |                                       ^^^^ help: try ignoring the field: `args: _`
[INFO] [stdout] 
[INFO] [stdout] 
[INFO] [stdout] warning: unused variable: `span`
[INFO] [stdout]   --> src/semantics/tc/mod.rs:80:45
[INFO] [stdout]    |
[INFO] [stdout] 80 |             AnnExpr::App(App { ident, args, span }) => {
[INFO] [stdout]    |                                             ^^^^ help: try ignoring the field: `span: _`
[INFO] [stdout] 
[INFO] [stdout] 
[INFO] [stdout] warning: unused variable: `name`
[INFO] [stdout]   --> src/semantics/tc/mod.rs:94:17
[INFO] [stdout]    |
[INFO] [stdout] 94 |                 name,
[INFO] [stdout]    |                 ^^^^ help: try ignoring the field: `name: _`
[INFO] [stdout] 
[INFO] [stdout] 
[INFO] [stdout] warning: unused variable: `args`
[INFO] [stdout]   --> src/semantics/tc/mod.rs:95:17
[INFO] [stdout]    |
[INFO] [stdout] 95 |                 args,
[INFO] [stdout]    |                 ^^^^ help: try ignoring the field: `args: _`
[INFO] [stdout] 
[INFO] [stdout] 
[INFO] [stdout] warning: unused variable: `expr`
[INFO] [stdout]   --> src/semantics/tc/mod.rs:96:17
[INFO] [stdout]    |
[INFO] [stdout] 96 |                 expr,
[INFO] [stdout]    |                 ^^^^ help: try ignoring the field: `expr: _`
[INFO] [stdout] 
[INFO] [stdout] 
[INFO] [stdout] warning: unused variable: `span`
[INFO] [stdout]   --> src/semantics/tc/mod.rs:97:17
[INFO] [stdout]    |
[INFO] [stdout] 97 |                 span
[INFO] [stdout]    |                 ^^^^ help: try ignoring the field: `span: _`
[INFO] [stdout] 
[INFO] [stdout] 
[INFO] [stdout] warning: unused variable: `name`
[INFO] [stdout]   --> src/bytecode/chunk.rs:58:36
[INFO] [stdout]    |
[INFO] [stdout] 58 |     pub fn dissassemble(&mut self, name: &str) {
[INFO] [stdout]    |                                    ^^^^ help: if this is intentional, prefix it with an underscore: `_name`
[INFO] [stdout] 
[INFO] [stdout] 
[INFO] [stdout] warning: unused variable: `ret`
[INFO] [stdout]    --> src/compiler/mod.rs:162:35
[INFO] [stdout]     |
[INFO] [stdout] 162 |             AnnExpr::Let { binds, ret, ann } => {
[INFO] [stdout]     |                                   ^^^ help: try ignoring the field: `ret: _`
[INFO] [stdout] 
[INFO] [stdout] 
[INFO] [stdout] warning: method `get_span` is never used
[INFO] [stdout]    --> src/ast/mod.rs:137:12
[INFO] [stdout]     |
[INFO] [stdout] 136 | impl ParsedExpr {
[INFO] [stdout]     | --------------- method in this implementation
[INFO] [stdout] 137 |     pub fn get_span(&self) -> &Span {
[INFO] [stdout]     |            ^^^^^^^^
[INFO] [stdout]     |
[INFO] [stdout]     = note: `#[warn(dead_code)]` on by default
[INFO] [stdout] 
[INFO] [stdout] 
[INFO] [stdout] warning: method `get_span` is never used
[INFO] [stdout]    --> src/ast/mod.rs:290:12
[INFO] [stdout]     |
[INFO] [stdout] 289 | impl Type {
[INFO] [stdout]     | --------- method in this implementation
[INFO] [stdout] 290 |     pub fn get_span(&self) -> &Span {
[INFO] [stdout]     |            ^^^^^^^^
[INFO] [stdout] 
[INFO] [stdout] 
[INFO] [stdout] warning: method `get_span` is never used
[INFO] [stdout]    --> src/ast/mod.rs:312:12
[INFO] [stdout]     |
[INFO] [stdout] 311 | impl Pattern {
[INFO] [stdout]     | ------------ method in this implementation
[INFO] [stdout] 312 |     pub fn get_span(&self) -> &Span {
[INFO] [stdout]     |            ^^^^^^^^
[INFO] [stdout] 
[INFO] [stdout] 
[INFO] [stdout] warning: method `expect` is never used
[INFO] [stdout]    --> src/parser/mod.rs:117:8
[INFO] [stdout]     |
[INFO] [stdout] 40  | impl<'a> Parser<'a> {
[INFO] [stdout]     | ------------------- method in this implementation
[INFO] [stdout] ...
[INFO] [stdout] 117 |     fn expect(&mut self, token: Token<'a>) -> ParserResult<Token<'a>> {
[INFO] [stdout]     |        ^^^^^^
[INFO] [stdout] 
[INFO] [stdout] 
[INFO] [stdout] warning: variants `ExpectedNewline`, `UnexpectedEOF`, `UnexpectedTokenInPattern`, and `TooMuchExpr` are never constructed
[INFO] [stdout]   --> src/parser/error.rs:25:5
[INFO] [stdout]    |
[INFO] [stdout] 23 | pub enum ErrorKind {
[INFO] [stdout]    |          --------- variants in this enum
[INFO] [stdout] 24 |     UnexpectedToken { expected: String, found: Span },
[INFO] [stdout] 25 |     ExpectedNewline { found: Span },
[INFO] [stdout]    |     ^^^^^^^^^^^^^^^
[INFO] [stdout] 26 |     UnexpectedEOF { expected: String },
[INFO] [stdout]    |     ^^^^^^^^^^^^^
[INFO] [stdout] 27 |     UnexpectedEndOfInput,
[INFO] [stdout] 28 |     UnexpectedTokenInPattern { found: Span },
[INFO] [stdout]    |     ^^^^^^^^^^^^^^^^^^^^^^^^
[INFO] [stdout] 29 |     TooMuchExpr { found: Span },
[INFO] [stdout]    |     ^^^^^^^^^^^
[INFO] [stdout]    |
[INFO] [stdout]    = note: `ErrorKind` has derived impls for the traits `Clone` and `Debug`, but these are intentionally ignored during dead code analysis
[INFO] [stdout] 
[INFO] [stdout] 
[INFO] [stdout] warning: type alias `Variant` is never used
[INFO] [stdout]   --> src/semantics/tc/mod.rs:34:6
[INFO] [stdout]    |
[INFO] [stdout] 34 | type Variant = String;
[INFO] [stdout]    |      ^^^^^^^
[INFO] [stdout] 
[INFO] [stdout] 
[INFO] [stdout] warning: struct `TypeChecker` is never constructed
[INFO] [stdout]   --> src/semantics/tc/mod.rs:37:12
[INFO] [stdout]    |
[INFO] [stdout] 37 | pub struct TypeChecker {
[INFO] [stdout]    |            ^^^^^^^^^^^
[INFO] [stdout]    |
[INFO] [stdout]    = note: `TypeChecker` has a derived impl for the trait `Debug`, but this is intentionally ignored during dead code analysis
[INFO] [stdout] 
[INFO] [stdout] 
[INFO] [stdout] warning: associated items `new`, `get_type`, and `analyze_statement` are never used
[INFO] [stdout]   --> src/semantics/tc/mod.rs:48:12
[INFO] [stdout]    |
[INFO] [stdout] 47 | impl TypeChecker {
[INFO] [stdout]    | ---------------- associated items in this implementation
[INFO] [stdout] 48 |     pub fn new(filename: &'static str) -> Self {
[INFO] [stdout]    |            ^^^
[INFO] [stdout] ...
[INFO] [stdout] 60 |     pub fn get_type(&self, expr: AnnExpr<Span>) -> Option<Type> {
[INFO] [stdout]    |            ^^^^^^^^
[INFO] [stdout] ...
[INFO] [stdout] 91 |     pub fn analyze_statement(&mut self, statement: Statement<Span>) {
[INFO] [stdout]    |            ^^^^^^^^^^^^^^^^^
[INFO] [stdout] 
[INFO] [stdout] 
[INFO] [stdout] warning: type alias `Annot` is never used
[INFO] [stdout]  --> src/semantics/tc/ast.rs:3:10
[INFO] [stdout]   |
[INFO] [stdout] 3 | pub type Annot = (Span, Type);
[INFO] [stdout]   |          ^^^^^
[INFO] [stdout] 
[INFO] [stdout] 
[INFO] [stdout] warning: type alias `TypedExpr` is never used
[INFO] [stdout]  --> src/semantics/tc/ast.rs:4:6
[INFO] [stdout]   |
[INFO] [stdout] 4 | type TypedExpr = AnnExpr<Annot>;
[INFO] [stdout]   |      ^^^^^^^^^
[INFO] [stdout] 
[INFO] [stdout] 
[INFO] [stdout] warning: method `get_span` is never used
[INFO] [stdout]  --> src/semantics/tc/ast.rs:7:12
[INFO] [stdout]   |
[INFO] [stdout] 6 | impl TypedExpr {
[INFO] [stdout]   | -------------- method in this implementation
[INFO] [stdout] 7 |     pub fn get_span(&self) -> &Span {
[INFO] [stdout]   |            ^^^^^^^^
[INFO] [stdout] 
[INFO] [stdout] 
[INFO] [stdout] warning: enum `TypeCheckerErrorKind` is never used
[INFO] [stdout]  --> src/semantics/tc/error.rs:6:10
[INFO] [stdout]   |
[INFO] [stdout] 6 | pub enum TypeCheckerErrorKind {
[INFO] [stdout]   |          ^^^^^^^^^^^^^^^^^^^^
[INFO] [stdout]   |
[INFO] [stdout]   = note: `TypeCheckerErrorKind` has a derived impl for the trait `Debug`, but this is intentionally ignored during dead code analysis
[INFO] [stdout] 
[INFO] [stdout] 
[INFO] [stdout] warning: struct `TypeCheckerError` is never constructed
[INFO] [stdout]   --> src/semantics/tc/error.rs:31:12
[INFO] [stdout]    |
[INFO] [stdout] 31 | pub struct TypeCheckerError {
[INFO] [stdout]    |            ^^^^^^^^^^^^^^^^
[INFO] [stdout]    |
[INFO] [stdout]    = note: `TypeCheckerError` has a derived impl for the trait `Debug`, but this is intentionally ignored during dead code analysis
[INFO] [stdout] 
[INFO] [stdout] 
[INFO] [stdout] warning: method `report` is never used
[INFO] [stdout]   --> src/semantics/tc/error.rs:37:12
[INFO] [stdout]    |
[INFO] [stdout] 36 | impl TypeCheckerError {
[INFO] [stdout]    | --------------------- method in this implementation
[INFO] [stdout] 37 |     pub fn report(&self, filename: &str) {
[INFO] [stdout]    |            ^^^^^^
[INFO] [stdout] 
[INFO] [stdout] 
[INFO] [stdout] warning: associated items `as_int`, `into_bytecode`, and `from_bytecode` are never used
[INFO] [stdout]   --> src/bytecode/constant.rs:25:12
[INFO] [stdout]    |
[INFO] [stdout] 13 | impl Constant {
[INFO] [stdout]    | ------------- associated items in this implementation
[INFO] [stdout] ...
[INFO] [stdout] 25 |     pub fn as_int(&self) -> i64 {
[INFO] [stdout]    |            ^^^^^^
[INFO] [stdout] ...
[INFO] [stdout] 32 |     pub fn into_bytecode(&self) -> Vec<u8> {
[INFO] [stdout]    |            ^^^^^^^^^^^^^
[INFO] [stdout] ...
[INFO] [stdout] 64 |     pub fn from_bytecode(bytes: &[u8]) -> Self {
[INFO] [stdout]    |            ^^^^^^^^^^^^^
[INFO] [stdout] 
[INFO] [stdout] 
[INFO] [stdout] warning: field `dis_constinue` is never read
[INFO] [stdout]   --> src/bytecode/chunk.rs:11:5
[INFO] [stdout]    |
[INFO] [stdout] 6  | pub struct Chunk {
[INFO] [stdout]    |            ----- field in this struct
[INFO] [stdout] ...
[INFO] [stdout] 11 |     dis_constinue: bool,
[INFO] [stdout]    |     ^^^^^^^^^^^^^
[INFO] [stdout]    |
[INFO] [stdout]    = note: `Chunk` has derived impls for the traits `Clone` and `Debug`, but these are intentionally ignored during dead code analysis
[INFO] [stdout] 
[INFO] [stdout] 
[INFO] [stdout] warning: methods `getOpCodeCount` and `getConstantCount` are never used
[INFO] [stdout]   --> src/bytecode/chunk.rs:50:12
[INFO] [stdout]    |
[INFO] [stdout] 14 | impl Chunk {
[INFO] [stdout]    | ---------- methods in this implementation
[INFO] [stdout] ...
[INFO] [stdout] 50 |     pub fn getOpCodeCount(&self) -> usize {
[INFO] [stdout]    |            ^^^^^^^^^^^^^^
[INFO] [stdout] ...
[INFO] [stdout] 54 |     pub fn getConstantCount(&self) -> usize {
[INFO] [stdout]    |            ^^^^^^^^^^^^^^^^
[INFO] [stdout] 
[INFO] [stdout] 
[INFO] [stdout] warning: method `addOpCode` should have a snake case name
[INFO] [stdout]   --> src/bytecode/chunk.rs:25:12
[INFO] [stdout]    |
[INFO] [stdout] 25 |     pub fn addOpCode(&mut self, op: OpCode, span: Span) {
[INFO] [stdout]    |            ^^^^^^^^^ help: convert the identifier to snake case: `add_op_code`
[INFO] [stdout]    |
[INFO] [stdout]    = note: `#[warn(non_snake_case)]` on by default
[INFO] [stdout] 
[INFO] [stdout] 
[INFO] [stdout] warning: method `addByte` should have a snake case name
[INFO] [stdout]   --> src/bytecode/chunk.rs:31:12
[INFO] [stdout]    |
[INFO] [stdout] 31 |     pub fn addByte(&mut self, byte: u8, span: Span) {
[INFO] [stdout]    |            ^^^^^^^ help: convert the identifier to snake case: `add_byte`
[INFO] [stdout] 
[INFO] [stdout] 
[INFO] [stdout] warning: method `addConstant` should have a snake case name
[INFO] [stdout]   --> src/bytecode/chunk.rs:37:12
[INFO] [stdout]    |
[INFO] [stdout] 37 |     pub fn addConstant(&mut self, constant: Constant) -> usize {
[INFO] [stdout]    |            ^^^^^^^^^^^ help: convert the identifier to snake case: `add_constant`
[INFO] [stdout] 
[INFO] [stdout] 
[INFO] [stdout] warning: method `getOpCode` should have a snake case name
[INFO] [stdout]   --> src/bytecode/chunk.rs:42:12
[INFO] [stdout]    |
[INFO] [stdout] 42 |     pub fn getOpCode(&self, index: usize) -> OpCode {
[INFO] [stdout]    |            ^^^^^^^^^ help: convert the identifier to snake case: `get_op_code`
[INFO] [stdout] 
[INFO] [stdout] 
[INFO] [stdout] warning: method `getConstant` should have a snake case name
[INFO] [stdout]   --> src/bytecode/chunk.rs:46:12
[INFO] [stdout]    |
[INFO] [stdout] 46 |     pub fn getConstant(&self, index: usize) -> Constant {
[INFO] [stdout]    |            ^^^^^^^^^^^ help: convert the identifier to snake case: `get_constant`
[INFO] [stdout] 
[INFO] [stdout] 
[INFO] [stdout] warning: method `getOpCodeCount` should have a snake case name
[INFO] [stdout]   --> src/bytecode/chunk.rs:50:12
[INFO] [stdout]    |
[INFO] [stdout] 50 |     pub fn getOpCodeCount(&self) -> usize {
[INFO] [stdout]    |            ^^^^^^^^^^^^^^ help: convert the identifier to snake case: `get_op_code_count`
[INFO] [stdout] 
[INFO] [stdout] 
[INFO] [stdout] warning: method `getConstantCount` should have a snake case name
[INFO] [stdout]   --> src/bytecode/chunk.rs:54:12
[INFO] [stdout]    |
[INFO] [stdout] 54 |     pub fn getConstantCount(&self) -> usize {
[INFO] [stdout]    |            ^^^^^^^^^^^^^^^^ help: convert the identifier to snake case: `get_constant_count`
[INFO] [stdout] 
[INFO] [stdout] 
[INFO] [stdout] warning: method `dissassembleInstruction` should have a snake case name
[INFO] [stdout]   --> src/bytecode/chunk.rs:65:12
[INFO] [stdout]    |
[INFO] [stdout] 65 |     pub fn dissassembleInstruction(&mut self, offset: usize) -> usize {
[INFO] [stdout]    |            ^^^^^^^^^^^^^^^^^^^^^^^ help: convert the identifier to snake case: `dissassemble_instruction`
[INFO] [stdout] 
[INFO] [stdout] 
[INFO] [stdout] warning: method `constantInstruction` should have a snake case name
[INFO] [stdout]    --> src/bytecode/chunk.rs:122:12
[INFO] [stdout]     |
[INFO] [stdout] 122 |     pub fn constantInstruction(&mut self, name: &str, offset: usize) -> usize {
[INFO] [stdout]     |            ^^^^^^^^^^^^^^^^^^^ help: convert the identifier to snake case: `constant_instruction`
[INFO] [stdout] 
[INFO] [stdout] 
[INFO] [stdout] warning: method `simpleInstruction` should have a snake case name
[INFO] [stdout]    --> src/bytecode/chunk.rs:128:12
[INFO] [stdout]     |
[INFO] [stdout] 128 |     pub fn simpleInstruction(&self, name: &str, offset: usize) -> usize {
[INFO] [stdout]     |            ^^^^^^^^^^^^^^^^^ help: convert the identifier to snake case: `simple_instruction`
[INFO] [stdout] 
[INFO] [stdout] 
[INFO] [stdout] warning: method `addByte` should have a snake case name
[INFO] [stdout]    --> src/compiler/mod.rs:308:8
[INFO] [stdout]     |
[INFO] [stdout] 308 |     fn addByte(&mut self, byte: u8) {
[INFO] [stdout]     |        ^^^^^^^ help: convert the identifier to snake case: `add_byte`
[INFO] [stdout] 
[INFO] [stdout] 
[INFO] [stdout] warning: method `addOpCode` should have a snake case name
[INFO] [stdout]    --> src/compiler/mod.rs:313:8
[INFO] [stdout]     |
[INFO] [stdout] 313 |     fn addOpCode(&mut self, op: OpCode) {
[INFO] [stdout]     |        ^^^^^^^^^ help: convert the identifier to snake case: `add_op_code`
[INFO] [stdout] 
[INFO] [stdout] 
[INFO] [stderr]     Finished `dev` profile [unoptimized + debuginfo] target(s) in 20.12s
[INFO] running `Command { std: "docker" "inspect" "d548abf23e694205d74c5daeaa5b7d7188bdd4e388f40477e322de9b4255228f", kill_on_drop: false }`
[INFO] running `Command { std: "docker" "rm" "-f" "d548abf23e694205d74c5daeaa5b7d7188bdd4e388f40477e322de9b4255228f", kill_on_drop: false }`
[INFO] [stdout] d548abf23e694205d74c5daeaa5b7d7188bdd4e388f40477e322de9b4255228f
[INFO] running `Command { std: "docker" "create" "-v" "/var/lib/crater-agent-workspace/builds/worker-1-tc1/target:/opt/rustwide/target:rw,Z" "-v" "/var/lib/crater-agent-workspace/builds/worker-1-tc1/source:/opt/rustwide/workdir:ro,Z" "-v" "/var/lib/crater-agent-workspace/cargo-home:/opt/rustwide/cargo-home:ro,Z" "-v" "/var/lib/crater-agent-workspace/rustup-home:/opt/rustwide/rustup-home:ro,Z" "-e" "SOURCE_DIR=/opt/rustwide/workdir" "-e" "CARGO_TARGET_DIR=/opt/rustwide/target" "-e" "CARGO_INCREMENTAL=0" "-e" "RUST_BACKTRACE=full" "-e" "RUSTFLAGS=--cap-lints=forbid" "-e" "RUSTDOCFLAGS=--cap-lints=forbid" "-e" "CARGO_HOME=/opt/rustwide/cargo-home" "-e" "RUSTUP_HOME=/opt/rustwide/rustup-home" "-w" "/opt/rustwide/workdir" "-m" "1610612736" "--user" "0:0" "--network" "none" "ghcr.io/rust-lang/crates-build-env/linux@sha256:819108c5571ea2e421544af4d832f968d213c87fbe3707a016657f43d2f853bc" "/opt/rustwide/cargo-home/bin/cargo" "+nightly-2025-01-18" "test" "--frozen" "--no-run" "--message-format=json", kill_on_drop: false }`
[INFO] [stdout] a535bae3d2ddae1b72d2d83b20939f9ef39c8e71e208176c30d5977d01326bcd
[INFO] running `Command { std: "docker" "start" "-a" "a535bae3d2ddae1b72d2d83b20939f9ef39c8e71e208176c30d5977d01326bcd", kill_on_drop: false }`
[INFO] [stderr]    Compiling risk v0.1.0 (/opt/rustwide/workdir)
[INFO] [stdout] warning: unused import: `ParsedExpr`
[INFO] [stdout]   --> src/parser/mod.rs:19:58
[INFO] [stdout]    |
[INFO] [stdout] 19 | use crate::ast::{App, BinOp, Bool, Literal, LiteralKind, ParsedExpr, TypeDecl};
[INFO] [stdout]    |                                                          ^^^^^^^^^^
[INFO] [stdout]    |
[INFO] [stdout]    = note: `#[warn(unused_imports)]` on by default
[INFO] [stdout] 
[INFO] [stdout] 
[INFO] [stdout] warning: elided lifetime has a name
[INFO] [stdout]    --> src/parser/lexer.rs:209:41
[INFO] [stdout]     |
[INFO] [stdout] 209 | pub fn lexer<'a>(input: &'a str) -> Vec<Token> {
[INFO] [stdout]     |              --                         ^^^^^ this elided lifetime gets resolved as `'a`
[INFO] [stdout]     |              |
[INFO] [stdout]     |              lifetime `'a` declared here
[INFO] [stdout]     |
[INFO] [stdout]     = note: `#[warn(elided_named_lifetimes)]` on by default
[INFO] [stdout] 
[INFO] [stdout] 
[INFO] [stdout] warning: unused import: `Type`
[INFO] [stdout]  --> src/semantics/tc/error.rs:2:18
[INFO] [stdout]   |
[INFO] [stdout] 2 | use crate::ast::{Type, Span};
[INFO] [stdout]   |                  ^^^^
[INFO] [stdout] 
[INFO] [stdout] 
[INFO] [stdout] warning: the feature `strict_provenance` has been stable since 1.84.0 and no longer requires an attribute to enable
[INFO] [stdout]   --> src/main.rs:19:12
[INFO] [stdout]    |
[INFO] [stdout] 19 | #![feature(strict_provenance)]
[INFO] [stdout]    |            ^^^^^^^^^^^^^^^^^
[INFO] [stdout]    |
[INFO] [stdout]    = note: `#[warn(stable_features)]` on by default
[INFO] [stdout] 
[INFO] [stdout] 
[INFO] [stdout] warning: unused variable: `span`
[INFO] [stdout]   --> src/semantics/tc/error.rs:55:56
[INFO] [stdout]    |
[INFO] [stdout] 55 |             TypeCheckerErrorKind::NonExhaustiveMatch { span } => {
[INFO] [stdout]    |                                                        ^^^^ help: try ignoring the field: `span: _`
[INFO] [stdout]    |
[INFO] [stdout]    = note: `#[warn(unused_variables)]` on by default
[INFO] [stdout] 
[INFO] [stdout] 
[INFO] [stdout] warning: unused variable: `span`
[INFO] [stdout]   --> src/semantics/tc/error.rs:58:50
[INFO] [stdout]    |
[INFO] [stdout] 58 |             TypeCheckerErrorKind::InfiniteType { span } => {
[INFO] [stdout]    |                                                  ^^^^ help: try ignoring the field: `span: _`
[INFO] [stdout] 
[INFO] [stdout] 
[INFO] [stdout] warning: unused variable: `span`
[INFO] [stdout]   --> src/semantics/tc/error.rs:61:51
[INFO] [stdout]    |
[INFO] [stdout] 61 |             TypeCheckerErrorKind::AmbiguousType { span } => {
[INFO] [stdout]    |                                                   ^^^^ help: try ignoring the field: `span: _`
[INFO] [stdout] 
[INFO] [stdout] 
[INFO] [stdout] warning: unused variable: `span`
[INFO] [stdout]   --> src/semantics/tc/error.rs:67:17
[INFO] [stdout]    |
[INFO] [stdout] 67 |                 span,
[INFO] [stdout]    |                 ^^^^ help: try ignoring the field: `span: _`
[INFO] [stdout] 
[INFO] [stdout] 
[INFO] [stdout] warning: unused variable: `span`
[INFO] [stdout]   --> src/semantics/tc/error.rs:74:54
[INFO] [stdout]    |
[INFO] [stdout] 74 |             TypeCheckerErrorKind::UnificationError { span } => {
[INFO] [stdout]    |                                                      ^^^^ help: try ignoring the field: `span: _`
[INFO] [stdout] 
[INFO] [stdout] 
[INFO] [stdout] warning: unused variable: `args`
[INFO] [stdout]   --> src/semantics/tc/mod.rs:80:39
[INFO] [stdout]    |
[INFO] [stdout] 80 |             AnnExpr::App(App { ident, args, span }) => {
[INFO] [stdout]    |                                       ^^^^ help: try ignoring the field: `args: _`
[INFO] [stdout] 
[INFO] [stdout] 
[INFO] [stdout] warning: unused variable: `span`
[INFO] [stdout]   --> src/semantics/tc/mod.rs:80:45
[INFO] [stdout]    |
[INFO] [stdout] 80 |             AnnExpr::App(App { ident, args, span }) => {
[INFO] [stdout]    |                                             ^^^^ help: try ignoring the field: `span: _`
[INFO] [stdout] 
[INFO] [stdout] 
[INFO] [stdout] warning: unused variable: `name`
[INFO] [stdout]   --> src/semantics/tc/mod.rs:94:17
[INFO] [stdout]    |
[INFO] [stdout] 94 |                 name,
[INFO] [stdout]    |                 ^^^^ help: try ignoring the field: `name: _`
[INFO] [stdout] 
[INFO] [stdout] 
[INFO] [stdout] warning: unused variable: `args`
[INFO] [stdout]   --> src/semantics/tc/mod.rs:95:17
[INFO] [stdout]    |
[INFO] [stdout] 95 |                 args,
[INFO] [stdout]    |                 ^^^^ help: try ignoring the field: `args: _`
[INFO] [stdout] 
[INFO] [stdout] 
[INFO] [stdout] warning: unused variable: `expr`
[INFO] [stdout]   --> src/semantics/tc/mod.rs:96:17
[INFO] [stdout]    |
[INFO] [stdout] 96 |                 expr,
[INFO] [stdout]    |                 ^^^^ help: try ignoring the field: `expr: _`
[INFO] [stdout] 
[INFO] [stdout] 
[INFO] [stdout] warning: unused variable: `span`
[INFO] [stdout]   --> src/semantics/tc/mod.rs:97:17
[INFO] [stdout]    |
[INFO] [stdout] 97 |                 span
[INFO] [stdout]    |                 ^^^^ help: try ignoring the field: `span: _`
[INFO] [stdout] 
[INFO] [stdout] 
[INFO] [stdout] warning: unused variable: `name`
[INFO] [stdout]   --> src/bytecode/chunk.rs:58:36
[INFO] [stdout]    |
[INFO] [stdout] 58 |     pub fn dissassemble(&mut self, name: &str) {
[INFO] [stdout]    |                                    ^^^^ help: if this is intentional, prefix it with an underscore: `_name`
[INFO] [stdout] 
[INFO] [stdout] 
[INFO] [stdout] warning: unused variable: `ret`
[INFO] [stdout]    --> src/compiler/mod.rs:162:35
[INFO] [stdout]     |
[INFO] [stdout] 162 |             AnnExpr::Let { binds, ret, ann } => {
[INFO] [stdout]     |                                   ^^^ help: try ignoring the field: `ret: _`
[INFO] [stdout] 
[INFO] [stdout] 
[INFO] [stdout] warning: method `get_span` is never used
[INFO] [stdout]    --> src/ast/mod.rs:137:12
[INFO] [stdout]     |
[INFO] [stdout] 136 | impl ParsedExpr {
[INFO] [stdout]     | --------------- method in this implementation
[INFO] [stdout] 137 |     pub fn get_span(&self) -> &Span {
[INFO] [stdout]     |            ^^^^^^^^
[INFO] [stdout]     |
[INFO] [stdout]     = note: `#[warn(dead_code)]` on by default
[INFO] [stdout] 
[INFO] [stdout] 
[INFO] [stdout] warning: method `get_span` is never used
[INFO] [stdout]    --> src/ast/mod.rs:290:12
[INFO] [stdout]     |
[INFO] [stdout] 289 | impl Type {
[INFO] [stdout]     | --------- method in this implementation
[INFO] [stdout] 290 |     pub fn get_span(&self) -> &Span {
[INFO] [stdout]     |            ^^^^^^^^
[INFO] [stdout] 
[INFO] [stdout] 
[INFO] [stdout] warning: method `get_span` is never used
[INFO] [stdout]    --> src/ast/mod.rs:312:12
[INFO] [stdout]     |
[INFO] [stdout] 311 | impl Pattern {
[INFO] [stdout]     | ------------ method in this implementation
[INFO] [stdout] 312 |     pub fn get_span(&self) -> &Span {
[INFO] [stdout]     |            ^^^^^^^^
[INFO] [stdout] 
[INFO] [stdout] 
[INFO] [stdout] warning: method `expect` is never used
[INFO] [stdout]    --> src/parser/mod.rs:117:8
[INFO] [stdout]     |
[INFO] [stdout] 40  | impl<'a> Parser<'a> {
[INFO] [stdout]     | ------------------- method in this implementation
[INFO] [stdout] ...
[INFO] [stdout] 117 |     fn expect(&mut self, token: Token<'a>) -> ParserResult<Token<'a>> {
[INFO] [stdout]     |        ^^^^^^
[INFO] [stdout] 
[INFO] [stdout] 
[INFO] [stdout] warning: variants `ExpectedNewline`, `UnexpectedEOF`, `UnexpectedTokenInPattern`, and `TooMuchExpr` are never constructed
[INFO] [stdout]   --> src/parser/error.rs:25:5
[INFO] [stdout]    |
[INFO] [stdout] 23 | pub enum ErrorKind {
[INFO] [stdout]    |          --------- variants in this enum
[INFO] [stdout] 24 |     UnexpectedToken { expected: String, found: Span },
[INFO] [stdout] 25 |     ExpectedNewline { found: Span },
[INFO] [stdout]    |     ^^^^^^^^^^^^^^^
[INFO] [stdout] 26 |     UnexpectedEOF { expected: String },
[INFO] [stdout]    |     ^^^^^^^^^^^^^
[INFO] [stdout] 27 |     UnexpectedEndOfInput,
[INFO] [stdout] 28 |     UnexpectedTokenInPattern { found: Span },
[INFO] [stdout]    |     ^^^^^^^^^^^^^^^^^^^^^^^^
[INFO] [stdout] 29 |     TooMuchExpr { found: Span },
[INFO] [stdout]    |     ^^^^^^^^^^^
[INFO] [stdout]    |
[INFO] [stdout]    = note: `ErrorKind` has derived impls for the traits `Clone` and `Debug`, but these are intentionally ignored during dead code analysis
[INFO] [stdout] 
[INFO] [stdout] 
[INFO] [stdout] warning: type alias `Variant` is never used
[INFO] [stdout]   --> src/semantics/tc/mod.rs:34:6
[INFO] [stdout]    |
[INFO] [stdout] 34 | type Variant = String;
[INFO] [stdout]    |      ^^^^^^^
[INFO] [stdout] 
[INFO] [stdout] 
[INFO] [stdout] warning: struct `TypeChecker` is never constructed
[INFO] [stdout]   --> src/semantics/tc/mod.rs:37:12
[INFO] [stdout]    |
[INFO] [stdout] 37 | pub struct TypeChecker {
[INFO] [stdout]    |            ^^^^^^^^^^^
[INFO] [stdout]    |
[INFO] [stdout]    = note: `TypeChecker` has a derived impl for the trait `Debug`, but this is intentionally ignored during dead code analysis
[INFO] [stdout] 
[INFO] [stdout] 
[INFO] [stdout] warning: associated items `new`, `get_type`, and `analyze_statement` are never used
[INFO] [stdout]   --> src/semantics/tc/mod.rs:48:12
[INFO] [stdout]    |
[INFO] [stdout] 47 | impl TypeChecker {
[INFO] [stdout]    | ---------------- associated items in this implementation
[INFO] [stdout] 48 |     pub fn new(filename: &'static str) -> Self {
[INFO] [stdout]    |            ^^^
[INFO] [stdout] ...
[INFO] [stdout] 60 |     pub fn get_type(&self, expr: AnnExpr<Span>) -> Option<Type> {
[INFO] [stdout]    |            ^^^^^^^^
[INFO] [stdout] ...
[INFO] [stdout] 91 |     pub fn analyze_statement(&mut self, statement: Statement<Span>) {
[INFO] [stdout]    |            ^^^^^^^^^^^^^^^^^
[INFO] [stdout] 
[INFO] [stdout] 
[INFO] [stdout] warning: type alias `Annot` is never used
[INFO] [stdout]  --> src/semantics/tc/ast.rs:3:10
[INFO] [stdout]   |
[INFO] [stdout] 3 | pub type Annot = (Span, Type);
[INFO] [stdout]   |          ^^^^^
[INFO] [stdout] 
[INFO] [stdout] 
[INFO] [stdout] warning: type alias `TypedExpr` is never used
[INFO] [stdout]  --> src/semantics/tc/ast.rs:4:6
[INFO] [stdout]   |
[INFO] [stdout] 4 | type TypedExpr = AnnExpr<Annot>;
[INFO] [stdout]   |      ^^^^^^^^^
[INFO] [stdout] 
[INFO] [stdout] 
[INFO] [stdout] warning: method `get_span` is never used
[INFO] [stdout]  --> src/semantics/tc/ast.rs:7:12
[INFO] [stdout]   |
[INFO] [stdout] 6 | impl TypedExpr {
[INFO] [stdout]   | -------------- method in this implementation
[INFO] [stdout] 7 |     pub fn get_span(&self) -> &Span {
[INFO] [stdout]   |            ^^^^^^^^
[INFO] [stdout] 
[INFO] [stdout] 
[INFO] [stdout] warning: enum `TypeCheckerErrorKind` is never used
[INFO] [stdout]  --> src/semantics/tc/error.rs:6:10
[INFO] [stdout]   |
[INFO] [stdout] 6 | pub enum TypeCheckerErrorKind {
[INFO] [stdout]   |          ^^^^^^^^^^^^^^^^^^^^
[INFO] [stdout]   |
[INFO] [stdout]   = note: `TypeCheckerErrorKind` has a derived impl for the trait `Debug`, but this is intentionally ignored during dead code analysis
[INFO] [stdout] 
[INFO] [stdout] 
[INFO] [stdout] warning: struct `TypeCheckerError` is never constructed
[INFO] [stdout]   --> src/semantics/tc/error.rs:31:12
[INFO] [stdout]    |
[INFO] [stdout] 31 | pub struct TypeCheckerError {
[INFO] [stdout]    |            ^^^^^^^^^^^^^^^^
[INFO] [stdout]    |
[INFO] [stdout]    = note: `TypeCheckerError` has a derived impl for the trait `Debug`, but this is intentionally ignored during dead code analysis
[INFO] [stdout] 
[INFO] [stdout] 
[INFO] [stdout] warning: method `report` is never used
[INFO] [stdout]   --> src/semantics/tc/error.rs:37:12
[INFO] [stdout]    |
[INFO] [stdout] 36 | impl TypeCheckerError {
[INFO] [stdout]    | --------------------- method in this implementation
[INFO] [stdout] 37 |     pub fn report(&self, filename: &str) {
[INFO] [stdout]    |            ^^^^^^
[INFO] [stdout] 
[INFO] [stdout] 
[INFO] [stdout] warning: method `as_int` is never used
[INFO] [stdout]   --> src/bytecode/constant.rs:25:12
[INFO] [stdout]    |
[INFO] [stdout] 13 | impl Constant {
[INFO] [stdout]    | ------------- method in this implementation
[INFO] [stdout] ...
[INFO] [stdout] 25 |     pub fn as_int(&self) -> i64 {
[INFO] [stdout]    |            ^^^^^^
[INFO] [stdout] 
[INFO] [stdout] 
[INFO] [stdout] warning: field `dis_constinue` is never read
[INFO] [stdout]   --> src/bytecode/chunk.rs:11:5
[INFO] [stdout]    |
[INFO] [stdout] 6  | pub struct Chunk {
[INFO] [stdout]    |            ----- field in this struct
[INFO] [stdout] ...
[INFO] [stdout] 11 |     dis_constinue: bool,
[INFO] [stdout]    |     ^^^^^^^^^^^^^
[INFO] [stdout]    |
[INFO] [stdout]    = note: `Chunk` has derived impls for the traits `Clone` and `Debug`, but these are intentionally ignored during dead code analysis
[INFO] [stdout] 
[INFO] [stdout] 
[INFO] [stdout] warning: methods `getOpCodeCount` and `getConstantCount` are never used
[INFO] [stdout]   --> src/bytecode/chunk.rs:50:12
[INFO] [stdout]    |
[INFO] [stdout] 14 | impl Chunk {
[INFO] [stdout]    | ---------- methods in this implementation
[INFO] [stdout] ...
[INFO] [stdout] 50 |     pub fn getOpCodeCount(&self) -> usize {
[INFO] [stdout]    |            ^^^^^^^^^^^^^^
[INFO] [stdout] ...
[INFO] [stdout] 54 |     pub fn getConstantCount(&self) -> usize {
[INFO] [stdout]    |            ^^^^^^^^^^^^^^^^
[INFO] [stdout] 
[INFO] [stdout] 
[INFO] [stdout] warning: method `addOpCode` should have a snake case name
[INFO] [stdout]   --> src/bytecode/chunk.rs:25:12
[INFO] [stdout]    |
[INFO] [stdout] 25 |     pub fn addOpCode(&mut self, op: OpCode, span: Span) {
[INFO] [stdout]    |            ^^^^^^^^^ help: convert the identifier to snake case: `add_op_code`
[INFO] [stdout]    |
[INFO] [stdout]    = note: `#[warn(non_snake_case)]` on by default
[INFO] [stdout] 
[INFO] [stdout] 
[INFO] [stdout] warning: method `addByte` should have a snake case name
[INFO] [stdout]   --> src/bytecode/chunk.rs:31:12
[INFO] [stdout]    |
[INFO] [stdout] 31 |     pub fn addByte(&mut self, byte: u8, span: Span) {
[INFO] [stdout]    |            ^^^^^^^ help: convert the identifier to snake case: `add_byte`
[INFO] [stdout] 
[INFO] [stdout] 
[INFO] [stdout] warning: method `addConstant` should have a snake case name
[INFO] [stdout]   --> src/bytecode/chunk.rs:37:12
[INFO] [stdout]    |
[INFO] [stdout] 37 |     pub fn addConstant(&mut self, constant: Constant) -> usize {
[INFO] [stdout]    |            ^^^^^^^^^^^ help: convert the identifier to snake case: `add_constant`
[INFO] [stdout] 
[INFO] [stdout] 
[INFO] [stdout] warning: method `getOpCode` should have a snake case name
[INFO] [stdout]   --> src/bytecode/chunk.rs:42:12
[INFO] [stdout]    |
[INFO] [stdout] 42 |     pub fn getOpCode(&self, index: usize) -> OpCode {
[INFO] [stdout]    |            ^^^^^^^^^ help: convert the identifier to snake case: `get_op_code`
[INFO] [stdout] 
[INFO] [stdout] 
[INFO] [stdout] warning: method `getConstant` should have a snake case name
[INFO] [stdout]   --> src/bytecode/chunk.rs:46:12
[INFO] [stdout]    |
[INFO] [stdout] 46 |     pub fn getConstant(&self, index: usize) -> Constant {
[INFO] [stdout]    |            ^^^^^^^^^^^ help: convert the identifier to snake case: `get_constant`
[INFO] [stdout] 
[INFO] [stdout] 
[INFO] [stdout] warning: method `getOpCodeCount` should have a snake case name
[INFO] [stdout]   --> src/bytecode/chunk.rs:50:12
[INFO] [stdout]    |
[INFO] [stdout] 50 |     pub fn getOpCodeCount(&self) -> usize {
[INFO] [stdout]    |            ^^^^^^^^^^^^^^ help: convert the identifier to snake case: `get_op_code_count`
[INFO] [stdout] 
[INFO] [stdout] 
[INFO] [stdout] warning: method `getConstantCount` should have a snake case name
[INFO] [stdout]   --> src/bytecode/chunk.rs:54:12
[INFO] [stdout]    |
[INFO] [stdout] 54 |     pub fn getConstantCount(&self) -> usize {
[INFO] [stdout]    |            ^^^^^^^^^^^^^^^^ help: convert the identifier to snake case: `get_constant_count`
[INFO] [stdout] 
[INFO] [stdout] 
[INFO] [stdout] warning: method `dissassembleInstruction` should have a snake case name
[INFO] [stdout]   --> src/bytecode/chunk.rs:65:12
[INFO] [stdout]    |
[INFO] [stdout] 65 |     pub fn dissassembleInstruction(&mut self, offset: usize) -> usize {
[INFO] [stdout]    |            ^^^^^^^^^^^^^^^^^^^^^^^ help: convert the identifier to snake case: `dissassemble_instruction`
[INFO] [stdout] 
[INFO] [stdout] 
[INFO] [stdout] warning: method `constantInstruction` should have a snake case name
[INFO] [stdout]    --> src/bytecode/chunk.rs:122:12
[INFO] [stdout]     |
[INFO] [stdout] 122 |     pub fn constantInstruction(&mut self, name: &str, offset: usize) -> usize {
[INFO] [stdout]     |            ^^^^^^^^^^^^^^^^^^^ help: convert the identifier to snake case: `constant_instruction`
[INFO] [stdout] 
[INFO] [stdout] 
[INFO] [stdout] warning: method `simpleInstruction` should have a snake case name
[INFO] [stdout]    --> src/bytecode/chunk.rs:128:12
[INFO] [stdout]     |
[INFO] [stdout] 128 |     pub fn simpleInstruction(&self, name: &str, offset: usize) -> usize {
[INFO] [stdout]     |            ^^^^^^^^^^^^^^^^^ help: convert the identifier to snake case: `simple_instruction`
[INFO] [stdout] 
[INFO] [stdout] 
[INFO] [stdout] warning: method `addByte` should have a snake case name
[INFO] [stdout]    --> src/compiler/mod.rs:308:8
[INFO] [stdout]     |
[INFO] [stdout] 308 |     fn addByte(&mut self, byte: u8) {
[INFO] [stdout]     |        ^^^^^^^ help: convert the identifier to snake case: `add_byte`
[INFO] [stdout] 
[INFO] [stdout] 
[INFO] [stdout] warning: method `addOpCode` should have a snake case name
[INFO] [stdout]    --> src/compiler/mod.rs:313:8
[INFO] [stdout]     |
[INFO] [stdout] 313 |     fn addOpCode(&mut self, op: OpCode) {
[INFO] [stdout]     |        ^^^^^^^^^ help: convert the identifier to snake case: `add_op_code`
[INFO] [stdout] 
[INFO] [stdout] 
[INFO] [stderr]     Finished `test` profile [unoptimized + debuginfo] target(s) in 1.82s
[INFO] running `Command { std: "docker" "inspect" "a535bae3d2ddae1b72d2d83b20939f9ef39c8e71e208176c30d5977d01326bcd", kill_on_drop: false }`
[INFO] running `Command { std: "docker" "rm" "-f" "a535bae3d2ddae1b72d2d83b20939f9ef39c8e71e208176c30d5977d01326bcd", kill_on_drop: false }`
[INFO] [stdout] a535bae3d2ddae1b72d2d83b20939f9ef39c8e71e208176c30d5977d01326bcd
[INFO] running `Command { std: "docker" "create" "-v" "/var/lib/crater-agent-workspace/builds/worker-1-tc1/target:/opt/rustwide/target:rw,Z" "-v" "/var/lib/crater-agent-workspace/builds/worker-1-tc1/source:/opt/rustwide/workdir:ro,Z" "-v" "/var/lib/crater-agent-workspace/cargo-home:/opt/rustwide/cargo-home:ro,Z" "-v" "/var/lib/crater-agent-workspace/rustup-home:/opt/rustwide/rustup-home:ro,Z" "-e" "SOURCE_DIR=/opt/rustwide/workdir" "-e" "CARGO_TARGET_DIR=/opt/rustwide/target" "-e" "CARGO_INCREMENTAL=0" "-e" "RUST_BACKTRACE=full" "-e" "RUSTFLAGS=--cap-lints=forbid" "-e" "RUSTDOCFLAGS=--cap-lints=forbid" "-e" "CARGO_HOME=/opt/rustwide/cargo-home" "-e" "RUSTUP_HOME=/opt/rustwide/rustup-home" "-w" "/opt/rustwide/workdir" "-m" "1610612736" "--user" "0:0" "--network" "none" "ghcr.io/rust-lang/crates-build-env/linux@sha256:819108c5571ea2e421544af4d832f968d213c87fbe3707a016657f43d2f853bc" "/opt/rustwide/cargo-home/bin/cargo" "+nightly-2025-01-18" "test" "--frozen", kill_on_drop: false }`
[INFO] [stdout] 53972e7caddf9bb6fa3353cf943b8e867c6f3cdce8d0359cd0c7688dd1e28828
[INFO] running `Command { std: "docker" "start" "-a" "53972e7caddf9bb6fa3353cf943b8e867c6f3cdce8d0359cd0c7688dd1e28828", kill_on_drop: false }`
[INFO] [stderr] warning: unused import: `ParsedExpr`
[INFO] [stderr]   --> src/parser/mod.rs:19:58
[INFO] [stderr]    |
[INFO] [stderr] 19 | use crate::ast::{App, BinOp, Bool, Literal, LiteralKind, ParsedExpr, TypeDecl};
[INFO] [stderr]    |                                                          ^^^^^^^^^^
[INFO] [stderr]    |
[INFO] [stderr]    = note: `#[warn(unused_imports)]` on by default
[INFO] [stderr] 
[INFO] [stderr] warning: elided lifetime has a name
[INFO] [stderr]    --> src/parser/lexer.rs:209:41
[INFO] [stderr]     |
[INFO] [stderr] 209 | pub fn lexer<'a>(input: &'a str) -> Vec<Token> {
[INFO] [stderr]     |              --                         ^^^^^ this elided lifetime gets resolved as `'a`
[INFO] [stderr]     |              |
[INFO] [stderr]     |              lifetime `'a` declared here
[INFO] [stderr]     |
[INFO] [stderr]     = note: `#[warn(elided_named_lifetimes)]` on by default
[INFO] [stderr] 
[INFO] [stderr] warning: unused import: `Type`
[INFO] [stderr]  --> src/semantics/tc/error.rs:2:18
[INFO] [stderr]   |
[INFO] [stderr] 2 | use crate::ast::{Type, Span};
[INFO] [stderr]   |                  ^^^^
[INFO] [stderr] 
[INFO] [stderr] warning: the feature `strict_provenance` has been stable since 1.84.0 and no longer requires an attribute to enable
[INFO] [stderr]   --> src/main.rs:19:12
[INFO] [stderr]    |
[INFO] [stderr] 19 | #![feature(strict_provenance)]
[INFO] [stderr]    |            ^^^^^^^^^^^^^^^^^
[INFO] [stderr]    |
[INFO] [stderr]    = note: `#[warn(stable_features)]` on by default
[INFO] [stderr] 
[INFO] [stderr] warning: unused variable: `span`
[INFO] [stderr]   --> src/semantics/tc/error.rs:55:56
[INFO] [stderr]    |
[INFO] [stderr] 55 |             TypeCheckerErrorKind::NonExhaustiveMatch { span } => {
[INFO] [stderr]    |                                                        ^^^^ help: try ignoring the field: `span: _`
[INFO] [stderr]    |
[INFO] [stderr]    = note: `#[warn(unused_variables)]` on by default
[INFO] [stderr] 
[INFO] [stderr] warning: unused variable: `span`
[INFO] [stderr]   --> src/semantics/tc/error.rs:58:50
[INFO] [stderr]    |
[INFO] [stderr] 58 |             TypeCheckerErrorKind::InfiniteType { span } => {
[INFO] [stderr]    |                                                  ^^^^ help: try ignoring the field: `span: _`
[INFO] [stderr] 
[INFO] [stderr] warning: unused variable: `span`
[INFO] [stderr]   --> src/semantics/tc/error.rs:61:51
[INFO] [stderr]    |
[INFO] [stderr] 61 |             TypeCheckerErrorKind::AmbiguousType { span } => {
[INFO] [stderr]    |                                                   ^^^^ help: try ignoring the field: `span: _`
[INFO] [stderr] 
[INFO] [stderr] warning: unused variable: `span`
[INFO] [stderr]   --> src/semantics/tc/error.rs:67:17
[INFO] [stderr]    |
[INFO] [stderr] 67 |                 span,
[INFO] [stderr]    |                 ^^^^ help: try ignoring the field: `span: _`
[INFO] [stderr] 
[INFO] [stderr] warning: unused variable: `span`
[INFO] [stderr]   --> src/semantics/tc/error.rs:74:54
[INFO] [stderr]    |
[INFO] [stderr] 74 |             TypeCheckerErrorKind::UnificationError { span } => {
[INFO] [stderr]    |                                                      ^^^^ help: try ignoring the field: `span: _`
[INFO] [stderr] 
[INFO] [stderr] warning: unused variable: `args`
[INFO] [stderr]   --> src/semantics/tc/mod.rs:80:39
[INFO] [stderr]    |
[INFO] [stderr] 80 |             AnnExpr::App(App { ident, args, span }) => {
[INFO] [stderr]    |                                       ^^^^ help: try ignoring the field: `args: _`
[INFO] [stderr] 
[INFO] [stderr] warning: unused variable: `span`
[INFO] [stderr]   --> src/semantics/tc/mod.rs:80:45
[INFO] [stderr]    |
[INFO] [stderr] 80 |             AnnExpr::App(App { ident, args, span }) => {
[INFO] [stderr]    |                                             ^^^^ help: try ignoring the field: `span: _`
[INFO] [stderr] 
[INFO] [stderr] warning: unused variable: `name`
[INFO] [stderr]   --> src/semantics/tc/mod.rs:94:17
[INFO] [stderr]    |
[INFO] [stderr] 94 |                 name,
[INFO] [stderr]    |                 ^^^^ help: try ignoring the field: `name: _`
[INFO] [stderr] 
[INFO] [stderr] warning: unused variable: `args`
[INFO] [stderr]   --> src/semantics/tc/mod.rs:95:17
[INFO] [stderr]    |
[INFO] [stderr] 95 |                 args,
[INFO] [stderr]    |                 ^^^^ help: try ignoring the field: `args: _`
[INFO] [stderr] 
[INFO] [stderr] warning: unused variable: `expr`
[INFO] [stderr]   --> src/semantics/tc/mod.rs:96:17
[INFO] [stderr]    |
[INFO] [stderr] 96 |                 expr,
[INFO] [stderr]    |                 ^^^^ help: try ignoring the field: `expr: _`
[INFO] [stderr] 
[INFO] [stderr] warning: unused variable: `span`
[INFO] [stderr]   --> src/semantics/tc/mod.rs:97:17
[INFO] [stderr]    |
[INFO] [stderr] 97 |                 span
[INFO] [stderr]    |                 ^^^^ help: try ignoring the field: `span: _`
[INFO] [stderr] 
[INFO] [stderr] warning: unused variable: `name`
[INFO] [stderr]   --> src/bytecode/chunk.rs:58:36
[INFO] [stderr]    |
[INFO] [stderr] 58 |     pub fn dissassemble(&mut self, name: &str) {
[INFO] [stderr]    |                                    ^^^^ help: if this is intentional, prefix it with an underscore: `_name`
[INFO] [stderr] 
[INFO] [stderr] warning: unused variable: `ret`
[INFO] [stderr]    --> src/compiler/mod.rs:162:35
[INFO] [stderr]     |
[INFO] [stderr] 162 |             AnnExpr::Let { binds, ret, ann } => {
[INFO] [stderr]     |                                   ^^^ help: try ignoring the field: `ret: _`
[INFO] [stderr] 
[INFO] [stderr] warning: method `get_span` is never used
[INFO] [stderr]    --> src/ast/mod.rs:137:12
[INFO] [stderr]     |
[INFO] [stderr] 136 | impl ParsedExpr {
[INFO] [stderr]     | --------------- method in this implementation
[INFO] [stderr] 137 |     pub fn get_span(&self) -> &Span {
[INFO] [stderr]     |            ^^^^^^^^
[INFO] [stderr]     |
[INFO] [stderr]     = note: `#[warn(dead_code)]` on by default
[INFO] [stderr] 
[INFO] [stderr] warning: method `get_span` is never used
[INFO] [stderr]    --> src/ast/mod.rs:290:12
[INFO] [stderr]     |
[INFO] [stderr] 289 | impl Type {
[INFO] [stderr]     | --------- method in this implementation
[INFO] [stderr] 290 |     pub fn get_span(&self) -> &Span {
[INFO] [stderr]     |            ^^^^^^^^
[INFO] [stderr] 
[INFO] [stderr] warning: method `get_span` is never used
[INFO] [stderr]    --> src/ast/mod.rs:312:12
[INFO] [stderr]     |
[INFO] [stderr] 311 | impl Pattern {
[INFO] [stderr]     | ------------ method in this implementation
[INFO] [stderr] 312 |     pub fn get_span(&self) -> &Span {
[INFO] [stderr]     |            ^^^^^^^^
[INFO] [stderr] 
[INFO] [stderr] warning: method `expect` is never used
[INFO] [stderr]    --> src/parser/mod.rs:117:8
[INFO] [stderr]     |
[INFO] [stderr] 40  | impl<'a> Parser<'a> {
[INFO] [stderr]     | ------------------- method in this implementation
[INFO] [stderr] ...
[INFO] [stderr] 117 |     fn expect(&mut self, token: Token<'a>) -> ParserResult<Token<'a>> {
[INFO] [stderr]     |        ^^^^^^
[INFO] [stderr] 
[INFO] [stderr] warning: variants `ExpectedNewline`, `UnexpectedEOF`, `UnexpectedTokenInPattern`, and `TooMuchExpr` are never constructed
[INFO] [stderr]   --> src/parser/error.rs:25:5
[INFO] [stderr]    |
[INFO] [stderr] 23 | pub enum ErrorKind {
[INFO] [stderr]    |          --------- variants in this enum
[INFO] [stderr] 24 |     UnexpectedToken { expected: String, found: Span },
[INFO] [stderr] 25 |     ExpectedNewline { found: Span },
[INFO] [stderr]    |     ^^^^^^^^^^^^^^^
[INFO] [stderr] 26 |     UnexpectedEOF { expected: String },
[INFO] [stderr]    |     ^^^^^^^^^^^^^
[INFO] [stderr] 27 |     UnexpectedEndOfInput,
[INFO] [stderr] 28 |     UnexpectedTokenInPattern { found: Span },
[INFO] [stderr]    |     ^^^^^^^^^^^^^^^^^^^^^^^^
[INFO] [stderr] 29 |     TooMuchExpr { found: Span },
[INFO] [stderr]    |     ^^^^^^^^^^^
[INFO] [stderr]    |
[INFO] [stderr]    = note: `ErrorKind` has derived impls for the traits `Clone` and `Debug`, but these are intentionally ignored during dead code analysis
[INFO] [stderr] 
[INFO] [stderr] warning: type alias `Variant` is never used
[INFO] [stderr]   --> src/semantics/tc/mod.rs:34:6
[INFO] [stderr]    |
[INFO] [stderr] 34 | type Variant = String;
[INFO] [stderr]    |      ^^^^^^^
[INFO] [stderr] 
[INFO] [stderr] warning: struct `TypeChecker` is never constructed
[INFO] [stderr]   --> src/semantics/tc/mod.rs:37:12
[INFO] [stderr]    |
[INFO] [stderr] 37 | pub struct TypeChecker {
[INFO] [stderr]    |            ^^^^^^^^^^^
[INFO] [stderr]    |
[INFO] [stderr]    = note: `TypeChecker` has a derived impl for the trait `Debug`, but this is intentionally ignored during dead code analysis
[INFO] [stderr] 
[INFO] [stderr] warning: associated items `new`, `get_type`, and `analyze_statement` are never used
[INFO] [stderr]   --> src/semantics/tc/mod.rs:48:12
[INFO] [stderr]    |
[INFO] [stderr] 47 | impl TypeChecker {
[INFO] [stderr]    | ---------------- associated items in this implementation
[INFO] [stderr] 48 |     pub fn new(filename: &'static str) -> Self {
[INFO] [stderr]    |            ^^^
[INFO] [stderr] ...
[INFO] [stderr] 60 |     pub fn get_type(&self, expr: AnnExpr<Span>) -> Option<Type> {
[INFO] [stderr]    |            ^^^^^^^^
[INFO] [stderr] ...
[INFO] [stderr] 91 |     pub fn analyze_statement(&mut self, statement: Statement<Span>) {
[INFO] [stderr]    |            ^^^^^^^^^^^^^^^^^
[INFO] [stderr] 
[INFO] [stderr] warning: type alias `Annot` is never used
[INFO] [stderr]  --> src/semantics/tc/ast.rs:3:10
[INFO] [stderr]   |
[INFO] [stderr] 3 | pub type Annot = (Span, Type);
[INFO] [stderr]   |          ^^^^^
[INFO] [stderr] 
[INFO] [stderr] warning: type alias `TypedExpr` is never used
[INFO] [stderr]  --> src/semantics/tc/ast.rs:4:6
[INFO] [stderr]   |
[INFO] [stderr] 4 | type TypedExpr = AnnExpr<Annot>;
[INFO] [stderr]   |      ^^^^^^^^^
[INFO] [stderr] 
[INFO] [stderr] warning: method `get_span` is never used
[INFO] [stderr]  --> src/semantics/tc/ast.rs:7:12
[INFO] [stderr]   |
[INFO] [stderr] 6 | impl TypedExpr {
[INFO] [stderr]   | -------------- method in this implementation
[INFO] [stderr] 7 |     pub fn get_span(&self) -> &Span {
[INFO] [stderr]   |            ^^^^^^^^
[INFO] [stderr] 
[INFO] [stderr] warning: enum `TypeCheckerErrorKind` is never used
[INFO] [stderr]  --> src/semantics/tc/error.rs:6:10
[INFO] [stderr]   |
[INFO] [stderr] 6 | pub enum TypeCheckerErrorKind {
[INFO] [stderr]   |          ^^^^^^^^^^^^^^^^^^^^
[INFO] [stderr]   |
[INFO] [stderr]   = note: `TypeCheckerErrorKind` has a derived impl for the trait `Debug`, but this is intentionally ignored during dead code analysis
[INFO] [stderr] 
[INFO] [stderr] warning: struct `TypeCheckerError` is never constructed
[INFO] [stderr]   --> src/semantics/tc/error.rs:31:12
[INFO] [stderr]    |
[INFO] [stderr] 31 | pub struct TypeCheckerError {
[INFO] [stderr]    |            ^^^^^^^^^^^^^^^^
[INFO] [stderr]    |
[INFO] [stderr]    = note: `TypeCheckerError` has a derived impl for the trait `Debug`, but this is intentionally ignored during dead code analysis
[INFO] [stderr] 
[INFO] [stderr] warning: method `report` is never used
[INFO] [stderr]   --> src/semantics/tc/error.rs:37:12
[INFO] [stderr]    |
[INFO] [stderr] 36 | impl TypeCheckerError {
[INFO] [stderr]    | --------------------- method in this implementation
[INFO] [stderr] 37 |     pub fn report(&self, filename: &str) {
[INFO] [stderr]    |            ^^^^^^
[INFO] [stderr] 
[INFO] [stderr] warning: method `as_int` is never used
[INFO] [stderr]   --> src/bytecode/constant.rs:25:12
[INFO] [stderr]    |
[INFO] [stderr] 13 | impl Constant {
[INFO] [stderr]    | ------------- method in this implementation
[INFO] [stderr] ...
[INFO] [stderr] 25 |     pub fn as_int(&self) -> i64 {
[INFO] [stderr]    |            ^^^^^^
[INFO] [stderr] 
[INFO] [stderr] warning: field `dis_constinue` is never read
[INFO] [stderr]   --> src/bytecode/chunk.rs:11:5
[INFO] [stderr]    |
[INFO] [stderr] 6  | pub struct Chunk {
[INFO] [stderr]    |            ----- field in this struct
[INFO] [stderr] ...
[INFO] [stderr] 11 |     dis_constinue: bool,
[INFO] [stderr]    |     ^^^^^^^^^^^^^
[INFO] [stderr]    |
[INFO] [stderr]    = note: `Chunk` has derived impls for the traits `Clone` and `Debug`, but these are intentionally ignored during dead code analysis
[INFO] [stderr] 
[INFO] [stderr] warning: methods `getOpCodeCount` and `getConstantCount` are never used
[INFO] [stderr]   --> src/bytecode/chunk.rs:50:12
[INFO] [stderr]    |
[INFO] [stderr] 14 | impl Chunk {
[INFO] [stderr]    | ---------- methods in this implementation
[INFO] [stderr] ...
[INFO] [stderr] 50 |     pub fn getOpCodeCount(&self) -> usize {
[INFO] [stderr]    |            ^^^^^^^^^^^^^^
[INFO] [stderr] ...
[INFO] [stderr] 54 |     pub fn getConstantCount(&self) -> usize {
[INFO] [stderr]    |            ^^^^^^^^^^^^^^^^
[INFO] [stderr] 
[INFO] [stderr] warning: method `addOpCode` should have a snake case name
[INFO] [stderr]   --> src/bytecode/chunk.rs:25:12
[INFO] [stderr]    |
[INFO] [stderr] 25 |     pub fn addOpCode(&mut self, op: OpCode, span: Span) {
[INFO] [stderr]    |            ^^^^^^^^^ help: convert the identifier to snake case: `add_op_code`
[INFO] [stderr]    |
[INFO] [stderr]    = note: `#[warn(non_snake_case)]` on by default
[INFO] [stderr] 
[INFO] [stderr] warning: method `addByte` should have a snake case name
[INFO] [stderr]   --> src/bytecode/chunk.rs:31:12
[INFO] [stderr]    |
[INFO] [stderr] 31 |     pub fn addByte(&mut self, byte: u8, span: Span) {
[INFO] [stderr]    |            ^^^^^^^ help: convert the identifier to snake case: `add_byte`
[INFO] [stderr] 
[INFO] [stderr] warning: method `addConstant` should have a snake case name
[INFO] [stderr]   --> src/bytecode/chunk.rs:37:12
[INFO] [stderr]    |
[INFO] [stderr] 37 |     pub fn addConstant(&mut self, constant: Constant) -> usize {
[INFO] [stderr]    |            ^^^^^^^^^^^ help: convert the identifier to snake case: `add_constant`
[INFO] [stderr] 
[INFO] [stderr] warning: method `getOpCode` should have a snake case name
[INFO] [stderr]   --> src/bytecode/chunk.rs:42:12
[INFO] [stderr]    |
[INFO] [stderr] 42 |     pub fn getOpCode(&self, index: usize) -> OpCode {
[INFO] [stderr]    |            ^^^^^^^^^ help: convert the identifier to snake case: `get_op_code`
[INFO] [stderr] 
[INFO] [stderr] warning: method `getConstant` should have a snake case name
[INFO] [stderr]   --> src/bytecode/chunk.rs:46:12
[INFO] [stderr]    |
[INFO] [stderr] 46 |     pub fn getConstant(&self, index: usize) -> Constant {
[INFO] [stderr]    |            ^^^^^^^^^^^ help: convert the identifier to snake case: `get_constant`
[INFO] [stderr] 
[INFO] [stderr] warning: method `getOpCodeCount` should have a snake case name
[INFO] [stderr]   --> src/bytecode/chunk.rs:50:12
[INFO] [stderr]    |
[INFO] [stderr] 50 |     pub fn getOpCodeCount(&self) -> usize {
[INFO] [stderr]    |            ^^^^^^^^^^^^^^ help: convert the identifier to snake case: `get_op_code_count`
[INFO] [stderr] 
[INFO] [stderr] warning: method `getConstantCount` should have a snake case name
[INFO] [stderr]   --> src/bytecode/chunk.rs:54:12
[INFO] [stderr]    |
[INFO] [stderr] 54 |     pub fn getConstantCount(&self) -> usize {
[INFO] [stderr]    |            ^^^^^^^^^^^^^^^^ help: convert the identifier to snake case: `get_constant_count`
[INFO] [stderr] 
[INFO] [stderr] warning: method `dissassembleInstruction` should have a snake case name
[INFO] [stderr]   --> src/bytecode/chunk.rs:65:12
[INFO] [stderr]    |
[INFO] [stderr] 65 |     pub fn dissassembleInstruction(&mut self, offset: usize) -> usize {
[INFO] [stderr]    |            ^^^^^^^^^^^^^^^^^^^^^^^ help: convert the identifier to snake case: `dissassemble_instruction`
[INFO] [stderr] 
[INFO] [stderr] warning: method `constantInstruction` should have a snake case name
[INFO] [stderr]    --> src/bytecode/chunk.rs:122:12
[INFO] [stderr]     |
[INFO] [stderr] 122 |     pub fn constantInstruction(&mut self, name: &str, offset: usize) -> usize {
[INFO] [stderr]     |            ^^^^^^^^^^^^^^^^^^^ help: convert the identifier to snake case: `constant_instruction`
[INFO] [stderr] 
[INFO] [stderr] warning: method `simpleInstruction` should have a snake case name
[INFO] [stderr]    --> src/bytecode/chunk.rs:128:12
[INFO] [stderr]     |
[INFO] [stderr] 128 |     pub fn simpleInstruction(&self, name: &str, offset: usize) -> usize {
[INFO] [stderr]     |            ^^^^^^^^^^^^^^^^^ help: convert the identifier to snake case: `simple_instruction`
[INFO] [stderr] 
[INFO] [stderr] warning: method `addByte` should have a snake case name
[INFO] [stderr]    --> src/compiler/mod.rs:308:8
[INFO] [stderr]     |
[INFO] [stderr] 308 |     fn addByte(&mut self, byte: u8) {
[INFO] [stderr]     |        ^^^^^^^ help: convert the identifier to snake case: `add_byte`
[INFO] [stderr] 
[INFO] [stderr] warning: method `addOpCode` should have a snake case name
[INFO] [stderr]    --> src/compiler/mod.rs:313:8
[INFO] [stderr]     |
[INFO] [stderr] 313 |     fn addOpCode(&mut self, op: OpCode) {
[INFO] [stderr]     |        ^^^^^^^^^ help: convert the identifier to snake case: `add_op_code`
[INFO] [stderr] 
[INFO] [stderr] warning: `risk` (bin "risk" test) generated 46 warnings (run `cargo fix --bin "risk" --tests` to apply 2 suggestions)
[INFO] [stderr]     Finished `test` profile [unoptimized + debuginfo] target(s) in 0.09s
[INFO] [stderr]      Running unittests src/main.rs (/opt/rustwide/target/debug/deps/risk-e79bdc92ea03cc01)
[INFO] [stdout] 
[INFO] [stdout] running 9 tests
[INFO] [stdout] test parser::test::test_app ... ok
[INFO] [stdout] test parser::test::test_bind ... ok
[INFO] [stdout] test parser::test::test_bind_with_params ... ok
[INFO] [stdout] test bytecode::constant::tests::test_bytecode ... ok
[INFO] [stdout] test parser::test::test_empty_program ... ok
[INFO] [stdout] test parser::test::test_let ... ok
[INFO] [stdout] test parser::test::test_literal ... ok
[INFO] [stdout] test parser::test::test_list ... ok
[INFO] [stdout] test parser::test::test_match ... FAILED
[INFO] [stdout] 
[INFO] [stdout] failures:
[INFO] [stdout] 
[INFO] [stdout] ---- parser::test::test_match stdout ----
[INFO] [stdout] 
[INFO] [stdout] thread 'parser::test::test_match' panicked at src/parser/test.rs:9:5:
[INFO] [stdout] assertion `left == right` failed
[INFO] [stdout]   left: Err(Error { kind: UnexpectedToken { expected: "``", found: Span { start: 17, end: 18, input: "|" } }, span: Span { start: 17, end: 18, input: "|" } })
[INFO] [stdout]  right: Ok(Program { statements: [Bind(Bind { name: Identifier { name: "a", span: Span { start: 0, end: 1, input: "a" } }, args: [], expr: Match { referral: Literal(Literal { lit: Integer(3), span: Span { start: 10, end: 11, input: "3" } }), cases: [(Literal(Literal { lit: Integer(3), span: Span { start: 19, end: 20, input: "3" } }), Literal(Literal { lit: Integer(4), span: Span { start: 24, end: 25, input: "4" } })), (Literal(Literal { lit: Integer(4), span: Span { start: 28, end: 29, input: "4" } }), Literal(Literal { lit: Integer(5), span: Span { start: 33, end: 34, input: "5" } }))], ann: Span { start: 4, end: 34, input: "match 3 with | 3 -> 4 | 4 -> 5" } }, span: Span { start: 0, end: 34, input: "a = match 3 with | 3 -> 4 | 4 -> 5" } })] })
[INFO] [stdout] stack backtrace:
[INFO] [stdout]    0:     0x58311455391a - std::backtrace_rs::backtrace::libunwind::trace::hb059275cfc8d6126
[INFO] [stdout]                                at /rustc/6067b36314ab5eb2eb47cecc464545ba58e1ad24/library/std/src/../../backtrace/src/backtrace/libunwind.rs:116:5
[INFO] [stdout]    1:     0x58311455391a - std::backtrace_rs::backtrace::trace_unsynchronized::h2da071e4327ce3ee
[INFO] [stdout]                                at /rustc/6067b36314ab5eb2eb47cecc464545ba58e1ad24/library/std/src/../../backtrace/src/backtrace/mod.rs:66:5
[INFO] [stdout]    2:     0x58311455391a - std::sys::backtrace::_print_fmt::h842a1474e6f8d23f
[INFO] [stdout]                                at /rustc/6067b36314ab5eb2eb47cecc464545ba58e1ad24/library/std/src/sys/backtrace.rs:66:9
[INFO] [stdout]    3:     0x58311455391a - <std::sys::backtrace::BacktraceLock::print::DisplayBacktrace as core::fmt::Display>::fmt::h71a62eb3b9696b12
[INFO] [stdout]                                at /rustc/6067b36314ab5eb2eb47cecc464545ba58e1ad24/library/std/src/sys/backtrace.rs:39:26
[INFO] [stdout]    4:     0x58311457c263 - core::fmt::rt::Argument::fmt::hdb6b616786b41dc1
[INFO] [stdout]                                at /rustc/6067b36314ab5eb2eb47cecc464545ba58e1ad24/library/core/src/fmt/rt.rs:177:76
[INFO] [stdout]    5:     0x58311457c263 - core::fmt::write::h2cc1698af7e2d686
[INFO] [stdout]                                at /rustc/6067b36314ab5eb2eb47cecc464545ba58e1ad24/library/core/src/fmt/mod.rs:1440:21
[INFO] [stdout]    6:     0x583114550473 - std::io::Write::write_fmt::hab1b4cd059a79022
[INFO] [stdout]                                at /rustc/6067b36314ab5eb2eb47cecc464545ba58e1ad24/library/std/src/io/mod.rs:1887:15
[INFO] [stdout]    7:     0x583114553762 - std::sys::backtrace::BacktraceLock::print::h147fe35b4ea13b08
[INFO] [stdout]                                at /rustc/6067b36314ab5eb2eb47cecc464545ba58e1ad24/library/std/src/sys/backtrace.rs:42:9
[INFO] [stdout]    8:     0x583114554d3f - std::panicking::default_hook::{{closure}}::hbd44223dbdc0d208
[INFO] [stdout]                                at /rustc/6067b36314ab5eb2eb47cecc464545ba58e1ad24/library/std/src/panicking.rs:298:22
[INFO] [stdout]    9:     0x583114554b58 - std::panicking::default_hook::h20f81eb0576efcec
[INFO] [stdout]                                at /rustc/6067b36314ab5eb2eb47cecc464545ba58e1ad24/library/std/src/panicking.rs:322:9
[INFO] [stdout]   10:     0x58311451d073 - <alloc::boxed::Box<F,A> as core::ops::function::Fn<Args>>::call::hdb53814c496a4d34
[INFO] [stdout]                                at /rustc/6067b36314ab5eb2eb47cecc464545ba58e1ad24/library/alloc/src/boxed.rs:2027:9
[INFO] [stdout]   11:     0x58311451d073 - test::test_main::{{closure}}::hc0a4963c59427c24
[INFO] [stdout]                                at /rustc/6067b36314ab5eb2eb47cecc464545ba58e1ad24/library/test/src/lib.rs:134:21
[INFO] [stdout]   12:     0x583114555833 - <alloc::boxed::Box<F,A> as core::ops::function::Fn<Args>>::call::h591b2225413a77e9
[INFO] [stdout]                                at /rustc/6067b36314ab5eb2eb47cecc464545ba58e1ad24/library/alloc/src/boxed.rs:2027:9
[INFO] [stdout]   13:     0x583114555833 - std::panicking::rust_panic_with_hook::h625eea43051b2edc
[INFO] [stdout]                                at /rustc/6067b36314ab5eb2eb47cecc464545ba58e1ad24/library/std/src/panicking.rs:839:13
[INFO] [stdout]   14:     0x5831145554ea - std::panicking::begin_panic_handler::{{closure}}::h4f9159cfbc3f6bd3
[INFO] [stdout]                                at /rustc/6067b36314ab5eb2eb47cecc464545ba58e1ad24/library/std/src/panicking.rs:704:13
[INFO] [stdout]   15:     0x583114553e19 - std::sys::backtrace::__rust_end_short_backtrace::h0390abce48353151
[INFO] [stdout]                                at /rustc/6067b36314ab5eb2eb47cecc464545ba58e1ad24/library/std/src/sys/backtrace.rs:168:18
[INFO] [stdout]   16:     0x58311455517d - rust_begin_unwind
[INFO] [stdout]                                at /rustc/6067b36314ab5eb2eb47cecc464545ba58e1ad24/library/std/src/panicking.rs:695:5
[INFO] [stdout]   17:     0x58311457a8c0 - core::panicking::panic_fmt::h9e7c637e9e5f29c9
[INFO] [stdout]                                at /rustc/6067b36314ab5eb2eb47cecc464545ba58e1ad24/library/core/src/panicking.rs:75:14
[INFO] [stdout]   18:     0x58311457ac82 - core::panicking::assert_failed_inner::h538bec7c1374cd9c
[INFO] [stdout]   19:     0x5831144d0c85 - core::panicking::assert_failed::h87a4a697e62059d2
[INFO] [stdout]                                at /rustc/6067b36314ab5eb2eb47cecc464545ba58e1ad24/library/core/src/panicking.rs:364:5
[INFO] [stdout]   20:     0x5831144dde07 - risk::parser::test::check_ast::h6bcf1c3f8898f8f8
[INFO] [stdout]                                at /opt/rustwide/workdir/src/parser/test.rs:9:5
[INFO] [stdout]   21:     0x5831144e2eaf - risk::parser::test::test_match::h0cb4a74f609635fb
[INFO] [stdout]                                at /opt/rustwide/workdir/src/parser/test.rs:273:5
[INFO] [stdout]   22:     0x5831144e2157 - risk::parser::test::test_match::{{closure}}::h9dbc70b5abcf8c5d
[INFO] [stdout]                                at /opt/rustwide/workdir/src/parser/test.rs:272:16
[INFO] [stdout]   23:     0x5831144cebe6 - core::ops::function::FnOnce::call_once::hd7d29ca8459dea20
[INFO] [stdout]                                at /rustc/6067b36314ab5eb2eb47cecc464545ba58e1ad24/library/core/src/ops/function.rs:250:5
[INFO] [stdout]   24:     0x5831145227cb - core::ops::function::FnOnce::call_once::he27718dfdd183f43
[INFO] [stdout]                                at /rustc/6067b36314ab5eb2eb47cecc464545ba58e1ad24/library/core/src/ops/function.rs:250:5
[INFO] [stdout]   25:     0x5831145227cb - test::__rust_begin_short_backtrace::h4e84902998457a5d
[INFO] [stdout]                                at /rustc/6067b36314ab5eb2eb47cecc464545ba58e1ad24/library/test/src/lib.rs:632:18
[INFO] [stdout]   26:     0x583114521703 - test::run_test_in_process::{{closure}}::h7176fd18fc1feca0
[INFO] [stdout]                                at /rustc/6067b36314ab5eb2eb47cecc464545ba58e1ad24/library/test/src/lib.rs:655:60
[INFO] [stdout]   27:     0x583114521703 - <core::panic::unwind_safe::AssertUnwindSafe<F> as core::ops::function::FnOnce<()>>::call_once::hf79cff2a624d8cf7
[INFO] [stdout]                                at /rustc/6067b36314ab5eb2eb47cecc464545ba58e1ad24/library/core/src/panic/unwind_safe.rs:272:9
[INFO] [stdout]   28:     0x583114521703 - std::panicking::try::do_call::h3da0561d9ab99c25
[INFO] [stdout]                                at /rustc/6067b36314ab5eb2eb47cecc464545ba58e1ad24/library/std/src/panicking.rs:587:40
[INFO] [stdout]   29:     0x583114521703 - std::panicking::try::h41c9fa508bc61df6
[INFO] [stdout]                                at /rustc/6067b36314ab5eb2eb47cecc464545ba58e1ad24/library/std/src/panicking.rs:550:19
[INFO] [stdout]   30:     0x583114521703 - std::panic::catch_unwind::h6b3ff07bb5afad93
[INFO] [stdout]                                at /rustc/6067b36314ab5eb2eb47cecc464545ba58e1ad24/library/std/src/panic.rs:358:14
[INFO] [stdout]   31:     0x583114521703 - test::run_test_in_process::hc7253dd11b39b9f4
[INFO] [stdout]                                at /rustc/6067b36314ab5eb2eb47cecc464545ba58e1ad24/library/test/src/lib.rs:655:27
[INFO] [stdout]   32:     0x583114521703 - test::run_test::{{closure}}::hfb2007f8649c30bb
[INFO] [stdout]                                at /rustc/6067b36314ab5eb2eb47cecc464545ba58e1ad24/library/test/src/lib.rs:576:43
[INFO] [stdout]   33:     0x5831144e47e5 - test::run_test::{{closure}}::h56a17aa7a282a9f4
[INFO] [stdout]                                at /rustc/6067b36314ab5eb2eb47cecc464545ba58e1ad24/library/test/src/lib.rs:606:41
[INFO] [stdout]   34:     0x5831144e47e5 - std::sys::backtrace::__rust_begin_short_backtrace::hd2d2d2fb8e8c6aac
[INFO] [stdout]                                at /rustc/6067b36314ab5eb2eb47cecc464545ba58e1ad24/library/std/src/sys/backtrace.rs:152:18
[INFO] [stdout]   35:     0x5831144e80ca - std::thread::Builder::spawn_unchecked_::{{closure}}::{{closure}}::h4faa3f9db6133423
[INFO] [stdout]                                at /rustc/6067b36314ab5eb2eb47cecc464545ba58e1ad24/library/std/src/thread/mod.rs:559:17
[INFO] [stdout]   36:     0x5831144e80ca - <core::panic::unwind_safe::AssertUnwindSafe<F> as core::ops::function::FnOnce<()>>::call_once::hf2e855a36a4ea846
[INFO] [stdout]                                at /rustc/6067b36314ab5eb2eb47cecc464545ba58e1ad24/library/core/src/panic/unwind_safe.rs:272:9
[INFO] [stdout]   37:     0x5831144e80ca - std::panicking::try::do_call::h2f73af3616c35465
[INFO] [stdout]                                at /rustc/6067b36314ab5eb2eb47cecc464545ba58e1ad24/library/std/src/panicking.rs:587:40
[INFO] [stdout]   38:     0x5831144e80ca - std::panicking::try::hd1660ce9efadef5a
[INFO] [stdout]                                at /rustc/6067b36314ab5eb2eb47cecc464545ba58e1ad24/library/std/src/panicking.rs:550:19
[INFO] [stdout]   39:     0x5831144e80ca - std::panic::catch_unwind::h5ee8d7823b8ca744
[INFO] [stdout]                                at /rustc/6067b36314ab5eb2eb47cecc464545ba58e1ad24/library/std/src/panic.rs:358:14
[INFO] [stdout]   40:     0x5831144e80ca - std::thread::Builder::spawn_unchecked_::{{closure}}::h53c3a1894dce8407
[INFO] [stdout]                                at /rustc/6067b36314ab5eb2eb47cecc464545ba58e1ad24/library/std/src/thread/mod.rs:557:30
[INFO] [stdout]   41:     0x5831144e80ca - core::ops::function::FnOnce::call_once{{vtable.shim}}::h048ce291ad4f62bf
[INFO] [stdout]                                at /rustc/6067b36314ab5eb2eb47cecc464545ba58e1ad24/library/core/src/ops/function.rs:250:5
[INFO] [stdout]   42:     0x58311455976b - <alloc::boxed::Box<F,A> as core::ops::function::FnOnce<Args>>::call_once::ha52bedf99a3b4981
[INFO] [stdout]                                at /rustc/6067b36314ab5eb2eb47cecc464545ba58e1ad24/library/alloc/src/boxed.rs:2013:9
[INFO] [stdout]   43:     0x58311455976b - <alloc::boxed::Box<F,A> as core::ops::function::FnOnce<Args>>::call_once::h567748934d80ccf8
[INFO] [stdout]                                at /rustc/6067b36314ab5eb2eb47cecc464545ba58e1ad24/library/alloc/src/boxed.rs:2013:9
[INFO] [stdout]   44:     0x58311455976b - std::sys::pal::unix::thread::Thread::new::thread_start::h2d970728ae887adc
[INFO] [stdout]                                at /rustc/6067b36314ab5eb2eb47cecc464545ba58e1ad24/library/std/src/sys/pal/unix/thread.rs:106:17
[INFO] [stdout]   45:     0x71264ad39ac3 - <unknown>
[INFO] [stdout]   46:     0x71264adcaa04 - clone
[INFO] [stdout]   47:                0x0 - <unknown>
[INFO] [stdout] 
[INFO] [stdout] 
[INFO] [stdout] failures:
[INFO] [stdout]     parser::test::test_match
[INFO] [stdout] 
[INFO] [stdout] test result: FAILED. 8 passed; 1 failed; 0 ignored; 0 measured; 0 filtered out; finished in 0.07s
[INFO] [stdout] 
[INFO] [stderr] error: test failed, to rerun pass `--bin risk`
[INFO] running `Command { std: "docker" "inspect" "53972e7caddf9bb6fa3353cf943b8e867c6f3cdce8d0359cd0c7688dd1e28828", kill_on_drop: false }`
[INFO] running `Command { std: "docker" "rm" "-f" "53972e7caddf9bb6fa3353cf943b8e867c6f3cdce8d0359cd0c7688dd1e28828", kill_on_drop: false }`
[INFO] [stdout] 53972e7caddf9bb6fa3353cf943b8e867c6f3cdce8d0359cd0c7688dd1e28828
