[INFO] cloning repository https://github.com/Logan-010/tinycrypt
[INFO] running `Command { std: "git" "-c" "credential.helper=" "-c" "credential.helper=/workspace/cargo-home/bin/git-credential-null" "clone" "--bare" "https://github.com/Logan-010/tinycrypt" "/workspace/cache/git-repos/https%3A%2F%2Fgithub.com%2FLogan-010%2Ftinycrypt", kill_on_drop: false }`
[INFO] [stderr] Cloning into bare repository '/workspace/cache/git-repos/https%3A%2F%2Fgithub.com%2FLogan-010%2Ftinycrypt'...
[INFO] running `Command { std: "git" "rev-parse" "HEAD", kill_on_drop: false }`
[INFO] [stdout] 123ac12c22096e0da89691f65f31c995738d2757
[INFO] testing Logan-010/tinycrypt against nightly-2025-01-18+rustflags=-Zrandomize-layout for randomize-layout-2
[INFO] running `Command { std: "git" "clone" "/workspace/cache/git-repos/https%3A%2F%2Fgithub.com%2FLogan-010%2Ftinycrypt" "/workspace/builds/worker-6-tc2/source", kill_on_drop: false }`
[INFO] [stderr] Cloning into '/workspace/builds/worker-6-tc2/source'...
[INFO] [stderr] done.
[INFO] validating manifest of git repo https://github.com/Logan-010/tinycrypt on toolchain nightly-2025-01-18
[INFO] running `Command { std: CARGO_HOME="/workspace/cargo-home" RUSTUP_HOME="/workspace/rustup-home" "/workspace/cargo-home/bin/cargo" "+nightly-2025-01-18" "metadata" "--manifest-path" "Cargo.toml" "--no-deps", kill_on_drop: false }`
[INFO] started tweaking git repo https://github.com/Logan-010/tinycrypt
[INFO] finished tweaking git repo https://github.com/Logan-010/tinycrypt
[INFO] tweaked toml for git repo https://github.com/Logan-010/tinycrypt written to /workspace/builds/worker-6-tc2/source/Cargo.toml
[INFO] crate git repo https://github.com/Logan-010/tinycrypt already has a lockfile, it will not be regenerated
[INFO] running `Command { std: CARGO_HOME="/workspace/cargo-home" RUSTUP_HOME="/workspace/rustup-home" "/workspace/cargo-home/bin/cargo" "+nightly-2025-01-18" "fetch" "--manifest-path" "Cargo.toml", kill_on_drop: false }`
[INFO] running `Command { std: "docker" "create" "-v" "/var/lib/crater-agent-workspace/builds/worker-6-tc2/target:/opt/rustwide/target:rw,Z" "-v" "/var/lib/crater-agent-workspace/builds/worker-6-tc2/source:/opt/rustwide/workdir:ro,Z" "-v" "/var/lib/crater-agent-workspace/cargo-home:/opt/rustwide/cargo-home:ro,Z" "-v" "/var/lib/crater-agent-workspace/rustup-home:/opt/rustwide/rustup-home:ro,Z" "-e" "SOURCE_DIR=/opt/rustwide/workdir" "-e" "CARGO_TARGET_DIR=/opt/rustwide/target" "-e" "CARGO_HOME=/opt/rustwide/cargo-home" "-e" "RUSTUP_HOME=/opt/rustwide/rustup-home" "-w" "/opt/rustwide/workdir" "-m" "1610612736" "--user" "0:0" "--network" "none" "ghcr.io/rust-lang/crates-build-env/linux@sha256:819108c5571ea2e421544af4d832f968d213c87fbe3707a016657f43d2f853bc" "/opt/rustwide/cargo-home/bin/cargo" "+nightly-2025-01-18" "metadata" "--no-deps" "--format-version=1", kill_on_drop: false }`
[INFO] [stdout] 5c8b67992174c5f54b01ef87abdab8aff2456646b38ec026fdccc0ed81698a8e
[INFO] running `Command { std: "docker" "start" "-a" "5c8b67992174c5f54b01ef87abdab8aff2456646b38ec026fdccc0ed81698a8e", kill_on_drop: false }`
[INFO] running `Command { std: "docker" "inspect" "5c8b67992174c5f54b01ef87abdab8aff2456646b38ec026fdccc0ed81698a8e", kill_on_drop: false }`
[INFO] running `Command { std: "docker" "rm" "-f" "5c8b67992174c5f54b01ef87abdab8aff2456646b38ec026fdccc0ed81698a8e", kill_on_drop: false }`
[INFO] [stdout] 5c8b67992174c5f54b01ef87abdab8aff2456646b38ec026fdccc0ed81698a8e
[INFO] running `Command { std: "docker" "create" "-v" "/var/lib/crater-agent-workspace/builds/worker-6-tc2/target:/opt/rustwide/target:rw,Z" "-v" "/var/lib/crater-agent-workspace/builds/worker-6-tc2/source:/opt/rustwide/workdir:ro,Z" "-v" "/var/lib/crater-agent-workspace/cargo-home:/opt/rustwide/cargo-home:ro,Z" "-v" "/var/lib/crater-agent-workspace/rustup-home:/opt/rustwide/rustup-home:ro,Z" "-e" "SOURCE_DIR=/opt/rustwide/workdir" "-e" "CARGO_TARGET_DIR=/opt/rustwide/target" "-e" "CARGO_INCREMENTAL=0" "-e" "RUST_BACKTRACE=full" "-e" "RUSTFLAGS=--cap-lints=forbid -Zrandomize-layout" "-e" "RUSTDOCFLAGS=--cap-lints=forbid" "-e" "CARGO_HOME=/opt/rustwide/cargo-home" "-e" "RUSTUP_HOME=/opt/rustwide/rustup-home" "-w" "/opt/rustwide/workdir" "-m" "1610612736" "--user" "0:0" "--network" "none" "ghcr.io/rust-lang/crates-build-env/linux@sha256:819108c5571ea2e421544af4d832f968d213c87fbe3707a016657f43d2f853bc" "/opt/rustwide/cargo-home/bin/cargo" "+nightly-2025-01-18" "build" "--frozen" "--message-format=json", kill_on_drop: false }`
[INFO] [stdout] 172ae7856cdf6712441766060b64b4fb120a922c97c9af22ae3ae601ef12aa70
[INFO] running `Command { std: "docker" "start" "-a" "172ae7856cdf6712441766060b64b4fb120a922c97c9af22ae3ae601ef12aa70", kill_on_drop: false }`
[INFO] [stderr]    Compiling libc v0.2.155
[INFO] [stderr]    Compiling proc-macro2 v1.0.86
[INFO] [stderr]    Compiling cpufeatures v0.2.12
[INFO] [stderr]    Compiling subtle v2.6.1
[INFO] [stderr]    Compiling serde v1.0.203
[INFO] [stderr]    Compiling arrayvec v0.7.4
[INFO] [stderr]    Compiling opaque-debug v0.3.1
[INFO] [stderr]    Compiling inout v0.1.3
[INFO] [stderr]    Compiling arrayref v0.3.7
[INFO] [stderr]    Compiling constant_time_eq v0.3.0
[INFO] [stderr]    Compiling zeroize v1.8.1
[INFO] [stderr]    Compiling blake2b_simd v1.0.2
[INFO] [stderr]    Compiling quote v1.0.36
[INFO] [stderr]    Compiling rust-argon2 v2.1.0
[INFO] [stderr]    Compiling syn v2.0.68
[INFO] [stderr]    Compiling getrandom v0.2.15
[INFO] [stderr]    Compiling rand_core v0.6.4
[INFO] [stderr]    Compiling crypto-common v0.1.6
[INFO] [stderr]    Compiling cipher v0.4.4
[INFO] [stderr]    Compiling universal-hash v0.5.1
[INFO] [stderr]    Compiling aead v0.5.2
[INFO] [stderr]    Compiling polyval v0.6.2
[INFO] [stderr]    Compiling ctr v0.9.2
[INFO] [stderr]    Compiling aes v0.8.4
[INFO] [stderr]    Compiling aes-gcm-siv v0.11.1
[INFO] [stderr]    Compiling serde_derive v1.0.203
[INFO] [stderr]    Compiling bincode v1.3.3
[INFO] [stderr]    Compiling tinycrypt v0.1.0 (/opt/rustwide/workdir)
[INFO] [stderr]     Finished `dev` profile [unoptimized + debuginfo] target(s) in 19.16s
[INFO] running `Command { std: "docker" "inspect" "172ae7856cdf6712441766060b64b4fb120a922c97c9af22ae3ae601ef12aa70", kill_on_drop: false }`
[INFO] running `Command { std: "docker" "rm" "-f" "172ae7856cdf6712441766060b64b4fb120a922c97c9af22ae3ae601ef12aa70", kill_on_drop: false }`
[INFO] [stdout] 172ae7856cdf6712441766060b64b4fb120a922c97c9af22ae3ae601ef12aa70
[INFO] running `Command { std: "docker" "create" "-v" "/var/lib/crater-agent-workspace/builds/worker-6-tc2/target:/opt/rustwide/target:rw,Z" "-v" "/var/lib/crater-agent-workspace/builds/worker-6-tc2/source:/opt/rustwide/workdir:ro,Z" "-v" "/var/lib/crater-agent-workspace/cargo-home:/opt/rustwide/cargo-home:ro,Z" "-v" "/var/lib/crater-agent-workspace/rustup-home:/opt/rustwide/rustup-home:ro,Z" "-e" "SOURCE_DIR=/opt/rustwide/workdir" "-e" "CARGO_TARGET_DIR=/opt/rustwide/target" "-e" "CARGO_INCREMENTAL=0" "-e" "RUST_BACKTRACE=full" "-e" "RUSTFLAGS=--cap-lints=forbid -Zrandomize-layout" "-e" "RUSTDOCFLAGS=--cap-lints=forbid" "-e" "CARGO_HOME=/opt/rustwide/cargo-home" "-e" "RUSTUP_HOME=/opt/rustwide/rustup-home" "-w" "/opt/rustwide/workdir" "-m" "1610612736" "--user" "0:0" "--network" "none" "ghcr.io/rust-lang/crates-build-env/linux@sha256:819108c5571ea2e421544af4d832f968d213c87fbe3707a016657f43d2f853bc" "/opt/rustwide/cargo-home/bin/cargo" "+nightly-2025-01-18" "test" "--frozen" "--no-run" "--message-format=json", kill_on_drop: false }`
[INFO] [stdout] a8de2909464b1fa8a8b78a67fbb0e69cf65f469fe3127fb12c2b2294d743885b
[INFO] running `Command { std: "docker" "start" "-a" "a8de2909464b1fa8a8b78a67fbb0e69cf65f469fe3127fb12c2b2294d743885b", kill_on_drop: false }`
[INFO] [stderr]    Compiling tinycrypt v0.1.0 (/opt/rustwide/workdir)
[INFO] [stderr]     Finished `test` profile [unoptimized + debuginfo] target(s) in 0.37s
[INFO] running `Command { std: "docker" "inspect" "a8de2909464b1fa8a8b78a67fbb0e69cf65f469fe3127fb12c2b2294d743885b", kill_on_drop: false }`
[INFO] running `Command { std: "docker" "rm" "-f" "a8de2909464b1fa8a8b78a67fbb0e69cf65f469fe3127fb12c2b2294d743885b", kill_on_drop: false }`
[INFO] [stdout] a8de2909464b1fa8a8b78a67fbb0e69cf65f469fe3127fb12c2b2294d743885b
[INFO] running `Command { std: "docker" "create" "-v" "/var/lib/crater-agent-workspace/builds/worker-6-tc2/target:/opt/rustwide/target:rw,Z" "-v" "/var/lib/crater-agent-workspace/builds/worker-6-tc2/source:/opt/rustwide/workdir:ro,Z" "-v" "/var/lib/crater-agent-workspace/cargo-home:/opt/rustwide/cargo-home:ro,Z" "-v" "/var/lib/crater-agent-workspace/rustup-home:/opt/rustwide/rustup-home:ro,Z" "-e" "SOURCE_DIR=/opt/rustwide/workdir" "-e" "CARGO_TARGET_DIR=/opt/rustwide/target" "-e" "CARGO_INCREMENTAL=0" "-e" "RUST_BACKTRACE=full" "-e" "RUSTFLAGS=--cap-lints=forbid -Zrandomize-layout" "-e" "RUSTDOCFLAGS=--cap-lints=forbid" "-e" "CARGO_HOME=/opt/rustwide/cargo-home" "-e" "RUSTUP_HOME=/opt/rustwide/rustup-home" "-w" "/opt/rustwide/workdir" "-m" "1610612736" "--user" "0:0" "--network" "none" "ghcr.io/rust-lang/crates-build-env/linux@sha256:819108c5571ea2e421544af4d832f968d213c87fbe3707a016657f43d2f853bc" "/opt/rustwide/cargo-home/bin/cargo" "+nightly-2025-01-18" "test" "--frozen", kill_on_drop: false }`
[INFO] [stdout] 211901c2467284ea2bf40c27fdb783bade57182f994e5776ff9daab84689b47f
[INFO] running `Command { std: "docker" "start" "-a" "211901c2467284ea2bf40c27fdb783bade57182f994e5776ff9daab84689b47f", kill_on_drop: false }`
[INFO] [stderr]     Finished `test` profile [unoptimized + debuginfo] target(s) in 0.04s
[INFO] [stdout] 
[INFO] [stderr]      Running unittests src/lib.rs (/opt/rustwide/target/debug/deps/tinycrypt-efd25194bc2926cc)
[INFO] [stdout] running 0 tests
[INFO] [stdout] 
[INFO] [stdout] test result: ok. 0 passed; 0 failed; 0 ignored; 0 measured; 0 filtered out; finished in 0.00s
[INFO] [stdout] 
[INFO] [stderr]    Doc-tests tinycrypt
[INFO] [stdout] 
[INFO] [stdout] running 3 tests
[INFO] [stdout] test src/lib.rs - decrypt (line 118) ... FAILED
[INFO] [stdout] test src/lib.rs - encrypt (line 77) ... FAILED
[INFO] [stdout] test src/lib.rs - (line 7) ... FAILED
[INFO] [stdout] 
[INFO] [stdout] failures:
[INFO] [stdout] 
[INFO] [stdout] ---- src/lib.rs - decrypt (line 118) stdout ----
[INFO] [stdout] error[E0425]: cannot find function `encrypt` in this scope
[INFO] [stdout]  --> src/lib.rs:122:31
[INFO] [stdout]   |
[INFO] [stdout] 6 | let encrypted_data: Vec<u8> = encrypt(data.as_bytes(), password.as_bytes()).expect("Failed to encrypt!");
[INFO] [stdout]   |                               ^^^^^^^ not found in this scope
[INFO] [stdout]   |
[INFO] [stdout] help: consider importing this function
[INFO] [stdout]   |
[INFO] [stdout] 2 + use tinycrypt::encrypt;
[INFO] [stdout]   |
[INFO] [stdout] 
[INFO] [stdout] error[E0425]: cannot find function `decrypt` in this scope
[INFO] [stdout]  --> src/lib.rs:124:31
[INFO] [stdout]   |
[INFO] [stdout] 8 | let decrypted_data : Vec<u8>= decrypt(&encrypted_data, password.as_bytes()).expect("Failed to decrypt data!");
[INFO] [stdout]   |                               ^^^^^^^ not found in this scope
[INFO] [stdout]   |
[INFO] [stdout] help: consider importing this function
[INFO] [stdout]   |
[INFO] [stdout] 2 + use tinycrypt::decrypt;
[INFO] [stdout]   |
[INFO] [stdout] 
[INFO] [stdout] error: aborting due to 2 previous errors
[INFO] [stdout] 
[INFO] [stdout] For more information about this error, try `rustc --explain E0425`.
[INFO] [stdout] Couldn't compile the test.
[INFO] [stdout] ---- src/lib.rs - encrypt (line 77) stdout ----
[INFO] [stdout] error[E0425]: cannot find function `encrypt` in this scope
[INFO] [stdout]  --> src/lib.rs:81:31
[INFO] [stdout]   |
[INFO] [stdout] 6 | let encrypted_data: Vec<u8> = encrypt(data.as_bytes(), password.as_bytes()).expect("Failed to encrypt!");
[INFO] [stdout]   |                               ^^^^^^^ not found in this scope
[INFO] [stdout]   |
[INFO] [stdout] help: consider importing this function
[INFO] [stdout]   |
[INFO] [stdout] 2 + use tinycrypt::encrypt;
[INFO] [stdout]   |
[INFO] [stdout] 
[INFO] [stdout] error: aborting due to 1 previous error
[INFO] [stdout] 
[INFO] [stdout] For more information about this error, try `rustc --explain E0425`.
[INFO] [stdout] Couldn't compile the test.
[INFO] [stdout] ---- src/lib.rs - (line 7) stdout ----
[INFO] [stdout] error[E0432]: unresolved imports `tinycrypt::Encrypt`, `tinycrypt::Decrypt`
[INFO] [stdout]  --> src/lib.rs:9:17
[INFO] [stdout]   |
[INFO] [stdout] 5 | use tinycrypt::{Encrypt, Decrypt, CryptographyError};
[INFO] [stdout]   |                 ^^^^^^^  ^^^^^^^ no `Decrypt` in the root
[INFO] [stdout]   |                 |
[INFO] [stdout]   |                 no `Encrypt` in the root
[INFO] [stdout]   |
[INFO] [stdout] help: a similar name exists in the module
[INFO] [stdout]   |
[INFO] [stdout] 5 | use tinycrypt::{encrypt, Decrypt, CryptographyError};
[INFO] [stdout]   |                 ~~~~~~~
[INFO] [stdout] help: a similar name exists in the module
[INFO] [stdout]   |
[INFO] [stdout] 5 | use tinycrypt::{Encrypt, decrypt, CryptographyError};
[INFO] [stdout]   |                          ~~~~~~~
[INFO] [stdout] 
[INFO] [stdout] error[E0425]: cannot find function `encrypt` in this scope
[INFO] [stdout]   --> src/lib.rs:14:31
[INFO] [stdout]    |
[INFO] [stdout] 10 | let encrypted_data: Vec<u8> = encrypt(data.as_bytes(), secure_password.as_bytes()).unwrap();
[INFO] [stdout]    |                               ^^^^^^^ not found in this scope
[INFO] [stdout]    |
[INFO] [stdout] help: consider importing this function
[INFO] [stdout]    |
[INFO] [stdout] 2  + use tinycrypt::encrypt;
[INFO] [stdout]    |
[INFO] [stdout] 
[INFO] [stdout] error[E0425]: cannot find function `decrypt` in this scope
[INFO] [stdout]   --> src/lib.rs:18:31
[INFO] [stdout]    |
[INFO] [stdout] 14 | let decrypted_data: Vec<u8> = decrypt(&encrypted_data, password.as_bytes()).unwrap();
[INFO] [stdout]    |                               ^^^^^^^ not found in this scope
[INFO] [stdout]    |
[INFO] [stdout] help: consider importing this function
[INFO] [stdout]    |
[INFO] [stdout] 2  + use tinycrypt::decrypt;
[INFO] [stdout]    |
[INFO] [stdout] 
[INFO] [stdout] error[E0425]: cannot find value `password` in this scope
[INFO] [stdout]   --> src/lib.rs:18:56
[INFO] [stdout]    |
[INFO] [stdout] 14 | let decrypted_data: Vec<u8> = decrypt(&encrypted_data, password.as_bytes()).unwrap();
[INFO] [stdout]    |                                                        ^^^^^^^^ not found in this scope
[INFO] [stdout] 
[INFO] [stdout] error[E0425]: cannot find function `decrypt` in this scope
[INFO] [stdout]   --> src/lib.rs:21:7
[INFO] [stdout]    |
[INFO] [stdout] 17 | match decrypt(&encrypted_data, password.as_bytes()) {
[INFO] [stdout]    |       ^^^^^^^ not found in this scope
[INFO] [stdout]    |
[INFO] [stdout] help: consider importing this function
[INFO] [stdout]    |
[INFO] [stdout] 2  + use tinycrypt::decrypt;
[INFO] [stdout]    |
[INFO] [stdout] 
[INFO] [stdout] error[E0425]: cannot find value `password` in this scope
[INFO] [stdout]   --> src/lib.rs:21:32
[INFO] [stdout]    |
[INFO] [stdout] 17 | match decrypt(&encrypted_data, password.as_bytes()) {
[INFO] [stdout]    |                                ^^^^^^^^ not found in this scope
[INFO] [stdout] 
[INFO] [stdout] error: aborting due to 6 previous errors
[INFO] [stdout] 
[INFO] [stdout] Some errors have detailed explanations: E0425, E0432.
[INFO] [stdout] For more information about an error, try `rustc --explain E0425`.
[INFO] [stdout] Couldn't compile the test.
[INFO] [stdout] 
[INFO] [stdout] failures:
[INFO] [stdout]     src/lib.rs - (line 7)
[INFO] [stdout]     src/lib.rs - decrypt (line 118)
[INFO] [stdout]     src/lib.rs - encrypt (line 77)
[INFO] [stdout] 
[INFO] [stdout] test result: FAILED. 0 passed; 3 failed; 0 ignored; 0 measured; 0 filtered out; finished in 0.13s
[INFO] [stdout] 
[INFO] [stderr] error: doctest failed, to rerun pass `--doc`
[INFO] running `Command { std: "docker" "inspect" "211901c2467284ea2bf40c27fdb783bade57182f994e5776ff9daab84689b47f", kill_on_drop: false }`
[INFO] running `Command { std: "docker" "rm" "-f" "211901c2467284ea2bf40c27fdb783bade57182f994e5776ff9daab84689b47f", kill_on_drop: false }`
[INFO] [stdout] 211901c2467284ea2bf40c27fdb783bade57182f994e5776ff9daab84689b47f
