[INFO] cloning repository https://github.com/LiangrunDa/bft-crdt-rs
[INFO] running `Command { std: "git" "-c" "credential.helper=" "-c" "credential.helper=/workspace/cargo-home/bin/git-credential-null" "clone" "--bare" "https://github.com/LiangrunDa/bft-crdt-rs" "/workspace/cache/git-repos/https%3A%2F%2Fgithub.com%2FLiangrunDa%2Fbft-crdt-rs", kill_on_drop: false }`
[INFO] [stderr] Cloning into bare repository '/workspace/cache/git-repos/https%3A%2F%2Fgithub.com%2FLiangrunDa%2Fbft-crdt-rs'...
[INFO] running `Command { std: "git" "rev-parse" "HEAD", kill_on_drop: false }`
[INFO] [stdout] db557140c00a06fc5058cafca5af20d465d94bba
[INFO] testing LiangrunDa/bft-crdt-rs against nightly-2025-01-18 for randomize-layout-2
[INFO] running `Command { std: "git" "clone" "/workspace/cache/git-repos/https%3A%2F%2Fgithub.com%2FLiangrunDa%2Fbft-crdt-rs" "/workspace/builds/worker-5-tc1/source", kill_on_drop: false }`
[INFO] [stderr] Cloning into '/workspace/builds/worker-5-tc1/source'...
[INFO] [stderr] done.
[INFO] validating manifest of git repo https://github.com/LiangrunDa/bft-crdt-rs on toolchain nightly-2025-01-18
[INFO] running `Command { std: CARGO_HOME="/workspace/cargo-home" RUSTUP_HOME="/workspace/rustup-home" "/workspace/cargo-home/bin/cargo" "+nightly-2025-01-18" "metadata" "--manifest-path" "Cargo.toml" "--no-deps", kill_on_drop: false }`
[INFO] started tweaking git repo https://github.com/LiangrunDa/bft-crdt-rs
[INFO] finished tweaking git repo https://github.com/LiangrunDa/bft-crdt-rs
[INFO] tweaked toml for git repo https://github.com/LiangrunDa/bft-crdt-rs written to /workspace/builds/worker-5-tc1/source/Cargo.toml
[INFO] crate git repo https://github.com/LiangrunDa/bft-crdt-rs already has a lockfile, it will not be regenerated
[INFO] running `Command { std: CARGO_HOME="/workspace/cargo-home" RUSTUP_HOME="/workspace/rustup-home" "/workspace/cargo-home/bin/cargo" "+nightly-2025-01-18" "fetch" "--manifest-path" "Cargo.toml", kill_on_drop: false }`
[INFO] [stderr] warning: virtual workspace defaulting to `resolver = "1"` despite one or more workspace members being on edition 2021 which implies `resolver = "2"`
[INFO] [stderr] note: to keep the current resolver, specify `workspace.resolver = "1"` in the workspace root's manifest
[INFO] [stderr] note: to use the edition 2021 resolver, specify `workspace.resolver = "2"` in the workspace root's manifest
[INFO] [stderr] note: for more details see https://doc.rust-lang.org/cargo/reference/resolver.html#resolver-versions
[INFO] [stderr]  Downloading crates ...
[INFO] [stderr]   Downloaded sval v2.13.2
[INFO] [stderr]   Downloaded sval_serde v2.13.2
[INFO] [stderr]   Downloaded sval_nested v2.13.2
[INFO] [stderr]   Downloaded sval_fmt v2.13.2
[INFO] [stderr]   Downloaded sval_json v2.13.2
[INFO] [stderr]   Downloaded sval_dynamic v2.13.2
[INFO] [stderr]   Downloaded sval_buffer v2.13.2
[INFO] [stderr]   Downloaded sval_ref v2.13.2
[INFO] [stderr]   Downloaded tracing-bunyan-formatter v0.3.10
[INFO] running `Command { std: "docker" "create" "-v" "/var/lib/crater-agent-workspace/builds/worker-5-tc1/target:/opt/rustwide/target:rw,Z" "-v" "/var/lib/crater-agent-workspace/builds/worker-5-tc1/source:/opt/rustwide/workdir:ro,Z" "-v" "/var/lib/crater-agent-workspace/cargo-home:/opt/rustwide/cargo-home:ro,Z" "-v" "/var/lib/crater-agent-workspace/rustup-home:/opt/rustwide/rustup-home:ro,Z" "-e" "SOURCE_DIR=/opt/rustwide/workdir" "-e" "CARGO_TARGET_DIR=/opt/rustwide/target" "-e" "CARGO_HOME=/opt/rustwide/cargo-home" "-e" "RUSTUP_HOME=/opt/rustwide/rustup-home" "-w" "/opt/rustwide/workdir" "-m" "1610612736" "--user" "0:0" "--network" "none" "ghcr.io/rust-lang/crates-build-env/linux@sha256:819108c5571ea2e421544af4d832f968d213c87fbe3707a016657f43d2f853bc" "/opt/rustwide/cargo-home/bin/cargo" "+nightly-2025-01-18" "metadata" "--no-deps" "--format-version=1", kill_on_drop: false }`
[INFO] [stdout] 988e98943b4ebaac26b413f9da2f887b459099285311b22a92f9648fa4064e4c
[INFO] running `Command { std: "docker" "start" "-a" "988e98943b4ebaac26b413f9da2f887b459099285311b22a92f9648fa4064e4c", kill_on_drop: false }`
[INFO] running `Command { std: "docker" "inspect" "988e98943b4ebaac26b413f9da2f887b459099285311b22a92f9648fa4064e4c", kill_on_drop: false }`
[INFO] running `Command { std: "docker" "rm" "-f" "988e98943b4ebaac26b413f9da2f887b459099285311b22a92f9648fa4064e4c", kill_on_drop: false }`
[INFO] [stdout] 988e98943b4ebaac26b413f9da2f887b459099285311b22a92f9648fa4064e4c
[INFO] running `Command { std: "docker" "create" "-v" "/var/lib/crater-agent-workspace/builds/worker-5-tc1/target:/opt/rustwide/target:rw,Z" "-v" "/var/lib/crater-agent-workspace/builds/worker-5-tc1/source:/opt/rustwide/workdir:ro,Z" "-v" "/var/lib/crater-agent-workspace/cargo-home:/opt/rustwide/cargo-home:ro,Z" "-v" "/var/lib/crater-agent-workspace/rustup-home:/opt/rustwide/rustup-home:ro,Z" "-e" "SOURCE_DIR=/opt/rustwide/workdir" "-e" "CARGO_TARGET_DIR=/opt/rustwide/target" "-e" "CARGO_INCREMENTAL=0" "-e" "RUST_BACKTRACE=full" "-e" "RUSTFLAGS=--cap-lints=forbid" "-e" "RUSTDOCFLAGS=--cap-lints=forbid" "-e" "CARGO_HOME=/opt/rustwide/cargo-home" "-e" "RUSTUP_HOME=/opt/rustwide/rustup-home" "-w" "/opt/rustwide/workdir" "-m" "1610612736" "--user" "0:0" "--network" "none" "ghcr.io/rust-lang/crates-build-env/linux@sha256:819108c5571ea2e421544af4d832f968d213c87fbe3707a016657f43d2f853bc" "/opt/rustwide/cargo-home/bin/cargo" "+nightly-2025-01-18" "build" "--frozen" "--message-format=json", kill_on_drop: false }`
[INFO] [stdout] 02e2bce5f5d275ff9264f9aa16a0c28c4b5d664a825f6438fecb0c5016f283cf
[INFO] running `Command { std: "docker" "start" "-a" "02e2bce5f5d275ff9264f9aa16a0c28c4b5d664a825f6438fecb0c5016f283cf", kill_on_drop: false }`
[INFO] [stderr] warning: virtual workspace defaulting to `resolver = "1"` despite one or more workspace members being on edition 2021 which implies `resolver = "2"`
[INFO] [stderr] note: to keep the current resolver, specify `workspace.resolver = "1"` in the workspace root's manifest
[INFO] [stderr] note: to use the edition 2021 resolver, specify `workspace.resolver = "2"` in the workspace root's manifest
[INFO] [stderr] note: for more details see https://doc.rust-lang.org/cargo/reference/resolver.html#resolver-versions
[INFO] [stderr]    Compiling proc-macro2 v1.0.93
[INFO] [stderr]    Compiling unicode-ident v1.0.14
[INFO] [stderr]    Compiling libc v0.2.169
[INFO] [stderr]    Compiling once_cell v1.20.2
[INFO] [stderr]    Compiling autocfg v1.4.0
[INFO] [stderr]    Compiling bytes v1.9.0
[INFO] [stderr]    Compiling pin-project-lite v0.2.16
[INFO] [stderr]    Compiling log v0.4.24
[INFO] [stderr]    Compiling smallvec v1.13.2
[INFO] [stderr]    Compiling parking_lot_core v0.9.10
[INFO] [stderr]    Compiling tracing-core v0.1.33
[INFO] [stderr]    Compiling scopeguard v1.2.0
[INFO] [stderr]    Compiling itoa v1.0.14
[INFO] [stderr]    Compiling equivalent v1.0.1
[INFO] [stderr]    Compiling version_check v0.9.5
[INFO] [stderr]    Compiling hashbrown v0.15.2
[INFO] [stderr]    Compiling futures-core v0.3.31
[INFO] [stderr]    Compiling syn v1.0.109
[INFO] [stderr]    Compiling lock_api v0.4.12
[INFO] [stderr]    Compiling anyhow v1.0.95
[INFO] [stderr]    Compiling either v1.13.0
[INFO] [stderr]    Compiling byteorder v1.5.0
[INFO] [stderr]    Compiling rustversion v1.0.19
[INFO] [stderr]    Compiling regex-syntax v0.8.5
[INFO] [stderr]    Compiling itertools v0.10.5
[INFO] [stderr]    Compiling indexmap v2.7.0
[INFO] [stderr]    Compiling quote v1.0.38
[INFO] [stderr]    Compiling slab v0.4.9
[INFO] [stderr]    Compiling lazy_static v1.5.0
[INFO] [stderr]    Compiling fnv v1.0.7
[INFO] [stderr]    Compiling rustix v0.38.43
[INFO] [stderr]    Compiling syn v2.0.96
[INFO] [stderr]    Compiling pin-utils v0.1.0
[INFO] [stderr]    Compiling futures-task v0.3.31
[INFO] [stderr]    Compiling http v0.2.12
[INFO] [stderr]    Compiling futures-util v0.3.31
[INFO] [stderr]    Compiling getrandom v0.2.15
[INFO] [stderr]    Compiling socket2 v0.5.8
[INFO] [stderr]    Compiling parking_lot v0.12.3
[INFO] [stderr]    Compiling mio v1.0.3
[INFO] [stderr]    Compiling signal-hook-registry v1.4.2
[INFO] [stderr]    Compiling rand_core v0.6.4
[INFO] [stderr]    Compiling regex-automata v0.4.9
[INFO] [stderr]    Compiling bitflags v2.7.0
[INFO] [stderr]    Compiling linux-raw-sys v0.4.15
[INFO] [stderr]    Compiling typenum v1.17.0
[INFO] [stderr]    Compiling futures-sink v0.3.31
[INFO] [stderr]    Compiling generic-array v0.14.7
[INFO] [stderr]    Compiling serde v1.0.217
[INFO] [stderr]    Compiling prettyplease v0.1.25
[INFO] [stderr]    Compiling tower-service v0.3.3
[INFO] [stderr]    Compiling httparse v1.9.5
[INFO] [stderr]    Compiling http-body v0.4.6
[INFO] [stderr]    Compiling indexmap v1.9.3
[INFO] [stderr]    Compiling home v0.5.11
[INFO] [stderr]    Compiling fixedbitset v0.4.2
[INFO] [stderr]    Compiling try-lock v0.2.5
[INFO] [stderr]    Compiling fastrand v2.3.0
[INFO] [stderr]    Compiling petgraph v0.6.5
[INFO] [stderr]    Compiling want v0.3.1
[INFO] [stderr]    Compiling axum-core v0.3.4
[INFO] [stderr]    Compiling futures-channel v0.3.31
[INFO] [stderr]    Compiling heck v0.4.1
[INFO] [stderr]    Compiling multimap v0.8.3
[INFO] [stderr]    Compiling hashbrown v0.12.3
[INFO] [stderr]    Compiling memchr v2.7.4
[INFO] [stderr]    Compiling regex v1.11.1
[INFO] [stderr]    Compiling tempfile v3.15.0
[INFO] [stderr]    Compiling which v4.4.2
[INFO] [stderr]    Compiling httpdate v1.0.3
[INFO] [stderr]    Compiling regex-syntax v0.6.29
[INFO] [stderr]    Compiling tower-layer v0.3.3
[INFO] [stderr]    Compiling axum v0.6.20
[INFO] [stderr]    Compiling crossbeam-utils v0.8.21
[INFO] [stderr]    Compiling overload v0.1.1
[INFO] [stderr]    Compiling powerfmt v0.2.0
[INFO] [stderr]    Compiling mime v0.3.17
[INFO] [stderr]    Compiling nu-ansi-term v0.46.0
[INFO] [stderr]    Compiling deranged v0.3.11
[INFO] [stderr]    Compiling block-buffer v0.10.4
[INFO] [stderr]    Compiling crypto-common v0.1.6
[INFO] [stderr]    Compiling sharded-slab v0.1.7
[INFO] [stderr]    Compiling tracing-log v0.2.0
[INFO] [stderr]    Compiling ahash v0.8.11
[INFO] [stderr]    Compiling thread_local v1.1.8
[INFO] [stderr]    Compiling utf8parse v0.2.2
[INFO] [stderr]    Compiling matchit v0.7.3
[INFO] [stderr]    Compiling num-conv v0.1.0
[INFO] [stderr]    Compiling thiserror v1.0.69
[INFO] [stderr]    Compiling serde_json v1.0.135
[INFO] [stderr]    Compiling time-core v0.1.2
[INFO] [stderr]    Compiling percent-encoding v2.3.1
[INFO] [stderr]    Compiling sync_wrapper v0.1.2
[INFO] [stderr]    Compiling time v0.3.37
[INFO] [stderr]    Compiling anstyle-parse v0.2.6
[INFO] [stderr]    Compiling digest v0.10.7
[INFO] [stderr]    Compiling base64 v0.21.7
[INFO] [stderr]    Compiling cpufeatures v0.2.16
[INFO] [stderr]    Compiling anstyle-query v1.1.2
[INFO] [stderr]    Compiling anstyle v1.0.10
[INFO] [stderr]    Compiling ryu v1.0.18
[INFO] [stderr]    Compiling prost-derive v0.11.9
[INFO] [stderr]    Compiling colorchoice v1.0.3
[INFO] [stderr]    Compiling is_terminal_polyfill v1.70.1
[INFO] [stderr]    Compiling crossbeam-channel v0.5.14
[INFO] [stderr]    Compiling anstream v0.6.18
[INFO] [stderr]    Compiling regex-automata v0.1.10
[INFO] [stderr]    Compiling sha2 v0.10.8
[INFO] [stderr]    Compiling tracing-attributes v0.1.28
[INFO] [stderr]    Compiling tokio-macros v2.5.0
[INFO] [stderr]    Compiling zerocopy-derive v0.7.35
[INFO] [stderr]    Compiling serde_derive v1.0.217
[INFO] [stderr]    Compiling tokio v1.43.0
[INFO] [stderr]    Compiling zerocopy v0.7.35
[INFO] [stderr]    Compiling pin-project-internal v1.1.8
[INFO] [stderr]    Compiling prost v0.11.9
[INFO] [stderr]    Compiling tracing v0.1.41
[INFO] [stderr]    Compiling prost-types v0.11.9
[INFO] [stderr]    Compiling async-trait v0.1.85
[INFO] [stderr]    Compiling matchers v0.1.0
[INFO] [stderr]    Compiling ppv-lite86 v0.2.20
[INFO] [stderr]    Compiling tracing-subscriber v0.3.19
[INFO] [stderr]    Compiling pin-project v1.1.8
[INFO] [stderr]    Compiling rand_chacha v0.3.1
[INFO] [stderr]    Compiling thiserror-impl v1.0.69
[INFO] [stderr]    Compiling rand v0.8.5
[INFO] [stderr]    Compiling prost-build v0.11.9
[INFO] [stderr]    Compiling rand_pcg v0.3.1
[INFO] [stderr]    Compiling tonic-build v0.9.2
[INFO] [stderr]    Compiling gethostname v0.2.3
[INFO] [stderr]    Compiling tracing-log v0.1.4
[INFO] [stderr]    Compiling clap_lex v0.7.4
[INFO] [stderr]    Compiling hex v0.4.3
[INFO] [stderr]    Compiling heck v0.5.0
[INFO] [stderr]    Compiling strsim v0.11.1
[INFO] [stderr]    Compiling crdts v0.1.0 (/opt/rustwide/workdir/crdts)
[INFO] [stderr]    Compiling clap_derive v4.5.24
[INFO] [stdout] warning: unused import: `rand::rngs::StdRng`
[INFO] [stdout]  --> crdts/src/bft_crdts/bft_crdt.rs:9:5
[INFO] [stdout]   |
[INFO] [stdout] 9 | use rand::rngs::StdRng;
[INFO] [stdout]   |     ^^^^^^^^^^^^^^^^^^
[INFO] [stdout]   |
[INFO] [stdout]   = note: `#[warn(unused_imports)]` on by default
[INFO] [stdout] 
[INFO] [stdout] 
[INFO] [stderr]    Compiling protocol v0.1.0 (/opt/rustwide/workdir/protocol)
[INFO] [stderr]    Compiling clap_builder v4.5.26
[INFO] [stdout] warning: unused variable: `v2`
[INFO] [stdout]    --> crdts/src/bft_crdts/bft_rga.rs:145:45
[INFO] [stdout]     |
[INFO] [stdout] 145 |                     if let BFTRGAOp::Insert(v2, i2, ei2) = &n.value {
[INFO] [stdout]     |                                             ^^ help: if this is intentional, prefix it with an underscore: `_v2`
[INFO] [stdout]     |
[INFO] [stdout]     = note: `#[warn(unused_variables)]` on by default
[INFO] [stdout] 
[INFO] [stdout] 
[INFO] [stdout] warning: unused variable: `ei2`
[INFO] [stdout]    --> crdts/src/bft_crdts/bft_rga.rs:145:53
[INFO] [stdout]     |
[INFO] [stdout] 145 |                     if let BFTRGAOp::Insert(v2, i2, ei2) = &n.value {
[INFO] [stdout]     |                                                     ^^^ help: if this is intentional, prefix it with an underscore: `_ei2`
[INFO] [stdout] 
[INFO] [stdout] 
[INFO] [stderr]    Compiling tracing-appender v0.2.3
[INFO] [stderr]    Compiling tokio-util v0.7.13
[INFO] [stderr]    Compiling h2 v0.3.26
[INFO] [stderr]    Compiling tower v0.4.13
[INFO] [stderr]    Compiling tokio-io-timeout v1.2.0
[INFO] [stderr]    Compiling tokio-stream v0.1.17
[INFO] [stderr]    Compiling clap v4.5.26
[INFO] [stderr]    Compiling tracing-bunyan-formatter v0.3.10
[INFO] [stderr]    Compiling hyper v0.14.32
[INFO] [stderr]    Compiling hyper-timeout v0.4.1
[INFO] [stderr]    Compiling tonic v0.9.2
[INFO] [stderr]    Compiling tester v0.1.0 (/opt/rustwide/workdir/tester-server)
[INFO] [stderr]    Compiling tester-client v0.1.0 (/opt/rustwide/workdir/tester-client)
[INFO] [stdout] warning: unused import: `std::collections::LinkedList`
[INFO] [stdout]  --> tester-client/src/main.rs:8:5
[INFO] [stdout]   |
[INFO] [stdout] 8 | use std::collections::LinkedList;
[INFO] [stdout]   |     ^^^^^^^^^^^^^^^^^^^^^^^^^^^^
[INFO] [stdout]   |
[INFO] [stdout]   = note: `#[warn(unused_imports)]` on by default
[INFO] [stdout] 
[INFO] [stdout] 
[INFO] [stderr]     Finished `dev` profile [unoptimized + debuginfo] target(s) in 1m 55s
[INFO] running `Command { std: "docker" "inspect" "02e2bce5f5d275ff9264f9aa16a0c28c4b5d664a825f6438fecb0c5016f283cf", kill_on_drop: false }`
[INFO] running `Command { std: "docker" "rm" "-f" "02e2bce5f5d275ff9264f9aa16a0c28c4b5d664a825f6438fecb0c5016f283cf", kill_on_drop: false }`
[INFO] [stdout] 02e2bce5f5d275ff9264f9aa16a0c28c4b5d664a825f6438fecb0c5016f283cf
[INFO] running `Command { std: "docker" "create" "-v" "/var/lib/crater-agent-workspace/builds/worker-5-tc1/target:/opt/rustwide/target:rw,Z" "-v" "/var/lib/crater-agent-workspace/builds/worker-5-tc1/source:/opt/rustwide/workdir:ro,Z" "-v" "/var/lib/crater-agent-workspace/cargo-home:/opt/rustwide/cargo-home:ro,Z" "-v" "/var/lib/crater-agent-workspace/rustup-home:/opt/rustwide/rustup-home:ro,Z" "-e" "SOURCE_DIR=/opt/rustwide/workdir" "-e" "CARGO_TARGET_DIR=/opt/rustwide/target" "-e" "CARGO_INCREMENTAL=0" "-e" "RUST_BACKTRACE=full" "-e" "RUSTFLAGS=--cap-lints=forbid" "-e" "RUSTDOCFLAGS=--cap-lints=forbid" "-e" "CARGO_HOME=/opt/rustwide/cargo-home" "-e" "RUSTUP_HOME=/opt/rustwide/rustup-home" "-w" "/opt/rustwide/workdir" "-m" "1610612736" "--user" "0:0" "--network" "none" "ghcr.io/rust-lang/crates-build-env/linux@sha256:819108c5571ea2e421544af4d832f968d213c87fbe3707a016657f43d2f853bc" "/opt/rustwide/cargo-home/bin/cargo" "+nightly-2025-01-18" "test" "--frozen" "--no-run" "--message-format=json", kill_on_drop: false }`
[INFO] [stdout] 230d2439ec7d4c4952a99cb8a6ad3985443d989f443497b7f7368b0d81023a26
[INFO] running `Command { std: "docker" "start" "-a" "230d2439ec7d4c4952a99cb8a6ad3985443d989f443497b7f7368b0d81023a26", kill_on_drop: false }`
[INFO] [stderr] warning: virtual workspace defaulting to `resolver = "1"` despite one or more workspace members being on edition 2021 which implies `resolver = "2"`
[INFO] [stderr] note: to keep the current resolver, specify `workspace.resolver = "1"` in the workspace root's manifest
[INFO] [stderr] note: to use the edition 2021 resolver, specify `workspace.resolver = "2"` in the workspace root's manifest
[INFO] [stderr] note: for more details see https://doc.rust-lang.org/cargo/reference/resolver.html#resolver-versions
[INFO] [stderr]    Compiling either v1.13.0
[INFO] [stderr]    Compiling crossbeam-epoch v0.9.18
[INFO] [stderr]    Compiling num-traits v0.2.19
[INFO] [stderr]    Compiling rayon-core v1.12.1
[INFO] [stderr]    Compiling half v2.4.1
[INFO] [stderr]    Compiling ciborium-io v0.2.2
[INFO] [stderr]    Compiling plotters-backend v0.3.7
[INFO] [stderr]    Compiling cast v0.3.0
[INFO] [stderr]    Compiling walkdir v2.5.0
[INFO] [stderr]    Compiling tinytemplate v1.2.1
[INFO] [stdout] warning: unused import: `rand::rngs::StdRng`
[INFO] [stdout]  --> crdts/src/bft_crdts/bft_crdt.rs:9:5
[INFO] [stdout]   |
[INFO] [stdout] 9 | use rand::rngs::StdRng;
[INFO] [stdout]   |     ^^^^^^^^^^^^^^^^^^
[INFO] [stdout]   |
[INFO] [stdout]   = note: `#[warn(unused_imports)]` on by default
[INFO] [stdout] 
[INFO] [stdout] 
[INFO] [stdout] warning: unused variable: `v2`
[INFO] [stdout]    --> crdts/src/bft_crdts/bft_rga.rs:145:45
[INFO] [stdout]     |
[INFO] [stdout] 145 |                     if let BFTRGAOp::Insert(v2, i2, ei2) = &n.value {
[INFO] [stdout]     |                                             ^^ help: if this is intentional, prefix it with an underscore: `_v2`
[INFO] [stdout]     |
[INFO] [stdout]     = note: `#[warn(unused_variables)]` on by default
[INFO] [stdout] 
[INFO] [stdout] 
[INFO] [stdout] warning: unused variable: `ei2`
[INFO] [stdout]    --> crdts/src/bft_crdts/bft_rga.rs:145:53
[INFO] [stdout]     |
[INFO] [stdout] 145 |                     if let BFTRGAOp::Insert(v2, i2, ei2) = &n.value {
[INFO] [stdout]     |                                                     ^^^ help: if this is intentional, prefix it with an underscore: `_ei2`
[INFO] [stdout] 
[INFO] [stdout] 
[INFO] [stderr]    Compiling crossbeam-deque v0.8.6
[INFO] [stderr]    Compiling itertools v0.10.5
[INFO] [stderr]    Compiling which v4.4.2
[INFO] [stderr]    Compiling ciborium-ll v0.2.2
[INFO] [stderr]    Compiling plotters-svg v0.3.7
[INFO] [stderr]    Compiling is-terminal v0.4.13
[INFO] [stderr]    Compiling ciborium v0.2.2
[INFO] [stderr]    Compiling anes v0.1.6
[INFO] [stderr]    Compiling oorandom v11.1.4
[INFO] [stderr]    Compiling rayon v1.10.0
[INFO] [stderr]    Compiling criterion-plot v0.5.0
[INFO] [stderr]    Compiling prost-derive v0.11.9
[INFO] [stderr]    Compiling plotters v0.3.7
[INFO] [stderr]    Compiling prost v0.11.9
[INFO] [stderr]    Compiling prost-types v0.11.9
[INFO] [stderr]    Compiling tonic v0.9.2
[INFO] [stderr]    Compiling criterion v0.5.1
[INFO] [stderr]    Compiling prost-build v0.11.9
[INFO] [stderr]    Compiling tonic-build v0.9.2
[INFO] [stderr]    Compiling protocol v0.1.0 (/opt/rustwide/workdir/protocol)
[INFO] [stderr]    Compiling tester-client v0.1.0 (/opt/rustwide/workdir/tester-client)
[INFO] [stderr]    Compiling tester v0.1.0 (/opt/rustwide/workdir/tester-server)
[INFO] [stdout] warning: unused import: `std::collections::LinkedList`
[INFO] [stdout]  --> tester-client/src/main.rs:8:5
[INFO] [stdout]   |
[INFO] [stdout] 8 | use std::collections::LinkedList;
[INFO] [stdout]   |     ^^^^^^^^^^^^^^^^^^^^^^^^^^^^
[INFO] [stdout]   |
[INFO] [stdout]   = note: `#[warn(unused_imports)]` on by default
[INFO] [stdout] 
[INFO] [stdout] 
[INFO] [stderr]    Compiling crdts v0.1.0 (/opt/rustwide/workdir/crdts)
[INFO] [stdout] warning: unused import: `rand::rngs::StdRng`
[INFO] [stdout]  --> crdts/src/bft_crdts/bft_crdt.rs:9:5
[INFO] [stdout]   |
[INFO] [stdout] 9 | use rand::rngs::StdRng;
[INFO] [stdout]   |     ^^^^^^^^^^^^^^^^^^
[INFO] [stdout]   |
[INFO] [stdout]   = note: `#[warn(unused_imports)]` on by default
[INFO] [stdout] 
[INFO] [stdout] 
[INFO] [stdout] warning: unused variable: `v2`
[INFO] [stdout]    --> crdts/src/bft_crdts/bft_rga.rs:145:45
[INFO] [stdout]     |
[INFO] [stdout] 145 |                     if let BFTRGAOp::Insert(v2, i2, ei2) = &n.value {
[INFO] [stdout]     |                                             ^^ help: if this is intentional, prefix it with an underscore: `_v2`
[INFO] [stdout]     |
[INFO] [stdout]     = note: `#[warn(unused_variables)]` on by default
[INFO] [stdout] 
[INFO] [stdout] 
[INFO] [stdout] warning: unused variable: `ei2`
[INFO] [stdout]    --> crdts/src/bft_crdts/bft_rga.rs:145:53
[INFO] [stdout]     |
[INFO] [stdout] 145 |                     if let BFTRGAOp::Insert(v2, i2, ei2) = &n.value {
[INFO] [stdout]     |                                                     ^^^ help: if this is intentional, prefix it with an underscore: `_ei2`
[INFO] [stdout] 
[INFO] [stdout] 
[INFO] [stderr]     Finished `test` profile [unoptimized + debuginfo] target(s) in 26.63s
[INFO] running `Command { std: "docker" "inspect" "230d2439ec7d4c4952a99cb8a6ad3985443d989f443497b7f7368b0d81023a26", kill_on_drop: false }`
[INFO] running `Command { std: "docker" "rm" "-f" "230d2439ec7d4c4952a99cb8a6ad3985443d989f443497b7f7368b0d81023a26", kill_on_drop: false }`
[INFO] [stdout] 230d2439ec7d4c4952a99cb8a6ad3985443d989f443497b7f7368b0d81023a26
[INFO] running `Command { std: "docker" "create" "-v" "/var/lib/crater-agent-workspace/builds/worker-5-tc1/target:/opt/rustwide/target:rw,Z" "-v" "/var/lib/crater-agent-workspace/builds/worker-5-tc1/source:/opt/rustwide/workdir:ro,Z" "-v" "/var/lib/crater-agent-workspace/cargo-home:/opt/rustwide/cargo-home:ro,Z" "-v" "/var/lib/crater-agent-workspace/rustup-home:/opt/rustwide/rustup-home:ro,Z" "-e" "SOURCE_DIR=/opt/rustwide/workdir" "-e" "CARGO_TARGET_DIR=/opt/rustwide/target" "-e" "CARGO_INCREMENTAL=0" "-e" "RUST_BACKTRACE=full" "-e" "RUSTFLAGS=--cap-lints=forbid" "-e" "RUSTDOCFLAGS=--cap-lints=forbid" "-e" "CARGO_HOME=/opt/rustwide/cargo-home" "-e" "RUSTUP_HOME=/opt/rustwide/rustup-home" "-w" "/opt/rustwide/workdir" "-m" "1610612736" "--user" "0:0" "--network" "none" "ghcr.io/rust-lang/crates-build-env/linux@sha256:819108c5571ea2e421544af4d832f968d213c87fbe3707a016657f43d2f853bc" "/opt/rustwide/cargo-home/bin/cargo" "+nightly-2025-01-18" "test" "--frozen", kill_on_drop: false }`
[INFO] [stdout] 4b091eed3ddcc0e44f764993e2c35b8d9eec4f909e2d5d65a6d0ca74b9475537
[INFO] running `Command { std: "docker" "start" "-a" "4b091eed3ddcc0e44f764993e2c35b8d9eec4f909e2d5d65a6d0ca74b9475537", kill_on_drop: false }`
[INFO] [stderr] warning: virtual workspace defaulting to `resolver = "1"` despite one or more workspace members being on edition 2021 which implies `resolver = "2"`
[INFO] [stderr] note: to keep the current resolver, specify `workspace.resolver = "1"` in the workspace root's manifest
[INFO] [stderr] note: to use the edition 2021 resolver, specify `workspace.resolver = "2"` in the workspace root's manifest
[INFO] [stderr] note: for more details see https://doc.rust-lang.org/cargo/reference/resolver.html#resolver-versions
[INFO] [stderr] warning: unused import: `rand::rngs::StdRng`
[INFO] [stderr]  --> crdts/src/bft_crdts/bft_crdt.rs:9:5
[INFO] [stderr]   |
[INFO] [stderr] 9 | use rand::rngs::StdRng;
[INFO] [stderr]   |     ^^^^^^^^^^^^^^^^^^
[INFO] [stderr]   |
[INFO] [stderr]   = note: `#[warn(unused_imports)]` on by default
[INFO] [stderr] 
[INFO] [stderr] warning: unused variable: `v2`
[INFO] [stderr]    --> crdts/src/bft_crdts/bft_rga.rs:145:45
[INFO] [stderr]     |
[INFO] [stderr] 145 |                     if let BFTRGAOp::Insert(v2, i2, ei2) = &n.value {
[INFO] [stderr]     |                                             ^^ help: if this is intentional, prefix it with an underscore: `_v2`
[INFO] [stderr]     |
[INFO] [stderr]     = note: `#[warn(unused_variables)]` on by default
[INFO] [stderr] 
[INFO] [stderr] warning: unused variable: `ei2`
[INFO] [stderr]    --> crdts/src/bft_crdts/bft_rga.rs:145:53
[INFO] [stderr]     |
[INFO] [stderr] 145 |                     if let BFTRGAOp::Insert(v2, i2, ei2) = &n.value {
[INFO] [stderr]     |                                                     ^^^ help: if this is intentional, prefix it with an underscore: `_ei2`
[INFO] [stderr] 
[INFO] [stderr] warning: `crdts` (lib) generated 3 warnings (run `cargo fix --lib -p crdts` to apply 1 suggestion)
[INFO] [stderr] warning: unused import: `std::collections::LinkedList`
[INFO] [stderr]  --> tester-client/src/main.rs:8:5
[INFO] [stderr]   |
[INFO] [stderr] 8 | use std::collections::LinkedList;
[INFO] [stderr]   |     ^^^^^^^^^^^^^^^^^^^^^^^^^^^^
[INFO] [stderr]   |
[INFO] [stderr]   = note: `#[warn(unused_imports)]` on by default
[INFO] [stderr] 
[INFO] [stderr] warning: `tester-client` (bin "tester-client" test) generated 1 warning (run `cargo fix --bin "tester-client" --tests` to apply 1 suggestion)
[INFO] [stderr] warning: `crdts` (lib test) generated 3 warnings (3 duplicates)
[INFO] [stderr]     Finished `test` profile [unoptimized + debuginfo] target(s) in 0.46s
[INFO] [stderr]      Running unittests src/lib.rs (/opt/rustwide/target/debug/deps/crdts-04df2031807996d1)
[INFO] [stdout] 
[INFO] [stdout] running 29 tests
[INFO] [stdout] test bft_crdts::bft_crdt::tests::test_bft_orset_handler ... ok
[INFO] [stdout] test bft_crdts::hash_graph::tests::test_add_multiple_nodes ... ok
[INFO] [stdout] test bft_crdts::hash_graph::tests::test_add_node ... ok
[INFO] [stdout] test crdts::linked_list::test::test_cursor_move_peek ... ok
[INFO] [stdout] test crdts::linked_list::test::test_basic ... ok
[INFO] [stdout] test crdts::linked_list::test::test_basic_front ... ok
[INFO] [stdout] test crdts::linked_list::test::test_cursor_mut_insert ... ok
[INFO] [stdout] test crdts::linked_list::test::test_debug ... ok
[INFO] [stdout] test crdts::linked_list::test::test_iterator ... ok
[INFO] [stdout] test crdts::linked_list::test::test_iterator_mut_double_end ... ok
[INFO] [stdout] test crdts::linked_list::test::test_iterator_double_end ... ok
[INFO] [stdout] test bft_crdts::bft_crdt::tests::test_bft_rga_handler ... ok
[INFO] [stdout] test crdts::linked_list::test::test_mut_iter ... ok
[INFO] [stdout] test crdts::ordered_list::tests::concurrent_delete_commute ... ok
[INFO] [stdout] test crdts::ordered_list::tests::concurrent_insert_commute ... ok
[INFO] [stdout] test crdts::linked_list::test::test_ord_nan ... ok
[INFO] [stdout] test crdts::ordered_list::tests::test_insert ... ok
[INFO] [stdout] test crdts::ordered_list::tests::concurrent_insert_delete_commute ... ok
[INFO] [stdout] test crdts::linked_list::test::test_ord ... ok
[INFO] [stdout] test crdts::linked_list::test::test_hashmap ... ok
[INFO] [stdout] test crdts::linked_list::test::test_rev_iter ... ok
[INFO] [stdout] test crdts::ordered_list::tests::test_insert_at_the_same_position ... ok
[INFO] [stdout] test crdts::linked_list::test::test_eq ... ok
[INFO] [stdout] test crdts::orset::tests::test_orset ... ok
[INFO] [stdout] test crdts::rga::tests::test_insert ... ok
[INFO] [stdout] test crdts::orset::tests::test_remove_not_in ... ok
[INFO] [stdout] test crdts::rga::tests::test_delete ... ok
[INFO] [stdout] test crdts::rga::tests::test_insert_invalid ... ok
[INFO] [stdout] test crdts::ordered_list::tests::test_delete ... ok
[INFO] [stderr]      Running unittests src/lib.rs (/opt/rustwide/target/debug/deps/protocol-0049d35ced923963)
[INFO] [stdout] 
[INFO] [stdout] test result: ok. 29 passed; 0 failed; 0 ignored; 0 measured; 0 filtered out; finished in 0.02s
[INFO] [stdout] 
[INFO] [stderr]      Running unittests src/main.rs (/opt/rustwide/target/debug/deps/tester-5f23bd7ff472fb30)
[INFO] [stdout] 
[INFO] [stdout] running 0 tests
[INFO] [stdout] 
[INFO] [stdout] test result: ok. 0 passed; 0 failed; 0 ignored; 0 measured; 0 filtered out; finished in 0.00s
[INFO] [stdout] 
[INFO] [stdout] 
[INFO] [stdout] running 0 tests
[INFO] [stdout] 
[INFO] [stdout] test result: ok. 0 passed; 0 failed; 0 ignored; 0 measured; 0 filtered out; finished in 0.00s
[INFO] [stderr]      Running unittests src/main.rs (/opt/rustwide/target/debug/deps/tester_client-0ff20c0a2b0df743)
[INFO] [stdout] 
[INFO] [stdout] 
[INFO] [stdout] running 0 tests
[INFO] [stderr]    Doc-tests crdts
[INFO] [stdout] 
[INFO] [stdout] test result: ok. 0 passed; 0 failed; 0 ignored; 0 measured; 0 filtered out; finished in 0.00s
[INFO] [stdout] 
[INFO] [stdout] 
[INFO] [stdout] running 1 test
[INFO] [stdout] test crdts/src/crdts/linked_list.rs - crdts::linked_list::assert_properties::iter_mut_invariant (line 790) - compile fail ... FAILED
[INFO] [stdout] 
[INFO] [stdout] failures:
[INFO] [stdout] 
[INFO] [stdout] ---- crdts/src/crdts/linked_list.rs - crdts::linked_list::assert_properties::iter_mut_invariant (line 790) stdout ----
[INFO] [stdout] error[E0432]: unresolved import `linked_list`
[INFO] [stdout]  --> crdts/src/crdts/linked_list.rs:791:5
[INFO] [stdout]   |
[INFO] [stdout] 3 | use linked_list::IterMut;
[INFO] [stdout]   |     ^^^^^^^^^^^ use of undeclared crate or module `linked_list`
[INFO] [stdout] 
[INFO] [stdout] error: aborting due to 1 previous error
[INFO] [stdout] 
[INFO] [stdout] For more information about this error, try `rustc --explain E0432`.
[INFO] [stdout] Some expected error codes were not found: ["E0308"]
[INFO] [stdout] 
[INFO] [stdout] failures:
[INFO] [stdout]     crdts/src/crdts/linked_list.rs - crdts::linked_list::assert_properties::iter_mut_invariant (line 790)
[INFO] [stdout] 
[INFO] [stdout] test result: FAILED. 0 passed; 1 failed; 0 ignored; 0 measured; 0 filtered out; finished in 0.13s
[INFO] [stdout] 
[INFO] [stderr] error: doctest failed, to rerun pass `-p crdts --doc`
[INFO] running `Command { std: "docker" "inspect" "4b091eed3ddcc0e44f764993e2c35b8d9eec4f909e2d5d65a6d0ca74b9475537", kill_on_drop: false }`
[INFO] running `Command { std: "docker" "rm" "-f" "4b091eed3ddcc0e44f764993e2c35b8d9eec4f909e2d5d65a6d0ca74b9475537", kill_on_drop: false }`
[INFO] [stdout] 4b091eed3ddcc0e44f764993e2c35b8d9eec4f909e2d5d65a6d0ca74b9475537
