[INFO] cloning repository https://github.com/LaytonGB/kar-reversi-minmax
[INFO] running `Command { std: "git" "-c" "credential.helper=" "-c" "credential.helper=/workspace/cargo-home/bin/git-credential-null" "clone" "--bare" "https://github.com/LaytonGB/kar-reversi-minmax" "/workspace/cache/git-repos/https%3A%2F%2Fgithub.com%2FLaytonGB%2Fkar-reversi-minmax", kill_on_drop: false }`
[INFO] [stderr] Cloning into bare repository '/workspace/cache/git-repos/https%3A%2F%2Fgithub.com%2FLaytonGB%2Fkar-reversi-minmax'...
[INFO] running `Command { std: "git" "rev-parse" "HEAD", kill_on_drop: false }`
[INFO] [stdout] b54ca2e59f71368a86a8bee735c1b8e47f25908d
[INFO] testing LaytonGB/kar-reversi-minmax against nightly-2025-01-18 for randomize-layout-2
[INFO] running `Command { std: "git" "clone" "/workspace/cache/git-repos/https%3A%2F%2Fgithub.com%2FLaytonGB%2Fkar-reversi-minmax" "/workspace/builds/worker-7-tc1/source", kill_on_drop: false }`
[INFO] [stderr] Cloning into '/workspace/builds/worker-7-tc1/source'...
[INFO] [stderr] done.
[INFO] validating manifest of git repo https://github.com/LaytonGB/kar-reversi-minmax on toolchain nightly-2025-01-18
[INFO] running `Command { std: CARGO_HOME="/workspace/cargo-home" RUSTUP_HOME="/workspace/rustup-home" "/workspace/cargo-home/bin/cargo" "+nightly-2025-01-18" "metadata" "--manifest-path" "Cargo.toml" "--no-deps", kill_on_drop: false }`
[INFO] removed /workspace/builds/worker-7-tc1/source/rust-toolchain.toml
[INFO] started tweaking git repo https://github.com/LaytonGB/kar-reversi-minmax
[INFO] finished tweaking git repo https://github.com/LaytonGB/kar-reversi-minmax
[INFO] tweaked toml for git repo https://github.com/LaytonGB/kar-reversi-minmax written to /workspace/builds/worker-7-tc1/source/Cargo.toml
[INFO] crate git repo https://github.com/LaytonGB/kar-reversi-minmax already has a lockfile, it will not be regenerated
[INFO] running `Command { std: CARGO_HOME="/workspace/cargo-home" RUSTUP_HOME="/workspace/rustup-home" "/workspace/cargo-home/bin/cargo" "+nightly-2025-01-18" "fetch" "--manifest-path" "Cargo.toml", kill_on_drop: false }`
[INFO] [stderr]     Updating crates.io index
[INFO] [stderr]     Blocking waiting for file lock on package cache
[INFO] [stderr]  Downloading crates ...
[INFO] [stderr]   Downloaded bytecount v0.6.7
[INFO] [stderr]   Downloaded bevy_utils v0.12.0
[INFO] [stderr]   Downloaded text_io v0.1.12
[INFO] [stderr]   Downloaded tabled_derive v0.6.0
[INFO] [stderr]   Downloaded papergrid v0.10.0
[INFO] [stderr]   Downloaded bevy_picking_highlight v0.17.0
[INFO] [stderr]   Downloaded bevy_log v0.12.0
[INFO] [stderr]   Downloaded bevy_utils_proc_macros v0.12.0
[INFO] [stderr]   Downloaded bevy_picking_input v0.17.0
[INFO] [stderr]   Downloaded bevy_animation v0.12.0
[INFO] [stderr]   Downloaded bevy_diagnostic v0.12.0
[INFO] [stderr]   Downloaded async-lock v3.1.1
[INFO] [stderr]   Downloaded bevy_math v0.12.0
[INFO] [stderr]   Downloaded bevy_audio v0.12.0
[INFO] [stderr]   Downloaded bevy_sprite v0.12.0
[INFO] [stderr]   Downloaded bevy_ui v0.12.0
[INFO] [stderr]   Downloaded bevy_asset v0.12.0
[INFO] [stderr]   Downloaded gilrs v0.10.3
[INFO] [stderr]   Downloaded bevy_pbr v0.12.0
[INFO] [stderr]   Downloaded bevy_mod_raycast v0.16.0
[INFO] [stderr]   Downloaded bevy_render v0.12.0
[INFO] [stderr]   Downloaded tabled v0.14.0
[INFO] [stderr]   Downloaded bevy_reflect v0.12.0
[INFO] [stderr]   Downloaded bevy_ecs v0.12.0
[INFO] [stderr]   Downloaded bevy_picking_core v0.17.0
[INFO] [stderr]   Downloaded bevy_text v0.12.0
[INFO] [stderr]   Downloaded bevy_tasks v0.12.0
[INFO] [stderr]   Downloaded bevy_input v0.12.0
[INFO] [stderr]   Downloaded bevy_macro_utils v0.12.0
[INFO] [stderr]   Downloaded bevy_reflect_derive v0.12.0
[INFO] [stderr]   Downloaded bevy_gilrs v0.12.0
[INFO] [stderr]   Downloaded bevy_scene v0.12.0
[INFO] [stderr]   Downloaded bevy_core_pipeline v0.12.0
[INFO] [stderr]   Downloaded bevy_internal v0.12.0
[INFO] [stderr]   Downloaded bevy_eventlistener v0.6.0
[INFO] [stderr]   Downloaded bevy_winit v0.12.0
[INFO] [stderr]   Downloaded bevy_time v0.12.0
[INFO] [stderr]   Downloaded bevy_core v0.12.0
[INFO] [stderr]   Downloaded bevy_hierarchy v0.12.0
[INFO] [stderr]   Downloaded bevy_transform v0.12.0
[INFO] [stderr]   Downloaded bevy_app v0.12.0
[INFO] [stderr]   Downloaded async-executor v1.7.2
[INFO] [stderr]   Downloaded bevy_ptr v0.12.0
[INFO] [stderr]   Downloaded bevy_gltf v0.12.0
[INFO] [stderr]   Downloaded bevy_mikktspace v0.12.0
[INFO] [stderr]   Downloaded bevy_render_macros v0.12.0
[INFO] [stderr]   Downloaded bevy_ecs_macros v0.12.0
[INFO] [stderr]   Downloaded bevy_eventlistener_core v0.6.0
[INFO] [stderr]   Downloaded bevy_eventlistener_derive v0.6.0
[INFO] [stderr]   Downloaded bevy_picking_raycast v0.17.0
[INFO] [stderr]   Downloaded bevy_asset_macros v0.12.0
[INFO] [stderr]   Downloaded bevy_encase_derive v0.12.0
[INFO] [stderr]   Downloaded bevy_a11y v0.12.0
[INFO] [stderr]   Downloaded bevy_derive v0.12.0
[INFO] [stderr]   Downloaded bevy_window v0.12.0
[INFO] [stderr]   Downloaded bevy_mod_picking v0.17.0
[INFO] [stderr]   Downloaded bevy v0.12.0
[INFO] [stderr]   Downloaded bevy_gizmos v0.12.0
[INFO] running `Command { std: "docker" "create" "-v" "/var/lib/crater-agent-workspace/builds/worker-7-tc1/target:/opt/rustwide/target:rw,Z" "-v" "/var/lib/crater-agent-workspace/builds/worker-7-tc1/source:/opt/rustwide/workdir:ro,Z" "-v" "/var/lib/crater-agent-workspace/cargo-home:/opt/rustwide/cargo-home:ro,Z" "-v" "/var/lib/crater-agent-workspace/rustup-home:/opt/rustwide/rustup-home:ro,Z" "-e" "SOURCE_DIR=/opt/rustwide/workdir" "-e" "CARGO_TARGET_DIR=/opt/rustwide/target" "-e" "CARGO_HOME=/opt/rustwide/cargo-home" "-e" "RUSTUP_HOME=/opt/rustwide/rustup-home" "-w" "/opt/rustwide/workdir" "-m" "1610612736" "--user" "0:0" "--network" "none" "ghcr.io/rust-lang/crates-build-env/linux@sha256:819108c5571ea2e421544af4d832f968d213c87fbe3707a016657f43d2f853bc" "/opt/rustwide/cargo-home/bin/cargo" "+nightly-2025-01-18" "metadata" "--no-deps" "--format-version=1", kill_on_drop: false }`
[INFO] [stdout] 3b91137900b2ed620a3459e1d06ff116e88f56b32d03a0dfd64b31eae08bf345
[INFO] running `Command { std: "docker" "start" "-a" "3b91137900b2ed620a3459e1d06ff116e88f56b32d03a0dfd64b31eae08bf345", kill_on_drop: false }`
[INFO] running `Command { std: "docker" "inspect" "3b91137900b2ed620a3459e1d06ff116e88f56b32d03a0dfd64b31eae08bf345", kill_on_drop: false }`
[INFO] running `Command { std: "docker" "rm" "-f" "3b91137900b2ed620a3459e1d06ff116e88f56b32d03a0dfd64b31eae08bf345", kill_on_drop: false }`
[INFO] [stdout] 3b91137900b2ed620a3459e1d06ff116e88f56b32d03a0dfd64b31eae08bf345
[INFO] running `Command { std: "docker" "create" "-v" "/var/lib/crater-agent-workspace/builds/worker-7-tc1/target:/opt/rustwide/target:rw,Z" "-v" "/var/lib/crater-agent-workspace/builds/worker-7-tc1/source:/opt/rustwide/workdir:ro,Z" "-v" "/var/lib/crater-agent-workspace/cargo-home:/opt/rustwide/cargo-home:ro,Z" "-v" "/var/lib/crater-agent-workspace/rustup-home:/opt/rustwide/rustup-home:ro,Z" "-e" "SOURCE_DIR=/opt/rustwide/workdir" "-e" "CARGO_TARGET_DIR=/opt/rustwide/target" "-e" "CARGO_INCREMENTAL=0" "-e" "RUST_BACKTRACE=full" "-e" "RUSTFLAGS=--cap-lints=forbid" "-e" "RUSTDOCFLAGS=--cap-lints=forbid" "-e" "CARGO_HOME=/opt/rustwide/cargo-home" "-e" "RUSTUP_HOME=/opt/rustwide/rustup-home" "-w" "/opt/rustwide/workdir" "-m" "1610612736" "--user" "0:0" "--network" "none" "ghcr.io/rust-lang/crates-build-env/linux@sha256:819108c5571ea2e421544af4d832f968d213c87fbe3707a016657f43d2f853bc" "/opt/rustwide/cargo-home/bin/cargo" "+nightly-2025-01-18" "build" "--frozen" "--message-format=json", kill_on_drop: false }`
[INFO] [stdout] 8aba1ccf11709ed1d3a2ab3bbf3fa421fb6be0986e4db3f834edd9c02bd5dc85
[INFO] running `Command { std: "docker" "start" "-a" "8aba1ccf11709ed1d3a2ab3bbf3fa421fb6be0986e4db3f834edd9c02bd5dc85", kill_on_drop: false }`
[INFO] [stderr]    Compiling proc-macro2 v1.0.69
[INFO] [stderr]    Compiling unicode-ident v1.0.12
[INFO] [stderr]    Compiling version_check v0.9.4
[INFO] [stderr]    Compiling autocfg v1.1.0
[INFO] [stderr]    Compiling futures-core v0.3.29
[INFO] [stderr]    Compiling futures-task v0.3.29
[INFO] [stderr]    Compiling futures-channel v0.3.29
[INFO] [stderr]    Compiling syn v1.0.109
[INFO] [stderr]    Compiling pin-project-lite v0.2.13
[INFO] [stderr]    Compiling futures-sink v0.3.29
[INFO] [stderr]    Compiling futures-util v0.3.29
[INFO] [stderr]    Compiling heck v0.4.1
[INFO] [stderr]    Compiling rustversion v1.0.14
[INFO] [stderr]    Compiling futures-io v0.3.29
[INFO] [stderr]    Compiling pin-utils v0.1.0
[INFO] [stderr]    Compiling memchr v2.6.4
[INFO] [stderr]    Compiling fnv v1.0.7
[INFO] [stderr]    Compiling bytecount v0.6.7
[INFO] [stderr]    Compiling unicode-width v0.1.11
[INFO] [stderr]    Compiling papergrid v0.10.0
[INFO] [stderr]    Compiling tokio v1.34.0
[INFO] [stderr]    Compiling if_chain v1.0.2
[INFO] [stderr]    Compiling text_io v0.1.12
[INFO] [stderr]    Compiling proc-macro-error-attr v1.0.4
[INFO] [stderr]    Compiling quote v1.0.33
[INFO] [stderr]    Compiling slab v0.4.9
[INFO] [stderr]    Compiling syn v2.0.39
[INFO] [stderr]    Compiling proc-macro-error v1.0.4
[INFO] [stderr]    Compiling tabled_derive v0.6.0
[INFO] [stderr]    Compiling tabled v0.14.0
[INFO] [stderr]    Compiling futures-macro v0.3.29
[INFO] [stderr]    Compiling strum_macros v0.25.3
[INFO] [stderr]    Compiling async-recursion v1.0.5
[INFO] [stderr]    Compiling strum v0.25.0
[INFO] [stderr]    Compiling futures-executor v0.3.29
[INFO] [stderr]    Compiling futures v0.3.29
[INFO] [stderr]    Compiling kar_reversi_minmax v0.1.0 (/opt/rustwide/workdir)
[INFO] [stderr]     Finished `dev` profile [optimized + debuginfo] target(s) in 2m 06s
[INFO] running `Command { std: "docker" "inspect" "8aba1ccf11709ed1d3a2ab3bbf3fa421fb6be0986e4db3f834edd9c02bd5dc85", kill_on_drop: false }`
[INFO] running `Command { std: "docker" "rm" "-f" "8aba1ccf11709ed1d3a2ab3bbf3fa421fb6be0986e4db3f834edd9c02bd5dc85", kill_on_drop: false }`
[INFO] [stdout] 8aba1ccf11709ed1d3a2ab3bbf3fa421fb6be0986e4db3f834edd9c02bd5dc85
[INFO] running `Command { std: "docker" "create" "-v" "/var/lib/crater-agent-workspace/builds/worker-7-tc1/target:/opt/rustwide/target:rw,Z" "-v" "/var/lib/crater-agent-workspace/builds/worker-7-tc1/source:/opt/rustwide/workdir:ro,Z" "-v" "/var/lib/crater-agent-workspace/cargo-home:/opt/rustwide/cargo-home:ro,Z" "-v" "/var/lib/crater-agent-workspace/rustup-home:/opt/rustwide/rustup-home:ro,Z" "-e" "SOURCE_DIR=/opt/rustwide/workdir" "-e" "CARGO_TARGET_DIR=/opt/rustwide/target" "-e" "CARGO_INCREMENTAL=0" "-e" "RUST_BACKTRACE=full" "-e" "RUSTFLAGS=--cap-lints=forbid" "-e" "RUSTDOCFLAGS=--cap-lints=forbid" "-e" "CARGO_HOME=/opt/rustwide/cargo-home" "-e" "RUSTUP_HOME=/opt/rustwide/rustup-home" "-w" "/opt/rustwide/workdir" "-m" "1610612736" "--user" "0:0" "--network" "none" "ghcr.io/rust-lang/crates-build-env/linux@sha256:819108c5571ea2e421544af4d832f968d213c87fbe3707a016657f43d2f853bc" "/opt/rustwide/cargo-home/bin/cargo" "+nightly-2025-01-18" "test" "--frozen" "--no-run" "--message-format=json", kill_on_drop: false }`
[INFO] [stdout] 9883fb9ecc7b09f2117b9087b6f31c9ce977103ee7f4c283ad2db075ba596259
[INFO] running `Command { std: "docker" "start" "-a" "9883fb9ecc7b09f2117b9087b6f31c9ce977103ee7f4c283ad2db075ba596259", kill_on_drop: false }`
[INFO] [stderr]    Compiling kar_reversi_minmax v0.1.0 (/opt/rustwide/workdir)
[INFO] [stderr]     Finished `test` profile [optimized + debuginfo] target(s) in 1.76s
[INFO] running `Command { std: "docker" "inspect" "9883fb9ecc7b09f2117b9087b6f31c9ce977103ee7f4c283ad2db075ba596259", kill_on_drop: false }`
[INFO] running `Command { std: "docker" "rm" "-f" "9883fb9ecc7b09f2117b9087b6f31c9ce977103ee7f4c283ad2db075ba596259", kill_on_drop: false }`
[INFO] [stdout] 9883fb9ecc7b09f2117b9087b6f31c9ce977103ee7f4c283ad2db075ba596259
[INFO] running `Command { std: "docker" "create" "-v" "/var/lib/crater-agent-workspace/builds/worker-7-tc1/target:/opt/rustwide/target:rw,Z" "-v" "/var/lib/crater-agent-workspace/builds/worker-7-tc1/source:/opt/rustwide/workdir:ro,Z" "-v" "/var/lib/crater-agent-workspace/cargo-home:/opt/rustwide/cargo-home:ro,Z" "-v" "/var/lib/crater-agent-workspace/rustup-home:/opt/rustwide/rustup-home:ro,Z" "-e" "SOURCE_DIR=/opt/rustwide/workdir" "-e" "CARGO_TARGET_DIR=/opt/rustwide/target" "-e" "CARGO_INCREMENTAL=0" "-e" "RUST_BACKTRACE=full" "-e" "RUSTFLAGS=--cap-lints=forbid" "-e" "RUSTDOCFLAGS=--cap-lints=forbid" "-e" "CARGO_HOME=/opt/rustwide/cargo-home" "-e" "RUSTUP_HOME=/opt/rustwide/rustup-home" "-w" "/opt/rustwide/workdir" "-m" "1610612736" "--user" "0:0" "--network" "none" "ghcr.io/rust-lang/crates-build-env/linux@sha256:819108c5571ea2e421544af4d832f968d213c87fbe3707a016657f43d2f853bc" "/opt/rustwide/cargo-home/bin/cargo" "+nightly-2025-01-18" "test" "--frozen", kill_on_drop: false }`
[INFO] [stdout] 8530b1f7bdc36bf7b0d2e5403675e6c52266bced382cfdf314946ab872a71123
[INFO] running `Command { std: "docker" "start" "-a" "8530b1f7bdc36bf7b0d2e5403675e6c52266bced382cfdf314946ab872a71123", kill_on_drop: false }`
[INFO] [stderr]     Finished `test` profile [optimized + debuginfo] target(s) in 0.25s
[INFO] [stderr]      Running unittests src/lib.rs (/opt/rustwide/target/debug/deps/kar_reversi_minmax-0dd8e4435707666a)
[INFO] [stdout] 
[INFO] [stdout] running 2 tests
[INFO] [stdout] test reversi::tests::test_update_valid_moves ... ok
[INFO] [stdout] test reversi::tests::test_get_captures_for_position ... FAILED
[INFO] [stdout] 
[INFO] [stdout] failures:
[INFO] [stdout] 
[INFO] [stdout] ---- reversi::tests::test_get_captures_for_position stdout ----
[INFO] [stdout] 
[INFO] [stdout] thread 'reversi::tests::test_get_captures_for_position' panicked at src/reversi.rs:316:9:
[INFO] [stdout] assertion `left == right` failed
[INFO] [stdout]   left: []
[INFO] [stdout]  right: [(4, 3)]
[INFO] [stdout] stack backtrace:
[INFO] [stdout]    0:     0x5a2c492c588a - std::backtrace_rs::backtrace::libunwind::trace::hb059275cfc8d6126
[INFO] [stdout]                                at /rustc/6067b36314ab5eb2eb47cecc464545ba58e1ad24/library/std/src/../../backtrace/src/backtrace/libunwind.rs:116:5
[INFO] [stdout]    1:     0x5a2c492c588a - std::backtrace_rs::backtrace::trace_unsynchronized::h2da071e4327ce3ee
[INFO] [stdout]                                at /rustc/6067b36314ab5eb2eb47cecc464545ba58e1ad24/library/std/src/../../backtrace/src/backtrace/mod.rs:66:5
[INFO] [stdout]    2:     0x5a2c492c588a - std::sys::backtrace::_print_fmt::h842a1474e6f8d23f
[INFO] [stdout]                                at /rustc/6067b36314ab5eb2eb47cecc464545ba58e1ad24/library/std/src/sys/backtrace.rs:66:9
[INFO] [stdout]    3:     0x5a2c492c588a - <std::sys::backtrace::BacktraceLock::print::DisplayBacktrace as core::fmt::Display>::fmt::h71a62eb3b9696b12
[INFO] [stdout]                                at /rustc/6067b36314ab5eb2eb47cecc464545ba58e1ad24/library/std/src/sys/backtrace.rs:39:26
[INFO] [stdout]    4:     0x5a2c492ece33 - core::fmt::rt::Argument::fmt::hdb6b616786b41dc1
[INFO] [stdout]                                at /rustc/6067b36314ab5eb2eb47cecc464545ba58e1ad24/library/core/src/fmt/rt.rs:177:76
[INFO] [stdout]    5:     0x5a2c492ece33 - core::fmt::write::h2cc1698af7e2d686
[INFO] [stdout]                                at /rustc/6067b36314ab5eb2eb47cecc464545ba58e1ad24/library/core/src/fmt/mod.rs:1440:21
[INFO] [stdout]    6:     0x5a2c492c23e3 - std::io::Write::write_fmt::hab1b4cd059a79022
[INFO] [stdout]                                at /rustc/6067b36314ab5eb2eb47cecc464545ba58e1ad24/library/std/src/io/mod.rs:1887:15
[INFO] [stdout]    7:     0x5a2c492c56d2 - std::sys::backtrace::BacktraceLock::print::h147fe35b4ea13b08
[INFO] [stdout]                                at /rustc/6067b36314ab5eb2eb47cecc464545ba58e1ad24/library/std/src/sys/backtrace.rs:42:9
[INFO] [stdout]    8:     0x5a2c492c6caf - std::panicking::default_hook::{{closure}}::hbd44223dbdc0d208
[INFO] [stdout]                                at /rustc/6067b36314ab5eb2eb47cecc464545ba58e1ad24/library/std/src/panicking.rs:298:22
[INFO] [stdout]    9:     0x5a2c492c6ac8 - std::panicking::default_hook::h20f81eb0576efcec
[INFO] [stdout]                                at /rustc/6067b36314ab5eb2eb47cecc464545ba58e1ad24/library/std/src/panicking.rs:322:9
[INFO] [stdout]   10:     0x5a2c4928f8e3 - <alloc::boxed::Box<F,A> as core::ops::function::Fn<Args>>::call::hdb53814c496a4d34
[INFO] [stdout]                                at /rustc/6067b36314ab5eb2eb47cecc464545ba58e1ad24/library/alloc/src/boxed.rs:2027:9
[INFO] [stdout]   11:     0x5a2c4928f8e3 - test::test_main::{{closure}}::hc0a4963c59427c24
[INFO] [stdout]                                at /rustc/6067b36314ab5eb2eb47cecc464545ba58e1ad24/library/test/src/lib.rs:134:21
[INFO] [stdout]   12:     0x5a2c492c77a3 - <alloc::boxed::Box<F,A> as core::ops::function::Fn<Args>>::call::h591b2225413a77e9
[INFO] [stdout]                                at /rustc/6067b36314ab5eb2eb47cecc464545ba58e1ad24/library/alloc/src/boxed.rs:2027:9
[INFO] [stdout]   13:     0x5a2c492c77a3 - std::panicking::rust_panic_with_hook::h625eea43051b2edc
[INFO] [stdout]                                at /rustc/6067b36314ab5eb2eb47cecc464545ba58e1ad24/library/std/src/panicking.rs:839:13
[INFO] [stdout]   14:     0x5a2c492c745a - std::panicking::begin_panic_handler::{{closure}}::h4f9159cfbc3f6bd3
[INFO] [stdout]                                at /rustc/6067b36314ab5eb2eb47cecc464545ba58e1ad24/library/std/src/panicking.rs:704:13
[INFO] [stdout]   15:     0x5a2c492c5d89 - std::sys::backtrace::__rust_end_short_backtrace::h0390abce48353151
[INFO] [stdout]                                at /rustc/6067b36314ab5eb2eb47cecc464545ba58e1ad24/library/std/src/sys/backtrace.rs:168:18
[INFO] [stdout]   16:     0x5a2c492c70ed - rust_begin_unwind
[INFO] [stdout]                                at /rustc/6067b36314ab5eb2eb47cecc464545ba58e1ad24/library/std/src/panicking.rs:695:5
[INFO] [stdout]   17:     0x5a2c492eb8a0 - core::panicking::panic_fmt::h9e7c637e9e5f29c9
[INFO] [stdout]                                at /rustc/6067b36314ab5eb2eb47cecc464545ba58e1ad24/library/core/src/panicking.rs:75:14
[INFO] [stdout]   18:     0x5a2c492ebbc2 - core::panicking::assert_failed_inner::h538bec7c1374cd9c
[INFO] [stdout]   19:     0x5a2c492557aa - core::panicking::assert_failed::ha27f6363e82ef9e1
[INFO] [stdout]                                at /rustc/6067b36314ab5eb2eb47cecc464545ba58e1ad24/library/core/src/panicking.rs:364:5
[INFO] [stdout]   20:     0x5a2c492540b4 - kar_reversi_minmax::reversi::tests::test_get_captures_for_position::h8a47012accf92c0f
[INFO] [stdout]                                at /opt/rustwide/workdir/src/reversi.rs:316:9
[INFO] [stdout]   21:     0x5a2c492540b4 - kar_reversi_minmax::reversi::tests::test_get_captures_for_position::{{closure}}::h9717f5d223f8d382
[INFO] [stdout]                                at /opt/rustwide/workdir/src/reversi.rs:313:40
[INFO] [stdout]   22:     0x5a2c492540b4 - core::ops::function::FnOnce::call_once::hc60e11fcca00714c
[INFO] [stdout]                                at /rustc/6067b36314ab5eb2eb47cecc464545ba58e1ad24/library/core/src/ops/function.rs:250:5
[INFO] [stdout]   23:     0x5a2c4929503b - core::ops::function::FnOnce::call_once::he27718dfdd183f43
[INFO] [stdout]                                at /rustc/6067b36314ab5eb2eb47cecc464545ba58e1ad24/library/core/src/ops/function.rs:250:5
[INFO] [stdout]   24:     0x5a2c4929503b - test::__rust_begin_short_backtrace::h4e84902998457a5d
[INFO] [stdout]                                at /rustc/6067b36314ab5eb2eb47cecc464545ba58e1ad24/library/test/src/lib.rs:632:18
[INFO] [stdout]   25:     0x5a2c49293f73 - test::run_test_in_process::{{closure}}::h7176fd18fc1feca0
[INFO] [stdout]                                at /rustc/6067b36314ab5eb2eb47cecc464545ba58e1ad24/library/test/src/lib.rs:655:60
[INFO] [stdout]   26:     0x5a2c49293f73 - <core::panic::unwind_safe::AssertUnwindSafe<F> as core::ops::function::FnOnce<()>>::call_once::hf79cff2a624d8cf7
[INFO] [stdout]                                at /rustc/6067b36314ab5eb2eb47cecc464545ba58e1ad24/library/core/src/panic/unwind_safe.rs:272:9
[INFO] [stdout]   27:     0x5a2c49293f73 - std::panicking::try::do_call::h3da0561d9ab99c25
[INFO] [stdout]                                at /rustc/6067b36314ab5eb2eb47cecc464545ba58e1ad24/library/std/src/panicking.rs:587:40
[INFO] [stdout]   28:     0x5a2c49293f73 - std::panicking::try::h41c9fa508bc61df6
[INFO] [stdout]                                at /rustc/6067b36314ab5eb2eb47cecc464545ba58e1ad24/library/std/src/panicking.rs:550:19
[INFO] [stdout]   29:     0x5a2c49293f73 - std::panic::catch_unwind::h6b3ff07bb5afad93
[INFO] [stdout]                                at /rustc/6067b36314ab5eb2eb47cecc464545ba58e1ad24/library/std/src/panic.rs:358:14
[INFO] [stdout]   30:     0x5a2c49293f73 - test::run_test_in_process::hc7253dd11b39b9f4
[INFO] [stdout]                                at /rustc/6067b36314ab5eb2eb47cecc464545ba58e1ad24/library/test/src/lib.rs:655:27
[INFO] [stdout]   31:     0x5a2c49293f73 - test::run_test::{{closure}}::hfb2007f8649c30bb
[INFO] [stdout]                                at /rustc/6067b36314ab5eb2eb47cecc464545ba58e1ad24/library/test/src/lib.rs:576:43
[INFO] [stdout]   32:     0x5a2c49257055 - test::run_test::{{closure}}::h56a17aa7a282a9f4
[INFO] [stdout]                                at /rustc/6067b36314ab5eb2eb47cecc464545ba58e1ad24/library/test/src/lib.rs:606:41
[INFO] [stdout]   33:     0x5a2c49257055 - std::sys::backtrace::__rust_begin_short_backtrace::hd2d2d2fb8e8c6aac
[INFO] [stdout]                                at /rustc/6067b36314ab5eb2eb47cecc464545ba58e1ad24/library/std/src/sys/backtrace.rs:152:18
[INFO] [stdout]   34:     0x5a2c4925a93a - std::thread::Builder::spawn_unchecked_::{{closure}}::{{closure}}::h4faa3f9db6133423
[INFO] [stdout]                                at /rustc/6067b36314ab5eb2eb47cecc464545ba58e1ad24/library/std/src/thread/mod.rs:559:17
[INFO] [stdout]   35:     0x5a2c4925a93a - <core::panic::unwind_safe::AssertUnwindSafe<F> as core::ops::function::FnOnce<()>>::call_once::hf2e855a36a4ea846
[INFO] [stdout]                                at /rustc/6067b36314ab5eb2eb47cecc464545ba58e1ad24/library/core/src/panic/unwind_safe.rs:272:9
[INFO] [stdout]   36:     0x5a2c4925a93a - std::panicking::try::do_call::h2f73af3616c35465
[INFO] [stdout]                                at /rustc/6067b36314ab5eb2eb47cecc464545ba58e1ad24/library/std/src/panicking.rs:587:40
[INFO] [stdout]   37:     0x5a2c4925a93a - std::panicking::try::hd1660ce9efadef5a
[INFO] [stdout]                                at /rustc/6067b36314ab5eb2eb47cecc464545ba58e1ad24/library/std/src/panicking.rs:550:19
[INFO] [stdout]   38:     0x5a2c4925a93a - std::panic::catch_unwind::h5ee8d7823b8ca744
[INFO] [stdout]                                at /rustc/6067b36314ab5eb2eb47cecc464545ba58e1ad24/library/std/src/panic.rs:358:14
[INFO] [stdout]   39:     0x5a2c4925a93a - std::thread::Builder::spawn_unchecked_::{{closure}}::h53c3a1894dce8407
[INFO] [stdout]                                at /rustc/6067b36314ab5eb2eb47cecc464545ba58e1ad24/library/std/src/thread/mod.rs:557:30
[INFO] [stdout]   40:     0x5a2c4925a93a - core::ops::function::FnOnce::call_once{{vtable.shim}}::h048ce291ad4f62bf
[INFO] [stdout]                                at /rustc/6067b36314ab5eb2eb47cecc464545ba58e1ad24/library/core/src/ops/function.rs:250:5
[INFO] [stdout]   41:     0x5a2c492cb6db - <alloc::boxed::Box<F,A> as core::ops::function::FnOnce<Args>>::call_once::ha52bedf99a3b4981
[INFO] [stdout]                                at /rustc/6067b36314ab5eb2eb47cecc464545ba58e1ad24/library/alloc/src/boxed.rs:2013:9
[INFO] [stdout]   42:     0x5a2c492cb6db - <alloc::boxed::Box<F,A> as core::ops::function::FnOnce<Args>>::call_once::h567748934d80ccf8
[INFO] [stdout]                                at /rustc/6067b36314ab5eb2eb47cecc464545ba58e1ad24/library/alloc/src/boxed.rs:2013:9
[INFO] [stdout]   43:     0x5a2c492cb6db - std::sys::pal::unix::thread::Thread::new::thread_start::h2d970728ae887adc
[INFO] [stdout]                                at /rustc/6067b36314ab5eb2eb47cecc464545ba58e1ad24/library/std/src/sys/pal/unix/thread.rs:106:17
[INFO] [stdout]   44:     0x795386082ac3 - <unknown>
[INFO] [stdout]   45:     0x795386113a04 - clone
[INFO] [stdout]   46:                0x0 - <unknown>
[INFO] [stdout] 
[INFO] [stdout] 
[INFO] [stdout] failures:
[INFO] [stdout]     reversi::tests::test_get_captures_for_position
[INFO] [stdout] 
[INFO] [stdout] test result: FAILED. 1 passed; 1 failed; 0 ignored; 0 measured; 0 filtered out; finished in 0.02s
[INFO] [stdout] 
[INFO] [stderr] error: test failed, to rerun pass `--lib`
[INFO] running `Command { std: "docker" "inspect" "8530b1f7bdc36bf7b0d2e5403675e6c52266bced382cfdf314946ab872a71123", kill_on_drop: false }`
[INFO] running `Command { std: "docker" "rm" "-f" "8530b1f7bdc36bf7b0d2e5403675e6c52266bced382cfdf314946ab872a71123", kill_on_drop: false }`
[INFO] [stdout] 8530b1f7bdc36bf7b0d2e5403675e6c52266bced382cfdf314946ab872a71123
