[INFO] cloning repository https://github.com/LHNCreate/Buggy-Automotive
[INFO] running `Command { std: "git" "-c" "credential.helper=" "-c" "credential.helper=/workspace/cargo-home/bin/git-credential-null" "clone" "--bare" "https://github.com/LHNCreate/Buggy-Automotive" "/workspace/cache/git-repos/https%3A%2F%2Fgithub.com%2FLHNCreate%2FBuggy-Automotive", kill_on_drop: false }`
[INFO] [stderr] Cloning into bare repository '/workspace/cache/git-repos/https%3A%2F%2Fgithub.com%2FLHNCreate%2FBuggy-Automotive'...
[INFO] running `Command { std: "git" "rev-parse" "HEAD", kill_on_drop: false }`
[INFO] [stdout] 9e6b48f7a1abd6efe58042ade619416fe39a6393
[INFO] testing LHNCreate/Buggy-Automotive against nightly-2025-01-18 for randomize-layout-2
[INFO] running `Command { std: "git" "clone" "/workspace/cache/git-repos/https%3A%2F%2Fgithub.com%2FLHNCreate%2FBuggy-Automotive" "/workspace/builds/worker-3-tc1/source", kill_on_drop: false }`
[INFO] [stderr] Cloning into '/workspace/builds/worker-3-tc1/source'...
[INFO] [stderr] done.
[INFO] validating manifest of git repo https://github.com/LHNCreate/Buggy-Automotive on toolchain nightly-2025-01-18
[INFO] running `Command { std: CARGO_HOME="/workspace/cargo-home" RUSTUP_HOME="/workspace/rustup-home" "/workspace/cargo-home/bin/cargo" "+nightly-2025-01-18" "metadata" "--manifest-path" "Cargo.toml" "--no-deps", kill_on_drop: false }`
[INFO] started tweaking git repo https://github.com/LHNCreate/Buggy-Automotive
[INFO] finished tweaking git repo https://github.com/LHNCreate/Buggy-Automotive
[INFO] tweaked toml for git repo https://github.com/LHNCreate/Buggy-Automotive written to /workspace/builds/worker-3-tc1/source/Cargo.toml
[INFO] crate git repo https://github.com/LHNCreate/Buggy-Automotive already has a lockfile, it will not be regenerated
[INFO] running `Command { std: CARGO_HOME="/workspace/cargo-home" RUSTUP_HOME="/workspace/rustup-home" "/workspace/cargo-home/bin/cargo" "+nightly-2025-01-18" "fetch" "--manifest-path" "Cargo.toml", kill_on_drop: false }`
[INFO] [stderr]  Downloading crates ...
[INFO] [stderr]   Downloaded cxxbridge-flags v1.0.128
[INFO] [stderr]   Downloaded cxxbridge-macro v1.0.128
[INFO] [stderr]   Downloaded cxx v1.0.128
[INFO] running `Command { std: "docker" "create" "-v" "/var/lib/crater-agent-workspace/builds/worker-3-tc1/target:/opt/rustwide/target:rw,Z" "-v" "/var/lib/crater-agent-workspace/builds/worker-3-tc1/source:/opt/rustwide/workdir:ro,Z" "-v" "/var/lib/crater-agent-workspace/cargo-home:/opt/rustwide/cargo-home:ro,Z" "-v" "/var/lib/crater-agent-workspace/rustup-home:/opt/rustwide/rustup-home:ro,Z" "-e" "SOURCE_DIR=/opt/rustwide/workdir" "-e" "CARGO_TARGET_DIR=/opt/rustwide/target" "-e" "CARGO_HOME=/opt/rustwide/cargo-home" "-e" "RUSTUP_HOME=/opt/rustwide/rustup-home" "-w" "/opt/rustwide/workdir" "-m" "1610612736" "--user" "0:0" "--network" "none" "ghcr.io/rust-lang/crates-build-env/linux@sha256:819108c5571ea2e421544af4d832f968d213c87fbe3707a016657f43d2f853bc" "/opt/rustwide/cargo-home/bin/cargo" "+nightly-2025-01-18" "metadata" "--no-deps" "--format-version=1", kill_on_drop: false }`
[INFO] [stdout] 647730a1e3d9595b07f0bb5902354ac7d6c0d3f09decc01ed1b162942619309b
[INFO] running `Command { std: "docker" "start" "-a" "647730a1e3d9595b07f0bb5902354ac7d6c0d3f09decc01ed1b162942619309b", kill_on_drop: false }`
[INFO] running `Command { std: "docker" "inspect" "647730a1e3d9595b07f0bb5902354ac7d6c0d3f09decc01ed1b162942619309b", kill_on_drop: false }`
[INFO] running `Command { std: "docker" "rm" "-f" "647730a1e3d9595b07f0bb5902354ac7d6c0d3f09decc01ed1b162942619309b", kill_on_drop: false }`
[INFO] [stdout] 647730a1e3d9595b07f0bb5902354ac7d6c0d3f09decc01ed1b162942619309b
[INFO] running `Command { std: "docker" "create" "-v" "/var/lib/crater-agent-workspace/builds/worker-3-tc1/target:/opt/rustwide/target:rw,Z" "-v" "/var/lib/crater-agent-workspace/builds/worker-3-tc1/source:/opt/rustwide/workdir:ro,Z" "-v" "/var/lib/crater-agent-workspace/cargo-home:/opt/rustwide/cargo-home:ro,Z" "-v" "/var/lib/crater-agent-workspace/rustup-home:/opt/rustwide/rustup-home:ro,Z" "-e" "SOURCE_DIR=/opt/rustwide/workdir" "-e" "CARGO_TARGET_DIR=/opt/rustwide/target" "-e" "CARGO_INCREMENTAL=0" "-e" "RUST_BACKTRACE=full" "-e" "RUSTFLAGS=--cap-lints=forbid" "-e" "RUSTDOCFLAGS=--cap-lints=forbid" "-e" "CARGO_HOME=/opt/rustwide/cargo-home" "-e" "RUSTUP_HOME=/opt/rustwide/rustup-home" "-w" "/opt/rustwide/workdir" "-m" "1610612736" "--user" "0:0" "--network" "none" "ghcr.io/rust-lang/crates-build-env/linux@sha256:819108c5571ea2e421544af4d832f968d213c87fbe3707a016657f43d2f853bc" "/opt/rustwide/cargo-home/bin/cargo" "+nightly-2025-01-18" "build" "--frozen" "--message-format=json", kill_on_drop: false }`
[INFO] [stdout] ca6edd0e87979adf985f74f08bf5b9ac8aa6152a17b34a73128e9126254a6d84
[INFO] running `Command { std: "docker" "start" "-a" "ca6edd0e87979adf985f74f08bf5b9ac8aa6152a17b34a73128e9126254a6d84", kill_on_drop: false }`
[INFO] [stderr]    Compiling unicode-ident v1.0.13
[INFO] [stderr]    Compiling shlex v1.3.0
[INFO] [stderr]    Compiling proc-macro2 v1.0.86
[INFO] [stderr]    Compiling glob v0.3.1
[INFO] [stderr]    Compiling libc v0.2.159
[INFO] [stderr]    Compiling prettyplease v0.2.22
[INFO] [stderr]    Compiling minimal-lexical v0.2.1
[INFO] [stderr]    Compiling cxxbridge-flags v1.0.128
[INFO] [stderr]    Compiling cfg-if v1.0.0
[INFO] [stderr]    Compiling regex-syntax v0.8.4
[INFO] [stderr]    Compiling memchr v2.7.4
[INFO] [stderr]    Compiling cc v1.1.21
[INFO] [stderr]    Compiling libloading v0.8.5
[INFO] [stderr]    Compiling nom v7.1.3
[INFO] [stderr]    Compiling clang-sys v1.8.1
[INFO] [stderr]    Compiling quote v1.0.37
[INFO] [stderr]    Compiling bindgen v0.70.1
[INFO] [stderr]    Compiling either v1.13.0
[INFO] [stderr]    Compiling itertools v0.13.0
[INFO] [stderr]    Compiling syn v2.0.77
[INFO] [stderr]    Compiling log v0.4.22
[INFO] [stderr]    Compiling rustc-hash v1.1.0
[INFO] [stderr]    Compiling bitflags v2.6.0
[INFO] [stderr]    Compiling regex-automata v0.4.7
[INFO] [stderr]    Compiling link-cplusplus v1.0.9
[INFO] [stderr]    Compiling cxx v1.0.128
[INFO] [stderr]    Compiling cexpr v0.6.0
[INFO] [stderr]    Compiling regex v1.10.6
[INFO] [stderr]    Compiling cxxbridge-macro v1.0.128
[INFO] [stderr]    Compiling AdaptiveAutosar-Rust v0.1.0 (/opt/rustwide/workdir)
[INFO] [stdout] warning: unused import: `crate::em::exec_error_domain::ExecErrc`
[INFO] [stdout]  --> src/em/execution_client.rs:1:5
[INFO] [stdout]   |
[INFO] [stdout] 1 | use crate::em::exec_error_domain::ExecErrc;
[INFO] [stdout]   |     ^^^^^^^^^^^^^^^^^^^^^^^^^^^^^^^^^^^^^^
[INFO] [stdout]   |
[INFO] [stdout]   = note: `#[warn(unused_imports)]` on by default
[INFO] [stdout] 
[INFO] [stdout] 
[INFO] [stdout] warning: unused import: `super::execution_client::ExecutionState`
[INFO] [stdout]  --> src/em/execution_error_event.rs:2:5
[INFO] [stdout]   |
[INFO] [stdout] 2 | use super::execution_client::ExecutionState;
[INFO] [stdout]   |     ^^^^^^^^^^^^^^^^^^^^^^^^^^^^^^^^^^^^^^^
[INFO] [stdout] 
[INFO] [stdout] 
[INFO] [stdout] warning: unused import: `crate::em::execution_management::ExecutionManagement`
[INFO] [stdout]  --> src/em/test.rs:1:5
[INFO] [stdout]   |
[INFO] [stdout] 1 | use crate::em::execution_management::ExecutionManagement;
[INFO] [stdout]   |     ^^^^^^^^^^^^^^^^^^^^^^^^^^^^^^^^^^^^^^^^^^^^^^^^^^^^
[INFO] [stdout] 
[INFO] [stdout] 
[INFO] [stdout] warning: variable does not need to be mutable
[INFO] [stdout]   --> src/em/execution_management.rs:38:13
[INFO] [stdout]    |
[INFO] [stdout] 38 |         let mut state = self.state.lock().unwrap();
[INFO] [stdout]    |             ----^^^^^
[INFO] [stdout]    |             |
[INFO] [stdout]    |             help: remove this `mut`
[INFO] [stdout]    |
[INFO] [stdout]    = note: `#[warn(unused_mut)]` on by default
[INFO] [stdout] 
[INFO] [stdout] 
[INFO] [stdout] warning: field `execution_state` is never read
[INFO] [stdout]   --> src/em/execution_client.rs:14:5
[INFO] [stdout]    |
[INFO] [stdout] 13 | pub struct ExecutionClient{
[INFO] [stdout]    |            --------------- field in this struct
[INFO] [stdout] 14 |     execution_state: Option<ExecutionState>,
[INFO] [stdout]    |     ^^^^^^^^^^^^^^^
[INFO] [stdout]    |
[INFO] [stdout]    = note: `#[warn(dead_code)]` on by default
[INFO] [stdout] 
[INFO] [stdout] 
[INFO] [stdout] warning: enum `ActivationReturnType` is never used
[INFO] [stdout]   --> src/em/deterministic_client.rs:10:6
[INFO] [stdout]    |
[INFO] [stdout] 10 | enum ActivationReturnType {
[INFO] [stdout]    |      ^^^^^^^^^^^^^^^^^^^^
[INFO] [stdout] 
[INFO] [stdout] 
[INFO] [stdout] warning: fields `execution_error` and `function_group` are never read
[INFO] [stdout]   --> src/em/execution_error_event.rs:24:5
[INFO] [stdout]    |
[INFO] [stdout] 20 | pub struct ExecutionErrorEvent {
[INFO] [stdout]    |            ------------------- fields in this struct
[INFO] [stdout] ...
[INFO] [stdout] 24 |     execution_error: Option<ExecutionError>,
[INFO] [stdout]    |     ^^^^^^^^^^^^^^^
[INFO] [stdout] ...
[INFO] [stdout] 29 |     function_group: String,
[INFO] [stdout]    |     ^^^^^^^^^^^^^^
[INFO] [stdout] 
[INFO] [stdout] 
[INFO] [stdout] warning: enum `ExecErrc` is never used
[INFO] [stdout]  --> src/em/exec_error_domain.rs:2:10
[INFO] [stdout]   |
[INFO] [stdout] 2 | pub enum ExecErrc {
[INFO] [stdout]   |          ^^^^^^^^
[INFO] [stdout] 
[INFO] [stdout] 
[INFO] [stdout] warning: struct `FunctionGroupState` is never constructed
[INFO] [stdout]  --> src/em/function_group_state.rs:8:8
[INFO] [stdout]   |
[INFO] [stdout] 8 | struct FunctionGroupState {}
[INFO] [stdout]   |        ^^^^^^^^^^^^^^^^^^
[INFO] [stdout] 
[INFO] [stdout] 
[INFO] [stdout] warning: enum `ProcessState` is never used
[INFO] [stdout]  --> src/em/execution_management.rs:6:6
[INFO] [stdout]   |
[INFO] [stdout] 6 | enum ProcessState {
[INFO] [stdout]   |      ^^^^^^^^^^^^
[INFO] [stdout] 
[INFO] [stdout] 
[INFO] [stdout] warning: struct `ManagedProcess` is never constructed
[INFO] [stdout]   --> src/em/execution_management.rs:15:8
[INFO] [stdout]    |
[INFO] [stdout] 15 | struct ManagedProcess {
[INFO] [stdout]    |        ^^^^^^^^^^^^^^
[INFO] [stdout] 
[INFO] [stdout] 
[INFO] [stdout] warning: associated items `new`, `start`, `terminate`, and `get_state` are never used
[INFO] [stdout]    --> src/em/execution_management.rs:27:8
[INFO] [stdout]     |
[INFO] [stdout] 23  | impl ManagedProcess {
[INFO] [stdout]     | ------------------- associated items in this implementation
[INFO] [stdout] ...
[INFO] [stdout] 27  |     fn new(name: String, path: String, priority: u32) -> Self {
[INFO] [stdout]     |        ^^^
[INFO] [stdout] ...
[INFO] [stdout] 37  |     fn start(&mut self) {
[INFO] [stdout]     |        ^^^^^
[INFO] [stdout] ...
[INFO] [stdout] 96  |     fn terminate(&mut self) {
[INFO] [stdout]     |        ^^^^^^^^^
[INFO] [stdout] ...
[INFO] [stdout] 119 |     fn get_state(&self) -> ProcessState {
[INFO] [stdout]     |        ^^^^^^^^^
[INFO] [stdout] 
[INFO] [stdout] 
[INFO] [stdout] warning: struct `ExecutionManagement` is never constructed
[INFO] [stdout]    --> src/em/execution_management.rs:129:12
[INFO] [stdout]     |
[INFO] [stdout] 129 | pub struct ExecutionManagement {
[INFO] [stdout]     |            ^^^^^^^^^^^^^^^^^^^
[INFO] [stdout] 
[INFO] [stdout] 
[INFO] [stdout] warning: associated items `new`, `load_manifest`, `start_all`, `terminate_all`, and `monitor` are never used
[INFO] [stdout]    --> src/em/execution_management.rs:134:19
[INFO] [stdout]     |
[INFO] [stdout] 133 | impl ExecutionManagement {
[INFO] [stdout]     | ------------------------ associated items in this implementation
[INFO] [stdout] 134 |     pub(crate) fn new() -> Self {
[INFO] [stdout]     |                   ^^^
[INFO] [stdout] ...
[INFO] [stdout] 140 |     pub(crate) fn load_manifest(&mut self, manifest_path: &str) {
[INFO] [stdout]     |                   ^^^^^^^^^^^^^
[INFO] [stdout] ...
[INFO] [stdout] 165 |     pub(crate) fn start_all(&mut self) {
[INFO] [stdout]     |                   ^^^^^^^^^
[INFO] [stdout] ...
[INFO] [stdout] 175 |     fn terminate_all(&mut self) {
[INFO] [stdout]     |        ^^^^^^^^^^^^^
[INFO] [stdout] ...
[INFO] [stdout] 182 |     pub(crate) fn monitor(&self) {
[INFO] [stdout]     |                   ^^^^^^^
[INFO] [stdout] 
[INFO] [stdout] 
[INFO] [stdout] warning: crate `AdaptiveAutosar_Rust` should have a snake case name
[INFO] [stdout]   |
[INFO] [stdout]   = help: convert the identifier to snake case: `adaptive_autosar_rust`
[INFO] [stdout]   = note: `#[warn(non_snake_case)]` on by default
[INFO] [stdout] 
[INFO] [stdout] 
[INFO] [stdout] warning: variable `Child` should have a snake case name
[INFO] [stdout]   --> src/em/execution_management.rs:66:41
[INFO] [stdout]    |
[INFO] [stdout] 66 |                     if let Some(ref mut Child) = *child_lock {
[INFO] [stdout]    |                                         ^^^^^ help: convert the identifier to snake case (notice the capitalization): `child`
[INFO] [stdout] 
[INFO] [stdout] 
[INFO] [stderr]     Finished `dev` profile [unoptimized + debuginfo] target(s) in 48.82s
[INFO] running `Command { std: "docker" "inspect" "ca6edd0e87979adf985f74f08bf5b9ac8aa6152a17b34a73128e9126254a6d84", kill_on_drop: false }`
[INFO] running `Command { std: "docker" "rm" "-f" "ca6edd0e87979adf985f74f08bf5b9ac8aa6152a17b34a73128e9126254a6d84", kill_on_drop: false }`
[INFO] [stdout] ca6edd0e87979adf985f74f08bf5b9ac8aa6152a17b34a73128e9126254a6d84
[INFO] running `Command { std: "docker" "create" "-v" "/var/lib/crater-agent-workspace/builds/worker-3-tc1/target:/opt/rustwide/target:rw,Z" "-v" "/var/lib/crater-agent-workspace/builds/worker-3-tc1/source:/opt/rustwide/workdir:ro,Z" "-v" "/var/lib/crater-agent-workspace/cargo-home:/opt/rustwide/cargo-home:ro,Z" "-v" "/var/lib/crater-agent-workspace/rustup-home:/opt/rustwide/rustup-home:ro,Z" "-e" "SOURCE_DIR=/opt/rustwide/workdir" "-e" "CARGO_TARGET_DIR=/opt/rustwide/target" "-e" "CARGO_INCREMENTAL=0" "-e" "RUST_BACKTRACE=full" "-e" "RUSTFLAGS=--cap-lints=forbid" "-e" "RUSTDOCFLAGS=--cap-lints=forbid" "-e" "CARGO_HOME=/opt/rustwide/cargo-home" "-e" "RUSTUP_HOME=/opt/rustwide/rustup-home" "-w" "/opt/rustwide/workdir" "-m" "1610612736" "--user" "0:0" "--network" "none" "ghcr.io/rust-lang/crates-build-env/linux@sha256:819108c5571ea2e421544af4d832f968d213c87fbe3707a016657f43d2f853bc" "/opt/rustwide/cargo-home/bin/cargo" "+nightly-2025-01-18" "test" "--frozen" "--no-run" "--message-format=json", kill_on_drop: false }`
[INFO] [stdout] c32fc207412e1e0d30594046fca5f37111460f666865592505226ac409c34036
[INFO] running `Command { std: "docker" "start" "-a" "c32fc207412e1e0d30594046fca5f37111460f666865592505226ac409c34036", kill_on_drop: false }`
[INFO] [stderr]    Compiling AdaptiveAutosar-Rust v0.1.0 (/opt/rustwide/workdir)
[INFO] [stdout] warning: unused import: `crate::em::exec_error_domain::ExecErrc`
[INFO] [stdout]  --> src/em/execution_client.rs:1:5
[INFO] [stdout]   |
[INFO] [stdout] 1 | use crate::em::exec_error_domain::ExecErrc;
[INFO] [stdout]   |     ^^^^^^^^^^^^^^^^^^^^^^^^^^^^^^^^^^^^^^
[INFO] [stdout]   |
[INFO] [stdout]   = note: `#[warn(unused_imports)]` on by default
[INFO] [stdout] 
[INFO] [stdout] 
[INFO] [stdout] warning: unused import: `super::execution_client::ExecutionState`
[INFO] [stdout]  --> src/em/execution_error_event.rs:2:5
[INFO] [stdout]   |
[INFO] [stdout] 2 | use super::execution_client::ExecutionState;
[INFO] [stdout]   |     ^^^^^^^^^^^^^^^^^^^^^^^^^^^^^^^^^^^^^^^
[INFO] [stdout] 
[INFO] [stdout] 
[INFO] [stdout] warning: unused import: `crate::em::execution_management::ExecutionManagement`
[INFO] [stdout]  --> src/em/test.rs:1:5
[INFO] [stdout]   |
[INFO] [stdout] 1 | use crate::em::execution_management::ExecutionManagement;
[INFO] [stdout]   |     ^^^^^^^^^^^^^^^^^^^^^^^^^^^^^^^^^^^^^^^^^^^^^^^^^^^^
[INFO] [stdout] 
[INFO] [stdout] 
[INFO] [stdout] warning: variable does not need to be mutable
[INFO] [stdout]   --> src/em/execution_management.rs:38:13
[INFO] [stdout]    |
[INFO] [stdout] 38 |         let mut state = self.state.lock().unwrap();
[INFO] [stdout]    |             ----^^^^^
[INFO] [stdout]    |             |
[INFO] [stdout]    |             help: remove this `mut`
[INFO] [stdout]    |
[INFO] [stdout]    = note: `#[warn(unused_mut)]` on by default
[INFO] [stdout] 
[INFO] [stdout] 
[INFO] [stdout] warning: field `execution_state` is never read
[INFO] [stdout]   --> src/em/execution_client.rs:14:5
[INFO] [stdout]    |
[INFO] [stdout] 13 | pub struct ExecutionClient{
[INFO] [stdout]    |            --------------- field in this struct
[INFO] [stdout] 14 |     execution_state: Option<ExecutionState>,
[INFO] [stdout]    |     ^^^^^^^^^^^^^^^
[INFO] [stdout]    |
[INFO] [stdout]    = note: `#[warn(dead_code)]` on by default
[INFO] [stdout] 
[INFO] [stdout] 
[INFO] [stdout] warning: enum `ActivationReturnType` is never used
[INFO] [stdout]   --> src/em/deterministic_client.rs:10:6
[INFO] [stdout]    |
[INFO] [stdout] 10 | enum ActivationReturnType {
[INFO] [stdout]    |      ^^^^^^^^^^^^^^^^^^^^
[INFO] [stdout] 
[INFO] [stdout] 
[INFO] [stdout] warning: fields `execution_error` and `function_group` are never read
[INFO] [stdout]   --> src/em/execution_error_event.rs:24:5
[INFO] [stdout]    |
[INFO] [stdout] 20 | pub struct ExecutionErrorEvent {
[INFO] [stdout]    |            ------------------- fields in this struct
[INFO] [stdout] ...
[INFO] [stdout] 24 |     execution_error: Option<ExecutionError>,
[INFO] [stdout]    |     ^^^^^^^^^^^^^^^
[INFO] [stdout] ...
[INFO] [stdout] 29 |     function_group: String,
[INFO] [stdout]    |     ^^^^^^^^^^^^^^
[INFO] [stdout] 
[INFO] [stdout] 
[INFO] [stdout] warning: enum `ExecErrc` is never used
[INFO] [stdout]  --> src/em/exec_error_domain.rs:2:10
[INFO] [stdout]   |
[INFO] [stdout] 2 | pub enum ExecErrc {
[INFO] [stdout]   |          ^^^^^^^^
[INFO] [stdout] 
[INFO] [stdout] 
[INFO] [stdout] warning: struct `FunctionGroupState` is never constructed
[INFO] [stdout]  --> src/em/function_group_state.rs:8:8
[INFO] [stdout]   |
[INFO] [stdout] 8 | struct FunctionGroupState {}
[INFO] [stdout]   |        ^^^^^^^^^^^^^^^^^^
[INFO] [stdout] 
[INFO] [stdout] 
[INFO] [stdout] warning: enum `ProcessState` is never used
[INFO] [stdout]  --> src/em/execution_management.rs:6:6
[INFO] [stdout]   |
[INFO] [stdout] 6 | enum ProcessState {
[INFO] [stdout]   |      ^^^^^^^^^^^^
[INFO] [stdout] 
[INFO] [stdout] 
[INFO] [stdout] warning: struct `ManagedProcess` is never constructed
[INFO] [stdout]   --> src/em/execution_management.rs:15:8
[INFO] [stdout]    |
[INFO] [stdout] 15 | struct ManagedProcess {
[INFO] [stdout]    |        ^^^^^^^^^^^^^^
[INFO] [stdout] 
[INFO] [stdout] 
[INFO] [stdout] warning: associated items `new`, `start`, `terminate`, and `get_state` are never used
[INFO] [stdout]    --> src/em/execution_management.rs:27:8
[INFO] [stdout]     |
[INFO] [stdout] 23  | impl ManagedProcess {
[INFO] [stdout]     | ------------------- associated items in this implementation
[INFO] [stdout] ...
[INFO] [stdout] 27  |     fn new(name: String, path: String, priority: u32) -> Self {
[INFO] [stdout]     |        ^^^
[INFO] [stdout] ...
[INFO] [stdout] 37  |     fn start(&mut self) {
[INFO] [stdout]     |        ^^^^^
[INFO] [stdout] ...
[INFO] [stdout] 96  |     fn terminate(&mut self) {
[INFO] [stdout]     |        ^^^^^^^^^
[INFO] [stdout] ...
[INFO] [stdout] 119 |     fn get_state(&self) -> ProcessState {
[INFO] [stdout]     |        ^^^^^^^^^
[INFO] [stdout] 
[INFO] [stdout] 
[INFO] [stdout] warning: struct `ExecutionManagement` is never constructed
[INFO] [stdout]    --> src/em/execution_management.rs:129:12
[INFO] [stdout]     |
[INFO] [stdout] 129 | pub struct ExecutionManagement {
[INFO] [stdout]     |            ^^^^^^^^^^^^^^^^^^^
[INFO] [stdout] 
[INFO] [stdout] 
[INFO] [stdout] warning: associated items `new`, `load_manifest`, `start_all`, `terminate_all`, and `monitor` are never used
[INFO] [stdout]    --> src/em/execution_management.rs:134:19
[INFO] [stdout]     |
[INFO] [stdout] 133 | impl ExecutionManagement {
[INFO] [stdout]     | ------------------------ associated items in this implementation
[INFO] [stdout] 134 |     pub(crate) fn new() -> Self {
[INFO] [stdout]     |                   ^^^
[INFO] [stdout] ...
[INFO] [stdout] 140 |     pub(crate) fn load_manifest(&mut self, manifest_path: &str) {
[INFO] [stdout]     |                   ^^^^^^^^^^^^^
[INFO] [stdout] ...
[INFO] [stdout] 165 |     pub(crate) fn start_all(&mut self) {
[INFO] [stdout]     |                   ^^^^^^^^^
[INFO] [stdout] ...
[INFO] [stdout] 175 |     fn terminate_all(&mut self) {
[INFO] [stdout]     |        ^^^^^^^^^^^^^
[INFO] [stdout] ...
[INFO] [stdout] 182 |     pub(crate) fn monitor(&self) {
[INFO] [stdout]     |                   ^^^^^^^
[INFO] [stdout] 
[INFO] [stdout] 
[INFO] [stdout] warning: crate `AdaptiveAutosar_Rust` should have a snake case name
[INFO] [stdout]   |
[INFO] [stdout]   = help: convert the identifier to snake case: `adaptive_autosar_rust`
[INFO] [stdout]   = note: `#[warn(non_snake_case)]` on by default
[INFO] [stdout] 
[INFO] [stdout] 
[INFO] [stdout] warning: variable `Child` should have a snake case name
[INFO] [stdout]   --> src/em/execution_management.rs:66:41
[INFO] [stdout]    |
[INFO] [stdout] 66 |                     if let Some(ref mut Child) = *child_lock {
[INFO] [stdout]    |                                         ^^^^^ help: convert the identifier to snake case (notice the capitalization): `child`
[INFO] [stdout] 
[INFO] [stdout] 
[INFO] [stdout] warning: unused import: `crate::em::exec_error_domain::ExecErrc`
[INFO] [stdout]  --> src/em/execution_client.rs:1:5
[INFO] [stdout]   |
[INFO] [stdout] 1 | use crate::em::exec_error_domain::ExecErrc;
[INFO] [stdout]   |     ^^^^^^^^^^^^^^^^^^^^^^^^^^^^^^^^^^^^^^
[INFO] [stdout]   |
[INFO] [stdout]   = note: `#[warn(unused_imports)]` on by default
[INFO] [stdout] 
[INFO] [stdout] 
[INFO] [stdout] warning: unused import: `super::execution_client::ExecutionState`
[INFO] [stdout]  --> src/em/execution_error_event.rs:2:5
[INFO] [stdout]   |
[INFO] [stdout] 2 | use super::execution_client::ExecutionState;
[INFO] [stdout]   |     ^^^^^^^^^^^^^^^^^^^^^^^^^^^^^^^^^^^^^^^
[INFO] [stdout] 
[INFO] [stdout] 
[INFO] [stdout] warning: variable does not need to be mutable
[INFO] [stdout]   --> src/em/execution_management.rs:38:13
[INFO] [stdout]    |
[INFO] [stdout] 38 |         let mut state = self.state.lock().unwrap();
[INFO] [stdout]    |             ----^^^^^
[INFO] [stdout]    |             |
[INFO] [stdout]    |             help: remove this `mut`
[INFO] [stdout]    |
[INFO] [stdout]    = note: `#[warn(unused_mut)]` on by default
[INFO] [stdout] 
[INFO] [stdout] 
[INFO] [stdout] warning: field `execution_state` is never read
[INFO] [stdout]   --> src/em/execution_client.rs:14:5
[INFO] [stdout]    |
[INFO] [stdout] 13 | pub struct ExecutionClient{
[INFO] [stdout]    |            --------------- field in this struct
[INFO] [stdout] 14 |     execution_state: Option<ExecutionState>,
[INFO] [stdout]    |     ^^^^^^^^^^^^^^^
[INFO] [stdout]    |
[INFO] [stdout]    = note: `#[warn(dead_code)]` on by default
[INFO] [stdout] 
[INFO] [stdout] 
[INFO] [stdout] warning: enum `ActivationReturnType` is never used
[INFO] [stdout]   --> src/em/deterministic_client.rs:10:6
[INFO] [stdout]    |
[INFO] [stdout] 10 | enum ActivationReturnType {
[INFO] [stdout]    |      ^^^^^^^^^^^^^^^^^^^^
[INFO] [stdout] 
[INFO] [stdout] 
[INFO] [stdout] warning: fields `execution_error` and `function_group` are never read
[INFO] [stdout]   --> src/em/execution_error_event.rs:24:5
[INFO] [stdout]    |
[INFO] [stdout] 20 | pub struct ExecutionErrorEvent {
[INFO] [stdout]    |            ------------------- fields in this struct
[INFO] [stdout] ...
[INFO] [stdout] 24 |     execution_error: Option<ExecutionError>,
[INFO] [stdout]    |     ^^^^^^^^^^^^^^^
[INFO] [stdout] ...
[INFO] [stdout] 29 |     function_group: String,
[INFO] [stdout]    |     ^^^^^^^^^^^^^^
[INFO] [stdout] 
[INFO] [stdout] 
[INFO] [stdout] warning: enum `ExecErrc` is never used
[INFO] [stdout]  --> src/em/exec_error_domain.rs:2:10
[INFO] [stdout]   |
[INFO] [stdout] 2 | pub enum ExecErrc {
[INFO] [stdout]   |          ^^^^^^^^
[INFO] [stdout] 
[INFO] [stdout] 
[INFO] [stdout] warning: struct `FunctionGroupState` is never constructed
[INFO] [stdout]  --> src/em/function_group_state.rs:8:8
[INFO] [stdout]   |
[INFO] [stdout] 8 | struct FunctionGroupState {}
[INFO] [stdout]   |        ^^^^^^^^^^^^^^^^^^
[INFO] [stdout] 
[INFO] [stdout] 
[INFO] [stdout] warning: variants `Starting` and `Terminating` are never constructed
[INFO] [stdout]   --> src/em/execution_management.rs:8:5
[INFO] [stdout]    |
[INFO] [stdout] 6  | enum ProcessState {
[INFO] [stdout]    |      ------------ variants in this enum
[INFO] [stdout] 7  |     Idle,         // 空闲状态
[INFO] [stdout] 8  |     Starting,     // 启动中
[INFO] [stdout]    |     ^^^^^^^^
[INFO] [stdout] 9  |     Running,      // 运行中
[INFO] [stdout] 10 |     Terminating,  // 终止中
[INFO] [stdout]    |     ^^^^^^^^^^^
[INFO] [stdout]    |
[INFO] [stdout]    = note: `ProcessState` has derived impls for the traits `Clone` and `Debug`, but these are intentionally ignored during dead code analysis
[INFO] [stdout] 
[INFO] [stdout] 
[INFO] [stdout] warning: method `terminate` is never used
[INFO] [stdout]   --> src/em/execution_management.rs:96:8
[INFO] [stdout]    |
[INFO] [stdout] 23 | impl ManagedProcess {
[INFO] [stdout]    | ------------------- method in this implementation
[INFO] [stdout] ...
[INFO] [stdout] 96 |     fn terminate(&mut self) {
[INFO] [stdout]    |        ^^^^^^^^^
[INFO] [stdout] 
[INFO] [stdout] 
[INFO] [stdout] warning: method `terminate_all` is never used
[INFO] [stdout]    --> src/em/execution_management.rs:175:8
[INFO] [stdout]     |
[INFO] [stdout] 133 | impl ExecutionManagement {
[INFO] [stdout]     | ------------------------ method in this implementation
[INFO] [stdout] ...
[INFO] [stdout] 175 |     fn terminate_all(&mut self) {
[INFO] [stdout]     |        ^^^^^^^^^^^^^
[INFO] [stdout] 
[INFO] [stdout] 
[INFO] [stdout] warning: variable `Child` should have a snake case name
[INFO] [stdout]   --> src/em/execution_management.rs:66:41
[INFO] [stdout]    |
[INFO] [stdout] 66 |                     if let Some(ref mut Child) = *child_lock {
[INFO] [stdout]    |                                         ^^^^^ help: convert the identifier to snake case (notice the capitalization): `child`
[INFO] [stdout]    |
[INFO] [stdout]    = note: `#[warn(non_snake_case)]` on by default
[INFO] [stdout] 
[INFO] [stdout] 
[INFO] [stderr]     Finished `test` profile [unoptimized + debuginfo] target(s) in 0.95s
[INFO] running `Command { std: "docker" "inspect" "c32fc207412e1e0d30594046fca5f37111460f666865592505226ac409c34036", kill_on_drop: false }`
[INFO] running `Command { std: "docker" "rm" "-f" "c32fc207412e1e0d30594046fca5f37111460f666865592505226ac409c34036", kill_on_drop: false }`
[INFO] [stdout] c32fc207412e1e0d30594046fca5f37111460f666865592505226ac409c34036
[INFO] running `Command { std: "docker" "create" "-v" "/var/lib/crater-agent-workspace/builds/worker-3-tc1/target:/opt/rustwide/target:rw,Z" "-v" "/var/lib/crater-agent-workspace/builds/worker-3-tc1/source:/opt/rustwide/workdir:ro,Z" "-v" "/var/lib/crater-agent-workspace/cargo-home:/opt/rustwide/cargo-home:ro,Z" "-v" "/var/lib/crater-agent-workspace/rustup-home:/opt/rustwide/rustup-home:ro,Z" "-e" "SOURCE_DIR=/opt/rustwide/workdir" "-e" "CARGO_TARGET_DIR=/opt/rustwide/target" "-e" "CARGO_INCREMENTAL=0" "-e" "RUST_BACKTRACE=full" "-e" "RUSTFLAGS=--cap-lints=forbid" "-e" "RUSTDOCFLAGS=--cap-lints=forbid" "-e" "CARGO_HOME=/opt/rustwide/cargo-home" "-e" "RUSTUP_HOME=/opt/rustwide/rustup-home" "-w" "/opt/rustwide/workdir" "-m" "1610612736" "--user" "0:0" "--network" "none" "ghcr.io/rust-lang/crates-build-env/linux@sha256:819108c5571ea2e421544af4d832f968d213c87fbe3707a016657f43d2f853bc" "/opt/rustwide/cargo-home/bin/cargo" "+nightly-2025-01-18" "test" "--frozen", kill_on_drop: false }`
[INFO] [stdout] 4d455bfbd81c6bc4c26d2678d3bfb105f2be811e5b4ce2af4473d8779dce954c
[INFO] running `Command { std: "docker" "start" "-a" "4d455bfbd81c6bc4c26d2678d3bfb105f2be811e5b4ce2af4473d8779dce954c", kill_on_drop: false }`
[INFO] [stderr] warning: unused import: `crate::em::exec_error_domain::ExecErrc`
[INFO] [stderr]  --> src/em/execution_client.rs:1:5
[INFO] [stderr]   |
[INFO] [stderr] 1 | use crate::em::exec_error_domain::ExecErrc;
[INFO] [stderr]   |     ^^^^^^^^^^^^^^^^^^^^^^^^^^^^^^^^^^^^^^
[INFO] [stderr]   |
[INFO] [stderr]   = note: `#[warn(unused_imports)]` on by default
[INFO] [stderr] 
[INFO] [stderr] warning: unused import: `super::execution_client::ExecutionState`
[INFO] [stderr]  --> src/em/execution_error_event.rs:2:5
[INFO] [stderr]   |
[INFO] [stderr] 2 | use super::execution_client::ExecutionState;
[INFO] [stderr]   |     ^^^^^^^^^^^^^^^^^^^^^^^^^^^^^^^^^^^^^^^
[INFO] [stderr] 
[INFO] [stderr] warning: unused import: `crate::em::execution_management::ExecutionManagement`
[INFO] [stderr]  --> src/em/test.rs:1:5
[INFO] [stderr]   |
[INFO] [stderr] 1 | use crate::em::execution_management::ExecutionManagement;
[INFO] [stderr]   |     ^^^^^^^^^^^^^^^^^^^^^^^^^^^^^^^^^^^^^^^^^^^^^^^^^^^^
[INFO] [stderr] 
[INFO] [stderr] warning: variable does not need to be mutable
[INFO] [stderr]   --> src/em/execution_management.rs:38:13
[INFO] [stderr]    |
[INFO] [stderr] 38 |         let mut state = self.state.lock().unwrap();
[INFO] [stderr]    |             ----^^^^^
[INFO] [stderr]    |             |
[INFO] [stderr]    |             help: remove this `mut`
[INFO] [stderr]    |
[INFO] [stderr]    = note: `#[warn(unused_mut)]` on by default
[INFO] [stderr] 
[INFO] [stderr] warning: field `execution_state` is never read
[INFO] [stderr]   --> src/em/execution_client.rs:14:5
[INFO] [stderr]    |
[INFO] [stderr] 13 | pub struct ExecutionClient{
[INFO] [stderr]    |            --------------- field in this struct
[INFO] [stderr] 14 |     execution_state: Option<ExecutionState>,
[INFO] [stderr]    |     ^^^^^^^^^^^^^^^
[INFO] [stderr]    |
[INFO] [stderr]    = note: `#[warn(dead_code)]` on by default
[INFO] [stderr] 
[INFO] [stderr] warning: enum `ActivationReturnType` is never used
[INFO] [stderr]   --> src/em/deterministic_client.rs:10:6
[INFO] [stderr]    |
[INFO] [stderr] 10 | enum ActivationReturnType {
[INFO] [stderr]    |      ^^^^^^^^^^^^^^^^^^^^
[INFO] [stderr] 
[INFO] [stderr] warning: fields `execution_error` and `function_group` are never read
[INFO] [stderr]   --> src/em/execution_error_event.rs:24:5
[INFO] [stderr]    |
[INFO] [stderr] 20 | pub struct ExecutionErrorEvent {
[INFO] [stderr]    |            ------------------- fields in this struct
[INFO] [stderr] ...
[INFO] [stderr] 24 |     execution_error: Option<ExecutionError>,
[INFO] [stderr]    |     ^^^^^^^^^^^^^^^
[INFO] [stderr] ...
[INFO] [stderr] 29 |     function_group: String,
[INFO] [stderr]    |     ^^^^^^^^^^^^^^
[INFO] [stderr] 
[INFO] [stderr] warning: enum `ExecErrc` is never used
[INFO] [stderr]  --> src/em/exec_error_domain.rs:2:10
[INFO] [stderr]   |
[INFO] [stderr] 2 | pub enum ExecErrc {
[INFO] [stderr]   |          ^^^^^^^^
[INFO] [stderr] 
[INFO] [stderr] warning: struct `FunctionGroupState` is never constructed
[INFO] [stderr]  --> src/em/function_group_state.rs:8:8
[INFO] [stderr]   |
[INFO] [stderr] 8 | struct FunctionGroupState {}
[INFO] [stderr]   |        ^^^^^^^^^^^^^^^^^^
[INFO] [stderr] 
[INFO] [stderr] warning: enum `ProcessState` is never used
[INFO] [stderr]  --> src/em/execution_management.rs:6:6
[INFO] [stderr]   |
[INFO] [stderr] 6 | enum ProcessState {
[INFO] [stderr]   |      ^^^^^^^^^^^^
[INFO] [stderr] 
[INFO] [stderr] warning: struct `ManagedProcess` is never constructed
[INFO] [stderr]   --> src/em/execution_management.rs:15:8
[INFO] [stderr]    |
[INFO] [stderr] 15 | struct ManagedProcess {
[INFO] [stderr]    |        ^^^^^^^^^^^^^^
[INFO] [stderr] 
[INFO] [stderr] warning: associated items `new`, `start`, `terminate`, and `get_state` are never used
[INFO] [stderr]    --> src/em/execution_management.rs:27:8
[INFO] [stderr]     |
[INFO] [stderr] 23  | impl ManagedProcess {
[INFO] [stderr]     | ------------------- associated items in this implementation
[INFO] [stderr] ...
[INFO] [stderr] 27  |     fn new(name: String, path: String, priority: u32) -> Self {
[INFO] [stderr]     |        ^^^
[INFO] [stderr] ...
[INFO] [stderr] 37  |     fn start(&mut self) {
[INFO] [stderr]     |        ^^^^^
[INFO] [stderr] ...
[INFO] [stderr] 96  |     fn terminate(&mut self) {
[INFO] [stderr]     |        ^^^^^^^^^
[INFO] [stderr] ...
[INFO] [stderr] 119 |     fn get_state(&self) -> ProcessState {
[INFO] [stderr]     |        ^^^^^^^^^
[INFO] [stderr] 
[INFO] [stderr] warning: struct `ExecutionManagement` is never constructed
[INFO] [stderr]    --> src/em/execution_management.rs:129:12
[INFO] [stderr]     |
[INFO] [stderr] 129 | pub struct ExecutionManagement {
[INFO] [stderr]     |            ^^^^^^^^^^^^^^^^^^^
[INFO] [stderr] 
[INFO] [stderr] warning: associated items `new`, `load_manifest`, `start_all`, `terminate_all`, and `monitor` are never used
[INFO] [stderr]    --> src/em/execution_management.rs:134:19
[INFO] [stderr]     |
[INFO] [stderr] 133 | impl ExecutionManagement {
[INFO] [stderr]     | ------------------------ associated items in this implementation
[INFO] [stderr] 134 |     pub(crate) fn new() -> Self {
[INFO] [stderr]     |                   ^^^
[INFO] [stderr] ...
[INFO] [stderr] 140 |     pub(crate) fn load_manifest(&mut self, manifest_path: &str) {
[INFO] [stderr]     |                   ^^^^^^^^^^^^^
[INFO] [stderr] ...
[INFO] [stderr] 165 |     pub(crate) fn start_all(&mut self) {
[INFO] [stderr]     |                   ^^^^^^^^^
[INFO] [stderr] ...
[INFO] [stderr] 175 |     fn terminate_all(&mut self) {
[INFO] [stderr]     |        ^^^^^^^^^^^^^
[INFO] [stderr] ...
[INFO] [stderr] 182 |     pub(crate) fn monitor(&self) {
[INFO] [stderr]     |                   ^^^^^^^
[INFO] [stderr] 
[INFO] [stderr] warning: crate `AdaptiveAutosar_Rust` should have a snake case name
[INFO] [stderr]   |
[INFO] [stderr]   = help: convert the identifier to snake case: `adaptive_autosar_rust`
[INFO] [stderr]   = note: `#[warn(non_snake_case)]` on by default
[INFO] [stderr] 
[INFO] [stderr] warning: variable `Child` should have a snake case name
[INFO] [stderr]   --> src/em/execution_management.rs:66:41
[INFO] [stderr]    |
[INFO] [stderr] 66 |                     if let Some(ref mut Child) = *child_lock {
[INFO] [stderr]    |                                         ^^^^^ help: convert the identifier to snake case (notice the capitalization): `child`
[INFO] [stderr] 
[INFO] [stderr] warning: `AdaptiveAutosar-Rust` (lib) generated 16 warnings (run `cargo fix --lib -p AdaptiveAutosar-Rust` to apply 4 suggestions)
[INFO] [stderr] warning: variants `Starting` and `Terminating` are never constructed
[INFO] [stderr]   --> src/em/execution_management.rs:8:5
[INFO] [stderr]    |
[INFO] [stderr] 6  | enum ProcessState {
[INFO] [stderr]    |      ------------ variants in this enum
[INFO] [stderr] 7  |     Idle,         // 空闲状态
[INFO] [stderr] 8  |     Starting,     // 启动中
[INFO] [stderr]    |     ^^^^^^^^
[INFO] [stderr] 9  |     Running,      // 运行中
[INFO] [stderr] 10 |     Terminating,  // 终止中
[INFO] [stderr]    |     ^^^^^^^^^^^
[INFO] [stderr]    |
[INFO] [stderr]    = note: `ProcessState` has derived impls for the traits `Clone` and `Debug`, but these are intentionally ignored during dead code analysis
[INFO] [stderr] 
[INFO] [stderr] warning: method `terminate` is never used
[INFO] [stderr]   --> src/em/execution_management.rs:96:8
[INFO] [stderr]    |
[INFO] [stderr] 23 | impl ManagedProcess {
[INFO] [stderr]    | ------------------- method in this implementation
[INFO] [stderr] ...
[INFO] [stderr] 96 |     fn terminate(&mut self) {
[INFO] [stderr]    |        ^^^^^^^^^
[INFO] [stderr] 
[INFO] [stderr] warning: method `terminate_all` is never used
[INFO] [stderr]    --> src/em/execution_management.rs:175:8
[INFO] [stderr]     |
[INFO] [stderr] 133 | impl ExecutionManagement {
[INFO] [stderr]     | ------------------------ method in this implementation
[INFO] [stderr] ...
[INFO] [stderr] 175 |     fn terminate_all(&mut self) {
[INFO] [stderr]     |        ^^^^^^^^^^^^^
[INFO] [stderr] 
[INFO] [stderr] warning: variable `Child` should have a snake case name
[INFO] [stderr]   --> src/em/execution_management.rs:66:41
[INFO] [stderr]    |
[INFO] [stderr] 66 |                     if let Some(ref mut Child) = *child_lock {
[INFO] [stderr]    |                                         ^^^^^ help: convert the identifier to snake case (notice the capitalization): `child`
[INFO] [stderr]    |
[INFO] [stderr]    = note: `#[warn(non_snake_case)]` on by default
[INFO] [stderr] 
[INFO] [stderr] warning: `AdaptiveAutosar-Rust` (lib test) generated 12 warnings (8 duplicates)
[INFO] [stderr]     Finished `test` profile [unoptimized + debuginfo] target(s) in 0.08s
[INFO] [stderr]      Running unittests src/lib.rs (/opt/rustwide/target/debug/deps/AdaptiveAutosar_Rust-f7995632fc647ea5)
[INFO] [stdout] 
[INFO] [stdout] running 2 tests
[INFO] [stdout] test em::test::test1 ... ok
[INFO] [stdout] test em::test::testem ... FAILED
[INFO] [stdout] 
[INFO] [stdout] failures:
[INFO] [stdout] 
[INFO] [stdout] ---- em::test::testem stdout ----
[INFO] [stdout] 
[INFO] [stdout] thread 'em::test::testem' panicked at src/em/execution_management.rs:146:46:
[INFO] [stdout] 无法打开清单文件: Os { code: 2, kind: NotFound, message: "No such file or directory" }
[INFO] [stdout] stack backtrace:
[INFO] [stdout]    0:     0x618207e4071a - std::backtrace_rs::backtrace::libunwind::trace::hb059275cfc8d6126
[INFO] [stdout]                                at /rustc/6067b36314ab5eb2eb47cecc464545ba58e1ad24/library/std/src/../../backtrace/src/backtrace/libunwind.rs:116:5
[INFO] [stdout]    1:     0x618207e4071a - std::backtrace_rs::backtrace::trace_unsynchronized::h2da071e4327ce3ee
[INFO] [stdout]                                at /rustc/6067b36314ab5eb2eb47cecc464545ba58e1ad24/library/std/src/../../backtrace/src/backtrace/mod.rs:66:5
[INFO] [stdout]    2:     0x618207e4071a - std::sys::backtrace::_print_fmt::h842a1474e6f8d23f
[INFO] [stdout]                                at /rustc/6067b36314ab5eb2eb47cecc464545ba58e1ad24/library/std/src/sys/backtrace.rs:66:9
[INFO] [stdout]    3:     0x618207e4071a - <std::sys::backtrace::BacktraceLock::print::DisplayBacktrace as core::fmt::Display>::fmt::h71a62eb3b9696b12
[INFO] [stdout]                                at /rustc/6067b36314ab5eb2eb47cecc464545ba58e1ad24/library/std/src/sys/backtrace.rs:39:26
[INFO] [stdout]    4:     0x618207e68243 - core::fmt::rt::Argument::fmt::hdb6b616786b41dc1
[INFO] [stdout]                                at /rustc/6067b36314ab5eb2eb47cecc464545ba58e1ad24/library/core/src/fmt/rt.rs:177:76
[INFO] [stdout]    5:     0x618207e68243 - core::fmt::write::h2cc1698af7e2d686
[INFO] [stdout]                                at /rustc/6067b36314ab5eb2eb47cecc464545ba58e1ad24/library/core/src/fmt/mod.rs:1440:21
[INFO] [stdout]    6:     0x618207e3d1a3 - std::io::Write::write_fmt::hab1b4cd059a79022
[INFO] [stdout]                                at /rustc/6067b36314ab5eb2eb47cecc464545ba58e1ad24/library/std/src/io/mod.rs:1887:15
[INFO] [stdout]    7:     0x618207e40562 - std::sys::backtrace::BacktraceLock::print::h147fe35b4ea13b08
[INFO] [stdout]                                at /rustc/6067b36314ab5eb2eb47cecc464545ba58e1ad24/library/std/src/sys/backtrace.rs:42:9
[INFO] [stdout]    8:     0x618207e41b3f - std::panicking::default_hook::{{closure}}::hbd44223dbdc0d208
[INFO] [stdout]                                at /rustc/6067b36314ab5eb2eb47cecc464545ba58e1ad24/library/std/src/panicking.rs:298:22
[INFO] [stdout]    9:     0x618207e41958 - std::panicking::default_hook::h20f81eb0576efcec
[INFO] [stdout]                                at /rustc/6067b36314ab5eb2eb47cecc464545ba58e1ad24/library/std/src/panicking.rs:322:9
[INFO] [stdout]   10:     0x618207e0a5c3 - <alloc::boxed::Box<F,A> as core::ops::function::Fn<Args>>::call::hdb53814c496a4d34
[INFO] [stdout]                                at /rustc/6067b36314ab5eb2eb47cecc464545ba58e1ad24/library/alloc/src/boxed.rs:2027:9
[INFO] [stdout]   11:     0x618207e0a5c3 - test::test_main::{{closure}}::hc0a4963c59427c24
[INFO] [stdout]                                at /rustc/6067b36314ab5eb2eb47cecc464545ba58e1ad24/library/test/src/lib.rs:134:21
[INFO] [stdout]   12:     0x618207e42633 - <alloc::boxed::Box<F,A> as core::ops::function::Fn<Args>>::call::h591b2225413a77e9
[INFO] [stdout]                                at /rustc/6067b36314ab5eb2eb47cecc464545ba58e1ad24/library/alloc/src/boxed.rs:2027:9
[INFO] [stdout]   13:     0x618207e42633 - std::panicking::rust_panic_with_hook::h625eea43051b2edc
[INFO] [stdout]                                at /rustc/6067b36314ab5eb2eb47cecc464545ba58e1ad24/library/std/src/panicking.rs:839:13
[INFO] [stdout]   14:     0x618207e422ea - std::panicking::begin_panic_handler::{{closure}}::h4f9159cfbc3f6bd3
[INFO] [stdout]                                at /rustc/6067b36314ab5eb2eb47cecc464545ba58e1ad24/library/std/src/panicking.rs:704:13
[INFO] [stdout]   15:     0x618207e40c19 - std::sys::backtrace::__rust_end_short_backtrace::h0390abce48353151
[INFO] [stdout]                                at /rustc/6067b36314ab5eb2eb47cecc464545ba58e1ad24/library/std/src/sys/backtrace.rs:168:18
[INFO] [stdout]   16:     0x618207e41f7d - rust_begin_unwind
[INFO] [stdout]                                at /rustc/6067b36314ab5eb2eb47cecc464545ba58e1ad24/library/std/src/panicking.rs:695:5
[INFO] [stdout]   17:     0x618207e66cf0 - core::panicking::panic_fmt::h9e7c637e9e5f29c9
[INFO] [stdout]                                at /rustc/6067b36314ab5eb2eb47cecc464545ba58e1ad24/library/core/src/panicking.rs:75:14
[INFO] [stdout]   18:     0x618207e67096 - core::result::unwrap_failed::h7979f09313fe1849
[INFO] [stdout]                                at /rustc/6067b36314ab5eb2eb47cecc464545ba58e1ad24/library/core/src/result.rs:1704:5
[INFO] [stdout]   19:     0x618207dcc45d - core::result::Result<T,E>::expect::he0434b5973f074e2
[INFO] [stdout]                                at /rustc/6067b36314ab5eb2eb47cecc464545ba58e1ad24/library/core/src/result.rs:1061:23
[INFO] [stdout]   20:     0x618207dc0a53 - AdaptiveAutosar_Rust::em::execution_management::ExecutionManagement::load_manifest::h044b70c069f86659
[INFO] [stdout]                                at /opt/rustwide/workdir/src/em/execution_management.rs:146:20
[INFO] [stdout]   21:     0x618207dc9d47 - AdaptiveAutosar_Rust::em::test::testem::hfd6be390333a9003
[INFO] [stdout]                                at /opt/rustwide/workdir/src/em/test.rs:18:5
[INFO] [stdout]   22:     0x618207dc9d07 - AdaptiveAutosar_Rust::em::test::testem::{{closure}}::h9412a5ae5e58d5c3
[INFO] [stdout]                                at /opt/rustwide/workdir/src/em/test.rs:16:12
[INFO] [stdout]   23:     0x618207db5c06 - core::ops::function::FnOnce::call_once::h02bf3cf53938478a
[INFO] [stdout]                                at /rustc/6067b36314ab5eb2eb47cecc464545ba58e1ad24/library/core/src/ops/function.rs:250:5
[INFO] [stdout]   24:     0x618207e0fd1b - core::ops::function::FnOnce::call_once::he27718dfdd183f43
[INFO] [stdout]                                at /rustc/6067b36314ab5eb2eb47cecc464545ba58e1ad24/library/core/src/ops/function.rs:250:5
[INFO] [stdout]   25:     0x618207e0fd1b - test::__rust_begin_short_backtrace::h4e84902998457a5d
[INFO] [stdout]                                at /rustc/6067b36314ab5eb2eb47cecc464545ba58e1ad24/library/test/src/lib.rs:632:18
[INFO] [stdout]   26:     0x618207e0ec53 - test::run_test_in_process::{{closure}}::h7176fd18fc1feca0
[INFO] [stdout]                                at /rustc/6067b36314ab5eb2eb47cecc464545ba58e1ad24/library/test/src/lib.rs:655:60
[INFO] [stdout]   27:     0x618207e0ec53 - <core::panic::unwind_safe::AssertUnwindSafe<F> as core::ops::function::FnOnce<()>>::call_once::hf79cff2a624d8cf7
[INFO] [stdout]                                at /rustc/6067b36314ab5eb2eb47cecc464545ba58e1ad24/library/core/src/panic/unwind_safe.rs:272:9
[INFO] [stdout]   28:     0x618207e0ec53 - std::panicking::try::do_call::h3da0561d9ab99c25
[INFO] [stdout]                                at /rustc/6067b36314ab5eb2eb47cecc464545ba58e1ad24/library/std/src/panicking.rs:587:40
[INFO] [stdout]   29:     0x618207e0ec53 - std::panicking::try::h41c9fa508bc61df6
[INFO] [stdout]                                at /rustc/6067b36314ab5eb2eb47cecc464545ba58e1ad24/library/std/src/panicking.rs:550:19
[INFO] [stdout]   30:     0x618207e0ec53 - std::panic::catch_unwind::h6b3ff07bb5afad93
[INFO] [stdout]                                at /rustc/6067b36314ab5eb2eb47cecc464545ba58e1ad24/library/std/src/panic.rs:358:14
[INFO] [stdout]   31:     0x618207e0ec53 - test::run_test_in_process::hc7253dd11b39b9f4
[INFO] [stdout]                                at /rustc/6067b36314ab5eb2eb47cecc464545ba58e1ad24/library/test/src/lib.rs:655:27
[INFO] [stdout]   32:     0x618207e0ec53 - test::run_test::{{closure}}::hfb2007f8649c30bb
[INFO] [stdout]                                at /rustc/6067b36314ab5eb2eb47cecc464545ba58e1ad24/library/test/src/lib.rs:576:43
[INFO] [stdout]   33:     0x618207dd1d35 - test::run_test::{{closure}}::h56a17aa7a282a9f4
[INFO] [stdout]                                at /rustc/6067b36314ab5eb2eb47cecc464545ba58e1ad24/library/test/src/lib.rs:606:41
[INFO] [stdout]   34:     0x618207dd1d35 - std::sys::backtrace::__rust_begin_short_backtrace::hd2d2d2fb8e8c6aac
[INFO] [stdout]                                at /rustc/6067b36314ab5eb2eb47cecc464545ba58e1ad24/library/std/src/sys/backtrace.rs:152:18
[INFO] [stdout]   35:     0x618207dd561a - std::thread::Builder::spawn_unchecked_::{{closure}}::{{closure}}::h4faa3f9db6133423
[INFO] [stdout]                                at /rustc/6067b36314ab5eb2eb47cecc464545ba58e1ad24/library/std/src/thread/mod.rs:559:17
[INFO] [stdout]   36:     0x618207dd561a - <core::panic::unwind_safe::AssertUnwindSafe<F> as core::ops::function::FnOnce<()>>::call_once::hf2e855a36a4ea846
[INFO] [stdout]                                at /rustc/6067b36314ab5eb2eb47cecc464545ba58e1ad24/library/core/src/panic/unwind_safe.rs:272:9
[INFO] [stdout]   37:     0x618207dd561a - std::panicking::try::do_call::h2f73af3616c35465
[INFO] [stdout]                                at /rustc/6067b36314ab5eb2eb47cecc464545ba58e1ad24/library/std/src/panicking.rs:587:40
[INFO] [stdout]   38:     0x618207dd561a - std::panicking::try::hd1660ce9efadef5a
[INFO] [stdout]                                at /rustc/6067b36314ab5eb2eb47cecc464545ba58e1ad24/library/std/src/panicking.rs:550:19
[INFO] [stdout]   39:     0x618207dd561a - std::panic::catch_unwind::h5ee8d7823b8ca744
[INFO] [stdout]                                at /rustc/6067b36314ab5eb2eb47cecc464545ba58e1ad24/library/std/src/panic.rs:358:14
[INFO] [stdout]   40:     0x618207dd561a - std::thread::Builder::spawn_unchecked_::{{closure}}::h53c3a1894dce8407
[INFO] [stdout]                                at /rustc/6067b36314ab5eb2eb47cecc464545ba58e1ad24/library/std/src/thread/mod.rs:557:30
[INFO] [stdout]   41:     0x618207dd561a - core::ops::function::FnOnce::call_once{{vtable.shim}}::h048ce291ad4f62bf
[INFO] [stdout]                                at /rustc/6067b36314ab5eb2eb47cecc464545ba58e1ad24/library/core/src/ops/function.rs:250:5
[INFO] [stdout]   42:     0x618207e466bb - <alloc::boxed::Box<F,A> as core::ops::function::FnOnce<Args>>::call_once::ha52bedf99a3b4981
[INFO] [stdout]                                at /rustc/6067b36314ab5eb2eb47cecc464545ba58e1ad24/library/alloc/src/boxed.rs:2013:9
[INFO] [stdout]   43:     0x618207e466bb - <alloc::boxed::Box<F,A> as core::ops::function::FnOnce<Args>>::call_once::h567748934d80ccf8
[INFO] [stdout]                                at /rustc/6067b36314ab5eb2eb47cecc464545ba58e1ad24/library/alloc/src/boxed.rs:2013:9
[INFO] [stdout]   44:     0x618207e466bb - std::sys::pal::unix::thread::Thread::new::thread_start::h2d970728ae887adc
[INFO] [stdout]                                at /rustc/6067b36314ab5eb2eb47cecc464545ba58e1ad24/library/std/src/sys/pal/unix/thread.rs:106:17
[INFO] [stdout]   45:     0x7847f519bac3 - <unknown>
[INFO] [stdout]   46:     0x7847f522ca04 - clone
[INFO] [stdout]   47:                0x0 - <unknown>
[INFO] [stdout] 
[INFO] [stdout] 
[INFO] [stdout] failures:
[INFO] [stdout]     em::test::testem
[INFO] [stdout] 
[INFO] [stdout] test result: FAILED. 1 passed; 1 failed; 0 ignored; 0 measured; 0 filtered out; finished in 0.03s
[INFO] [stdout] 
[INFO] [stderr] error: test failed, to rerun pass `--lib`
[INFO] running `Command { std: "docker" "inspect" "4d455bfbd81c6bc4c26d2678d3bfb105f2be811e5b4ce2af4473d8779dce954c", kill_on_drop: false }`
[INFO] running `Command { std: "docker" "rm" "-f" "4d455bfbd81c6bc4c26d2678d3bfb105f2be811e5b4ce2af4473d8779dce954c", kill_on_drop: false }`
[INFO] [stdout] 4d455bfbd81c6bc4c26d2678d3bfb105f2be811e5b4ce2af4473d8779dce954c
