[INFO] cloning repository https://github.com/KyrylSydorov/UE_LOG_Parser
[INFO] running `Command { std: "git" "-c" "credential.helper=" "-c" "credential.helper=/workspace/cargo-home/bin/git-credential-null" "clone" "--bare" "https://github.com/KyrylSydorov/UE_LOG_Parser" "/workspace/cache/git-repos/https%3A%2F%2Fgithub.com%2FKyrylSydorov%2FUE_LOG_Parser", kill_on_drop: false }`
[INFO] [stderr] Cloning into bare repository '/workspace/cache/git-repos/https%3A%2F%2Fgithub.com%2FKyrylSydorov%2FUE_LOG_Parser'...
[INFO] running `Command { std: "git" "rev-parse" "HEAD", kill_on_drop: false }`
[INFO] [stdout] 4bb357ddd934ee13af4bf0111f98292d204e9501
[INFO] testing KyrylSydorov/UE_LOG_Parser against nightly-2025-01-18 for randomize-layout-2
[INFO] running `Command { std: "git" "clone" "/workspace/cache/git-repos/https%3A%2F%2Fgithub.com%2FKyrylSydorov%2FUE_LOG_Parser" "/workspace/builds/worker-3-tc1/source", kill_on_drop: false }`
[INFO] [stderr] Cloning into '/workspace/builds/worker-3-tc1/source'...
[INFO] [stderr] done.
[INFO] validating manifest of git repo https://github.com/KyrylSydorov/UE_LOG_Parser on toolchain nightly-2025-01-18
[INFO] running `Command { std: CARGO_HOME="/workspace/cargo-home" RUSTUP_HOME="/workspace/rustup-home" "/workspace/cargo-home/bin/cargo" "+nightly-2025-01-18" "metadata" "--manifest-path" "Cargo.toml" "--no-deps", kill_on_drop: false }`
[INFO] started tweaking git repo https://github.com/KyrylSydorov/UE_LOG_Parser
[INFO] finished tweaking git repo https://github.com/KyrylSydorov/UE_LOG_Parser
[INFO] tweaked toml for git repo https://github.com/KyrylSydorov/UE_LOG_Parser written to /workspace/builds/worker-3-tc1/source/Cargo.toml
[INFO] crate git repo https://github.com/KyrylSydorov/UE_LOG_Parser already has a lockfile, it will not be regenerated
[INFO] running `Command { std: CARGO_HOME="/workspace/cargo-home" RUSTUP_HOME="/workspace/rustup-home" "/workspace/cargo-home/bin/cargo" "+nightly-2025-01-18" "fetch" "--manifest-path" "Cargo.toml", kill_on_drop: false }`
[INFO] running `Command { std: "docker" "create" "-v" "/var/lib/crater-agent-workspace/builds/worker-3-tc1/target:/opt/rustwide/target:rw,Z" "-v" "/var/lib/crater-agent-workspace/builds/worker-3-tc1/source:/opt/rustwide/workdir:ro,Z" "-v" "/var/lib/crater-agent-workspace/cargo-home:/opt/rustwide/cargo-home:ro,Z" "-v" "/var/lib/crater-agent-workspace/rustup-home:/opt/rustwide/rustup-home:ro,Z" "-e" "SOURCE_DIR=/opt/rustwide/workdir" "-e" "CARGO_TARGET_DIR=/opt/rustwide/target" "-e" "CARGO_HOME=/opt/rustwide/cargo-home" "-e" "RUSTUP_HOME=/opt/rustwide/rustup-home" "-w" "/opt/rustwide/workdir" "-m" "1610612736" "--user" "0:0" "--network" "none" "ghcr.io/rust-lang/crates-build-env/linux@sha256:819108c5571ea2e421544af4d832f968d213c87fbe3707a016657f43d2f853bc" "/opt/rustwide/cargo-home/bin/cargo" "+nightly-2025-01-18" "metadata" "--no-deps" "--format-version=1", kill_on_drop: false }`
[INFO] [stdout] acef5490466fecbf28b887a08caf4df3dc0adcd2bd1fa6975e56e79b34fdd27b
[INFO] running `Command { std: "docker" "start" "-a" "acef5490466fecbf28b887a08caf4df3dc0adcd2bd1fa6975e56e79b34fdd27b", kill_on_drop: false }`
[INFO] running `Command { std: "docker" "inspect" "acef5490466fecbf28b887a08caf4df3dc0adcd2bd1fa6975e56e79b34fdd27b", kill_on_drop: false }`
[INFO] running `Command { std: "docker" "rm" "-f" "acef5490466fecbf28b887a08caf4df3dc0adcd2bd1fa6975e56e79b34fdd27b", kill_on_drop: false }`
[INFO] [stdout] acef5490466fecbf28b887a08caf4df3dc0adcd2bd1fa6975e56e79b34fdd27b
[INFO] running `Command { std: "docker" "create" "-v" "/var/lib/crater-agent-workspace/builds/worker-3-tc1/target:/opt/rustwide/target:rw,Z" "-v" "/var/lib/crater-agent-workspace/builds/worker-3-tc1/source:/opt/rustwide/workdir:ro,Z" "-v" "/var/lib/crater-agent-workspace/cargo-home:/opt/rustwide/cargo-home:ro,Z" "-v" "/var/lib/crater-agent-workspace/rustup-home:/opt/rustwide/rustup-home:ro,Z" "-e" "SOURCE_DIR=/opt/rustwide/workdir" "-e" "CARGO_TARGET_DIR=/opt/rustwide/target" "-e" "CARGO_INCREMENTAL=0" "-e" "RUST_BACKTRACE=full" "-e" "RUSTFLAGS=--cap-lints=forbid" "-e" "RUSTDOCFLAGS=--cap-lints=forbid" "-e" "CARGO_HOME=/opt/rustwide/cargo-home" "-e" "RUSTUP_HOME=/opt/rustwide/rustup-home" "-w" "/opt/rustwide/workdir" "-m" "1610612736" "--user" "0:0" "--network" "none" "ghcr.io/rust-lang/crates-build-env/linux@sha256:819108c5571ea2e421544af4d832f968d213c87fbe3707a016657f43d2f853bc" "/opt/rustwide/cargo-home/bin/cargo" "+nightly-2025-01-18" "build" "--frozen" "--message-format=json", kill_on_drop: false }`
[INFO] [stdout] be1142495111b3385f819c2d14426332076ab7f419332fbf3a66e64b9078736a
[INFO] running `Command { std: "docker" "start" "-a" "be1142495111b3385f819c2d14426332076ab7f419332fbf3a66e64b9078736a", kill_on_drop: false }`
[INFO] [stderr]    Compiling proc-macro2 v1.0.89
[INFO] [stderr]    Compiling unicode-ident v1.0.13
[INFO] [stderr]    Compiling thiserror v1.0.69
[INFO] [stderr]    Compiling ucd-trie v0.1.7
[INFO] [stderr]    Compiling utf8parse v0.2.2
[INFO] [stderr]    Compiling memchr v2.7.4
[INFO] [stderr]    Compiling colorchoice v1.0.3
[INFO] [stderr]    Compiling is_terminal_polyfill v1.70.1
[INFO] [stderr]    Compiling once_cell v1.20.2
[INFO] [stderr]    Compiling anstyle v1.0.10
[INFO] [stderr]    Compiling anstyle-query v1.1.2
[INFO] [stderr]    Compiling clap_lex v0.7.3
[INFO] [stderr]    Compiling strsim v0.11.1
[INFO] [stderr]    Compiling anyhow v1.0.93
[INFO] [stderr]    Compiling anstyle-parse v0.2.6
[INFO] [stderr]    Compiling anstream v0.6.18
[INFO] [stderr]    Compiling clap_builder v4.5.21
[INFO] [stderr]    Compiling quote v1.0.37
[INFO] [stderr]    Compiling syn v2.0.87
[INFO] [stderr]    Compiling clap v4.5.21
[INFO] [stderr]    Compiling thiserror-impl v1.0.69
[INFO] [stderr]    Compiling pest v2.7.14
[INFO] [stderr]    Compiling pest_meta v2.7.14
[INFO] [stderr]    Compiling pest_generator v2.7.14
[INFO] [stderr]    Compiling pest_derive v2.7.14
[INFO] [stderr]    Compiling unreal_log_parser v1.1.1 (/opt/rustwide/workdir)
[INFO] [stderr]     Finished `dev` profile [unoptimized + debuginfo] target(s) in 11.02s
[INFO] running `Command { std: "docker" "inspect" "be1142495111b3385f819c2d14426332076ab7f419332fbf3a66e64b9078736a", kill_on_drop: false }`
[INFO] running `Command { std: "docker" "rm" "-f" "be1142495111b3385f819c2d14426332076ab7f419332fbf3a66e64b9078736a", kill_on_drop: false }`
[INFO] [stdout] be1142495111b3385f819c2d14426332076ab7f419332fbf3a66e64b9078736a
[INFO] running `Command { std: "docker" "create" "-v" "/var/lib/crater-agent-workspace/builds/worker-3-tc1/target:/opt/rustwide/target:rw,Z" "-v" "/var/lib/crater-agent-workspace/builds/worker-3-tc1/source:/opt/rustwide/workdir:ro,Z" "-v" "/var/lib/crater-agent-workspace/cargo-home:/opt/rustwide/cargo-home:ro,Z" "-v" "/var/lib/crater-agent-workspace/rustup-home:/opt/rustwide/rustup-home:ro,Z" "-e" "SOURCE_DIR=/opt/rustwide/workdir" "-e" "CARGO_TARGET_DIR=/opt/rustwide/target" "-e" "CARGO_INCREMENTAL=0" "-e" "RUST_BACKTRACE=full" "-e" "RUSTFLAGS=--cap-lints=forbid" "-e" "RUSTDOCFLAGS=--cap-lints=forbid" "-e" "CARGO_HOME=/opt/rustwide/cargo-home" "-e" "RUSTUP_HOME=/opt/rustwide/rustup-home" "-w" "/opt/rustwide/workdir" "-m" "1610612736" "--user" "0:0" "--network" "none" "ghcr.io/rust-lang/crates-build-env/linux@sha256:819108c5571ea2e421544af4d832f968d213c87fbe3707a016657f43d2f853bc" "/opt/rustwide/cargo-home/bin/cargo" "+nightly-2025-01-18" "test" "--frozen" "--no-run" "--message-format=json", kill_on_drop: false }`
[INFO] [stdout] e5e4edc8332ed0cf579ce2116cd9705bc9191eb959e216747423236287a0e452
[INFO] running `Command { std: "docker" "start" "-a" "e5e4edc8332ed0cf579ce2116cd9705bc9191eb959e216747423236287a0e452", kill_on_drop: false }`
[INFO] [stderr]    Compiling unreal_log_parser v1.1.1 (/opt/rustwide/workdir)
[INFO] [stderr]     Finished `test` profile [unoptimized + debuginfo] target(s) in 0.47s
[INFO] running `Command { std: "docker" "inspect" "e5e4edc8332ed0cf579ce2116cd9705bc9191eb959e216747423236287a0e452", kill_on_drop: false }`
[INFO] running `Command { std: "docker" "rm" "-f" "e5e4edc8332ed0cf579ce2116cd9705bc9191eb959e216747423236287a0e452", kill_on_drop: false }`
[INFO] [stdout] e5e4edc8332ed0cf579ce2116cd9705bc9191eb959e216747423236287a0e452
[INFO] running `Command { std: "docker" "create" "-v" "/var/lib/crater-agent-workspace/builds/worker-3-tc1/target:/opt/rustwide/target:rw,Z" "-v" "/var/lib/crater-agent-workspace/builds/worker-3-tc1/source:/opt/rustwide/workdir:ro,Z" "-v" "/var/lib/crater-agent-workspace/cargo-home:/opt/rustwide/cargo-home:ro,Z" "-v" "/var/lib/crater-agent-workspace/rustup-home:/opt/rustwide/rustup-home:ro,Z" "-e" "SOURCE_DIR=/opt/rustwide/workdir" "-e" "CARGO_TARGET_DIR=/opt/rustwide/target" "-e" "CARGO_INCREMENTAL=0" "-e" "RUST_BACKTRACE=full" "-e" "RUSTFLAGS=--cap-lints=forbid" "-e" "RUSTDOCFLAGS=--cap-lints=forbid" "-e" "CARGO_HOME=/opt/rustwide/cargo-home" "-e" "RUSTUP_HOME=/opt/rustwide/rustup-home" "-w" "/opt/rustwide/workdir" "-m" "1610612736" "--user" "0:0" "--network" "none" "ghcr.io/rust-lang/crates-build-env/linux@sha256:819108c5571ea2e421544af4d832f968d213c87fbe3707a016657f43d2f853bc" "/opt/rustwide/cargo-home/bin/cargo" "+nightly-2025-01-18" "test" "--frozen", kill_on_drop: false }`
[INFO] [stdout] e220dfd65af01c13c30c9c28966241b95d84538a22c85592f22311b3944a6437
[INFO] running `Command { std: "docker" "start" "-a" "e220dfd65af01c13c30c9c28966241b95d84538a22c85592f22311b3944a6437", kill_on_drop: false }`
[INFO] [stderr]     Finished `test` profile [unoptimized + debuginfo] target(s) in 0.05s
[INFO] [stderr]      Running unittests src/lib.rs (/opt/rustwide/target/debug/deps/unreal_log_parser-78d5fb1eead6e145)
[INFO] [stdout] 
[INFO] [stdout] running 0 tests
[INFO] [stdout] 
[INFO] [stdout] test result: ok. 0 passed; 0 failed; 0 ignored; 0 measured; 0 filtered out; finished in 0.00s
[INFO] [stdout] 
[INFO] [stderr]      Running unittests src/main.rs (/opt/rustwide/target/debug/deps/unreal_log_parser-13c678ec047e6327)
[INFO] [stdout] 
[INFO] [stdout] running 0 tests
[INFO] [stdout] 
[INFO] [stdout] test result: ok. 0 passed; 0 failed; 0 ignored; 0 measured; 0 filtered out; finished in 0.00s
[INFO] [stdout] 
[INFO] [stderr]      Running tests/test.rs (/opt/rustwide/target/debug/deps/test-659232b5daccc77a)
[INFO] [stdout] 
[INFO] [stdout] running 10 tests
[INFO] [stdout] test tests::test_empty_file ... ok
[INFO] [stdout] test tests::test_file ... ok
[INFO] [stdout] test tests::test_invalid_timestamp ... ok
[INFO] [stdout] test tests::test_invalid_verbosity ... ok
[INFO] [stdout] test tests::test_parse_log_entry_with_verbosity ... ok
[INFO] [stdout] test tests::test_parse_log_minimal ... ok
[INFO] [stdout] test tests::test_no_file ... ok
[INFO] [stdout] test tests::test_invalid_string ... ok
[INFO] [stdout] test tests::test_parse_log_entry_without_verbosity ... ok
[INFO] [stdout] test tests::test_huge_file ... ok
[INFO] [stdout] 
[INFO] [stdout] test result: ok. 10 passed; 0 failed; 0 ignored; 0 measured; 0 filtered out; finished in 0.15s
[INFO] [stdout] 
[INFO] [stderr]    Doc-tests unreal_log_parser
[INFO] [stdout] 
[INFO] [stdout] running 3 tests
[INFO] [stdout] test src/lib.rs - (line 104) ... FAILED
[INFO] [stdout] test src/lib.rs - (line 122) ... FAILED
[INFO] [stdout] test src/lib.rs - (line 14) ... FAILED
[INFO] [stdout] 
[INFO] [stdout] failures:
[INFO] [stdout] 
[INFO] [stdout] ---- src/lib.rs - (line 104) stdout ----
[INFO] [stdout] error: unknown start of token: \u{2192}
[INFO] [stdout]  --> src/lib.rs:105:5
[INFO] [stdout]   |
[INFO] [stdout] 3 | [1] → 1
[INFO] [stdout]   |     ^
[INFO] [stdout] 
[INFO] [stdout] error: unknown start of token: \u{2192}
[INFO] [stdout]  --> src/lib.rs:106:9
[INFO] [stdout]   |
[INFO] [stdout] 4 | [ 123 ] → 123
[INFO] [stdout]   |         ^
[INFO] [stdout] 
[INFO] [stdout] error: unknown start of token: \u{2192}
[INFO] [stdout]  --> src/lib.rs:107:9
[INFO] [stdout]   |
[INFO] [stdout] 5 | [1 2 3] → 123
[INFO] [stdout]   |         ^
[INFO] [stdout] 
[INFO] [stdout] error: expected one of `.`, `;`, `?`, `}`, or an operator, found `1`
[INFO] [stdout]  --> src/lib.rs:105:7
[INFO] [stdout]   |
[INFO] [stdout] 3 | [1] → 1
[INFO] [stdout]   |       ^ expected one of `.`, `;`, `?`, `}`, or an operator
[INFO] [stdout] 
[INFO] [stdout] error: aborting due to 4 previous errors
[INFO] [stdout] 
[INFO] [stdout] Couldn't compile the test.
[INFO] [stdout] ---- src/lib.rs - (line 122) stdout ----
[INFO] [stdout] error: expected identifier, found `:`
[INFO] [stdout]  --> src/lib.rs:123:8
[INFO] [stdout]   |
[INFO] [stdout] 3 | LogTemp:
[INFO] [stdout]   |        ^ expected identifier
[INFO] [stdout] 
[INFO] [stdout] error: aborting due to 1 previous error
[INFO] [stdout] 
[INFO] [stdout] Couldn't compile the test.
[INFO] [stdout] ---- src/lib.rs - (line 14) stdout ----
[INFO] [stdout] error: expected one of `,`, `.`, `;`, `?`, `]`, or an operator, found `:`
[INFO] [stdout]  --> src/lib.rs:15:21
[INFO] [stdout]   |
[INFO] [stdout] 3 | [2024.04.27-12.34.56:789][  1]LogTemp: Warning: This is a warning message.
[INFO] [stdout]   |                     ^ expected one of `,`, `.`, `;`, `?`, `]`, or an operator
[INFO] [stdout]   |
[INFO] [stdout] help: you might have meant a range expression
[INFO] [stdout]   |
[INFO] [stdout] 3 | [2024.04.27-12.34.56..789][  1]LogTemp: Warning: This is a warning message.
[INFO] [stdout]   |                     ~~
[INFO] [stdout] 
[INFO] [stdout] error: aborting due to 1 previous error
[INFO] [stdout] 
[INFO] [stdout] Couldn't compile the test.
[INFO] [stdout] 
[INFO] [stdout] failures:
[INFO] [stdout]     src/lib.rs - (line 104)
[INFO] [stdout]     src/lib.rs - (line 122)
[INFO] [stdout]     src/lib.rs - (line 14)
[INFO] [stdout] 
[INFO] [stdout] test result: FAILED. 0 passed; 3 failed; 0 ignored; 0 measured; 0 filtered out; finished in 0.11s
[INFO] [stdout] 
[INFO] [stderr] error: doctest failed, to rerun pass `--doc`
[INFO] running `Command { std: "docker" "inspect" "e220dfd65af01c13c30c9c28966241b95d84538a22c85592f22311b3944a6437", kill_on_drop: false }`
[INFO] running `Command { std: "docker" "rm" "-f" "e220dfd65af01c13c30c9c28966241b95d84538a22c85592f22311b3944a6437", kill_on_drop: false }`
[INFO] [stdout] e220dfd65af01c13c30c9c28966241b95d84538a22c85592f22311b3944a6437
