[INFO] cloning repository https://github.com/KuroAku/complex
[INFO] running `Command { std: "git" "-c" "credential.helper=" "-c" "credential.helper=/workspace/cargo-home/bin/git-credential-null" "clone" "--bare" "https://github.com/KuroAku/complex" "/workspace/cache/git-repos/https%3A%2F%2Fgithub.com%2FKuroAku%2Fcomplex", kill_on_drop: false }`
[INFO] [stderr] Cloning into bare repository '/workspace/cache/git-repos/https%3A%2F%2Fgithub.com%2FKuroAku%2Fcomplex'...
[INFO] running `Command { std: "git" "rev-parse" "HEAD", kill_on_drop: false }`
[INFO] [stdout] 8b9c3f4d9886305e84e7fe532f2ddc9c217e9d9e
[INFO] testing KuroAku/complex against nightly-2025-01-18+rustflags=-Zrandomize-layout for randomize-layout-2
[INFO] running `Command { std: "git" "clone" "/workspace/cache/git-repos/https%3A%2F%2Fgithub.com%2FKuroAku%2Fcomplex" "/workspace/builds/worker-0-tc2/source", kill_on_drop: false }`
[INFO] [stderr] Cloning into '/workspace/builds/worker-0-tc2/source'...
[INFO] [stderr] done.
[INFO] validating manifest of git repo https://github.com/KuroAku/complex on toolchain nightly-2025-01-18
[INFO] running `Command { std: CARGO_HOME="/workspace/cargo-home" RUSTUP_HOME="/workspace/rustup-home" "/workspace/cargo-home/bin/cargo" "+nightly-2025-01-18" "metadata" "--manifest-path" "Cargo.toml" "--no-deps", kill_on_drop: false }`
[INFO] started tweaking git repo https://github.com/KuroAku/complex
[INFO] finished tweaking git repo https://github.com/KuroAku/complex
[INFO] tweaked toml for git repo https://github.com/KuroAku/complex written to /workspace/builds/worker-0-tc2/source/Cargo.toml
[INFO] crate git repo https://github.com/KuroAku/complex already has a lockfile, it will not be regenerated
[INFO] running `Command { std: CARGO_HOME="/workspace/cargo-home" RUSTUP_HOME="/workspace/rustup-home" "/workspace/cargo-home/bin/cargo" "+nightly-2025-01-18" "fetch" "--manifest-path" "Cargo.toml", kill_on_drop: false }`
[INFO] [stderr] warning: no edition set: defaulting to the 2015 edition while the latest is 2024
[INFO] [stderr]     Blocking waiting for file lock on package cache
[INFO] running `Command { std: "docker" "create" "-v" "/var/lib/crater-agent-workspace/builds/worker-0-tc2/target:/opt/rustwide/target:rw,Z" "-v" "/var/lib/crater-agent-workspace/builds/worker-0-tc2/source:/opt/rustwide/workdir:ro,Z" "-v" "/var/lib/crater-agent-workspace/cargo-home:/opt/rustwide/cargo-home:ro,Z" "-v" "/var/lib/crater-agent-workspace/rustup-home:/opt/rustwide/rustup-home:ro,Z" "-e" "SOURCE_DIR=/opt/rustwide/workdir" "-e" "CARGO_TARGET_DIR=/opt/rustwide/target" "-e" "CARGO_HOME=/opt/rustwide/cargo-home" "-e" "RUSTUP_HOME=/opt/rustwide/rustup-home" "-w" "/opt/rustwide/workdir" "-m" "1610612736" "--user" "0:0" "--network" "none" "ghcr.io/rust-lang/crates-build-env/linux@sha256:819108c5571ea2e421544af4d832f968d213c87fbe3707a016657f43d2f853bc" "/opt/rustwide/cargo-home/bin/cargo" "+nightly-2025-01-18" "metadata" "--no-deps" "--format-version=1", kill_on_drop: false }`
[INFO] [stdout] cbff1485a32afd130a31b6d99585af7257d9b35dba101904a86b1319a41d690f
[INFO] running `Command { std: "docker" "start" "-a" "cbff1485a32afd130a31b6d99585af7257d9b35dba101904a86b1319a41d690f", kill_on_drop: false }`
[INFO] running `Command { std: "docker" "inspect" "cbff1485a32afd130a31b6d99585af7257d9b35dba101904a86b1319a41d690f", kill_on_drop: false }`
[INFO] running `Command { std: "docker" "rm" "-f" "cbff1485a32afd130a31b6d99585af7257d9b35dba101904a86b1319a41d690f", kill_on_drop: false }`
[INFO] [stdout] cbff1485a32afd130a31b6d99585af7257d9b35dba101904a86b1319a41d690f
[INFO] running `Command { std: "docker" "create" "-v" "/var/lib/crater-agent-workspace/builds/worker-0-tc2/target:/opt/rustwide/target:rw,Z" "-v" "/var/lib/crater-agent-workspace/builds/worker-0-tc2/source:/opt/rustwide/workdir:ro,Z" "-v" "/var/lib/crater-agent-workspace/cargo-home:/opt/rustwide/cargo-home:ro,Z" "-v" "/var/lib/crater-agent-workspace/rustup-home:/opt/rustwide/rustup-home:ro,Z" "-e" "SOURCE_DIR=/opt/rustwide/workdir" "-e" "CARGO_TARGET_DIR=/opt/rustwide/target" "-e" "CARGO_INCREMENTAL=0" "-e" "RUST_BACKTRACE=full" "-e" "RUSTFLAGS=--cap-lints=forbid -Zrandomize-layout" "-e" "RUSTDOCFLAGS=--cap-lints=forbid" "-e" "CARGO_HOME=/opt/rustwide/cargo-home" "-e" "RUSTUP_HOME=/opt/rustwide/rustup-home" "-w" "/opt/rustwide/workdir" "-m" "1610612736" "--user" "0:0" "--network" "none" "ghcr.io/rust-lang/crates-build-env/linux@sha256:819108c5571ea2e421544af4d832f968d213c87fbe3707a016657f43d2f853bc" "/opt/rustwide/cargo-home/bin/cargo" "+nightly-2025-01-18" "build" "--frozen" "--message-format=json", kill_on_drop: false }`
[INFO] [stdout] 2b437b3ddd1d42ac1500ab7e0e6a3ae285a721c32bd820f6e5132c1e71796887
[INFO] running `Command { std: "docker" "start" "-a" "2b437b3ddd1d42ac1500ab7e0e6a3ae285a721c32bd820f6e5132c1e71796887", kill_on_drop: false }`
[INFO] [stderr] warning: no edition set: defaulting to the 2015 edition while the latest is 2024
[INFO] [stderr]    Compiling libc v0.2.33
[INFO] [stderr]    Compiling void v1.0.2
[INFO] [stderr]    Compiling lazy_static v0.2.11
[INFO] [stderr]    Compiling regex-syntax v0.4.1
[INFO] [stderr]    Compiling utf8-ranges v1.0.0
[INFO] [stderr]    Compiling text_io v0.1.6
[INFO] [stderr]    Compiling unreachable v1.0.0
[INFO] [stderr]    Compiling thread_local v0.3.4
[INFO] [stderr]    Compiling memchr v1.0.2
[INFO] [stderr]    Compiling aho-corasick v0.6.3
[INFO] [stderr]    Compiling regex v0.2.2
[INFO] [stderr]    Compiling complex v0.1.0 (/opt/rustwide/workdir)
[INFO] [stdout] warning: use of deprecated constant `std::sync::ONCE_INIT`: the `Once::new()` function is now preferred
[INFO] [stdout]   --> src/complex/parser.rs:35:5
[INFO] [stdout]    |
[INFO] [stdout] 35 | /     lazy_static! {
[INFO] [stdout] 36 | |         static ref RE: Regex = Regex::new(
[INFO] [stdout] 37 | |             r"^\s*(?:(-?)(\d+(?:\.\d+)?)\s*(?:([\+-])\s*(\d+(?:\.\d+)?)j)?|(-?)(\d+(?:\.\d+)?)j\s*(?:([\+-])\s*(\d+(?:\.\d+)?))?)\s*$"
[INFO] [stdout] 38 | |         ).unwrap();
[INFO] [stdout] 39 | |     }
[INFO] [stdout]    | |_____^
[INFO] [stdout]    |
[INFO] [stdout]    = note: `#[warn(deprecated)]` on by default
[INFO] [stdout]    = note: this warning originates in the macro `__lazy_static_create` which comes from the expansion of the macro `lazy_static` (in Nightly builds, run with -Z macro-backtrace for more info)
[INFO] [stdout] 
[INFO] [stdout] 
[INFO] [stdout] warning: the feature `use_extern_macros` has been stable since 1.30.0 and no longer requires an attribute to enable
[INFO] [stdout]  --> src/main.rs:1:12
[INFO] [stdout]   |
[INFO] [stdout] 1 | #![feature(use_extern_macros)]
[INFO] [stdout]   |            ^^^^^^^^^^^^^^^^^
[INFO] [stdout]   |
[INFO] [stdout]   = note: `#[warn(stable_features)]` on by default
[INFO] [stdout] 
[INFO] [stdout] 
[INFO] [stdout] warning: method `root` is never used
[INFO] [stdout]   --> src/complex/mod.rs:37:12
[INFO] [stdout]    |
[INFO] [stdout] 17 | impl Complex {
[INFO] [stdout]    | ------------ method in this implementation
[INFO] [stdout] ...
[INFO] [stdout] 37 |     pub fn root(&self, num: f64) -> Complex {
[INFO] [stdout]    |            ^^^^
[INFO] [stdout]    |
[INFO] [stdout]    = note: `#[warn(dead_code)]` on by default
[INFO] [stdout] 
[INFO] [stdout] 
[INFO] [stdout] warning: method `root` is never used
[INFO] [stdout]   --> src/complex/mod.rs:58:12
[INFO] [stdout]    |
[INFO] [stdout] 46 | impl PolarComplex {
[INFO] [stdout]    | ----------------- method in this implementation
[INFO] [stdout] ...
[INFO] [stdout] 58 |     pub fn root(self, num: f64) -> PolarComplex {
[INFO] [stdout]    |            ^^^^
[INFO] [stdout] 
[INFO] [stdout] 
[INFO] [stdout] warning: function `do_root` is never used
[INFO] [stdout]   --> src/actions.rs:93:8
[INFO] [stdout]    |
[INFO] [stdout] 93 | pub fn do_root(num: f64, state: AppState) -> Result<AppState, (AppState, String)> {
[INFO] [stdout]    |        ^^^^^^^
[INFO] [stdout] 
[INFO] [stdout] 
[INFO] [stderr]     Finished `dev` profile [unoptimized + debuginfo] target(s) in 4.63s
[INFO] running `Command { std: "docker" "inspect" "2b437b3ddd1d42ac1500ab7e0e6a3ae285a721c32bd820f6e5132c1e71796887", kill_on_drop: false }`
[INFO] running `Command { std: "docker" "rm" "-f" "2b437b3ddd1d42ac1500ab7e0e6a3ae285a721c32bd820f6e5132c1e71796887", kill_on_drop: false }`
[INFO] [stdout] 2b437b3ddd1d42ac1500ab7e0e6a3ae285a721c32bd820f6e5132c1e71796887
[INFO] running `Command { std: "docker" "create" "-v" "/var/lib/crater-agent-workspace/builds/worker-0-tc2/target:/opt/rustwide/target:rw,Z" "-v" "/var/lib/crater-agent-workspace/builds/worker-0-tc2/source:/opt/rustwide/workdir:ro,Z" "-v" "/var/lib/crater-agent-workspace/cargo-home:/opt/rustwide/cargo-home:ro,Z" "-v" "/var/lib/crater-agent-workspace/rustup-home:/opt/rustwide/rustup-home:ro,Z" "-e" "SOURCE_DIR=/opt/rustwide/workdir" "-e" "CARGO_TARGET_DIR=/opt/rustwide/target" "-e" "CARGO_INCREMENTAL=0" "-e" "RUST_BACKTRACE=full" "-e" "RUSTFLAGS=--cap-lints=forbid -Zrandomize-layout" "-e" "RUSTDOCFLAGS=--cap-lints=forbid" "-e" "CARGO_HOME=/opt/rustwide/cargo-home" "-e" "RUSTUP_HOME=/opt/rustwide/rustup-home" "-w" "/opt/rustwide/workdir" "-m" "1610612736" "--user" "0:0" "--network" "none" "ghcr.io/rust-lang/crates-build-env/linux@sha256:819108c5571ea2e421544af4d832f968d213c87fbe3707a016657f43d2f853bc" "/opt/rustwide/cargo-home/bin/cargo" "+nightly-2025-01-18" "test" "--frozen" "--no-run" "--message-format=json", kill_on_drop: false }`
[INFO] [stdout] a7cc5bf1d4b78366fb6b64a80f01f74232062a50aa8f075d11e5e171df1244d8
[INFO] running `Command { std: "docker" "start" "-a" "a7cc5bf1d4b78366fb6b64a80f01f74232062a50aa8f075d11e5e171df1244d8", kill_on_drop: false }`
[INFO] [stderr] warning: no edition set: defaulting to the 2015 edition while the latest is 2024
[INFO] [stderr]    Compiling complex v0.1.0 (/opt/rustwide/workdir)
[INFO] [stdout] warning: use of deprecated constant `std::sync::ONCE_INIT`: the `Once::new()` function is now preferred
[INFO] [stdout]   --> src/complex/parser.rs:35:5
[INFO] [stdout]    |
[INFO] [stdout] 35 | /     lazy_static! {
[INFO] [stdout] 36 | |         static ref RE: Regex = Regex::new(
[INFO] [stdout] 37 | |             r"^\s*(?:(-?)(\d+(?:\.\d+)?)\s*(?:([\+-])\s*(\d+(?:\.\d+)?)j)?|(-?)(\d+(?:\.\d+)?)j\s*(?:([\+-])\s*(\d+(?:\.\d+)?))?)\s*$"
[INFO] [stdout] 38 | |         ).unwrap();
[INFO] [stdout] 39 | |     }
[INFO] [stdout]    | |_____^
[INFO] [stdout]    |
[INFO] [stdout]    = note: `#[warn(deprecated)]` on by default
[INFO] [stdout]    = note: this warning originates in the macro `__lazy_static_create` which comes from the expansion of the macro `lazy_static` (in Nightly builds, run with -Z macro-backtrace for more info)
[INFO] [stdout] 
[INFO] [stdout] 
[INFO] [stdout] warning: the feature `use_extern_macros` has been stable since 1.30.0 and no longer requires an attribute to enable
[INFO] [stdout]  --> src/main.rs:1:12
[INFO] [stdout]   |
[INFO] [stdout] 1 | #![feature(use_extern_macros)]
[INFO] [stdout]   |            ^^^^^^^^^^^^^^^^^
[INFO] [stdout]   |
[INFO] [stdout]   = note: `#[warn(stable_features)]` on by default
[INFO] [stdout] 
[INFO] [stdout] 
[INFO] [stdout] warning: function `test_complex_number_parser_first_form__020` should have a snake case name
[INFO] [stdout]   --> src/complex/parser.rs:79:8
[INFO] [stdout]    |
[INFO] [stdout] 79 |     fn test_complex_number_parser_first_form__020() {
[INFO] [stdout]    |        ^^^^^^^^^^^^^^^^^^^^^^^^^^^^^^^^^^^^^^^^^^ help: convert the identifier to snake case: `test_complex_number_parser_first_form_020`
[INFO] [stdout]    |
[INFO] [stdout]    = note: `#[warn(non_snake_case)]` on by default
[INFO] [stdout] 
[INFO] [stdout] 
[INFO] [stdout] warning: function `test_complex_number_parser_second_form__021` should have a snake case name
[INFO] [stdout]   --> src/complex/parser.rs:89:8
[INFO] [stdout]    |
[INFO] [stdout] 89 |     fn test_complex_number_parser_second_form__021() {
[INFO] [stdout]    |        ^^^^^^^^^^^^^^^^^^^^^^^^^^^^^^^^^^^^^^^^^^^ help: convert the identifier to snake case: `test_complex_number_parser_second_form_021`
[INFO] [stdout] 
[INFO] [stdout] 
[INFO] [stdout] warning: function `test_complex_number_parser_third_form__022` should have a snake case name
[INFO] [stdout]   --> src/complex/parser.rs:99:8
[INFO] [stdout]    |
[INFO] [stdout] 99 |     fn test_complex_number_parser_third_form__022() {
[INFO] [stdout]    |        ^^^^^^^^^^^^^^^^^^^^^^^^^^^^^^^^^^^^^^^^^^ help: convert the identifier to snake case: `test_complex_number_parser_third_form_022`
[INFO] [stdout] 
[INFO] [stdout] 
[INFO] [stdout] warning: function `test_complex_number_parser_fourth_form__023` should have a snake case name
[INFO] [stdout]    --> src/complex/parser.rs:109:8
[INFO] [stdout]     |
[INFO] [stdout] 109 |     fn test_complex_number_parser_fourth_form__023() {
[INFO] [stdout]     |        ^^^^^^^^^^^^^^^^^^^^^^^^^^^^^^^^^^^^^^^^^^^ help: convert the identifier to snake case: `test_complex_number_parser_fourth_form_023`
[INFO] [stdout] 
[INFO] [stdout] 
[INFO] [stdout] warning: function `test_complex_number_parse_bad_input__024` should have a snake case name
[INFO] [stdout]    --> src/complex/parser.rs:119:8
[INFO] [stdout]     |
[INFO] [stdout] 119 |     fn test_complex_number_parse_bad_input__024() {
[INFO] [stdout]     |        ^^^^^^^^^^^^^^^^^^^^^^^^^^^^^^^^^^^^^^^^ help: convert the identifier to snake case: `test_complex_number_parse_bad_input_024`
[INFO] [stdout] 
[INFO] [stdout] 
[INFO] [stdout] warning: function `test_plus_str_to_sign__025` should have a snake case name
[INFO] [stdout]    --> src/complex/parser.rs:129:8
[INFO] [stdout]     |
[INFO] [stdout] 129 |     fn test_plus_str_to_sign__025() {
[INFO] [stdout]     |        ^^^^^^^^^^^^^^^^^^^^^^^^^^ help: convert the identifier to snake case: `test_plus_str_to_sign_025`
[INFO] [stdout] 
[INFO] [stdout] 
[INFO] [stdout] warning: function `test_empty_string_to_sign__026` should have a snake case name
[INFO] [stdout]    --> src/complex/parser.rs:139:8
[INFO] [stdout]     |
[INFO] [stdout] 139 |     fn test_empty_string_to_sign__026() {
[INFO] [stdout]     |        ^^^^^^^^^^^^^^^^^^^^^^^^^^^^^^ help: convert the identifier to snake case: `test_empty_string_to_sign_026`
[INFO] [stdout] 
[INFO] [stdout] 
[INFO] [stdout] warning: function `test_minus_string_to_sign__027` should have a snake case name
[INFO] [stdout]    --> src/complex/parser.rs:149:8
[INFO] [stdout]     |
[INFO] [stdout] 149 |     fn test_minus_string_to_sign__027() {
[INFO] [stdout]     |        ^^^^^^^^^^^^^^^^^^^^^^^^^^^^^^ help: convert the identifier to snake case: `test_minus_string_to_sign_027`
[INFO] [stdout] 
[INFO] [stdout] 
[INFO] [stdout] warning: function `test_create_negative_num__028` should have a snake case name
[INFO] [stdout]    --> src/complex/parser.rs:159:8
[INFO] [stdout]     |
[INFO] [stdout] 159 |     fn test_create_negative_num__028() {
[INFO] [stdout]     |        ^^^^^^^^^^^^^^^^^^^^^^^^^^^^^ help: convert the identifier to snake case: `test_create_negative_num_028`
[INFO] [stdout] 
[INFO] [stdout] 
[INFO] [stdout] warning: function `test_complex_constructor__001` should have a snake case name
[INFO] [stdout]    --> src/complex/mod.rs:130:8
[INFO] [stdout]     |
[INFO] [stdout] 130 |     fn test_complex_constructor__001() {
[INFO] [stdout]     |        ^^^^^^^^^^^^^^^^^^^^^^^^^^^^^ help: convert the identifier to snake case: `test_complex_constructor_001`
[INFO] [stdout] 
[INFO] [stdout] 
[INFO] [stdout] warning: function `test_equality__002` should have a snake case name
[INFO] [stdout]    --> src/complex/mod.rs:146:8
[INFO] [stdout]     |
[INFO] [stdout] 146 |     fn test_equality__002() {
[INFO] [stdout]     |        ^^^^^^^^^^^^^^^^^^ help: convert the identifier to snake case: `test_equality_002`
[INFO] [stdout] 
[INFO] [stdout] 
[INFO] [stdout] warning: function `test_add__003` should have a snake case name
[INFO] [stdout]    --> src/complex/mod.rs:154:8
[INFO] [stdout]     |
[INFO] [stdout] 154 |     fn test_add__003() {
[INFO] [stdout]     |        ^^^^^^^^^^^^^ help: convert the identifier to snake case: `test_add_003`
[INFO] [stdout] 
[INFO] [stdout] 
[INFO] [stdout] warning: function `test_sub__004` should have a snake case name
[INFO] [stdout]    --> src/complex/mod.rs:164:8
[INFO] [stdout]     |
[INFO] [stdout] 164 |     fn test_sub__004() {
[INFO] [stdout]     |        ^^^^^^^^^^^^^ help: convert the identifier to snake case: `test_sub_004`
[INFO] [stdout] 
[INFO] [stdout] 
[INFO] [stdout] warning: function `test_mul__005` should have a snake case name
[INFO] [stdout]    --> src/complex/mod.rs:174:8
[INFO] [stdout]     |
[INFO] [stdout] 174 |     fn test_mul__005() {
[INFO] [stdout]     |        ^^^^^^^^^^^^^ help: convert the identifier to snake case: `test_mul_005`
[INFO] [stdout] 
[INFO] [stdout] 
[INFO] [stdout] warning: function `test_display_imaginary_0__006__007` should have a snake case name
[INFO] [stdout]    --> src/complex/mod.rs:184:8
[INFO] [stdout]     |
[INFO] [stdout] 184 |     fn test_display_imaginary_0__006__007() {
[INFO] [stdout]     |        ^^^^^^^^^^^^^^^^^^^^^^^^^^^^^^^^^^ help: convert the identifier to snake case: `test_display_imaginary_0_006_007`
[INFO] [stdout] 
[INFO] [stdout] 
[INFO] [stdout] warning: function `test_display_real_0__008__009` should have a snake case name
[INFO] [stdout]    --> src/complex/mod.rs:198:8
[INFO] [stdout]     |
[INFO] [stdout] 198 |     fn test_display_real_0__008__009() {
[INFO] [stdout]     |        ^^^^^^^^^^^^^^^^^^^^^^^^^^^^^ help: convert the identifier to snake case: `test_display_real_0_008_009`
[INFO] [stdout] 
[INFO] [stdout] 
[INFO] [stdout] warning: function `test_display_imaginary_gt_0__010__011__012__013` should have a snake case name
[INFO] [stdout]    --> src/complex/mod.rs:212:8
[INFO] [stdout]     |
[INFO] [stdout] 212 |     fn test_display_imaginary_gt_0__010__011__012__013() {
[INFO] [stdout]     |        ^^^^^^^^^^^^^^^^^^^^^^^^^^^^^^^^^^^^^^^^^^^^^^^ help: convert the identifier to snake case: `test_display_imaginary_gt_0_010_011_012_013`
[INFO] [stdout] 
[INFO] [stdout] 
[INFO] [stdout] warning: function `test_display_imaginary_le_0__014__015__016__017` should have a snake case name
[INFO] [stdout]    --> src/complex/mod.rs:241:8
[INFO] [stdout]     |
[INFO] [stdout] 241 |     fn test_display_imaginary_le_0__014__015__016__017() {
[INFO] [stdout]     |        ^^^^^^^^^^^^^^^^^^^^^^^^^^^^^^^^^^^^^^^^^^^^^^^ help: convert the identifier to snake case: `test_display_imaginary_le_0_014_015_016_017`
[INFO] [stdout] 
[INFO] [stdout] 
[INFO] [stdout] warning: function `test_power__018` should have a snake case name
[INFO] [stdout]    --> src/complex/mod.rs:270:8
[INFO] [stdout]     |
[INFO] [stdout] 270 |     fn test_power__018() {
[INFO] [stdout]     |        ^^^^^^^^^^^^^^^ help: convert the identifier to snake case: `test_power_018`
[INFO] [stdout] 
[INFO] [stdout] 
[INFO] [stdout] warning: function `test_root__019` should have a snake case name
[INFO] [stdout]    --> src/complex/mod.rs:278:8
[INFO] [stdout]     |
[INFO] [stdout] 278 |     fn test_root__019() {
[INFO] [stdout]     |        ^^^^^^^^^^^^^^ help: convert the identifier to snake case: `test_root_019`
[INFO] [stdout] 
[INFO] [stdout] 
[INFO] [stdout] warning: function `test_help_command__065` should have a snake case name
[INFO] [stdout]   --> src/repl.rs:28:8
[INFO] [stdout]    |
[INFO] [stdout] 28 |     fn test_help_command__065() {
[INFO] [stdout]    |        ^^^^^^^^^^^^^^^^^^^^^^ help: convert the identifier to snake case: `test_help_command_065`
[INFO] [stdout] 
[INFO] [stdout] 
[INFO] [stdout] warning: function `test_clear_command__066` should have a snake case name
[INFO] [stdout]   --> src/repl.rs:35:8
[INFO] [stdout]    |
[INFO] [stdout] 35 |     fn test_clear_command__066() {
[INFO] [stdout]    |        ^^^^^^^^^^^^^^^^^^^^^^^ help: convert the identifier to snake case: `test_clear_command_066`
[INFO] [stdout] 
[INFO] [stdout] 
[INFO] [stdout] warning: function `test_print_real__067__068` should have a snake case name
[INFO] [stdout]   --> src/repl.rs:40:8
[INFO] [stdout]    |
[INFO] [stdout] 40 |     fn test_print_real__067__068() {
[INFO] [stdout]    |        ^^^^^^^^^^^^^^^^^^^^^^^^^ help: convert the identifier to snake case: `test_print_real_067_068`
[INFO] [stdout] 
[INFO] [stdout] 
[INFO] [stdout] warning: function `test_print_imaginary__069__070` should have a snake case name
[INFO] [stdout]   --> src/repl.rs:56:8
[INFO] [stdout]    |
[INFO] [stdout] 56 |     fn test_print_imaginary__069__070() {
[INFO] [stdout]    |        ^^^^^^^^^^^^^^^^^^^^^^^^^^^^^^ help: convert the identifier to snake case: `test_print_imaginary_069_070`
[INFO] [stdout] 
[INFO] [stdout] 
[INFO] [stdout] warning: function `test_add_action__071__072__073__074` should have a snake case name
[INFO] [stdout]   --> src/repl.rs:72:8
[INFO] [stdout]    |
[INFO] [stdout] 72 |     fn test_add_action__071__072__073__074() {
[INFO] [stdout]    |        ^^^^^^^^^^^^^^^^^^^^^^^^^^^^^^^^^^^ help: convert the identifier to snake case: `test_add_action_071_072_073_074`
[INFO] [stdout] 
[INFO] [stdout] 
[INFO] [stdout] warning: function `test_number__075` should have a snake case name
[INFO] [stdout]    --> src/repl.rs:108:8
[INFO] [stdout]     |
[INFO] [stdout] 108 |     fn test_number__075() {
[INFO] [stdout]     |        ^^^^^^^^^^^^^^^^ help: convert the identifier to snake case: `test_number_075`
[INFO] [stdout] 
[INFO] [stdout] 
[INFO] [stdout] warning: function `test_power__076` should have a snake case name
[INFO] [stdout]    --> src/repl.rs:117:8
[INFO] [stdout]     |
[INFO] [stdout] 117 |     fn test_power__076() {
[INFO] [stdout]     |        ^^^^^^^^^^^^^^^ help: convert the identifier to snake case: `test_power_076`
[INFO] [stdout] 
[INFO] [stdout] 
[INFO] [stdout] warning: function `test_root__077` should have a snake case name
[INFO] [stdout]    --> src/repl.rs:126:8
[INFO] [stdout]     |
[INFO] [stdout] 126 |     fn test_root__077() {
[INFO] [stdout]     |        ^^^^^^^^^^^^^^ help: convert the identifier to snake case: `test_root_077`
[INFO] [stdout] 
[INFO] [stdout] 
[INFO] [stdout] warning: function `test_exit__078` should have a snake case name
[INFO] [stdout]    --> src/repl.rs:135:8
[INFO] [stdout]     |
[INFO] [stdout] 135 |     fn test_exit__078() {
[INFO] [stdout]     |        ^^^^^^^^^^^^^^ help: convert the identifier to snake case: `test_exit_078`
[INFO] [stdout] 
[INFO] [stdout] 
[INFO] [stdout] warning: function `test_parse_help_command__047` should have a snake case name
[INFO] [stdout]   --> src/command.rs:81:8
[INFO] [stdout]    |
[INFO] [stdout] 81 |     fn test_parse_help_command__047() {
[INFO] [stdout]    |        ^^^^^^^^^^^^^^^^^^^^^^^^^^^^ help: convert the identifier to snake case: `test_parse_help_command_047`
[INFO] [stdout] 
[INFO] [stdout] 
[INFO] [stdout] warning: function `test_parse_clear_command__048` should have a snake case name
[INFO] [stdout]   --> src/command.rs:92:8
[INFO] [stdout]    |
[INFO] [stdout] 92 |     fn test_parse_clear_command__048() {
[INFO] [stdout]    |        ^^^^^^^^^^^^^^^^^^^^^^^^^^^^^ help: convert the identifier to snake case: `test_parse_clear_command_048`
[INFO] [stdout] 
[INFO] [stdout] 
[INFO] [stdout] warning: function `test_parse_exit_command__049` should have a snake case name
[INFO] [stdout]    --> src/command.rs:103:8
[INFO] [stdout]     |
[INFO] [stdout] 103 |     fn test_parse_exit_command__049() {
[INFO] [stdout]     |        ^^^^^^^^^^^^^^^^^^^^^^^^^^^^ help: convert the identifier to snake case: `test_parse_exit_command_049`
[INFO] [stdout] 
[INFO] [stdout] 
[INFO] [stdout] warning: function `test_parse_addition_command__050` should have a snake case name
[INFO] [stdout]    --> src/command.rs:114:8
[INFO] [stdout]     |
[INFO] [stdout] 114 |     fn test_parse_addition_command__050() {
[INFO] [stdout]     |        ^^^^^^^^^^^^^^^^^^^^^^^^^^^^^^^^ help: convert the identifier to snake case: `test_parse_addition_command_050`
[INFO] [stdout] 
[INFO] [stdout] 
[INFO] [stdout] warning: function `test_parse_subtraction_command__051` should have a snake case name
[INFO] [stdout]    --> src/command.rs:125:8
[INFO] [stdout]     |
[INFO] [stdout] 125 |     fn test_parse_subtraction_command__051() {
[INFO] [stdout]     |        ^^^^^^^^^^^^^^^^^^^^^^^^^^^^^^^^^^^ help: convert the identifier to snake case: `test_parse_subtraction_command_051`
[INFO] [stdout] 
[INFO] [stdout] 
[INFO] [stdout] warning: function `test_parse_multiplication_command__052` should have a snake case name
[INFO] [stdout]    --> src/command.rs:136:8
[INFO] [stdout]     |
[INFO] [stdout] 136 |     fn test_parse_multiplication_command__052() {
[INFO] [stdout]     |        ^^^^^^^^^^^^^^^^^^^^^^^^^^^^^^^^^^^^^^ help: convert the identifier to snake case: `test_parse_multiplication_command_052`
[INFO] [stdout] 
[INFO] [stdout] 
[INFO] [stdout] warning: function `test_parse_real_command__053` should have a snake case name
[INFO] [stdout]    --> src/command.rs:147:8
[INFO] [stdout]     |
[INFO] [stdout] 147 |     fn test_parse_real_command__053() {
[INFO] [stdout]     |        ^^^^^^^^^^^^^^^^^^^^^^^^^^^^ help: convert the identifier to snake case: `test_parse_real_command_053`
[INFO] [stdout] 
[INFO] [stdout] 
[INFO] [stdout] warning: function `test_parse_imaginary_command__054` should have a snake case name
[INFO] [stdout]    --> src/command.rs:158:8
[INFO] [stdout]     |
[INFO] [stdout] 158 |     fn test_parse_imaginary_command__054() {
[INFO] [stdout]     |        ^^^^^^^^^^^^^^^^^^^^^^^^^^^^^^^^^ help: convert the identifier to snake case: `test_parse_imaginary_command_054`
[INFO] [stdout] 
[INFO] [stdout] 
[INFO] [stdout] warning: function `test_parse_power_command__055` should have a snake case name
[INFO] [stdout]    --> src/command.rs:169:8
[INFO] [stdout]     |
[INFO] [stdout] 169 |     fn test_parse_power_command__055() {
[INFO] [stdout]     |        ^^^^^^^^^^^^^^^^^^^^^^^^^^^^^ help: convert the identifier to snake case: `test_parse_power_command_055`
[INFO] [stdout] 
[INFO] [stdout] 
[INFO] [stdout] warning: function `test_parse_root_command__056` should have a snake case name
[INFO] [stdout]    --> src/command.rs:180:8
[INFO] [stdout]     |
[INFO] [stdout] 180 |     fn test_parse_root_command__056() {
[INFO] [stdout]     |        ^^^^^^^^^^^^^^^^^^^^^^^^^^^^ help: convert the identifier to snake case: `test_parse_root_command_056`
[INFO] [stdout] 
[INFO] [stdout] 
[INFO] [stdout] warning: function `test_parse_bad_power_command__057__058` should have a snake case name
[INFO] [stdout]    --> src/command.rs:191:8
[INFO] [stdout]     |
[INFO] [stdout] 191 |     fn test_parse_bad_power_command__057__058() {
[INFO] [stdout]     |        ^^^^^^^^^^^^^^^^^^^^^^^^^^^^^^^^^^^^^^ help: convert the identifier to snake case: `test_parse_bad_power_command_057_058`
[INFO] [stdout] 
[INFO] [stdout] 
[INFO] [stdout] warning: function `test_parse_bad_root_command__059__060` should have a snake case name
[INFO] [stdout]    --> src/command.rs:213:8
[INFO] [stdout]     |
[INFO] [stdout] 213 |     fn test_parse_bad_root_command__059__060() {
[INFO] [stdout]     |        ^^^^^^^^^^^^^^^^^^^^^^^^^^^^^^^^^^^^^ help: convert the identifier to snake case: `test_parse_bad_root_command_059_060`
[INFO] [stdout] 
[INFO] [stdout] 
[INFO] [stdout] warning: function `test_parse_an_unknown_command__061` should have a snake case name
[INFO] [stdout]    --> src/command.rs:235:8
[INFO] [stdout]     |
[INFO] [stdout] 235 |     fn test_parse_an_unknown_command__061() {
[INFO] [stdout]     |        ^^^^^^^^^^^^^^^^^^^^^^^^^^^^^^^^^^ help: convert the identifier to snake case: `test_parse_an_unknown_command_061`
[INFO] [stdout] 
[INFO] [stdout] 
[INFO] [stdout] warning: function `test_parse_a_complex_number__062` should have a snake case name
[INFO] [stdout]    --> src/command.rs:246:8
[INFO] [stdout]     |
[INFO] [stdout] 246 |     fn test_parse_a_complex_number__062() {
[INFO] [stdout]     |        ^^^^^^^^^^^^^^^^^^^^^^^^^^^^^^^^ help: convert the identifier to snake case: `test_parse_a_complex_number_062`
[INFO] [stdout] 
[INFO] [stdout] 
[INFO] [stdout] warning: function `test_read_command_from_stdin__063` should have a snake case name
[INFO] [stdout]    --> src/command.rs:257:8
[INFO] [stdout]     |
[INFO] [stdout] 257 |     fn test_read_command_from_stdin__063() {
[INFO] [stdout]     |        ^^^^^^^^^^^^^^^^^^^^^^^^^^^^^^^^^ help: convert the identifier to snake case: `test_read_command_from_stdin_063`
[INFO] [stdout] 
[INFO] [stdout] 
[INFO] [stdout] warning: function `test_help_command__029` should have a snake case name
[INFO] [stdout]    --> src/actions.rs:109:8
[INFO] [stdout]     |
[INFO] [stdout] 109 |     fn test_help_command__029() {
[INFO] [stdout]     |        ^^^^^^^^^^^^^^^^^^^^^^ help: convert the identifier to snake case: `test_help_command_029`
[INFO] [stdout] 
[INFO] [stdout] 
[INFO] [stdout] warning: function `test_clear_command__030` should have a snake case name
[INFO] [stdout]    --> src/actions.rs:116:8
[INFO] [stdout]     |
[INFO] [stdout] 116 |     fn test_clear_command__030() {
[INFO] [stdout]     |        ^^^^^^^^^^^^^^^^^^^^^^^ help: convert the identifier to snake case: `test_clear_command_030`
[INFO] [stdout] 
[INFO] [stdout] 
[INFO] [stdout] warning: function `test_print_real__031__032` should have a snake case name
[INFO] [stdout]    --> src/actions.rs:121:8
[INFO] [stdout]     |
[INFO] [stdout] 121 |     fn test_print_real__031__032() {
[INFO] [stdout]     |        ^^^^^^^^^^^^^^^^^^^^^^^^^ help: convert the identifier to snake case: `test_print_real_031_032`
[INFO] [stdout] 
[INFO] [stdout] 
[INFO] [stdout] warning: function `test_print_imaginary__033__034` should have a snake case name
[INFO] [stdout]    --> src/actions.rs:137:8
[INFO] [stdout]     |
[INFO] [stdout] 137 |     fn test_print_imaginary__033__034() {
[INFO] [stdout]     |        ^^^^^^^^^^^^^^^^^^^^^^^^^^^^^^ help: convert the identifier to snake case: `test_print_imaginary_033_034`
[INFO] [stdout] 
[INFO] [stdout] 
[INFO] [stdout] warning: function `test_add_action__035__036` should have a snake case name
[INFO] [stdout]    --> src/actions.rs:153:8
[INFO] [stdout]     |
[INFO] [stdout] 153 |     fn test_add_action__035__036() {
[INFO] [stdout]     |        ^^^^^^^^^^^^^^^^^^^^^^^^^ help: convert the identifier to snake case: `test_add_action_035_036`
[INFO] [stdout] 
[INFO] [stdout] 
[INFO] [stdout] warning: function `test_add_number_action__037__038__039__040__041__042` should have a snake case name
[INFO] [stdout]    --> src/actions.rs:173:8
[INFO] [stdout]     |
[INFO] [stdout] 173 |     fn test_add_number_action__037__038__039__040__041__042() {
[INFO] [stdout]     |        ^^^^^^^^^^^^^^^^^^^^^^^^^^^^^^^^^^^^^^^^^^^^^^^^^^^^ help: convert the identifier to snake case: `test_add_number_action_037_038_039_040_041_042`
[INFO] [stdout] 
[INFO] [stdout] 
[INFO] [stdout] warning: function `test_power__043__044` should have a snake case name
[INFO] [stdout]    --> src/actions.rs:219:8
[INFO] [stdout]     |
[INFO] [stdout] 219 |     fn test_power__043__044() {
[INFO] [stdout]     |        ^^^^^^^^^^^^^^^^^^^^ help: convert the identifier to snake case: `test_power_043_044`
[INFO] [stdout] 
[INFO] [stdout] 
[INFO] [stdout] warning: function `test_root__045__046` should have a snake case name
[INFO] [stdout]    --> src/actions.rs:237:8
[INFO] [stdout]     |
[INFO] [stdout] 237 |     fn test_root__045__046() {
[INFO] [stdout]     |        ^^^^^^^^^^^^^^^^^^^ help: convert the identifier to snake case: `test_root_045_046`
[INFO] [stdout] 
[INFO] [stdout] 
[INFO] [stdout] warning: function `test_main__064` should have a snake case name
[INFO] [stdout]   --> src/main.rs:65:8
[INFO] [stdout]    |
[INFO] [stdout] 65 |     fn test_main__064() {
[INFO] [stdout]    |        ^^^^^^^^^^^^^^ help: convert the identifier to snake case: `test_main_064`
[INFO] [stdout] 
[INFO] [stdout] 
[INFO] [stderr]     Finished `test` profile [unoptimized + debuginfo] target(s) in 0.89s
[INFO] running `Command { std: "docker" "inspect" "a7cc5bf1d4b78366fb6b64a80f01f74232062a50aa8f075d11e5e171df1244d8", kill_on_drop: false }`
[INFO] running `Command { std: "docker" "rm" "-f" "a7cc5bf1d4b78366fb6b64a80f01f74232062a50aa8f075d11e5e171df1244d8", kill_on_drop: false }`
[INFO] [stdout] a7cc5bf1d4b78366fb6b64a80f01f74232062a50aa8f075d11e5e171df1244d8
[INFO] running `Command { std: "docker" "create" "-v" "/var/lib/crater-agent-workspace/builds/worker-0-tc2/target:/opt/rustwide/target:rw,Z" "-v" "/var/lib/crater-agent-workspace/builds/worker-0-tc2/source:/opt/rustwide/workdir:ro,Z" "-v" "/var/lib/crater-agent-workspace/cargo-home:/opt/rustwide/cargo-home:ro,Z" "-v" "/var/lib/crater-agent-workspace/rustup-home:/opt/rustwide/rustup-home:ro,Z" "-e" "SOURCE_DIR=/opt/rustwide/workdir" "-e" "CARGO_TARGET_DIR=/opt/rustwide/target" "-e" "CARGO_INCREMENTAL=0" "-e" "RUST_BACKTRACE=full" "-e" "RUSTFLAGS=--cap-lints=forbid -Zrandomize-layout" "-e" "RUSTDOCFLAGS=--cap-lints=forbid" "-e" "CARGO_HOME=/opt/rustwide/cargo-home" "-e" "RUSTUP_HOME=/opt/rustwide/rustup-home" "-w" "/opt/rustwide/workdir" "-m" "1610612736" "--user" "0:0" "--network" "none" "ghcr.io/rust-lang/crates-build-env/linux@sha256:819108c5571ea2e421544af4d832f968d213c87fbe3707a016657f43d2f853bc" "/opt/rustwide/cargo-home/bin/cargo" "+nightly-2025-01-18" "test" "--frozen", kill_on_drop: false }`
[INFO] [stdout] 89d3b0a6b56b19db3e479d8770ae6edf437ac7efa700f2db40613b3ece0c1a66
[INFO] running `Command { std: "docker" "start" "-a" "89d3b0a6b56b19db3e479d8770ae6edf437ac7efa700f2db40613b3ece0c1a66", kill_on_drop: false }`
[INFO] [stderr] warning: no edition set: defaulting to the 2015 edition while the latest is 2024
[INFO] [stderr] warning: use of deprecated constant `std::sync::ONCE_INIT`: the `Once::new()` function is now preferred
[INFO] [stderr]   --> src/complex/parser.rs:35:5
[INFO] [stderr]    |
[INFO] [stderr] 35 | /     lazy_static! {
[INFO] [stderr] 36 | |         static ref RE: Regex = Regex::new(
[INFO] [stderr] 37 | |             r"^\s*(?:(-?)(\d+(?:\.\d+)?)\s*(?:([\+-])\s*(\d+(?:\.\d+)?)j)?|(-?)(\d+(?:\.\d+)?)j\s*(?:([\+-])\s*(\d+(?:\.\d+)?))?)\s*$"
[INFO] [stderr] 38 | |         ).unwrap();
[INFO] [stderr] 39 | |     }
[INFO] [stderr]    | |_____^
[INFO] [stderr]    |
[INFO] [stderr]    = note: `#[warn(deprecated)]` on by default
[INFO] [stderr]    = note: this warning originates in the macro `__lazy_static_create` which comes from the expansion of the macro `lazy_static` (in Nightly builds, run with -Z macro-backtrace for more info)
[INFO] [stderr] 
[INFO] [stderr] warning: the feature `use_extern_macros` has been stable since 1.30.0 and no longer requires an attribute to enable
[INFO] [stderr]  --> src/main.rs:1:12
[INFO] [stderr]   |
[INFO] [stderr] 1 | #![feature(use_extern_macros)]
[INFO] [stderr]   |            ^^^^^^^^^^^^^^^^^
[INFO] [stderr]   |
[INFO] [stderr]   = note: `#[warn(stable_features)]` on by default
[INFO] [stderr] 
[INFO] [stderr] warning: function `test_complex_number_parser_first_form__020` should have a snake case name
[INFO] [stderr]   --> src/complex/parser.rs:79:8
[INFO] [stderr]    |
[INFO] [stderr] 79 |     fn test_complex_number_parser_first_form__020() {
[INFO] [stderr]    |        ^^^^^^^^^^^^^^^^^^^^^^^^^^^^^^^^^^^^^^^^^^ help: convert the identifier to snake case: `test_complex_number_parser_first_form_020`
[INFO] [stderr]    |
[INFO] [stderr]    = note: `#[warn(non_snake_case)]` on by default
[INFO] [stderr] 
[INFO] [stderr] warning: function `test_complex_number_parser_second_form__021` should have a snake case name
[INFO] [stderr]   --> src/complex/parser.rs:89:8
[INFO] [stderr]    |
[INFO] [stderr] 89 |     fn test_complex_number_parser_second_form__021() {
[INFO] [stderr]    |        ^^^^^^^^^^^^^^^^^^^^^^^^^^^^^^^^^^^^^^^^^^^ help: convert the identifier to snake case: `test_complex_number_parser_second_form_021`
[INFO] [stderr] 
[INFO] [stderr] warning: function `test_complex_number_parser_third_form__022` should have a snake case name
[INFO] [stderr]   --> src/complex/parser.rs:99:8
[INFO] [stderr]    |
[INFO] [stderr] 99 |     fn test_complex_number_parser_third_form__022() {
[INFO] [stderr]    |        ^^^^^^^^^^^^^^^^^^^^^^^^^^^^^^^^^^^^^^^^^^ help: convert the identifier to snake case: `test_complex_number_parser_third_form_022`
[INFO] [stderr] 
[INFO] [stderr] warning: function `test_complex_number_parser_fourth_form__023` should have a snake case name
[INFO] [stderr]    --> src/complex/parser.rs:109:8
[INFO] [stderr]     |
[INFO] [stderr] 109 |     fn test_complex_number_parser_fourth_form__023() {
[INFO] [stderr]     |        ^^^^^^^^^^^^^^^^^^^^^^^^^^^^^^^^^^^^^^^^^^^ help: convert the identifier to snake case: `test_complex_number_parser_fourth_form_023`
[INFO] [stderr] 
[INFO] [stderr] warning: function `test_complex_number_parse_bad_input__024` should have a snake case name
[INFO] [stderr]    --> src/complex/parser.rs:119:8
[INFO] [stderr]     |
[INFO] [stderr] 119 |     fn test_complex_number_parse_bad_input__024() {
[INFO] [stderr]     |        ^^^^^^^^^^^^^^^^^^^^^^^^^^^^^^^^^^^^^^^^ help: convert the identifier to snake case: `test_complex_number_parse_bad_input_024`
[INFO] [stderr] 
[INFO] [stderr] warning: function `test_plus_str_to_sign__025` should have a snake case name
[INFO] [stderr]    --> src/complex/parser.rs:129:8
[INFO] [stderr]     |
[INFO] [stderr] 129 |     fn test_plus_str_to_sign__025() {
[INFO] [stderr]     |        ^^^^^^^^^^^^^^^^^^^^^^^^^^ help: convert the identifier to snake case: `test_plus_str_to_sign_025`
[INFO] [stderr] 
[INFO] [stderr] warning: function `test_empty_string_to_sign__026` should have a snake case name
[INFO] [stderr]    --> src/complex/parser.rs:139:8
[INFO] [stderr]     |
[INFO] [stderr] 139 |     fn test_empty_string_to_sign__026() {
[INFO] [stderr]     |        ^^^^^^^^^^^^^^^^^^^^^^^^^^^^^^ help: convert the identifier to snake case: `test_empty_string_to_sign_026`
[INFO] [stderr] 
[INFO] [stderr] warning: function `test_minus_string_to_sign__027` should have a snake case name
[INFO] [stderr]    --> src/complex/parser.rs:149:8
[INFO] [stderr]     |
[INFO] [stderr] 149 |     fn test_minus_string_to_sign__027() {
[INFO] [stderr]     |        ^^^^^^^^^^^^^^^^^^^^^^^^^^^^^^ help: convert the identifier to snake case: `test_minus_string_to_sign_027`
[INFO] [stderr] 
[INFO] [stderr] warning: function `test_create_negative_num__028` should have a snake case name
[INFO] [stderr]    --> src/complex/parser.rs:159:8
[INFO] [stderr]     |
[INFO] [stderr] 159 |     fn test_create_negative_num__028() {
[INFO] [stderr]     |        ^^^^^^^^^^^^^^^^^^^^^^^^^^^^^ help: convert the identifier to snake case: `test_create_negative_num_028`
[INFO] [stderr] 
[INFO] [stderr] warning: function `test_complex_constructor__001` should have a snake case name
[INFO] [stderr]    --> src/complex/mod.rs:130:8
[INFO] [stderr]     |
[INFO] [stderr] 130 |     fn test_complex_constructor__001() {
[INFO] [stderr]     |        ^^^^^^^^^^^^^^^^^^^^^^^^^^^^^ help: convert the identifier to snake case: `test_complex_constructor_001`
[INFO] [stderr] 
[INFO] [stderr] warning: function `test_equality__002` should have a snake case name
[INFO] [stderr]    --> src/complex/mod.rs:146:8
[INFO] [stderr]     |
[INFO] [stderr] 146 |     fn test_equality__002() {
[INFO] [stderr]     |        ^^^^^^^^^^^^^^^^^^ help: convert the identifier to snake case: `test_equality_002`
[INFO] [stderr] 
[INFO] [stderr] warning: function `test_add__003` should have a snake case name
[INFO] [stderr]    --> src/complex/mod.rs:154:8
[INFO] [stderr]     |
[INFO] [stderr] 154 |     fn test_add__003() {
[INFO] [stderr]     |        ^^^^^^^^^^^^^ help: convert the identifier to snake case: `test_add_003`
[INFO] [stderr] 
[INFO] [stderr] warning: function `test_sub__004` should have a snake case name
[INFO] [stderr]    --> src/complex/mod.rs:164:8
[INFO] [stderr]     |
[INFO] [stderr] 164 |     fn test_sub__004() {
[INFO] [stderr]     |        ^^^^^^^^^^^^^ help: convert the identifier to snake case: `test_sub_004`
[INFO] [stderr] 
[INFO] [stderr] warning: function `test_mul__005` should have a snake case name
[INFO] [stderr]    --> src/complex/mod.rs:174:8
[INFO] [stderr]     |
[INFO] [stderr] 174 |     fn test_mul__005() {
[INFO] [stderr]     |        ^^^^^^^^^^^^^ help: convert the identifier to snake case: `test_mul_005`
[INFO] [stderr] 
[INFO] [stderr] warning: function `test_display_imaginary_0__006__007` should have a snake case name
[INFO] [stderr]    --> src/complex/mod.rs:184:8
[INFO] [stderr]     |
[INFO] [stderr] 184 |     fn test_display_imaginary_0__006__007() {
[INFO] [stderr]     |        ^^^^^^^^^^^^^^^^^^^^^^^^^^^^^^^^^^ help: convert the identifier to snake case: `test_display_imaginary_0_006_007`
[INFO] [stderr] 
[INFO] [stderr] warning: function `test_display_real_0__008__009` should have a snake case name
[INFO] [stderr]    --> src/complex/mod.rs:198:8
[INFO] [stderr]     |
[INFO] [stderr] 198 |     fn test_display_real_0__008__009() {
[INFO] [stderr]     |        ^^^^^^^^^^^^^^^^^^^^^^^^^^^^^ help: convert the identifier to snake case: `test_display_real_0_008_009`
[INFO] [stderr] 
[INFO] [stderr] warning: function `test_display_imaginary_gt_0__010__011__012__013` should have a snake case name
[INFO] [stderr]    --> src/complex/mod.rs:212:8
[INFO] [stderr]     |
[INFO] [stderr] 212 |     fn test_display_imaginary_gt_0__010__011__012__013() {
[INFO] [stderr]     |        ^^^^^^^^^^^^^^^^^^^^^^^^^^^^^^^^^^^^^^^^^^^^^^^ help: convert the identifier to snake case: `test_display_imaginary_gt_0_010_011_012_013`
[INFO] [stderr] 
[INFO] [stderr] warning: function `test_display_imaginary_le_0__014__015__016__017` should have a snake case name
[INFO] [stderr]    --> src/complex/mod.rs:241:8
[INFO] [stderr]     |
[INFO] [stderr] 241 |     fn test_display_imaginary_le_0__014__015__016__017() {
[INFO] [stderr]     |        ^^^^^^^^^^^^^^^^^^^^^^^^^^^^^^^^^^^^^^^^^^^^^^^ help: convert the identifier to snake case: `test_display_imaginary_le_0_014_015_016_017`
[INFO] [stderr] 
[INFO] [stderr] warning: function `test_power__018` should have a snake case name
[INFO] [stderr]    --> src/complex/mod.rs:270:8
[INFO] [stderr]     |
[INFO] [stderr] 270 |     fn test_power__018() {
[INFO] [stderr]     |        ^^^^^^^^^^^^^^^ help: convert the identifier to snake case: `test_power_018`
[INFO] [stderr] 
[INFO] [stderr] warning: function `test_root__019` should have a snake case name
[INFO] [stderr]    --> src/complex/mod.rs:278:8
[INFO] [stderr]     |
[INFO] [stderr] 278 |     fn test_root__019() {
[INFO] [stderr]     |        ^^^^^^^^^^^^^^ help: convert the identifier to snake case: `test_root_019`
[INFO] [stderr] 
[INFO] [stderr] warning: function `test_help_command__065` should have a snake case name
[INFO] [stderr]   --> src/repl.rs:28:8
[INFO] [stderr]    |
[INFO] [stderr] 28 |     fn test_help_command__065() {
[INFO] [stderr]    |        ^^^^^^^^^^^^^^^^^^^^^^ help: convert the identifier to snake case: `test_help_command_065`
[INFO] [stderr] 
[INFO] [stderr] warning: function `test_clear_command__066` should have a snake case name
[INFO] [stderr]   --> src/repl.rs:35:8
[INFO] [stderr]    |
[INFO] [stderr] 35 |     fn test_clear_command__066() {
[INFO] [stderr]    |        ^^^^^^^^^^^^^^^^^^^^^^^ help: convert the identifier to snake case: `test_clear_command_066`
[INFO] [stderr] 
[INFO] [stderr] warning: function `test_print_real__067__068` should have a snake case name
[INFO] [stderr]   --> src/repl.rs:40:8
[INFO] [stderr]    |
[INFO] [stderr] 40 |     fn test_print_real__067__068() {
[INFO] [stderr]    |        ^^^^^^^^^^^^^^^^^^^^^^^^^ help: convert the identifier to snake case: `test_print_real_067_068`
[INFO] [stderr] 
[INFO] [stderr] warning: function `test_print_imaginary__069__070` should have a snake case name
[INFO] [stderr]   --> src/repl.rs:56:8
[INFO] [stderr]    |
[INFO] [stderr] 56 |     fn test_print_imaginary__069__070() {
[INFO] [stderr]    |        ^^^^^^^^^^^^^^^^^^^^^^^^^^^^^^ help: convert the identifier to snake case: `test_print_imaginary_069_070`
[INFO] [stderr] 
[INFO] [stderr] warning: function `test_add_action__071__072__073__074` should have a snake case name
[INFO] [stderr]   --> src/repl.rs:72:8
[INFO] [stderr]    |
[INFO] [stderr] 72 |     fn test_add_action__071__072__073__074() {
[INFO] [stderr]    |        ^^^^^^^^^^^^^^^^^^^^^^^^^^^^^^^^^^^ help: convert the identifier to snake case: `test_add_action_071_072_073_074`
[INFO] [stderr] 
[INFO] [stderr] warning: function `test_number__075` should have a snake case name
[INFO] [stderr]    --> src/repl.rs:108:8
[INFO] [stderr]     |
[INFO] [stderr] 108 |     fn test_number__075() {
[INFO] [stderr]     |        ^^^^^^^^^^^^^^^^ help: convert the identifier to snake case: `test_number_075`
[INFO] [stderr] 
[INFO] [stderr] warning: function `test_power__076` should have a snake case name
[INFO] [stderr]    --> src/repl.rs:117:8
[INFO] [stderr]     |
[INFO] [stderr] 117 |     fn test_power__076() {
[INFO] [stderr]     |        ^^^^^^^^^^^^^^^ help: convert the identifier to snake case: `test_power_076`
[INFO] [stderr] 
[INFO] [stderr] warning: function `test_root__077` should have a snake case name
[INFO] [stderr]    --> src/repl.rs:126:8
[INFO] [stderr]     |
[INFO] [stderr] 126 |     fn test_root__077() {
[INFO] [stderr]     |        ^^^^^^^^^^^^^^ help: convert the identifier to snake case: `test_root_077`
[INFO] [stderr] 
[INFO] [stderr] warning: function `test_exit__078` should have a snake case name
[INFO] [stderr]    --> src/repl.rs:135:8
[INFO] [stderr]     |
[INFO] [stderr] 135 |     fn test_exit__078() {
[INFO] [stderr]     |        ^^^^^^^^^^^^^^ help: convert the identifier to snake case: `test_exit_078`
[INFO] [stderr] 
[INFO] [stderr] warning: function `test_parse_help_command__047` should have a snake case name
[INFO] [stderr]   --> src/command.rs:81:8
[INFO] [stderr]    |
[INFO] [stderr] 81 |     fn test_parse_help_command__047() {
[INFO] [stderr]    |        ^^^^^^^^^^^^^^^^^^^^^^^^^^^^ help: convert the identifier to snake case: `test_parse_help_command_047`
[INFO] [stderr] 
[INFO] [stderr] warning: function `test_parse_clear_command__048` should have a snake case name
[INFO] [stderr]   --> src/command.rs:92:8
[INFO] [stderr]    |
[INFO] [stderr] 92 |     fn test_parse_clear_command__048() {
[INFO] [stderr]    |        ^^^^^^^^^^^^^^^^^^^^^^^^^^^^^ help: convert the identifier to snake case: `test_parse_clear_command_048`
[INFO] [stderr] 
[INFO] [stderr] warning: function `test_parse_exit_command__049` should have a snake case name
[INFO] [stderr]    --> src/command.rs:103:8
[INFO] [stderr]     |
[INFO] [stderr] 103 |     fn test_parse_exit_command__049() {
[INFO] [stderr]     |        ^^^^^^^^^^^^^^^^^^^^^^^^^^^^ help: convert the identifier to snake case: `test_parse_exit_command_049`
[INFO] [stderr] 
[INFO] [stderr] warning: function `test_parse_addition_command__050` should have a snake case name
[INFO] [stderr]    --> src/command.rs:114:8
[INFO] [stderr]     |
[INFO] [stderr] 114 |     fn test_parse_addition_command__050() {
[INFO] [stderr]     |        ^^^^^^^^^^^^^^^^^^^^^^^^^^^^^^^^ help: convert the identifier to snake case: `test_parse_addition_command_050`
[INFO] [stderr] 
[INFO] [stderr] warning: function `test_parse_subtraction_command__051` should have a snake case name
[INFO] [stderr]    --> src/command.rs:125:8
[INFO] [stderr]     |
[INFO] [stderr] 125 |     fn test_parse_subtraction_command__051() {
[INFO] [stderr]     |        ^^^^^^^^^^^^^^^^^^^^^^^^^^^^^^^^^^^ help: convert the identifier to snake case: `test_parse_subtraction_command_051`
[INFO] [stderr] 
[INFO] [stderr] warning: function `test_parse_multiplication_command__052` should have a snake case name
[INFO] [stderr]    --> src/command.rs:136:8
[INFO] [stderr]     |
[INFO] [stderr] 136 |     fn test_parse_multiplication_command__052() {
[INFO] [stderr]     |        ^^^^^^^^^^^^^^^^^^^^^^^^^^^^^^^^^^^^^^ help: convert the identifier to snake case: `test_parse_multiplication_command_052`
[INFO] [stderr] 
[INFO] [stderr] warning: function `test_parse_real_command__053` should have a snake case name
[INFO] [stderr]    --> src/command.rs:147:8
[INFO] [stderr]     |
[INFO] [stderr] 147 |     fn test_parse_real_command__053() {
[INFO] [stderr]     |        ^^^^^^^^^^^^^^^^^^^^^^^^^^^^ help: convert the identifier to snake case: `test_parse_real_command_053`
[INFO] [stderr] 
[INFO] [stderr] warning: function `test_parse_imaginary_command__054` should have a snake case name
[INFO] [stderr]    --> src/command.rs:158:8
[INFO] [stderr]     |
[INFO] [stderr] 158 |     fn test_parse_imaginary_command__054() {
[INFO] [stderr]     |        ^^^^^^^^^^^^^^^^^^^^^^^^^^^^^^^^^ help: convert the identifier to snake case: `test_parse_imaginary_command_054`
[INFO] [stderr] 
[INFO] [stderr] warning: function `test_parse_power_command__055` should have a snake case name
[INFO] [stderr]    --> src/command.rs:169:8
[INFO] [stderr]     |
[INFO] [stderr] 169 |     fn test_parse_power_command__055() {
[INFO] [stderr]     |        ^^^^^^^^^^^^^^^^^^^^^^^^^^^^^ help: convert the identifier to snake case: `test_parse_power_command_055`
[INFO] [stderr] 
[INFO] [stderr] warning: function `test_parse_root_command__056` should have a snake case name
[INFO] [stderr]    --> src/command.rs:180:8
[INFO] [stderr]     |
[INFO] [stderr] 180 |     fn test_parse_root_command__056() {
[INFO] [stderr]     |        ^^^^^^^^^^^^^^^^^^^^^^^^^^^^ help: convert the identifier to snake case: `test_parse_root_command_056`
[INFO] [stderr] 
[INFO] [stderr] warning: function `test_parse_bad_power_command__057__058` should have a snake case name
[INFO] [stderr]    --> src/command.rs:191:8
[INFO] [stderr]     |
[INFO] [stderr] 191 |     fn test_parse_bad_power_command__057__058() {
[INFO] [stderr]     |        ^^^^^^^^^^^^^^^^^^^^^^^^^^^^^^^^^^^^^^ help: convert the identifier to snake case: `test_parse_bad_power_command_057_058`
[INFO] [stderr] 
[INFO] [stderr] warning: function `test_parse_bad_root_command__059__060` should have a snake case name
[INFO] [stderr]    --> src/command.rs:213:8
[INFO] [stderr]     |
[INFO] [stderr] 213 |     fn test_parse_bad_root_command__059__060() {
[INFO] [stderr]     |        ^^^^^^^^^^^^^^^^^^^^^^^^^^^^^^^^^^^^^ help: convert the identifier to snake case: `test_parse_bad_root_command_059_060`
[INFO] [stderr] 
[INFO] [stderr] warning: function `test_parse_an_unknown_command__061` should have a snake case name
[INFO] [stderr]    --> src/command.rs:235:8
[INFO] [stderr]     |
[INFO] [stderr] 235 |     fn test_parse_an_unknown_command__061() {
[INFO] [stderr]     |        ^^^^^^^^^^^^^^^^^^^^^^^^^^^^^^^^^^ help: convert the identifier to snake case: `test_parse_an_unknown_command_061`
[INFO] [stderr] 
[INFO] [stderr] warning: function `test_parse_a_complex_number__062` should have a snake case name
[INFO] [stderr]    --> src/command.rs:246:8
[INFO] [stderr]     |
[INFO] [stderr] 246 |     fn test_parse_a_complex_number__062() {
[INFO] [stderr]     |        ^^^^^^^^^^^^^^^^^^^^^^^^^^^^^^^^ help: convert the identifier to snake case: `test_parse_a_complex_number_062`
[INFO] [stderr] 
[INFO] [stderr] warning: function `test_read_command_from_stdin__063` should have a snake case name
[INFO] [stderr]    --> src/command.rs:257:8
[INFO] [stderr]     |
[INFO] [stderr] 257 |     fn test_read_command_from_stdin__063() {
[INFO] [stderr]     |        ^^^^^^^^^^^^^^^^^^^^^^^^^^^^^^^^^ help: convert the identifier to snake case: `test_read_command_from_stdin_063`
[INFO] [stderr] 
[INFO] [stderr] warning: function `test_help_command__029` should have a snake case name
[INFO] [stderr]    --> src/actions.rs:109:8
[INFO] [stderr]     |
[INFO] [stderr] 109 |     fn test_help_command__029() {
[INFO] [stderr]     |        ^^^^^^^^^^^^^^^^^^^^^^ help: convert the identifier to snake case: `test_help_command_029`
[INFO] [stderr] 
[INFO] [stderr] warning: function `test_clear_command__030` should have a snake case name
[INFO] [stderr]    --> src/actions.rs:116:8
[INFO] [stderr]     |
[INFO] [stderr] 116 |     fn test_clear_command__030() {
[INFO] [stderr]     |        ^^^^^^^^^^^^^^^^^^^^^^^ help: convert the identifier to snake case: `test_clear_command_030`
[INFO] [stderr] 
[INFO] [stderr] warning: function `test_print_real__031__032` should have a snake case name
[INFO] [stderr]    --> src/actions.rs:121:8
[INFO] [stderr]     |
[INFO] [stderr] 121 |     fn test_print_real__031__032() {
[INFO] [stderr]     |        ^^^^^^^^^^^^^^^^^^^^^^^^^ help: convert the identifier to snake case: `test_print_real_031_032`
[INFO] [stderr] 
[INFO] [stderr] warning: function `test_print_imaginary__033__034` should have a snake case name
[INFO] [stderr]    --> src/actions.rs:137:8
[INFO] [stderr]     |
[INFO] [stderr] 137 |     fn test_print_imaginary__033__034() {
[INFO] [stderr]     |        ^^^^^^^^^^^^^^^^^^^^^^^^^^^^^^ help: convert the identifier to snake case: `test_print_imaginary_033_034`
[INFO] [stderr] 
[INFO] [stderr] warning: function `test_add_action__035__036` should have a snake case name
[INFO] [stderr]    --> src/actions.rs:153:8
[INFO] [stderr]     |
[INFO] [stderr] 153 |     fn test_add_action__035__036() {
[INFO] [stderr]     |        ^^^^^^^^^^^^^^^^^^^^^^^^^ help: convert the identifier to snake case: `test_add_action_035_036`
[INFO] [stderr] 
[INFO] [stderr] warning: function `test_add_number_action__037__038__039__040__041__042` should have a snake case name
[INFO] [stderr]    --> src/actions.rs:173:8
[INFO] [stderr]     |
[INFO] [stderr] 173 |     fn test_add_number_action__037__038__039__040__041__042() {
[INFO] [stderr]     |        ^^^^^^^^^^^^^^^^^^^^^^^^^^^^^^^^^^^^^^^^^^^^^^^^^^^^ help: convert the identifier to snake case: `test_add_number_action_037_038_039_040_041_042`
[INFO] [stderr] 
[INFO] [stderr] warning: function `test_power__043__044` should have a snake case name
[INFO] [stderr]    --> src/actions.rs:219:8
[INFO] [stderr]     |
[INFO] [stderr] 219 |     fn test_power__043__044() {
[INFO] [stderr]     |        ^^^^^^^^^^^^^^^^^^^^ help: convert the identifier to snake case: `test_power_043_044`
[INFO] [stderr] 
[INFO] [stderr] warning: function `test_root__045__046` should have a snake case name
[INFO] [stderr]    --> src/actions.rs:237:8
[INFO] [stderr]     |
[INFO] [stderr] 237 |     fn test_root__045__046() {
[INFO] [stderr]     |        ^^^^^^^^^^^^^^^^^^^ help: convert the identifier to snake case: `test_root_045_046`
[INFO] [stderr] 
[INFO] [stderr] warning: function `test_main__064` should have a snake case name
[INFO] [stderr]   --> src/main.rs:65:8
[INFO] [stderr]    |
[INFO] [stderr] 65 |     fn test_main__064() {
[INFO] [stderr]    |        ^^^^^^^^^^^^^^ help: convert the identifier to snake case: `test_main_064`
[INFO] [stderr] 
[INFO] [stderr] warning: `complex` (bin "complex" test) generated 55 warnings
[INFO] [stderr]     Finished `test` profile [unoptimized + debuginfo] target(s) in 0.03s
[INFO] [stderr]      Running unittests src/main.rs (/opt/rustwide/target/debug/deps/complex-958eed72e5eef520)
[INFO] [stdout] 
[INFO] [stdout] running 53 tests
[INFO] [stdout] test actions::tests::test_print_real__031__032 ... ok
[INFO] [stdout] test actions::tests::test_help_command__029 ... ok
[INFO] [stdout] test actions::tests::test_add_action__035__036 ... ok
[INFO] [stdout] test actions::tests::test_print_imaginary__033__034 ... ok
[INFO] [stdout] test actions::tests::test_clear_command__030 ... ok
[INFO] [stdout] test command::tests::test_parse_bad_power_command__057__058 ... ok
[INFO] [stdout] test actions::tests::test_root__045__046 ... ok
[INFO] [stdout] test command::tests::test_parse_help_command__047 ... ok
[INFO] [stdout] test command::tests::test_parse_imaginary_command__054 ... ok
[INFO] [stdout] test command::tests::test_parse_multiplication_command__052 ... ok
[INFO] [stdout] test command::tests::test_parse_clear_command__048 ... ok
[INFO] [stdout] test command::tests::test_parse_power_command__055 ... ok
[INFO] [stdout] test command::tests::test_parse_exit_command__049 ... ok
[INFO] [stdout] test command::tests::test_parse_real_command__053 ... ok
[INFO] [stdout] test command::tests::test_parse_root_command__056 ... ok
[INFO] [stdout] test command::tests::test_parse_subtraction_command__051 ... ok
[INFO] [stdout] test command::tests::test_parse_addition_command__050 ... ok
[INFO] [stdout] test command::tests::test_parse_bad_root_command__059__060 ... ok
[INFO] [stdout] test actions::tests::test_power__043__044 ... ok
[INFO] [stdout] test complex::parser::tests::test_create_negative_num__028 ... ok
[INFO] [stdout] test complex::parser::tests::test_plus_str_to_sign__025 ... ok
[INFO] [stdout] test complex::tests::test_add__003 ... ok
[INFO] [stdout] test complex::tests::test_complex_constructor__001 ... ok
[INFO] [stdout] test complex::parser::tests::test_empty_string_to_sign__026 ... ok
[INFO] [stdout] test complex::tests::test_display_imaginary_gt_0__010__011__012__013 ... ok
[INFO] [stdout] test complex::tests::test_display_imaginary_le_0__014__015__016__017 ... ok
[INFO] [stdout] test complex::tests::test_display_real_0__008__009 ... ok
[INFO] [stdout] test command::tests::test_parse_a_complex_number__062 ... ok
[INFO] [stdout] test complex::parser::tests::test_complex_number_parser_first_form__020 ... ok
[INFO] [stdout] test complex::parser::tests::test_complex_number_parser_third_form__022 ... ok
[INFO] [stdout] test command::tests::test_parse_an_unknown_command__061 ... ok
[INFO] [stdout] test complex::parser::tests::test_minus_string_to_sign__027 ... ok
[INFO] [stdout] test complex::tests::test_mul__005 ... ok
[INFO] [stdout] test complex::parser::tests::test_complex_number_parser_fourth_form__023 ... ok
[INFO] [stdout] test repl::tests::test_add_action__071__072__073__074 ... ok
[INFO] [stdout] test complex::tests::test_power__018 ... ok
[INFO] [stdout] test complex::tests::test_root__019 ... ok
[INFO] [stdout] test repl::tests::test_clear_command__066 ... ok
[INFO] [stdout] test complex::parser::tests::test_complex_number_parser_second_form__021 ... ok
[INFO] [stdout] test complex::tests::test_sub__004 ... ok
[INFO] [stdout] test complex::parser::tests::test_complex_number_parse_bad_input__024 ... ok
[INFO] [stdout] test complex::tests::test_equality__002 ... ok
[INFO] [stdout] test complex::tests::test_display_imaginary_0__006__007 ... ok
[INFO] [stdout] test repl::tests::test_exit__078 ... ok
[INFO] [stdout] test repl::tests::test_help_command__065 ... ok
[INFO] [stdout] test repl::tests::test_print_imaginary__069__070 ... ok
[INFO] [stdout] test repl::tests::test_print_real__067__068 ... ok
[INFO] [stdout] test repl::tests::test_number__075 ... ok
[INFO] [stdout] test repl::tests::test_power__076 ... ok
[INFO] [stdout] test actions::tests::test_add_number_action__037__038__039__040__041__042 ... FAILED
[INFO] [stdout] test command::tests::test_read_command_from_stdin__063 ... FAILED
[INFO] [stdout] test repl::tests::test_root__077 ... FAILED
[INFO] [stdout] test tests::test_main__064 ... FAILED
[INFO] [stdout] 
[INFO] [stdout] failures:
[INFO] [stdout] 
[INFO] [stdout] ---- actions::tests::test_add_number_action__037__038__039__040__041__042 stdout ----
[INFO] [stdout] 1+1j
[INFO] [stdout] 2+2j
[INFO] [stdout] 
[INFO] [stdout] thread 'actions::tests::test_add_number_action__037__038__039__040__041__042' panicked at src/actions.rs:193:13:
[INFO] [stdout] assertion `left == right` failed
[INFO] [stdout]   left: Ok(AppState { number: Some(Complex { real: 0.0, imaginary: 0.0 }), pending_op: None, log: true })
[INFO] [stdout]  right: Ok(AppState { number: Some(Complex { real: 2.0, imaginary: 2.0 }), pending_op: None, log: true })
[INFO] [stdout] stack backtrace:
[INFO] [stdout]    0:     0x64cbd237448a - std::backtrace_rs::backtrace::libunwind::trace::hb059275cfc8d6126
[INFO] [stdout]                                at /rustc/6067b36314ab5eb2eb47cecc464545ba58e1ad24/library/std/src/../../backtrace/src/backtrace/libunwind.rs:116:5
[INFO] [stdout]    1:     0x64cbd237448a - std::backtrace_rs::backtrace::trace_unsynchronized::h2da071e4327ce3ee
[INFO] [stdout]                                at /rustc/6067b36314ab5eb2eb47cecc464545ba58e1ad24/library/std/src/../../backtrace/src/backtrace/mod.rs:66:5
[INFO] [stdout]    2:     0x64cbd237448a - std::sys::backtrace::_print_fmt::h842a1474e6f8d23f
[INFO] [stdout]                                at /rustc/6067b36314ab5eb2eb47cecc464545ba58e1ad24/library/std/src/sys/backtrace.rs:66:9
[INFO] [stdout]    3:     0x64cbd237448a - <std::sys::backtrace::BacktraceLock::print::DisplayBacktrace as core::fmt::Display>::fmt::h71a62eb3b9696b12
[INFO] [stdout]                                at /rustc/6067b36314ab5eb2eb47cecc464545ba58e1ad24/library/std/src/sys/backtrace.rs:39:26
[INFO] [stdout]    4:     0x64cbd239cf83 - core::fmt::rt::Argument::fmt::hdb6b616786b41dc1
[INFO] [stdout]                                at /rustc/6067b36314ab5eb2eb47cecc464545ba58e1ad24/library/core/src/fmt/rt.rs:177:76
[INFO] [stdout]    5:     0x64cbd239cf83 - core::fmt::write::h2cc1698af7e2d686
[INFO] [stdout]                                at /rustc/6067b36314ab5eb2eb47cecc464545ba58e1ad24/library/core/src/fmt/mod.rs:1440:21
[INFO] [stdout]    6:     0x64cbd2370f03 - std::io::Write::write_fmt::hab1b4cd059a79022
[INFO] [stdout]                                at /rustc/6067b36314ab5eb2eb47cecc464545ba58e1ad24/library/std/src/io/mod.rs:1887:15
[INFO] [stdout]    7:     0x64cbd23742d2 - std::sys::backtrace::BacktraceLock::print::h147fe35b4ea13b08
[INFO] [stdout]                                at /rustc/6067b36314ab5eb2eb47cecc464545ba58e1ad24/library/std/src/sys/backtrace.rs:42:9
[INFO] [stdout]    8:     0x64cbd23758af - std::panicking::default_hook::{{closure}}::hbd44223dbdc0d208
[INFO] [stdout]                                at /rustc/6067b36314ab5eb2eb47cecc464545ba58e1ad24/library/std/src/panicking.rs:298:22
[INFO] [stdout]    9:     0x64cbd23756c8 - std::panicking::default_hook::h20f81eb0576efcec
[INFO] [stdout]                                at /rustc/6067b36314ab5eb2eb47cecc464545ba58e1ad24/library/std/src/panicking.rs:322:9
[INFO] [stdout]   10:     0x64cbd227a893 - <alloc::boxed::Box<F,A> as core::ops::function::Fn<Args>>::call::hdb53814c496a4d34
[INFO] [stdout]                                at /rustc/6067b36314ab5eb2eb47cecc464545ba58e1ad24/library/alloc/src/boxed.rs:2027:9
[INFO] [stdout]   11:     0x64cbd227a893 - test::test_main::{{closure}}::hc0a4963c59427c24
[INFO] [stdout]                                at /rustc/6067b36314ab5eb2eb47cecc464545ba58e1ad24/library/test/src/lib.rs:134:21
[INFO] [stdout]   12:     0x64cbd23763a3 - <alloc::boxed::Box<F,A> as core::ops::function::Fn<Args>>::call::h591b2225413a77e9
[INFO] [stdout]                                at /rustc/6067b36314ab5eb2eb47cecc464545ba58e1ad24/library/alloc/src/boxed.rs:2027:9
[INFO] [stdout]   13:     0x64cbd23763a3 - std::panicking::rust_panic_with_hook::h625eea43051b2edc
[INFO] [stdout]                                at /rustc/6067b36314ab5eb2eb47cecc464545ba58e1ad24/library/std/src/panicking.rs:839:13
[INFO] [stdout]   14:     0x64cbd237605a - std::panicking::begin_panic_handler::{{closure}}::h4f9159cfbc3f6bd3
[INFO] [stdout]                                at /rustc/6067b36314ab5eb2eb47cecc464545ba58e1ad24/library/std/src/panicking.rs:704:13
[INFO] [stdout]   15:     0x64cbd2374989 - std::sys::backtrace::__rust_end_short_backtrace::h0390abce48353151
[INFO] [stdout]                                at /rustc/6067b36314ab5eb2eb47cecc464545ba58e1ad24/library/std/src/sys/backtrace.rs:168:18
[INFO] [stdout]   16:     0x64cbd2375ced - rust_begin_unwind
[INFO] [stdout]                                at /rustc/6067b36314ab5eb2eb47cecc464545ba58e1ad24/library/std/src/panicking.rs:695:5
[INFO] [stdout]   17:     0x64cbd239b5b0 - core::panicking::panic_fmt::h9e7c637e9e5f29c9
[INFO] [stdout]                                at /rustc/6067b36314ab5eb2eb47cecc464545ba58e1ad24/library/core/src/panicking.rs:75:14
[INFO] [stdout]   18:     0x64cbd239b9a2 - core::panicking::assert_failed_inner::h538bec7c1374cd9c
[INFO] [stdout]   19:     0x64cbd2236e13 - core::panicking::assert_failed::ha1abeeadfcb2d337
[INFO] [stdout]                                at /rustc/6067b36314ab5eb2eb47cecc464545ba58e1ad24/library/core/src/panicking.rs:364:5
[INFO] [stdout]   20:     0x64cbd2239baf - complex::actions::tests::test_add_number_action__037__038__039__040__041__042::hee69ee094a79f09c
[INFO] [stdout]                                at /opt/rustwide/workdir/src/actions.rs:193:13
[INFO] [stdout]   21:     0x64cbd22393e7 - complex::actions::tests::test_add_number_action__037__038__039__040__041__042::{{closure}}::hb24bdecc2d46e9a4
[INFO] [stdout]                                at /opt/rustwide/workdir/src/actions.rs:173:62
[INFO] [stdout]   22:     0x64cbd223b6f6 - core::ops::function::FnOnce::call_once::h410208a31f3ae416
[INFO] [stdout]                                at /rustc/6067b36314ab5eb2eb47cecc464545ba58e1ad24/library/core/src/ops/function.rs:250:5
[INFO] [stdout]   23:     0x64cbd227ffeb - core::ops::function::FnOnce::call_once::he27718dfdd183f43
[INFO] [stdout]                                at /rustc/6067b36314ab5eb2eb47cecc464545ba58e1ad24/library/core/src/ops/function.rs:250:5
[INFO] [stdout]   24:     0x64cbd227ffeb - test::__rust_begin_short_backtrace::h4e84902998457a5d
[INFO] [stdout]                                at /rustc/6067b36314ab5eb2eb47cecc464545ba58e1ad24/library/test/src/lib.rs:632:18
[INFO] [stdout]   25:     0x64cbd227ef23 - test::run_test_in_process::{{closure}}::h7176fd18fc1feca0
[INFO] [stdout]                                at /rustc/6067b36314ab5eb2eb47cecc464545ba58e1ad24/library/test/src/lib.rs:655:60
[INFO] [stdout]   26:     0x64cbd227ef23 - <core::panic::unwind_safe::AssertUnwindSafe<F> as core::ops::function::FnOnce<()>>::call_once::hf79cff2a624d8cf7
[INFO] [stdout]                                at /rustc/6067b36314ab5eb2eb47cecc464545ba58e1ad24/library/core/src/panic/unwind_safe.rs:272:9
[INFO] [stdout]   27:     0x64cbd227ef23 - std::panicking::try::do_call::h3da0561d9ab99c25
[INFO] [stdout]                                at /rustc/6067b36314ab5eb2eb47cecc464545ba58e1ad24/library/std/src/panicking.rs:587:40
[INFO] [stdout]   28:     0x64cbd227ef23 - std::panicking::try::h41c9fa508bc61df6
[INFO] [stdout]                                at /rustc/6067b36314ab5eb2eb47cecc464545ba58e1ad24/library/std/src/panicking.rs:550:19
[INFO] [stdout]   29:     0x64cbd227ef23 - std::panic::catch_unwind::h6b3ff07bb5afad93
[INFO] [stdout]                                at /rustc/6067b36314ab5eb2eb47cecc464545ba58e1ad24/library/std/src/panic.rs:358:14
[INFO] [stdout]   30:     0x64cbd227ef23 - test::run_test_in_process::hc7253dd11b39b9f4
[INFO] [stdout]                                at /rustc/6067b36314ab5eb2eb47cecc464545ba58e1ad24/library/test/src/lib.rs:655:27
[INFO] [stdout]   31:     0x64cbd227ef23 - test::run_test::{{closure}}::hfb2007f8649c30bb
[INFO] [stdout]                                at /rustc/6067b36314ab5eb2eb47cecc464545ba58e1ad24/library/test/src/lib.rs:576:43
[INFO] [stdout]   32:     0x64cbd2242005 - test::run_test::{{closure}}::h56a17aa7a282a9f4
[INFO] [stdout]                                at /rustc/6067b36314ab5eb2eb47cecc464545ba58e1ad24/library/test/src/lib.rs:606:41
[INFO] [stdout]   33:     0x64cbd2242005 - std::sys::backtrace::__rust_begin_short_backtrace::hd2d2d2fb8e8c6aac
[INFO] [stdout]                                at /rustc/6067b36314ab5eb2eb47cecc464545ba58e1ad24/library/std/src/sys/backtrace.rs:152:18
[INFO] [stdout]   34:     0x64cbd22458ea - std::thread::Builder::spawn_unchecked_::{{closure}}::{{closure}}::h4faa3f9db6133423
[INFO] [stdout]                                at /rustc/6067b36314ab5eb2eb47cecc464545ba58e1ad24/library/std/src/thread/mod.rs:559:17
[INFO] [stdout]   35:     0x64cbd22458ea - <core::panic::unwind_safe::AssertUnwindSafe<F> as core::ops::function::FnOnce<()>>::call_once::hf2e855a36a4ea846
[INFO] [stdout]                                at /rustc/6067b36314ab5eb2eb47cecc464545ba58e1ad24/library/core/src/panic/unwind_safe.rs:272:9
[INFO] [stdout]   36:     0x64cbd22458ea - std::panicking::try::do_call::h2f73af3616c35465
[INFO] [stdout]                                at /rustc/6067b36314ab5eb2eb47cecc464545ba58e1ad24/library/std/src/panicking.rs:587:40
[INFO] [stdout]   37:     0x64cbd22458ea - std::panicking::try::hd1660ce9efadef5a
[INFO] [stdout]                                at /rustc/6067b36314ab5eb2eb47cecc464545ba58e1ad24/library/std/src/panicking.rs:550:19
[INFO] [stdout]   38:     0x64cbd22458ea - std::panic::catch_unwind::h5ee8d7823b8ca744
[INFO] [stdout]                                at /rustc/6067b36314ab5eb2eb47cecc464545ba58e1ad24/library/std/src/panic.rs:358:14
[INFO] [stdout]   39:     0x64cbd22458ea - std::thread::Builder::spawn_unchecked_::{{closure}}::h53c3a1894dce8407
[INFO] [stdout]                                at /rustc/6067b36314ab5eb2eb47cecc464545ba58e1ad24/library/std/src/thread/mod.rs:557:30
[INFO] [stdout]   40:     0x64cbd22458ea - core::ops::function::FnOnce::call_once{{vtable.shim}}::h048ce291ad4f62bf
[INFO] [stdout]                                at /rustc/6067b36314ab5eb2eb47cecc464545ba58e1ad24/library/core/src/ops/function.rs:250:5
[INFO] [stdout]   41:     0x64cbd237a2eb - <alloc::boxed::Box<F,A> as core::ops::function::FnOnce<Args>>::call_once::ha52bedf99a3b4981
[INFO] [stdout]                                at /rustc/6067b36314ab5eb2eb47cecc464545ba58e1ad24/library/alloc/src/boxed.rs:2013:9
[INFO] [stdout]   42:     0x64cbd237a2eb - <alloc::boxed::Box<F,A> as core::ops::function::FnOnce<Args>>::call_once::h567748934d80ccf8
[INFO] [stdout]                                at /rustc/6067b36314ab5eb2eb47cecc464545ba58e1ad24/library/alloc/src/boxed.rs:2013:9
[INFO] [stdout]   43:     0x64cbd237a2eb - std::sys::pal::unix::thread::Thread::new::thread_start::h2d970728ae887adc
[INFO] [stdout]                                at /rustc/6067b36314ab5eb2eb47cecc464545ba58e1ad24/library/std/src/sys/pal/unix/thread.rs:106:17
[INFO] [stdout]   44:     0x7668a7a14ac3 - <unknown>
[INFO] [stdout]   45:     0x7668a7aa5a04 - clone
[INFO] [stdout]   46:                0x0 - <unknown>
[INFO] [stdout] 
[INFO] [stdout] ---- command::tests::test_read_command_from_stdin__063 stdout ----
[INFO] [stdout] >>> 
[INFO] [stdout] thread 'command::tests::test_read_command_from_stdin__063' panicked at src/command.rs:262:9:
[INFO] [stdout] assertion `left == right` failed
[INFO] [stdout]   left: Ok(Help)
[INFO] [stdout]  right: Err("Please enter a command")
[INFO] [stdout] stack backtrace:
[INFO] [stdout]    0:     0x64cbd237448a - std::backtrace_rs::backtrace::libunwind::trace::hb059275cfc8d6126
[INFO] [stdout]                                at /rustc/6067b36314ab5eb2eb47cecc464545ba58e1ad24/library/std/src/../../backtrace/src/backtrace/libunwind.rs:116:5
[INFO] [stdout]    1:     0x64cbd237448a - std::backtrace_rs::backtrace::trace_unsynchronized::h2da071e4327ce3ee
[INFO] [stdout]                                at /rustc/6067b36314ab5eb2eb47cecc464545ba58e1ad24/library/std/src/../../backtrace/src/backtrace/mod.rs:66:5
[INFO] [stdout]    2:     0x64cbd237448a - std::sys::backtrace::_print_fmt::h842a1474e6f8d23f
[INFO] [stdout]                                at /rustc/6067b36314ab5eb2eb47cecc464545ba58e1ad24/library/std/src/sys/backtrace.rs:66:9
[INFO] [stdout]    3:     0x64cbd237448a - <std::sys::backtrace::BacktraceLock::print::DisplayBacktrace as core::fmt::Display>::fmt::h71a62eb3b9696b12
[INFO] [stdout]                                at /rustc/6067b36314ab5eb2eb47cecc464545ba58e1ad24/library/std/src/sys/backtrace.rs:39:26
[INFO] [stdout]    4:     0x64cbd239cf83 - core::fmt::rt::Argument::fmt::hdb6b616786b41dc1
[INFO] [stdout]                                at /rustc/6067b36314ab5eb2eb47cecc464545ba58e1ad24/library/core/src/fmt/rt.rs:177:76
[INFO] [stdout]    5:     0x64cbd239cf83 - core::fmt::write::h2cc1698af7e2d686
[INFO] [stdout]                                at /rustc/6067b36314ab5eb2eb47cecc464545ba58e1ad24/library/core/src/fmt/mod.rs:1440:21
[INFO] [stdout]    6:     0x64cbd2370f03 - std::io::Write::write_fmt::hab1b4cd059a79022
[INFO] [stdout]                                at /rustc/6067b36314ab5eb2eb47cecc464545ba58e1ad24/library/std/src/io/mod.rs:1887:15
[INFO] [stdout]    7:     0x64cbd23742d2 - std::sys::backtrace::BacktraceLock::print::h147fe35b4ea13b08
[INFO] [stdout]                                at /rustc/6067b36314ab5eb2eb47cecc464545ba58e1ad24/library/std/src/sys/backtrace.rs:42:9
[INFO] [stdout]    8:     0x64cbd23758af - std::panicking::default_hook::{{closure}}::hbd44223dbdc0d208
[INFO] [stdout]                                at /rustc/6067b36314ab5eb2eb47cecc464545ba58e1ad24/library/std/src/panicking.rs:298:22
[INFO] [stdout]    9:     0x64cbd23756c8 - std::panicking::default_hook::h20f81eb0576efcec
[INFO] [stdout]                                at /rustc/6067b36314ab5eb2eb47cecc464545ba58e1ad24/library/std/src/panicking.rs:322:9
[INFO] [stdout]   10:     0x64cbd227a893 - <alloc::boxed::Box<F,A> as core::ops::function::Fn<Args>>::call::hdb53814c496a4d34
[INFO] [stdout]                                at /rustc/6067b36314ab5eb2eb47cecc464545ba58e1ad24/library/alloc/src/boxed.rs:2027:9
[INFO] [stdout]   11:     0x64cbd227a893 - test::test_main::{{closure}}::hc0a4963c59427c24
[INFO] [stdout]                                at /rustc/6067b36314ab5eb2eb47cecc464545ba58e1ad24/library/test/src/lib.rs:134:21
[INFO] [stdout]   12:     0x64cbd23763a3 - <alloc::boxed::Box<F,A> as core::ops::function::Fn<Args>>::call::h591b2225413a77e9
[INFO] [stdout]                                at /rustc/6067b36314ab5eb2eb47cecc464545ba58e1ad24/library/alloc/src/boxed.rs:2027:9
[INFO] [stdout]   13:     0x64cbd23763a3 - std::panicking::rust_panic_with_hook::h625eea43051b2edc
[INFO] [stdout]                                at /rustc/6067b36314ab5eb2eb47cecc464545ba58e1ad24/library/std/src/panicking.rs:839:13
[INFO] [stdout]   14:     0x64cbd237605a - std::panicking::begin_panic_handler::{{closure}}::h4f9159cfbc3f6bd3
[INFO] [stdout]                                at /rustc/6067b36314ab5eb2eb47cecc464545ba58e1ad24/library/std/src/panicking.rs:704:13
[INFO] [stdout]   15:     0x64cbd2374989 - std::sys::backtrace::__rust_end_short_backtrace::h0390abce48353151
[INFO] [stdout]                                at /rustc/6067b36314ab5eb2eb47cecc464545ba58e1ad24/library/std/src/sys/backtrace.rs:168:18
[INFO] [stdout]   16:     0x64cbd2375ced - rust_begin_unwind
[INFO] [stdout]                                at /rustc/6067b36314ab5eb2eb47cecc464545ba58e1ad24/library/std/src/panicking.rs:695:5
[INFO] [stdout]   17:     0x64cbd239b5b0 - core::panicking::panic_fmt::h9e7c637e9e5f29c9
[INFO] [stdout]                                at /rustc/6067b36314ab5eb2eb47cecc464545ba58e1ad24/library/core/src/panicking.rs:75:14
[INFO] [stdout]   18:     0x64cbd239b9a2 - core::panicking::assert_failed_inner::h538bec7c1374cd9c
[INFO] [stdout]   19:     0x64cbd2236d97 - core::panicking::assert_failed::h4669961b7411c367
[INFO] [stdout]                                at /rustc/6067b36314ab5eb2eb47cecc464545ba58e1ad24/library/core/src/panicking.rs:364:5
[INFO] [stdout]   20:     0x64cbd222fe2d - complex::command::tests::test_read_command_from_stdin__063::h900c32ef9ada96a6
[INFO] [stdout]                                at /opt/rustwide/workdir/src/command.rs:262:9
[INFO] [stdout]   21:     0x64cbd222fd37 - complex::command::tests::test_read_command_from_stdin__063::{{closure}}::h79c281b5522d3888
[INFO] [stdout]                                at /opt/rustwide/workdir/src/command.rs:257:43
[INFO] [stdout]   22:     0x64cbd223b8f6 - core::ops::function::FnOnce::call_once::h5873383e12ebd09d
[INFO] [stdout]                                at /rustc/6067b36314ab5eb2eb47cecc464545ba58e1ad24/library/core/src/ops/function.rs:250:5
[INFO] [stdout]   23:     0x64cbd227ffeb - core::ops::function::FnOnce::call_once::he27718dfdd183f43
[INFO] [stdout]                                at /rustc/6067b36314ab5eb2eb47cecc464545ba58e1ad24/library/core/src/ops/function.rs:250:5
[INFO] [stdout]   24:     0x64cbd227ffeb - test::__rust_begin_short_backtrace::h4e84902998457a5d
[INFO] [stdout]                                at /rustc/6067b36314ab5eb2eb47cecc464545ba58e1ad24/library/test/src/lib.rs:632:18
[INFO] [stdout]   25:     0x64cbd227ef23 - test::run_test_in_process::{{closure}}::h7176fd18fc1feca0
[INFO] [stdout]                                at /rustc/6067b36314ab5eb2eb47cecc464545ba58e1ad24/library/test/src/lib.rs:655:60
[INFO] [stdout]   26:     0x64cbd227ef23 - <core::panic::unwind_safe::AssertUnwindSafe<F> as core::ops::function::FnOnce<()>>::call_once::hf79cff2a624d8cf7
[INFO] [stdout]                                at /rustc/6067b36314ab5eb2eb47cecc464545ba58e1ad24/library/core/src/panic/unwind_safe.rs:272:9
[INFO] [stdout]   27:     0x64cbd227ef23 - std::panicking::try::do_call::h3da0561d9ab99c25
[INFO] [stdout]                                at /rustc/6067b36314ab5eb2eb47cecc464545ba58e1ad24/library/std/src/panicking.rs:587:40
[INFO] [stdout]   28:     0x64cbd227ef23 - std::panicking::try::h41c9fa508bc61df6
[INFO] [stdout]                                at /rustc/6067b36314ab5eb2eb47cecc464545ba58e1ad24/library/std/src/panicking.rs:550:19
[INFO] [stdout]   29:     0x64cbd227ef23 - std::panic::catch_unwind::h6b3ff07bb5afad93
[INFO] [stdout]                                at /rustc/6067b36314ab5eb2eb47cecc464545ba58e1ad24/library/std/src/panic.rs:358:14
[INFO] [stdout]   30:     0x64cbd227ef23 - test::run_test_in_process::hc7253dd11b39b9f4
[INFO] [stdout]                                at /rustc/6067b36314ab5eb2eb47cecc464545ba58e1ad24/library/test/src/lib.rs:655:27
[INFO] [stdout]   31:     0x64cbd227ef23 - test::run_test::{{closure}}::hfb2007f8649c30bb
[INFO] [stdout]                                at /rustc/6067b36314ab5eb2eb47cecc464545ba58e1ad24/library/test/src/lib.rs:576:43
[INFO] [stdout]   32:     0x64cbd2242005 - test::run_test::{{closure}}::h56a17aa7a282a9f4
[INFO] [stdout]                                at /rustc/6067b36314ab5eb2eb47cecc464545ba58e1ad24/library/test/src/lib.rs:606:41
[INFO] [stdout]   33:     0x64cbd2242005 - std::sys::backtrace::__rust_begin_short_backtrace::hd2d2d2fb8e8c6aac
[INFO] [stdout]                                at /rustc/6067b36314ab5eb2eb47cecc464545ba58e1ad24/library/std/src/sys/backtrace.rs:152:18
[INFO] [stdout]   34:     0x64cbd22458ea - std::thread::Builder::spawn_unchecked_::{{closure}}::{{closure}}::h4faa3f9db6133423
[INFO] [stdout]                                at /rustc/6067b36314ab5eb2eb47cecc464545ba58e1ad24/library/std/src/thread/mod.rs:559:17
[INFO] [stdout]   35:     0x64cbd22458ea - <core::panic::unwind_safe::AssertUnwindSafe<F> as core::ops::function::FnOnce<()>>::call_once::hf2e855a36a4ea846
[INFO] [stdout]                                at /rustc/6067b36314ab5eb2eb47cecc464545ba58e1ad24/library/core/src/panic/unwind_safe.rs:272:9
[INFO] [stdout]   36:     0x64cbd22458ea - std::panicking::try::do_call::h2f73af3616c35465
[INFO] [stdout]                                at /rustc/6067b36314ab5eb2eb47cecc464545ba58e1ad24/library/std/src/panicking.rs:587:40
[INFO] [stdout]   37:     0x64cbd22458ea - std::panicking::try::hd1660ce9efadef5a
[INFO] [stdout]                                at /rustc/6067b36314ab5eb2eb47cecc464545ba58e1ad24/library/std/src/panicking.rs:550:19
[INFO] [stdout]   38:     0x64cbd22458ea - std::panic::catch_unwind::h5ee8d7823b8ca744
[INFO] [stdout]                                at /rustc/6067b36314ab5eb2eb47cecc464545ba58e1ad24/library/std/src/panic.rs:358:14
[INFO] [stdout]   39:     0x64cbd22458ea - std::thread::Builder::spawn_unchecked_::{{closure}}::h53c3a1894dce8407
[INFO] [stdout]                                at /rustc/6067b36314ab5eb2eb47cecc464545ba58e1ad24/library/std/src/thread/mod.rs:557:30
[INFO] [stdout]   40:     0x64cbd22458ea - core::ops::function::FnOnce::call_once{{vtable.shim}}::h048ce291ad4f62bf
[INFO] [stdout]                                at /rustc/6067b36314ab5eb2eb47cecc464545ba58e1ad24/library/core/src/ops/function.rs:250:5
[INFO] [stdout]   41:     0x64cbd237a2eb - <alloc::boxed::Box<F,A> as core::ops::function::FnOnce<Args>>::call_once::ha52bedf99a3b4981
[INFO] [stdout]                                at /rustc/6067b36314ab5eb2eb47cecc464545ba58e1ad24/library/alloc/src/boxed.rs:2013:9
[INFO] [stdout]   42:     0x64cbd237a2eb - <alloc::boxed::Box<F,A> as core::ops::function::FnOnce<Args>>::call_once::h567748934d80ccf8
[INFO] [stdout]                                at /rustc/6067b36314ab5eb2eb47cecc464545ba58e1ad24/library/alloc/src/boxed.rs:2013:9
[INFO] [stdout]   43:     0x64cbd237a2eb - std::sys::pal::unix::thread::Thread::new::thread_start::h2d970728ae887adc
[INFO] [stdout]                                at /rustc/6067b36314ab5eb2eb47cecc464545ba58e1ad24/library/std/src/sys/pal/unix/thread.rs:106:17
[INFO] [stdout]   44:     0x7668a7a14ac3 - <unknown>
[INFO] [stdout]   45:     0x7668a7aa5a04 - clone
[INFO] [stdout]   46:                0x0 - <unknown>
[INFO] [stdout] 
[INFO] [stdout] ---- repl::tests::test_root__077 stdout ----
[INFO] [stdout] 0.000+8.000j
[INFO] [stdout] 
[INFO] [stdout] thread 'repl::tests::test_root__077' panicked at src/repl.rs:131:9:
[INFO] [stdout] assertion `left == right` failed
[INFO] [stdout]   left: Ok(AppState { number: Some(Complex { real: 1.5537739740300374, imaginary: 0.6435942529055827 }), pending_op: None, log: true })
[INFO] [stdout]  right: Ok(AppState { number: Some(Complex { real: 4.898587196589414e-16, imaginary: 8.000000000000002 }), pending_op: None, log: true })
[INFO] [stdout] stack backtrace:
[INFO] [stdout]    0:     0x64cbd237448a - std::backtrace_rs::backtrace::libunwind::trace::hb059275cfc8d6126
[INFO] [stdout]                                at /rustc/6067b36314ab5eb2eb47cecc464545ba58e1ad24/library/std/src/../../backtrace/src/backtrace/libunwind.rs:116:5
[INFO] [stdout]    1:     0x64cbd237448a - std::backtrace_rs::backtrace::trace_unsynchronized::h2da071e4327ce3ee
[INFO] [stdout]                                at /rustc/6067b36314ab5eb2eb47cecc464545ba58e1ad24/library/std/src/../../backtrace/src/backtrace/mod.rs:66:5
[INFO] [stdout]    2:     0x64cbd237448a - std::sys::backtrace::_print_fmt::h842a1474e6f8d23f
[INFO] [stdout]                                at /rustc/6067b36314ab5eb2eb47cecc464545ba58e1ad24/library/std/src/sys/backtrace.rs:66:9
[INFO] [stdout]    3:     0x64cbd237448a - <std::sys::backtrace::BacktraceLock::print::DisplayBacktrace as core::fmt::Display>::fmt::h71a62eb3b9696b12
[INFO] [stdout]                                at /rustc/6067b36314ab5eb2eb47cecc464545ba58e1ad24/library/std/src/sys/backtrace.rs:39:26
[INFO] [stdout]    4:     0x64cbd239cf83 - core::fmt::rt::Argument::fmt::hdb6b616786b41dc1
[INFO] [stdout]                                at /rustc/6067b36314ab5eb2eb47cecc464545ba58e1ad24/library/core/src/fmt/rt.rs:177:76
[INFO] [stdout]    5:     0x64cbd239cf83 - core::fmt::write::h2cc1698af7e2d686
[INFO] [stdout]                                at /rustc/6067b36314ab5eb2eb47cecc464545ba58e1ad24/library/core/src/fmt/mod.rs:1440:21
[INFO] [stdout]    6:     0x64cbd2370f03 - std::io::Write::write_fmt::hab1b4cd059a79022
[INFO] [stdout]                                at /rustc/6067b36314ab5eb2eb47cecc464545ba58e1ad24/library/std/src/io/mod.rs:1887:15
[INFO] [stdout]    7:     0x64cbd23742d2 - std::sys::backtrace::BacktraceLock::print::h147fe35b4ea13b08
[INFO] [stdout]                                at /rustc/6067b36314ab5eb2eb47cecc464545ba58e1ad24/library/std/src/sys/backtrace.rs:42:9
[INFO] [stdout]    8:     0x64cbd23758af - std::panicking::default_hook::{{closure}}::hbd44223dbdc0d208
[INFO] [stdout]                                at /rustc/6067b36314ab5eb2eb47cecc464545ba58e1ad24/library/std/src/panicking.rs:298:22
[INFO] [stdout]    9:     0x64cbd23756c8 - std::panicking::default_hook::h20f81eb0576efcec
[INFO] [stdout]                                at /rustc/6067b36314ab5eb2eb47cecc464545ba58e1ad24/library/std/src/panicking.rs:322:9
[INFO] [stdout]   10:     0x64cbd227a893 - <alloc::boxed::Box<F,A> as core::ops::function::Fn<Args>>::call::hdb53814c496a4d34
[INFO] [stdout]                                at /rustc/6067b36314ab5eb2eb47cecc464545ba58e1ad24/library/alloc/src/boxed.rs:2027:9
[INFO] [stdout]   11:     0x64cbd227a893 - test::test_main::{{closure}}::hc0a4963c59427c24
[INFO] [stdout]                                at /rustc/6067b36314ab5eb2eb47cecc464545ba58e1ad24/library/test/src/lib.rs:134:21
[INFO] [stdout]   12:     0x64cbd23763a3 - <alloc::boxed::Box<F,A> as core::ops::function::Fn<Args>>::call::h591b2225413a77e9
[INFO] [stdout]                                at /rustc/6067b36314ab5eb2eb47cecc464545ba58e1ad24/library/alloc/src/boxed.rs:2027:9
[INFO] [stdout]   13:     0x64cbd23763a3 - std::panicking::rust_panic_with_hook::h625eea43051b2edc
[INFO] [stdout]                                at /rustc/6067b36314ab5eb2eb47cecc464545ba58e1ad24/library/std/src/panicking.rs:839:13
[INFO] [stdout]   14:     0x64cbd237605a - std::panicking::begin_panic_handler::{{closure}}::h4f9159cfbc3f6bd3
[INFO] [stdout]                                at /rustc/6067b36314ab5eb2eb47cecc464545ba58e1ad24/library/std/src/panicking.rs:704:13
[INFO] [stdout]   15:     0x64cbd2374989 - std::sys::backtrace::__rust_end_short_backtrace::h0390abce48353151
[INFO] [stdout]                                at /rustc/6067b36314ab5eb2eb47cecc464545ba58e1ad24/library/std/src/sys/backtrace.rs:168:18
[INFO] [stdout]   16:     0x64cbd2375ced - rust_begin_unwind
[INFO] [stdout]                                at /rustc/6067b36314ab5eb2eb47cecc464545ba58e1ad24/library/std/src/panicking.rs:695:5
[INFO] [stdout]   17:     0x64cbd239b5b0 - core::panicking::panic_fmt::h9e7c637e9e5f29c9
[INFO] [stdout]                                at /rustc/6067b36314ab5eb2eb47cecc464545ba58e1ad24/library/core/src/panicking.rs:75:14
[INFO] [stdout]   18:     0x64cbd239b9a2 - core::panicking::assert_failed_inner::h538bec7c1374cd9c
[INFO] [stdout]   19:     0x64cbd2236e13 - core::panicking::assert_failed::ha1abeeadfcb2d337
[INFO] [stdout]                                at /rustc/6067b36314ab5eb2eb47cecc464545ba58e1ad24/library/core/src/panicking.rs:364:5
[INFO] [stdout]   20:     0x64cbd222ce7b - complex::repl::tests::test_root__077::h1ccbb3eeac9c607b
[INFO] [stdout]                                at /opt/rustwide/workdir/src/repl.rs:131:9
[INFO] [stdout]   21:     0x64cbd222cc57 - complex::repl::tests::test_root__077::{{closure}}::h9e7269d128469d48
[INFO] [stdout]                                at /opt/rustwide/workdir/src/repl.rs:126:24
[INFO] [stdout]   22:     0x64cbd223b5b6 - core::ops::function::FnOnce::call_once::h3d453016645d5d41
[INFO] [stdout]                                at /rustc/6067b36314ab5eb2eb47cecc464545ba58e1ad24/library/core/src/ops/function.rs:250:5
[INFO] [stdout]   23:     0x64cbd227ffeb - core::ops::function::FnOnce::call_once::he27718dfdd183f43
[INFO] [stdout]                                at /rustc/6067b36314ab5eb2eb47cecc464545ba58e1ad24/library/core/src/ops/function.rs:250:5
[INFO] [stdout]   24:     0x64cbd227ffeb - test::__rust_begin_short_backtrace::h4e84902998457a5d
[INFO] [stdout]                                at /rustc/6067b36314ab5eb2eb47cecc464545ba58e1ad24/library/test/src/lib.rs:632:18
[INFO] [stdout]   25:     0x64cbd227ef23 - test::run_test_in_process::{{closure}}::h7176fd18fc1feca0
[INFO] [stdout]                                at /rustc/6067b36314ab5eb2eb47cecc464545ba58e1ad24/library/test/src/lib.rs:655:60
[INFO] [stdout]   26:     0x64cbd227ef23 - <core::panic::unwind_safe::AssertUnwindSafe<F> as core::ops::function::FnOnce<()>>::call_once::hf79cff2a624d8cf7
[INFO] [stdout]                                at /rustc/6067b36314ab5eb2eb47cecc464545ba58e1ad24/library/core/src/panic/unwind_safe.rs:272:9
[INFO] [stdout]   27:     0x64cbd227ef23 - std::panicking::try::do_call::h3da0561d9ab99c25
[INFO] [stdout]                                at /rustc/6067b36314ab5eb2eb47cecc464545ba58e1ad24/library/std/src/panicking.rs:587:40
[INFO] [stdout]   28:     0x64cbd227ef23 - std::panicking::try::h41c9fa508bc61df6
[INFO] [stdout]                                at /rustc/6067b36314ab5eb2eb47cecc464545ba58e1ad24/library/std/src/panicking.rs:550:19
[INFO] [stdout]   29:     0x64cbd227ef23 - std::panic::catch_unwind::h6b3ff07bb5afad93
[INFO] [stdout]                                at /rustc/6067b36314ab5eb2eb47cecc464545ba58e1ad24/library/std/src/panic.rs:358:14
[INFO] [stdout]   30:     0x64cbd227ef23 - test::run_test_in_process::hc7253dd11b39b9f4
[INFO] [stdout]                                at /rustc/6067b36314ab5eb2eb47cecc464545ba58e1ad24/library/test/src/lib.rs:655:27
[INFO] [stdout]   31:     0x64cbd227ef23 - test::run_test::{{closure}}::hfb2007f8649c30bb
[INFO] [stdout]                                at /rustc/6067b36314ab5eb2eb47cecc464545ba58e1ad24/library/test/src/lib.rs:576:43
[INFO] [stdout]   32:     0x64cbd2242005 - test::run_test::{{closure}}::h56a17aa7a282a9f4
[INFO] [stdout]                                at /rustc/6067b36314ab5eb2eb47cecc464545ba58e1ad24/library/test/src/lib.rs:606:41
[INFO] [stdout]   33:     0x64cbd2242005 - std::sys::backtrace::__rust_begin_short_backtrace::hd2d2d2fb8e8c6aac
[INFO] [stdout]                                at /rustc/6067b36314ab5eb2eb47cecc464545ba58e1ad24/library/std/src/sys/backtrace.rs:152:18
[INFO] [stdout]   34:     0x64cbd22458ea - std::thread::Builder::spawn_unchecked_::{{closure}}::{{closure}}::h4faa3f9db6133423
[INFO] [stdout]                                at /rustc/6067b36314ab5eb2eb47cecc464545ba58e1ad24/library/std/src/thread/mod.rs:559:17
[INFO] [stdout]   35:     0x64cbd22458ea - <core::panic::unwind_safe::AssertUnwindSafe<F> as core::ops::function::FnOnce<()>>::call_once::hf2e855a36a4ea846
[INFO] [stdout]                                at /rustc/6067b36314ab5eb2eb47cecc464545ba58e1ad24/library/core/src/panic/unwind_safe.rs:272:9
[INFO] [stdout]   36:     0x64cbd22458ea - std::panicking::try::do_call::h2f73af3616c35465
[INFO] [stdout]                                at /rustc/6067b36314ab5eb2eb47cecc464545ba58e1ad24/library/std/src/panicking.rs:587:40
[INFO] [stdout]   37:     0x64cbd22458ea - std::panicking::try::hd1660ce9efadef5a
[INFO] [stdout]                                at /rustc/6067b36314ab5eb2eb47cecc464545ba58e1ad24/library/std/src/panicking.rs:550:19
[INFO] [stdout]   38:     0x64cbd22458ea - std::panic::catch_unwind::h5ee8d7823b8ca744
[INFO] [stdout]                                at /rustc/6067b36314ab5eb2eb47cecc464545ba58e1ad24/library/std/src/panic.rs:358:14
[INFO] [stdout]   39:     0x64cbd22458ea - std::thread::Builder::spawn_unchecked_::{{closure}}::h53c3a1894dce8407
[INFO] [stdout]                                at /rustc/6067b36314ab5eb2eb47cecc464545ba58e1ad24/library/std/src/thread/mod.rs:557:30
[INFO] [stdout]   40:     0x64cbd22458ea - core::ops::function::FnOnce::call_once{{vtable.shim}}::h048ce291ad4f62bf
[INFO] [stdout]                                at /rustc/6067b36314ab5eb2eb47cecc464545ba58e1ad24/library/core/src/ops/function.rs:250:5
[INFO] [stdout]   41:     0x64cbd237a2eb - <alloc::boxed::Box<F,A> as core::ops::function::FnOnce<Args>>::call_once::ha52bedf99a3b4981
[INFO] [stdout]                                at /rustc/6067b36314ab5eb2eb47cecc464545ba58e1ad24/library/alloc/src/boxed.rs:2013:9
[INFO] [stdout]   42:     0x64cbd237a2eb - <alloc::boxed::Box<F,A> as core::ops::function::FnOnce<Args>>::call_once::h567748934d80ccf8
[INFO] [stdout]                                at /rustc/6067b36314ab5eb2eb47cecc464545ba58e1ad24/library/alloc/src/boxed.rs:2013:9
[INFO] [stdout]   43:     0x64cbd237a2eb - std::sys::pal::unix::thread::Thread::new::thread_start::h2d970728ae887adc
[INFO] [stdout]                                at /rustc/6067b36314ab5eb2eb47cecc464545ba58e1ad24/library/std/src/sys/pal/unix/thread.rs:106:17
[INFO] [stdout]   44:     0x7668a7a14ac3 - <unknown>
[INFO] [stdout]   45:     0x7668a7aa5a04 - clone
[INFO] [stdout]   46:                0x0 - <unknown>
[INFO] [stdout] 
[INFO] [stdout] ---- tests::test_main__064 stdout ----
[INFO] [stdout] 
[INFO] [stdout] thread 'tests::test_main__064' panicked at src/main.rs:55:19:
[INFO] [stdout] File error: Read-only file system (os error 30)
[INFO] [stdout] stack backtrace:
[INFO] [stdout]    0:     0x64cbd237448a - std::backtrace_rs::backtrace::libunwind::trace::hb059275cfc8d6126
[INFO] [stdout]                                at /rustc/6067b36314ab5eb2eb47cecc464545ba58e1ad24/library/std/src/../../backtrace/src/backtrace/libunwind.rs:116:5
[INFO] [stdout]    1:     0x64cbd237448a - std::backtrace_rs::backtrace::trace_unsynchronized::h2da071e4327ce3ee
[INFO] [stdout]                                at /rustc/6067b36314ab5eb2eb47cecc464545ba58e1ad24/library/std/src/../../backtrace/src/backtrace/mod.rs:66:5
[INFO] [stdout]    2:     0x64cbd237448a - std::sys::backtrace::_print_fmt::h842a1474e6f8d23f
[INFO] [stdout]                                at /rustc/6067b36314ab5eb2eb47cecc464545ba58e1ad24/library/std/src/sys/backtrace.rs:66:9
[INFO] [stdout]    3:     0x64cbd237448a - <std::sys::backtrace::BacktraceLock::print::DisplayBacktrace as core::fmt::Display>::fmt::h71a62eb3b9696b12
[INFO] [stdout]                                at /rustc/6067b36314ab5eb2eb47cecc464545ba58e1ad24/library/std/src/sys/backtrace.rs:39:26
[INFO] [stdout]    4:     0x64cbd239cf83 - core::fmt::rt::Argument::fmt::hdb6b616786b41dc1
[INFO] [stdout]                                at /rustc/6067b36314ab5eb2eb47cecc464545ba58e1ad24/library/core/src/fmt/rt.rs:177:76
[INFO] [stdout]    5:     0x64cbd239cf83 - core::fmt::write::h2cc1698af7e2d686
[INFO] [stdout]                                at /rustc/6067b36314ab5eb2eb47cecc464545ba58e1ad24/library/core/src/fmt/mod.rs:1440:21
[INFO] [stdout]    6:     0x64cbd2370f03 - std::io::Write::write_fmt::hab1b4cd059a79022
[INFO] [stdout]                                at /rustc/6067b36314ab5eb2eb47cecc464545ba58e1ad24/library/std/src/io/mod.rs:1887:15
[INFO] [stdout]    7:     0x64cbd23742d2 - std::sys::backtrace::BacktraceLock::print::h147fe35b4ea13b08
[INFO] [stdout]                                at /rustc/6067b36314ab5eb2eb47cecc464545ba58e1ad24/library/std/src/sys/backtrace.rs:42:9
[INFO] [stdout]    8:     0x64cbd23758af - std::panicking::default_hook::{{closure}}::hbd44223dbdc0d208
[INFO] [stdout]                                at /rustc/6067b36314ab5eb2eb47cecc464545ba58e1ad24/library/std/src/panicking.rs:298:22
[INFO] [stdout]    9:     0x64cbd23756c8 - std::panicking::default_hook::h20f81eb0576efcec
[INFO] [stdout]                                at /rustc/6067b36314ab5eb2eb47cecc464545ba58e1ad24/library/std/src/panicking.rs:322:9
[INFO] [stdout]   10:     0x64cbd227a893 - <alloc::boxed::Box<F,A> as core::ops::function::Fn<Args>>::call::hdb53814c496a4d34
[INFO] [stdout]                                at /rustc/6067b36314ab5eb2eb47cecc464545ba58e1ad24/library/alloc/src/boxed.rs:2027:9
[INFO] [stdout]   11:     0x64cbd227a893 - test::test_main::{{closure}}::hc0a4963c59427c24
[INFO] [stdout]                                at /rustc/6067b36314ab5eb2eb47cecc464545ba58e1ad24/library/test/src/lib.rs:134:21
[INFO] [stdout]   12:     0x64cbd23763a3 - <alloc::boxed::Box<F,A> as core::ops::function::Fn<Args>>::call::h591b2225413a77e9
[INFO] [stdout]                                at /rustc/6067b36314ab5eb2eb47cecc464545ba58e1ad24/library/alloc/src/boxed.rs:2027:9
[INFO] [stdout]   13:     0x64cbd23763a3 - std::panicking::rust_panic_with_hook::h625eea43051b2edc
[INFO] [stdout]                                at /rustc/6067b36314ab5eb2eb47cecc464545ba58e1ad24/library/std/src/panicking.rs:839:13
[INFO] [stdout]   14:     0x64cbd237605a - std::panicking::begin_panic_handler::{{closure}}::h4f9159cfbc3f6bd3
[INFO] [stdout]                                at /rustc/6067b36314ab5eb2eb47cecc464545ba58e1ad24/library/std/src/panicking.rs:704:13
[INFO] [stdout]   15:     0x64cbd2374989 - std::sys::backtrace::__rust_end_short_backtrace::h0390abce48353151
[INFO] [stdout]                                at /rustc/6067b36314ab5eb2eb47cecc464545ba58e1ad24/library/std/src/sys/backtrace.rs:168:18
[INFO] [stdout]   16:     0x64cbd2375ced - rust_begin_unwind
[INFO] [stdout]                                at /rustc/6067b36314ab5eb2eb47cecc464545ba58e1ad24/library/std/src/panicking.rs:695:5
[INFO] [stdout]   17:     0x64cbd239b5b0 - core::panicking::panic_fmt::h9e7c637e9e5f29c9
[INFO] [stdout]                                at /rustc/6067b36314ab5eb2eb47cecc464545ba58e1ad24/library/core/src/panicking.rs:75:14
[INFO] [stdout]   18:     0x64cbd22404d7 - complex::main::h6466af5d6e9d97ed
[INFO] [stdout]                                at /opt/rustwide/workdir/src/main.rs:55:19
[INFO] [stdout]   19:     0x64cbd223acb6 - complex::tests::test_main__064::hdc93b69eade4e0f9
[INFO] [stdout]                                at /opt/rustwide/workdir/src/main.rs:66:9
[INFO] [stdout]   20:     0x64cbd223ac97 - complex::tests::test_main__064::{{closure}}::h58c2308c21aaba5a
[INFO] [stdout]                                at /opt/rustwide/workdir/src/main.rs:65:24
[INFO] [stdout]   21:     0x64cbd223b576 - core::ops::function::FnOnce::call_once::h3a30ea2669ababaf
[INFO] [stdout]                                at /rustc/6067b36314ab5eb2eb47cecc464545ba58e1ad24/library/core/src/ops/function.rs:250:5
[INFO] [stdout]   22:     0x64cbd227ffeb - core::ops::function::FnOnce::call_once::he27718dfdd183f43
[INFO] [stdout]                                at /rustc/6067b36314ab5eb2eb47cecc464545ba58e1ad24/library/core/src/ops/function.rs:250:5
[INFO] [stdout]   23:     0x64cbd227ffeb - test::__rust_begin_short_backtrace::h4e84902998457a5d
[INFO] [stdout]                                at /rustc/6067b36314ab5eb2eb47cecc464545ba58e1ad24/library/test/src/lib.rs:632:18
[INFO] [stdout]   24:     0x64cbd227ef23 - test::run_test_in_process::{{closure}}::h7176fd18fc1feca0
[INFO] [stdout]                                at /rustc/6067b36314ab5eb2eb47cecc464545ba58e1ad24/library/test/src/lib.rs:655:60
[INFO] [stdout]   25:     0x64cbd227ef23 - <core::panic::unwind_safe::AssertUnwindSafe<F> as core::ops::function::FnOnce<()>>::call_once::hf79cff2a624d8cf7
[INFO] [stdout]                                at /rustc/6067b36314ab5eb2eb47cecc464545ba58e1ad24/library/core/src/panic/unwind_safe.rs:272:9
[INFO] [stdout]   26:     0x64cbd227ef23 - std::panicking::try::do_call::h3da0561d9ab99c25
[INFO] [stdout]                                at /rustc/6067b36314ab5eb2eb47cecc464545ba58e1ad24/library/std/src/panicking.rs:587:40
[INFO] [stdout]   27:     0x64cbd227ef23 - std::panicking::try::h41c9fa508bc61df6
[INFO] [stdout]                                at /rustc/6067b36314ab5eb2eb47cecc464545ba58e1ad24/library/std/src/panicking.rs:550:19
[INFO] [stdout]   28:     0x64cbd227ef23 - std::panic::catch_unwind::h6b3ff07bb5afad93
[INFO] [stdout]                                at /rustc/6067b36314ab5eb2eb47cecc464545ba58e1ad24/library/std/src/panic.rs:358:14
[INFO] [stdout]   29:     0x64cbd227ef23 - test::run_test_in_process::hc7253dd11b39b9f4
[INFO] [stdout]                                at /rustc/6067b36314ab5eb2eb47cecc464545ba58e1ad24/library/test/src/lib.rs:655:27
[INFO] [stdout]   30:     0x64cbd227ef23 - test::run_test::{{closure}}::hfb2007f8649c30bb
[INFO] [stdout]                                at /rustc/6067b36314ab5eb2eb47cecc464545ba58e1ad24/library/test/src/lib.rs:576:43
[INFO] [stdout]   31:     0x64cbd2242005 - test::run_test::{{closure}}::h56a17aa7a282a9f4
[INFO] [stdout]                                at /rustc/6067b36314ab5eb2eb47cecc464545ba58e1ad24/library/test/src/lib.rs:606:41
[INFO] [stdout]   32:     0x64cbd2242005 - std::sys::backtrace::__rust_begin_short_backtrace::hd2d2d2fb8e8c6aac
[INFO] [stdout]                                at /rustc/6067b36314ab5eb2eb47cecc464545ba58e1ad24/library/std/src/sys/backtrace.rs:152:18
[INFO] [stdout]   33:     0x64cbd22458ea - std::thread::Builder::spawn_unchecked_::{{closure}}::{{closure}}::h4faa3f9db6133423
[INFO] [stdout]                                at /rustc/6067b36314ab5eb2eb47cecc464545ba58e1ad24/library/std/src/thread/mod.rs:559:17
[INFO] [stdout]   34:     0x64cbd22458ea - <core::panic::unwind_safe::AssertUnwindSafe<F> as core::ops::function::FnOnce<()>>::call_once::hf2e855a36a4ea846
[INFO] [stdout]                                at /rustc/6067b36314ab5eb2eb47cecc464545ba58e1ad24/library/core/src/panic/unwind_safe.rs:272:9
[INFO] [stdout]   35:     0x64cbd22458ea - std::panicking::try::do_call::h2f73af3616c35465
[INFO] [stdout]                                at /rustc/6067b36314ab5eb2eb47cecc464545ba58e1ad24/library/std/src/panicking.rs:587:40
[INFO] [stdout]   36:     0x64cbd22458ea - std::panicking::try::hd1660ce9efadef5a
[INFO] [stdout]                                at /rustc/6067b36314ab5eb2eb47cecc464545ba58e1ad24/library/std/src/panicking.rs:550:19
[INFO] [stdout]   37:     0x64cbd22458ea - std::panic::catch_unwind::h5ee8d7823b8ca744
[INFO] [stdout]                                at /rustc/6067b36314ab5eb2eb47cecc464545ba58e1ad24/library/std/src/panic.rs:358:14
[INFO] [stdout]   38:     0x64cbd22458ea - std::thread::Builder::spawn_unchecked_::{{closure}}::h53c3a1894dce8407
[INFO] [stdout]                                at /rustc/6067b36314ab5eb2eb47cecc464545ba58e1ad24/library/std/src/thread/mod.rs:557:30
[INFO] [stdout]   39:     0x64cbd22458ea - core::ops::function::FnOnce::call_once{{vtable.shim}}::h048ce291ad4f62bf
[INFO] [stdout]                                at /rustc/6067b36314ab5eb2eb47cecc464545ba58e1ad24/library/core/src/ops/function.rs:250:5
[INFO] [stdout]   40:     0x64cbd237a2eb - <alloc::boxed::Box<F,A> as core::ops::function::FnOnce<Args>>::call_once::ha52bedf99a3b4981
[INFO] [stdout]                                at /rustc/6067b36314ab5eb2eb47cecc464545ba58e1ad24/library/alloc/src/boxed.rs:2013:9
[INFO] [stdout]   41:     0x64cbd237a2eb - <alloc::boxed::Box<F,A> as core::ops::function::FnOnce<Args>>::call_once::h567748934d80ccf8
[INFO] [stdout]                                at /rustc/6067b36314ab5eb2eb47cecc464545ba58e1ad24/library/alloc/src/boxed.rs:2013:9
[INFO] [stdout]   42:     0x64cbd237a2eb - std::sys::pal::unix::thread::Thread::new::thread_start::h2d970728ae887adc
[INFO] [stdout]                                at /rustc/6067b36314ab5eb2eb47cecc464545ba58e1ad24/library/std/src/sys/pal/unix/thread.rs:106:17
[INFO] [stdout]   43:     0x7668a7a14ac3 - <unknown>
[INFO] [stdout]   44:     0x7668a7aa5a04 - clone
[INFO] [stdout]   45:                0x0 - <unknown>
[INFO] [stdout] 
[INFO] [stdout] 
[INFO] [stdout] failures:
[INFO] [stdout]     actions::tests::test_add_number_action__037__038__039__040__041__042
[INFO] [stdout]     command::tests::test_read_command_from_stdin__063
[INFO] [stdout]     repl::tests::test_root__077
[INFO] [stdout]     tests::test_main__064
[INFO] [stdout] 
[INFO] [stdout] test result: FAILED. 49 passed; 4 failed; 0 ignored; 0 measured; 0 filtered out; finished in 0.09s
[INFO] [stdout] 
[INFO] [stderr] error: test failed, to rerun pass `--bin complex`
[INFO] running `Command { std: "docker" "inspect" "89d3b0a6b56b19db3e479d8770ae6edf437ac7efa700f2db40613b3ece0c1a66", kill_on_drop: false }`
[INFO] running `Command { std: "docker" "rm" "-f" "89d3b0a6b56b19db3e479d8770ae6edf437ac7efa700f2db40613b3ece0c1a66", kill_on_drop: false }`
[INFO] [stdout] 89d3b0a6b56b19db3e479d8770ae6edf437ac7efa700f2db40613b3ece0c1a66
