[INFO] cloning repository https://github.com/Kodylow/ecash-course
[INFO] running `Command { std: "git" "-c" "credential.helper=" "-c" "credential.helper=/workspace/cargo-home/bin/git-credential-null" "clone" "--bare" "https://github.com/Kodylow/ecash-course" "/workspace/cache/git-repos/https%3A%2F%2Fgithub.com%2FKodylow%2Fecash-course", kill_on_drop: false }`
[INFO] [stderr] Cloning into bare repository '/workspace/cache/git-repos/https%3A%2F%2Fgithub.com%2FKodylow%2Fecash-course'...
[INFO] running `Command { std: "git" "rev-parse" "HEAD", kill_on_drop: false }`
[INFO] [stdout] 54fd74a5ee528d4b14fc36ae725f0d157914721d
[INFO] testing Kodylow/ecash-course/54fd74a5ee528d4b14fc36ae725f0d157914721d against nightly-2025-01-18 for randomize-layout-2
[INFO] running `Command { std: "git" "clone" "/workspace/cache/git-repos/https%3A%2F%2Fgithub.com%2FKodylow%2Fecash-course" "/workspace/builds/worker-3-tc1/source", kill_on_drop: false }`
[INFO] [stderr] Cloning into '/workspace/builds/worker-3-tc1/source'...
[INFO] [stderr] done.
[INFO] validating manifest of git repo https://github.com/Kodylow/ecash-course on toolchain nightly-2025-01-18
[INFO] running `Command { std: CARGO_HOME="/workspace/cargo-home" RUSTUP_HOME="/workspace/rustup-home" "/workspace/cargo-home/bin/cargo" "+nightly-2025-01-18" "metadata" "--manifest-path" "Cargo.toml" "--no-deps", kill_on_drop: false }`
[INFO] removed /workspace/builds/worker-3-tc1/source/.cargo/config.toml
[INFO] started tweaking git repo https://github.com/Kodylow/ecash-course
[INFO] finished tweaking git repo https://github.com/Kodylow/ecash-course
[INFO] tweaked toml for git repo https://github.com/Kodylow/ecash-course written to /workspace/builds/worker-3-tc1/source/Cargo.toml
[INFO] crate git repo https://github.com/Kodylow/ecash-course already has a lockfile, it will not be regenerated
[INFO] running `Command { std: CARGO_HOME="/workspace/cargo-home" RUSTUP_HOME="/workspace/rustup-home" "/workspace/cargo-home/bin/cargo" "+nightly-2025-01-18" "fetch" "--manifest-path" "Cargo.toml", kill_on_drop: false }`
[INFO] running `Command { std: "docker" "create" "-v" "/var/lib/crater-agent-workspace/builds/worker-3-tc1/target:/opt/rustwide/target:rw,Z" "-v" "/var/lib/crater-agent-workspace/builds/worker-3-tc1/source:/opt/rustwide/workdir:ro,Z" "-v" "/var/lib/crater-agent-workspace/cargo-home:/opt/rustwide/cargo-home:ro,Z" "-v" "/var/lib/crater-agent-workspace/rustup-home:/opt/rustwide/rustup-home:ro,Z" "-e" "SOURCE_DIR=/opt/rustwide/workdir" "-e" "CARGO_TARGET_DIR=/opt/rustwide/target" "-e" "CARGO_HOME=/opt/rustwide/cargo-home" "-e" "RUSTUP_HOME=/opt/rustwide/rustup-home" "-w" "/opt/rustwide/workdir" "-m" "1610612736" "--user" "0:0" "--network" "none" "ghcr.io/rust-lang/crates-build-env/linux@sha256:819108c5571ea2e421544af4d832f968d213c87fbe3707a016657f43d2f853bc" "/opt/rustwide/cargo-home/bin/cargo" "+nightly-2025-01-18" "metadata" "--no-deps" "--format-version=1", kill_on_drop: false }`
[INFO] [stdout] b68a516f7b783ae3fd6b939514aa5dee5665abced805a43c970c888f896f1704
[INFO] running `Command { std: "docker" "start" "-a" "b68a516f7b783ae3fd6b939514aa5dee5665abced805a43c970c888f896f1704", kill_on_drop: false }`
[INFO] running `Command { std: "docker" "inspect" "b68a516f7b783ae3fd6b939514aa5dee5665abced805a43c970c888f896f1704", kill_on_drop: false }`
[INFO] running `Command { std: "docker" "rm" "-f" "b68a516f7b783ae3fd6b939514aa5dee5665abced805a43c970c888f896f1704", kill_on_drop: false }`
[INFO] [stdout] b68a516f7b783ae3fd6b939514aa5dee5665abced805a43c970c888f896f1704
[INFO] running `Command { std: "docker" "create" "-v" "/var/lib/crater-agent-workspace/builds/worker-3-tc1/target:/opt/rustwide/target:rw,Z" "-v" "/var/lib/crater-agent-workspace/builds/worker-3-tc1/source:/opt/rustwide/workdir:ro,Z" "-v" "/var/lib/crater-agent-workspace/cargo-home:/opt/rustwide/cargo-home:ro,Z" "-v" "/var/lib/crater-agent-workspace/rustup-home:/opt/rustwide/rustup-home:ro,Z" "-e" "SOURCE_DIR=/opt/rustwide/workdir" "-e" "CARGO_TARGET_DIR=/opt/rustwide/target" "-e" "CARGO_INCREMENTAL=0" "-e" "RUST_BACKTRACE=full" "-e" "RUSTFLAGS=--cap-lints=forbid" "-e" "RUSTDOCFLAGS=--cap-lints=forbid" "-e" "CARGO_HOME=/opt/rustwide/cargo-home" "-e" "RUSTUP_HOME=/opt/rustwide/rustup-home" "-w" "/opt/rustwide/workdir" "-m" "1610612736" "--user" "0:0" "--network" "none" "ghcr.io/rust-lang/crates-build-env/linux@sha256:819108c5571ea2e421544af4d832f968d213c87fbe3707a016657f43d2f853bc" "/opt/rustwide/cargo-home/bin/cargo" "+nightly-2025-01-18" "build" "--frozen" "--message-format=json", kill_on_drop: false }`
[INFO] [stdout] c21a614563c58970695f570251f0eb568490d0495d876bf079f9abb7a2b3da63
[INFO] running `Command { std: "docker" "start" "-a" "c21a614563c58970695f570251f0eb568490d0495d876bf079f9abb7a2b3da63", kill_on_drop: false }`
[INFO] [stderr]    Compiling libc v0.2.155
[INFO] [stderr]    Compiling cc v1.0.100
[INFO] [stderr]    Compiling http v1.1.0
[INFO] [stderr]    Compiling typenum v1.17.0
[INFO] [stderr]    Compiling memchr v2.7.4
[INFO] [stderr]    Compiling version_check v0.9.4
[INFO] [stderr]    Compiling proc-macro2 v1.0.86
[INFO] [stderr]    Compiling futures-channel v0.3.30
[INFO] [stderr]    Compiling tower-layer v0.3.2
[INFO] [stderr]    Compiling crunchy v0.2.2
[INFO] [stderr]    Compiling ppv-lite86 v0.2.17
[INFO] [stderr]    Compiling serde v1.0.203
[INFO] [stderr]    Compiling byteorder v1.5.0
[INFO] [stderr]    Compiling static_assertions v1.1.0
[INFO] [stderr]    Compiling rustc-hex v2.1.0
[INFO] [stderr]    Compiling rustls-pki-types v1.7.0
[INFO] [stderr]    Compiling hex v0.4.3
[INFO] [stderr]    Compiling url v2.5.2
[INFO] [stderr]    Compiling cpufeatures v0.2.12
[INFO] [stderr]    Compiling sync_wrapper v1.0.1
[INFO] [stderr]    Compiling generic-array v0.14.7
[INFO] [stderr]    Compiling uint v0.9.5
[INFO] [stderr]    Compiling rustls-pemfile v2.1.2
[INFO] [stderr]    Compiling futures-util v0.3.30
[INFO] [stderr]    Compiling quote v1.0.36
[INFO] [stderr]    Compiling syn v2.0.68
[INFO] [stderr]    Compiling openssl-sys v0.9.102
[INFO] [stderr]    Compiling secp256k1-sys v0.10.0
[INFO] [stderr]    Compiling http-body v1.0.0
[INFO] [stderr]    Compiling mio v0.8.11
[INFO] [stderr]    Compiling socket2 v0.5.7
[INFO] [stderr]    Compiling getrandom v0.2.15
[INFO] [stderr]    Compiling rand_core v0.6.4
[INFO] [stderr]    Compiling openssl v0.10.64
[INFO] [stderr]    Compiling native-tls v0.2.12
[INFO] [stderr]    Compiling rand_chacha v0.3.1
[INFO] [stderr]    Compiling tokio v1.38.0
[INFO] [stderr]    Compiling rand v0.8.5
[INFO] [stderr]    Compiling block-buffer v0.10.4
[INFO] [stderr]    Compiling crypto-common v0.1.6
[INFO] [stderr]    Compiling digest v0.10.7
[INFO] [stderr]    Compiling sha2 v0.10.8
[INFO] [stderr]    Compiling fixed-hash v0.8.0
[INFO] [stderr]    Compiling primitive-types v0.12.2
[INFO] [stderr]    Compiling http-body-util v0.1.2
[INFO] [stderr]    Compiling serde_urlencoded v0.7.1
[INFO] [stderr]    Compiling pin-project-internal v1.1.5
[INFO] [stderr]    Compiling openssl-macros v0.1.1
[INFO] [stderr]    Compiling secp256k1 v0.29.0
[INFO] [stderr]    Compiling pin-project v1.1.5
[INFO] [stderr]    Compiling tokio-util v0.7.11
[INFO] [stderr]    Compiling tower v0.4.13
[INFO] [stderr]    Compiling h2 v0.4.5
[INFO] [stderr]    Compiling tokio-native-tls v0.3.1
[INFO] [stderr]    Compiling hyper v1.3.1
[INFO] [stderr]    Compiling hyper-util v0.1.5
[INFO] [stderr]    Compiling hyper-tls v0.6.0
[INFO] [stderr]    Compiling reqwest v0.12.5
[INFO] [stderr]    Compiling cryptos_rs v0.1.0 (/opt/rustwide/workdir/projects/00-cryptos-rs)
[INFO] [stdout] warning: unused imports: `Mul` and `Rem`
[INFO] [stdout]  --> projects/00-cryptos-rs/src/keys.rs:1:16
[INFO] [stdout]   |
[INFO] [stdout] 1 | use std::ops::{Mul, Rem};
[INFO] [stdout]   |                ^^^  ^^^
[INFO] [stdout]   |
[INFO] [stdout]   = note: `#[warn(unused_imports)]` on by default
[INFO] [stdout] 
[INFO] [stdout] 
[INFO] [stdout] warning: unused import: `crate::ripemd160::ripemd160`
[INFO] [stdout]  --> projects/00-cryptos-rs/src/keys.rs:7:5
[INFO] [stdout]   |
[INFO] [stdout] 7 | use crate::ripemd160::ripemd160;
[INFO] [stdout]   |     ^^^^^^^^^^^^^^^^^^^^^^^^^^^
[INFO] [stdout] 
[INFO] [stdout] 
[INFO] [stdout] warning: unused import: `Sub`
[INFO] [stdout]  --> projects/00-cryptos-rs/src/ru256.rs:1:36
[INFO] [stdout]   |
[INFO] [stdout] 1 | use std::ops::{Add, Mul, Neg, Rem, Sub};
[INFO] [stdout]   |                                    ^^^
[INFO] [stdout] 
[INFO] [stdout] 
[INFO] [stdout] warning: unused import: `primitive_types::U256`
[INFO] [stdout]  --> projects/00-cryptos-rs/src/secp256k1.rs:7:5
[INFO] [stdout]   |
[INFO] [stdout] 7 | use primitive_types::U256;
[INFO] [stdout]   |     ^^^^^^^^^^^^^^^^^^^^^
[INFO] [stdout] 
[INFO] [stdout] 
[INFO] [stdout] warning: unused imports: `Secp256k1` and `SecretKey`
[INFO] [stdout]  --> projects/00-cryptos-rs/src/secp256k1.rs:8:28
[INFO] [stdout]   |
[INFO] [stdout] 8 | use secp256k1::{PublicKey, Secp256k1, SecretKey};
[INFO] [stdout]   |                            ^^^^^^^^^  ^^^^^^^^^
[INFO] [stdout] 
[INFO] [stdout] 
[INFO] [stdout] warning: unused import: `crate::bitcoin::BITCOIN`
[INFO] [stdout]  --> projects/00-cryptos-rs/src/transaction.rs:4:5
[INFO] [stdout]   |
[INFO] [stdout] 4 | use crate::bitcoin::BITCOIN;
[INFO] [stdout]   |     ^^^^^^^^^^^^^^^^^^^^^^^
[INFO] [stdout] 
[INFO] [stdout] 
[INFO] [stdout] warning: unused variable: `p`
[INFO] [stdout]   --> projects/00-cryptos-rs/src/bitcoin.rs:20:9
[INFO] [stdout]    |
[INFO] [stdout] 20 |     let p = SECP256K1::p();
[INFO] [stdout]    |         ^ help: if this is intentional, prefix it with an underscore: `_p`
[INFO] [stdout]    |
[INFO] [stdout]    = note: `#[warn(unused_variables)]` on by default
[INFO] [stdout] 
[INFO] [stdout] 
[INFO] [stdout] warning: unused variable: `a`
[INFO] [stdout]   --> projects/00-cryptos-rs/src/bitcoin.rs:21:9
[INFO] [stdout]    |
[INFO] [stdout] 21 |     let a = RU256::zero();
[INFO] [stdout]    |         ^ help: if this is intentional, prefix it with an underscore: `_a`
[INFO] [stdout] 
[INFO] [stdout] 
[INFO] [stdout] warning: unused variable: `b`
[INFO] [stdout]   --> projects/00-cryptos-rs/src/bitcoin.rs:22:9
[INFO] [stdout]    |
[INFO] [stdout] 22 |     let b = RU256::from_u64(7);
[INFO] [stdout]    |         ^ help: if this is intentional, prefix it with an underscore: `_b`
[INFO] [stdout] 
[INFO] [stdout] 
[INFO] [stdout] warning: unused variable: `b`
[INFO] [stdout]   --> projects/00-cryptos-rs/src/keys.rs:44:19
[INFO] [stdout]    |
[INFO] [stdout] 44 |     pub fn decode(b: &[u8]) -> Point {
[INFO] [stdout]    |                   ^ help: if this is intentional, prefix it with an underscore: `_b`
[INFO] [stdout] 
[INFO] [stdout] 
[INFO] [stdout] warning: unused variable: `compressed`
[INFO] [stdout]   --> projects/00-cryptos-rs/src/keys.rs:48:26
[INFO] [stdout]    |
[INFO] [stdout] 48 |     pub fn encode(&self, compressed: bool, hash160: bool) -> Vec<u8> {
[INFO] [stdout]    |                          ^^^^^^^^^^ help: if this is intentional, prefix it with an underscore: `_compressed`
[INFO] [stdout] 
[INFO] [stdout] 
[INFO] [stdout] warning: unused variable: `hash160`
[INFO] [stdout]   --> projects/00-cryptos-rs/src/keys.rs:48:44
[INFO] [stdout]    |
[INFO] [stdout] 48 |     pub fn encode(&self, compressed: bool, hash160: bool) -> Vec<u8> {
[INFO] [stdout]    |                                            ^^^^^^^ help: if this is intentional, prefix it with an underscore: `_hash160`
[INFO] [stdout] 
[INFO] [stdout] 
[INFO] [stdout] warning: variable does not need to be mutable
[INFO] [stdout]    --> projects/00-cryptos-rs/src/secp256k1.rs:256:17
[INFO] [stdout]     |
[INFO] [stdout] 256 |             let mut adder = curve_point.clone();
[INFO] [stdout]     |                 ----^^^^^
[INFO] [stdout]     |                 |
[INFO] [stdout]     |                 help: remove this `mut`
[INFO] [stdout]     |
[INFO] [stdout]     = note: `#[warn(unused_mut)]` on by default
[INFO] [stdout] 
[INFO] [stdout] 
[INFO] [stdout] warning: unused variable: `script_override`
[INFO] [stdout]    --> projects/00-cryptos-rs/src/transaction.rs:167:26
[INFO] [stdout]     |
[INFO] [stdout] 167 |     pub fn encode(&self, script_override: Option<bool>) -> Vec<u8> {
[INFO] [stdout]     |                          ^^^^^^^^^^^^^^^ help: if this is intentional, prefix it with an underscore: `_script_override`
[INFO] [stdout] 
[INFO] [stdout] 
[INFO] [stdout] warning: static `GENESIS_BLOCK_MAIN` is never used
[INFO] [stdout]  --> projects/00-cryptos-rs/src/block.rs:8:8
[INFO] [stdout]   |
[INFO] [stdout] 8 | static GENESIS_BLOCK_MAIN: Lazy<Vec<u8>> = Lazy::new(|| {
[INFO] [stdout]   |        ^^^^^^^^^^^^^^^^^^
[INFO] [stdout]   |
[INFO] [stdout]   = note: `#[warn(dead_code)]` on by default
[INFO] [stdout] 
[INFO] [stdout] 
[INFO] [stdout] warning: static `GENESIS_BLOCK_TEST` is never used
[INFO] [stdout]   --> projects/00-cryptos-rs/src/block.rs:12:8
[INFO] [stdout]    |
[INFO] [stdout] 12 | static GENESIS_BLOCK_TEST: Lazy<Vec<u8>> = Lazy::new(|| {
[INFO] [stdout]    |        ^^^^^^^^^^^^^^^^^^
[INFO] [stdout] 
[INFO] [stdout] 
[INFO] [stdout] warning: function `decode_int` is never used
[INFO] [stdout]   --> projects/00-cryptos-rs/src/block.rs:15:4
[INFO] [stdout]    |
[INFO] [stdout] 15 | fn decode_int(s: &mut Cursor<&Vec<u8>>, nbytes: usize) -> u32 {
[INFO] [stdout]    |    ^^^^^^^^^^
[INFO] [stdout] 
[INFO] [stdout] 
[INFO] [stdout] warning: function `encode_int` is never used
[INFO] [stdout]   --> projects/00-cryptos-rs/src/block.rs:21:4
[INFO] [stdout]    |
[INFO] [stdout] 21 | fn encode_int(i: u32, nbytes: usize) -> Vec<u8> {
[INFO] [stdout]    |    ^^^^^^^^^^
[INFO] [stdout] 
[INFO] [stdout] 
[INFO] [stdout] warning: function `bits_to_target` is never used
[INFO] [stdout]   --> projects/00-cryptos-rs/src/block.rs:25:4
[INFO] [stdout]    |
[INFO] [stdout] 25 | fn bits_to_target(bits: &[u8]) -> U256 {
[INFO] [stdout]    |    ^^^^^^^^^^^^^^
[INFO] [stdout] 
[INFO] [stdout] 
[INFO] [stdout] warning: function `target_to_bits` is never used
[INFO] [stdout]   --> projects/00-cryptos-rs/src/block.rs:31:4
[INFO] [stdout]    |
[INFO] [stdout] 31 | fn target_to_bits(target: U256) -> Vec<u8> {
[INFO] [stdout]    |    ^^^^^^^^^^^^^^
[INFO] [stdout] 
[INFO] [stdout] 
[INFO] [stdout] warning: function `calculate_new_bits` is never used
[INFO] [stdout]   --> projects/00-cryptos-rs/src/block.rs:48:4
[INFO] [stdout]    |
[INFO] [stdout] 48 | fn calculate_new_bits(prev_bits: &[u8], dt: u32) -> Vec<u8> {
[INFO] [stdout]    |    ^^^^^^^^^^^^^^^^^^
[INFO] [stdout] 
[INFO] [stdout] 
[INFO] [stdout] warning: struct `Block` is never constructed
[INFO] [stdout]   --> projects/00-cryptos-rs/src/block.rs:69:8
[INFO] [stdout]    |
[INFO] [stdout] 69 | struct Block {
[INFO] [stdout]    |        ^^^^^
[INFO] [stdout] 
[INFO] [stdout] 
[INFO] [stdout] warning: associated items `decode`, `encode`, `id`, `target`, `difficulty`, and `validate` are never used
[INFO] [stdout]    --> projects/00-cryptos-rs/src/block.rs:79:8
[INFO] [stdout]     |
[INFO] [stdout] 78  | impl Block {
[INFO] [stdout]     | ---------- associated items in this implementation
[INFO] [stdout] 79  |     fn decode(s: &mut Cursor<&Vec<u8>>) -> Block {
[INFO] [stdout]     |        ^^^^^^
[INFO] [stdout] ...
[INFO] [stdout] 102 |     fn encode(&self) -> Vec<u8> {
[INFO] [stdout]     |        ^^^^^^
[INFO] [stdout] ...
[INFO] [stdout] 117 |     fn id(&self) -> String {
[INFO] [stdout]     |        ^^
[INFO] [stdout] ...
[INFO] [stdout] 123 |     fn target(&self) -> U256 {
[INFO] [stdout]     |        ^^^^^^
[INFO] [stdout] ...
[INFO] [stdout] 127 |     fn difficulty(&self) -> U256 {
[INFO] [stdout]     |        ^^^^^^^^^^
[INFO] [stdout] ...
[INFO] [stdout] 134 |     fn validate(&self) -> bool {
[INFO] [stdout]     |        ^^^^^^^^
[INFO] [stdout] 
[INFO] [stdout] 
[INFO] [stdout] warning: field `cache` is never read
[INFO] [stdout]   --> projects/00-cryptos-rs/src/transaction.rs:12:5
[INFO] [stdout]    |
[INFO] [stdout] 11 | pub struct TxFetcher {
[INFO] [stdout]    |            --------- field in this struct
[INFO] [stdout] 12 |     cache: HashMap<String, Tx>,
[INFO] [stdout]    |     ^^^^^
[INFO] [stdout] 
[INFO] [stdout] 
[INFO] [stdout] warning: structure field `G` should have a snake case name
[INFO] [stdout]   --> projects/00-cryptos-rs/src/bitcoin.rs:39:9
[INFO] [stdout]    |
[INFO] [stdout] 39 |     pub G: Point,
[INFO] [stdout]    |         ^ help: convert the identifier to snake case: `g`
[INFO] [stdout]    |
[INFO] [stdout]    = note: `#[warn(non_snake_case)]` on by default
[INFO] [stdout] 
[INFO] [stdout] 
[INFO] [stdout] warning: unused import: `std::str::FromStr`
[INFO] [stdout]  --> projects/00-cryptos-rs/src/main.rs:3:5
[INFO] [stdout]   |
[INFO] [stdout] 3 | use std::str::FromStr;
[INFO] [stdout]   |     ^^^^^^^^^^^^^^^^^
[INFO] [stdout]   |
[INFO] [stdout]   = note: `#[warn(unused_imports)]` on by default
[INFO] [stdout] 
[INFO] [stdout] 
[INFO] [stdout] warning: unused import: `SecretKey`
[INFO] [stdout]  --> projects/00-cryptos-rs/src/main.rs:6:39
[INFO] [stdout]   |
[INFO] [stdout] 6 | use secp256k1::{PublicKey, Secp256k1, SecretKey};
[INFO] [stdout]   |                                       ^^^^^^^^^
[INFO] [stdout] 
[INFO] [stdout] 
[INFO] [stdout] warning: unused variable: `secp`
[INFO] [stdout]   --> projects/00-cryptos-rs/src/main.rs:10:9
[INFO] [stdout]    |
[INFO] [stdout] 10 |     let secp = Secp256k1::new();
[INFO] [stdout]    |         ^^^^ help: if this is intentional, prefix it with an underscore: `_secp`
[INFO] [stdout]    |
[INFO] [stdout]    = note: `#[warn(unused_variables)]` on by default
[INFO] [stdout] 
[INFO] [stdout] 
[INFO] [stderr]     Finished `dev` profile [unoptimized + debuginfo] target(s) in 15.69s
[INFO] running `Command { std: "docker" "inspect" "c21a614563c58970695f570251f0eb568490d0495d876bf079f9abb7a2b3da63", kill_on_drop: false }`
[INFO] running `Command { std: "docker" "rm" "-f" "c21a614563c58970695f570251f0eb568490d0495d876bf079f9abb7a2b3da63", kill_on_drop: false }`
[INFO] [stdout] c21a614563c58970695f570251f0eb568490d0495d876bf079f9abb7a2b3da63
[INFO] running `Command { std: "docker" "create" "-v" "/var/lib/crater-agent-workspace/builds/worker-3-tc1/target:/opt/rustwide/target:rw,Z" "-v" "/var/lib/crater-agent-workspace/builds/worker-3-tc1/source:/opt/rustwide/workdir:ro,Z" "-v" "/var/lib/crater-agent-workspace/cargo-home:/opt/rustwide/cargo-home:ro,Z" "-v" "/var/lib/crater-agent-workspace/rustup-home:/opt/rustwide/rustup-home:ro,Z" "-e" "SOURCE_DIR=/opt/rustwide/workdir" "-e" "CARGO_TARGET_DIR=/opt/rustwide/target" "-e" "CARGO_INCREMENTAL=0" "-e" "RUST_BACKTRACE=full" "-e" "RUSTFLAGS=--cap-lints=forbid" "-e" "RUSTDOCFLAGS=--cap-lints=forbid" "-e" "CARGO_HOME=/opt/rustwide/cargo-home" "-e" "RUSTUP_HOME=/opt/rustwide/rustup-home" "-w" "/opt/rustwide/workdir" "-m" "1610612736" "--user" "0:0" "--network" "none" "ghcr.io/rust-lang/crates-build-env/linux@sha256:819108c5571ea2e421544af4d832f968d213c87fbe3707a016657f43d2f853bc" "/opt/rustwide/cargo-home/bin/cargo" "+nightly-2025-01-18" "test" "--frozen" "--no-run" "--message-format=json", kill_on_drop: false }`
[INFO] [stdout] 3a37cf0f6222d047b54436239cf224f87e93c5f3579c12127c0f87671d2c2f82
[INFO] running `Command { std: "docker" "start" "-a" "3a37cf0f6222d047b54436239cf224f87e93c5f3579c12127c0f87671d2c2f82", kill_on_drop: false }`
[INFO] [stdout] warning: unused imports: `Mul` and `Rem`
[INFO] [stdout]  --> projects/00-cryptos-rs/src/keys.rs:1:16
[INFO] [stdout]   |
[INFO] [stdout] 1 | use std::ops::{Mul, Rem};
[INFO] [stdout]   |                ^^^  ^^^
[INFO] [stdout]   |
[INFO] [stdout]   = note: `#[warn(unused_imports)]` on by default
[INFO] [stdout] 
[INFO] [stdout] 
[INFO] [stdout] warning: unused import: `crate::ripemd160::ripemd160`
[INFO] [stdout]  --> projects/00-cryptos-rs/src/keys.rs:7:5
[INFO] [stdout]   |
[INFO] [stdout] 7 | use crate::ripemd160::ripemd160;
[INFO] [stdout]   |     ^^^^^^^^^^^^^^^^^^^^^^^^^^^
[INFO] [stdout] 
[INFO] [stdout] 
[INFO] [stdout] warning: unused import: `Sub`
[INFO] [stdout]  --> projects/00-cryptos-rs/src/ru256.rs:1:36
[INFO] [stdout]   |
[INFO] [stdout] 1 | use std::ops::{Add, Mul, Neg, Rem, Sub};
[INFO] [stdout]   |                                    ^^^
[INFO] [stdout] 
[INFO] [stdout] 
[INFO] [stdout] warning: unused import: `primitive_types::U256`
[INFO] [stdout]  --> projects/00-cryptos-rs/src/secp256k1.rs:7:5
[INFO] [stdout]   |
[INFO] [stdout] 7 | use primitive_types::U256;
[INFO] [stdout]   |     ^^^^^^^^^^^^^^^^^^^^^
[INFO] [stdout] 
[INFO] [stdout] 
[INFO] [stdout] warning: unused imports: `Secp256k1` and `SecretKey`
[INFO] [stdout]  --> projects/00-cryptos-rs/src/secp256k1.rs:8:28
[INFO] [stdout]   |
[INFO] [stdout] 8 | use secp256k1::{PublicKey, Secp256k1, SecretKey};
[INFO] [stdout]   |                            ^^^^^^^^^  ^^^^^^^^^
[INFO] [stdout] 
[INFO] [stdout] 
[INFO] [stdout] warning: unused import: `crate::bitcoin::BITCOIN`
[INFO] [stdout]  --> projects/00-cryptos-rs/src/transaction.rs:4:5
[INFO] [stdout]   |
[INFO] [stdout] 4 | use crate::bitcoin::BITCOIN;
[INFO] [stdout]   |     ^^^^^^^^^^^^^^^^^^^^^^^
[INFO] [stdout] 
[INFO] [stdout] 
[INFO] [stdout] warning: unused variable: `p`
[INFO] [stdout]   --> projects/00-cryptos-rs/src/bitcoin.rs:20:9
[INFO] [stdout]    |
[INFO] [stdout] 20 |     let p = SECP256K1::p();
[INFO] [stdout]    |         ^ help: if this is intentional, prefix it with an underscore: `_p`
[INFO] [stdout]    |
[INFO] [stdout]    = note: `#[warn(unused_variables)]` on by default
[INFO] [stdout] 
[INFO] [stdout] 
[INFO] [stdout] warning: unused variable: `a`
[INFO] [stdout]   --> projects/00-cryptos-rs/src/bitcoin.rs:21:9
[INFO] [stdout]    |
[INFO] [stdout] 21 |     let a = RU256::zero();
[INFO] [stdout]    |         ^ help: if this is intentional, prefix it with an underscore: `_a`
[INFO] [stdout] 
[INFO] [stdout] 
[INFO] [stdout] warning: unused variable: `b`
[INFO] [stdout]   --> projects/00-cryptos-rs/src/bitcoin.rs:22:9
[INFO] [stdout]    |
[INFO] [stdout] 22 |     let b = RU256::from_u64(7);
[INFO] [stdout]    |         ^ help: if this is intentional, prefix it with an underscore: `_b`
[INFO] [stdout] 
[INFO] [stdout] 
[INFO] [stdout] warning: unused variable: `b`
[INFO] [stdout]   --> projects/00-cryptos-rs/src/keys.rs:44:19
[INFO] [stdout]    |
[INFO] [stdout] 44 |     pub fn decode(b: &[u8]) -> Point {
[INFO] [stdout]    |                   ^ help: if this is intentional, prefix it with an underscore: `_b`
[INFO] [stdout] 
[INFO] [stdout] 
[INFO] [stdout] warning: unused variable: `compressed`
[INFO] [stdout]   --> projects/00-cryptos-rs/src/keys.rs:48:26
[INFO] [stdout]    |
[INFO] [stdout] 48 |     pub fn encode(&self, compressed: bool, hash160: bool) -> Vec<u8> {
[INFO] [stdout]    |                          ^^^^^^^^^^ help: if this is intentional, prefix it with an underscore: `_compressed`
[INFO] [stdout] 
[INFO] [stdout] 
[INFO] [stderr]    Compiling cryptos_rs v0.1.0 (/opt/rustwide/workdir/projects/00-cryptos-rs)
[INFO] [stdout] warning: unused variable: `hash160`
[INFO] [stdout]   --> projects/00-cryptos-rs/src/keys.rs:48:44
[INFO] [stdout]    |
[INFO] [stdout] 48 |     pub fn encode(&self, compressed: bool, hash160: bool) -> Vec<u8> {
[INFO] [stdout]    |                                            ^^^^^^^ help: if this is intentional, prefix it with an underscore: `_hash160`
[INFO] [stdout] 
[INFO] [stdout] 
[INFO] [stdout] warning: variable does not need to be mutable
[INFO] [stdout]    --> projects/00-cryptos-rs/src/secp256k1.rs:256:17
[INFO] [stdout]     |
[INFO] [stdout] 256 |             let mut adder = curve_point.clone();
[INFO] [stdout]     |                 ----^^^^^
[INFO] [stdout]     |                 |
[INFO] [stdout]     |                 help: remove this `mut`
[INFO] [stdout]     |
[INFO] [stdout]     = note: `#[warn(unused_mut)]` on by default
[INFO] [stdout] 
[INFO] [stdout] 
[INFO] [stdout] warning: unused variable: `script_override`
[INFO] [stdout]    --> projects/00-cryptos-rs/src/transaction.rs:167:26
[INFO] [stdout]     |
[INFO] [stdout] 167 |     pub fn encode(&self, script_override: Option<bool>) -> Vec<u8> {
[INFO] [stdout]     |                          ^^^^^^^^^^^^^^^ help: if this is intentional, prefix it with an underscore: `_script_override`
[INFO] [stdout] 
[INFO] [stdout] 
[INFO] [stdout] warning: static `GENESIS_BLOCK_MAIN` is never used
[INFO] [stdout]  --> projects/00-cryptos-rs/src/block.rs:8:8
[INFO] [stdout]   |
[INFO] [stdout] 8 | static GENESIS_BLOCK_MAIN: Lazy<Vec<u8>> = Lazy::new(|| {
[INFO] [stdout]   |        ^^^^^^^^^^^^^^^^^^
[INFO] [stdout]   |
[INFO] [stdout]   = note: `#[warn(dead_code)]` on by default
[INFO] [stdout] 
[INFO] [stdout] 
[INFO] [stdout] warning: static `GENESIS_BLOCK_TEST` is never used
[INFO] [stdout]   --> projects/00-cryptos-rs/src/block.rs:12:8
[INFO] [stdout]    |
[INFO] [stdout] 12 | static GENESIS_BLOCK_TEST: Lazy<Vec<u8>> = Lazy::new(|| {
[INFO] [stdout]    |        ^^^^^^^^^^^^^^^^^^
[INFO] [stdout] 
[INFO] [stdout] 
[INFO] [stdout] warning: function `decode_int` is never used
[INFO] [stdout]   --> projects/00-cryptos-rs/src/block.rs:15:4
[INFO] [stdout]    |
[INFO] [stdout] 15 | fn decode_int(s: &mut Cursor<&Vec<u8>>, nbytes: usize) -> u32 {
[INFO] [stdout]    |    ^^^^^^^^^^
[INFO] [stdout] 
[INFO] [stdout] 
[INFO] [stdout] warning: function `encode_int` is never used
[INFO] [stdout]   --> projects/00-cryptos-rs/src/block.rs:21:4
[INFO] [stdout]    |
[INFO] [stdout] 21 | fn encode_int(i: u32, nbytes: usize) -> Vec<u8> {
[INFO] [stdout]    |    ^^^^^^^^^^
[INFO] [stdout] 
[INFO] [stdout] 
[INFO] [stdout] warning: function `bits_to_target` is never used
[INFO] [stdout]   --> projects/00-cryptos-rs/src/block.rs:25:4
[INFO] [stdout]    |
[INFO] [stdout] 25 | fn bits_to_target(bits: &[u8]) -> U256 {
[INFO] [stdout]    |    ^^^^^^^^^^^^^^
[INFO] [stdout] 
[INFO] [stdout] 
[INFO] [stdout] warning: function `target_to_bits` is never used
[INFO] [stdout]   --> projects/00-cryptos-rs/src/block.rs:31:4
[INFO] [stdout]    |
[INFO] [stdout] 31 | fn target_to_bits(target: U256) -> Vec<u8> {
[INFO] [stdout]    |    ^^^^^^^^^^^^^^
[INFO] [stdout] 
[INFO] [stdout] 
[INFO] [stdout] warning: function `calculate_new_bits` is never used
[INFO] [stdout]   --> projects/00-cryptos-rs/src/block.rs:48:4
[INFO] [stdout]    |
[INFO] [stdout] 48 | fn calculate_new_bits(prev_bits: &[u8], dt: u32) -> Vec<u8> {
[INFO] [stdout]    |    ^^^^^^^^^^^^^^^^^^
[INFO] [stdout] 
[INFO] [stdout] 
[INFO] [stdout] warning: struct `Block` is never constructed
[INFO] [stdout]   --> projects/00-cryptos-rs/src/block.rs:69:8
[INFO] [stdout]    |
[INFO] [stdout] 69 | struct Block {
[INFO] [stdout]    |        ^^^^^
[INFO] [stdout] 
[INFO] [stdout] 
[INFO] [stdout] warning: associated items `decode`, `encode`, `id`, `target`, `difficulty`, and `validate` are never used
[INFO] [stdout]    --> projects/00-cryptos-rs/src/block.rs:79:8
[INFO] [stdout]     |
[INFO] [stdout] 78  | impl Block {
[INFO] [stdout]     | ---------- associated items in this implementation
[INFO] [stdout] 79  |     fn decode(s: &mut Cursor<&Vec<u8>>) -> Block {
[INFO] [stdout]     |        ^^^^^^
[INFO] [stdout] ...
[INFO] [stdout] 102 |     fn encode(&self) -> Vec<u8> {
[INFO] [stdout]     |        ^^^^^^
[INFO] [stdout] ...
[INFO] [stdout] 117 |     fn id(&self) -> String {
[INFO] [stdout]     |        ^^
[INFO] [stdout] ...
[INFO] [stdout] 123 |     fn target(&self) -> U256 {
[INFO] [stdout]     |        ^^^^^^
[INFO] [stdout] ...
[INFO] [stdout] 127 |     fn difficulty(&self) -> U256 {
[INFO] [stdout]     |        ^^^^^^^^^^
[INFO] [stdout] ...
[INFO] [stdout] 134 |     fn validate(&self) -> bool {
[INFO] [stdout]     |        ^^^^^^^^
[INFO] [stdout] 
[INFO] [stdout] 
[INFO] [stdout] warning: field `cache` is never read
[INFO] [stdout]   --> projects/00-cryptos-rs/src/transaction.rs:12:5
[INFO] [stdout]    |
[INFO] [stdout] 11 | pub struct TxFetcher {
[INFO] [stdout]    |            --------- field in this struct
[INFO] [stdout] 12 |     cache: HashMap<String, Tx>,
[INFO] [stdout]    |     ^^^^^
[INFO] [stdout] 
[INFO] [stdout] 
[INFO] [stdout] warning: structure field `G` should have a snake case name
[INFO] [stdout]   --> projects/00-cryptos-rs/src/bitcoin.rs:39:9
[INFO] [stdout]    |
[INFO] [stdout] 39 |     pub G: Point,
[INFO] [stdout]    |         ^ help: convert the identifier to snake case: `g`
[INFO] [stdout]    |
[INFO] [stdout]    = note: `#[warn(non_snake_case)]` on by default
[INFO] [stdout] 
[INFO] [stdout] 
[INFO] [stdout] warning: unused import: `std::path::Path`
[INFO] [stdout]  --> projects/00-cryptos-rs/examples/verify_precomputes.rs:3:5
[INFO] [stdout]   |
[INFO] [stdout] 3 | use std::path::Path;
[INFO] [stdout]   |     ^^^^^^^^^^^^^^^
[INFO] [stdout]   |
[INFO] [stdout]   = note: `#[warn(unused_imports)]` on by default
[INFO] [stdout] 
[INFO] [stdout] 
[INFO] [stdout] warning: unused import: `std::str::FromStr`
[INFO] [stdout]  --> projects/00-cryptos-rs/src/main.rs:3:5
[INFO] [stdout]   |
[INFO] [stdout] 3 | use std::str::FromStr;
[INFO] [stdout]   |     ^^^^^^^^^^^^^^^^^
[INFO] [stdout]   |
[INFO] [stdout]   = note: `#[warn(unused_imports)]` on by default
[INFO] [stdout] 
[INFO] [stdout] 
[INFO] [stdout] warning: unused import: `SecretKey`
[INFO] [stdout]  --> projects/00-cryptos-rs/src/main.rs:6:39
[INFO] [stdout]   |
[INFO] [stdout] 6 | use secp256k1::{PublicKey, Secp256k1, SecretKey};
[INFO] [stdout]   |                                       ^^^^^^^^^
[INFO] [stdout] 
[INFO] [stdout] 
[INFO] [stdout] warning: unused variable: `secp`
[INFO] [stdout]   --> projects/00-cryptos-rs/src/main.rs:10:9
[INFO] [stdout]    |
[INFO] [stdout] 10 |     let secp = Secp256k1::new();
[INFO] [stdout]    |         ^^^^ help: if this is intentional, prefix it with an underscore: `_secp`
[INFO] [stdout]    |
[INFO] [stdout]    = note: `#[warn(unused_variables)]` on by default
[INFO] [stdout] 
[INFO] [stdout] 
[INFO] [stdout] warning: unused imports: `Mul` and `Rem`
[INFO] [stdout]  --> projects/00-cryptos-rs/src/keys.rs:1:16
[INFO] [stdout]   |
[INFO] [stdout] 1 | use std::ops::{Mul, Rem};
[INFO] [stdout]   |                ^^^  ^^^
[INFO] [stdout]   |
[INFO] [stdout]   = note: `#[warn(unused_imports)]` on by default
[INFO] [stdout] 
[INFO] [stdout] 
[INFO] [stdout] warning: unused import: `crate::ripemd160::ripemd160`
[INFO] [stdout]  --> projects/00-cryptos-rs/src/keys.rs:7:5
[INFO] [stdout]   |
[INFO] [stdout] 7 | use crate::ripemd160::ripemd160;
[INFO] [stdout]   |     ^^^^^^^^^^^^^^^^^^^^^^^^^^^
[INFO] [stdout] 
[INFO] [stdout] 
[INFO] [stdout] warning: unused import: `Sub`
[INFO] [stdout]  --> projects/00-cryptos-rs/src/ru256.rs:1:36
[INFO] [stdout]   |
[INFO] [stdout] 1 | use std::ops::{Add, Mul, Neg, Rem, Sub};
[INFO] [stdout]   |                                    ^^^
[INFO] [stdout] 
[INFO] [stdout] 
[INFO] [stdout] warning: unused import: `primitive_types::U256`
[INFO] [stdout]  --> projects/00-cryptos-rs/src/secp256k1.rs:7:5
[INFO] [stdout]   |
[INFO] [stdout] 7 | use primitive_types::U256;
[INFO] [stdout]   |     ^^^^^^^^^^^^^^^^^^^^^
[INFO] [stdout] 
[INFO] [stdout] 
[INFO] [stdout] warning: unused import: `crate::bitcoin::BITCOIN`
[INFO] [stdout]  --> projects/00-cryptos-rs/src/transaction.rs:4:5
[INFO] [stdout]   |
[INFO] [stdout] 4 | use crate::bitcoin::BITCOIN;
[INFO] [stdout]   |     ^^^^^^^^^^^^^^^^^^^^^^^
[INFO] [stdout] 
[INFO] [stdout] 
[INFO] [stdout] warning: unused variable: `p`
[INFO] [stdout]   --> projects/00-cryptos-rs/src/bitcoin.rs:20:9
[INFO] [stdout]    |
[INFO] [stdout] 20 |     let p = SECP256K1::p();
[INFO] [stdout]    |         ^ help: if this is intentional, prefix it with an underscore: `_p`
[INFO] [stdout]    |
[INFO] [stdout]    = note: `#[warn(unused_variables)]` on by default
[INFO] [stdout] 
[INFO] [stdout] 
[INFO] [stdout] warning: unused variable: `a`
[INFO] [stdout]   --> projects/00-cryptos-rs/src/bitcoin.rs:21:9
[INFO] [stdout]    |
[INFO] [stdout] 21 |     let a = RU256::zero();
[INFO] [stdout]    |         ^ help: if this is intentional, prefix it with an underscore: `_a`
[INFO] [stdout] 
[INFO] [stdout] 
[INFO] [stdout] warning: unused variable: `b`
[INFO] [stdout]   --> projects/00-cryptos-rs/src/bitcoin.rs:22:9
[INFO] [stdout]    |
[INFO] [stdout] 22 |     let b = RU256::from_u64(7);
[INFO] [stdout]    |         ^ help: if this is intentional, prefix it with an underscore: `_b`
[INFO] [stdout] 
[INFO] [stdout] 
[INFO] [stdout] warning: unused variable: `b`
[INFO] [stdout]   --> projects/00-cryptos-rs/src/keys.rs:44:19
[INFO] [stdout]    |
[INFO] [stdout] 44 |     pub fn decode(b: &[u8]) -> Point {
[INFO] [stdout]    |                   ^ help: if this is intentional, prefix it with an underscore: `_b`
[INFO] [stdout] 
[INFO] [stdout] 
[INFO] [stdout] warning: unused variable: `compressed`
[INFO] [stdout]   --> projects/00-cryptos-rs/src/keys.rs:48:26
[INFO] [stdout]    |
[INFO] [stdout] 48 |     pub fn encode(&self, compressed: bool, hash160: bool) -> Vec<u8> {
[INFO] [stdout]    |                          ^^^^^^^^^^ help: if this is intentional, prefix it with an underscore: `_compressed`
[INFO] [stdout] 
[INFO] [stdout] 
[INFO] [stdout] warning: unused variable: `hash160`
[INFO] [stdout]   --> projects/00-cryptos-rs/src/keys.rs:48:44
[INFO] [stdout]    |
[INFO] [stdout] 48 |     pub fn encode(&self, compressed: bool, hash160: bool) -> Vec<u8> {
[INFO] [stdout]    |                                            ^^^^^^^ help: if this is intentional, prefix it with an underscore: `_hash160`
[INFO] [stdout] 
[INFO] [stdout] 
[INFO] [stdout] warning: unused variable: `net`
[INFO] [stdout]    --> projects/00-cryptos-rs/src/keys.rs:194:10
[INFO] [stdout]     |
[INFO] [stdout] 194 |     for (net, compressed, secret_key, address) in tests.iter() {
[INFO] [stdout]     |          ^^^ help: if this is intentional, prefix it with an underscore: `_net`
[INFO] [stdout] 
[INFO] [stdout] 
[INFO] [stdout] warning: variable does not need to be mutable
[INFO] [stdout]    --> projects/00-cryptos-rs/src/secp256k1.rs:256:17
[INFO] [stdout]     |
[INFO] [stdout] 256 |             let mut adder = curve_point.clone();
[INFO] [stdout]     |                 ----^^^^^
[INFO] [stdout]     |                 |
[INFO] [stdout]     |                 help: remove this `mut`
[INFO] [stdout]     |
[INFO] [stdout]     = note: `#[warn(unused_mut)]` on by default
[INFO] [stdout] 
[INFO] [stdout] 
[INFO] [stdout] warning: unused variable: `script_override`
[INFO] [stdout]    --> projects/00-cryptos-rs/src/transaction.rs:167:26
[INFO] [stdout]     |
[INFO] [stdout] 167 |     pub fn encode(&self, script_override: Option<bool>) -> Vec<u8> {
[INFO] [stdout]     |                          ^^^^^^^^^^^^^^^ help: if this is intentional, prefix it with an underscore: `_script_override`
[INFO] [stdout] 
[INFO] [stdout] 
[INFO] [stdout] warning: static `GENESIS_BLOCK_TEST` is never used
[INFO] [stdout]   --> projects/00-cryptos-rs/src/block.rs:12:8
[INFO] [stdout]    |
[INFO] [stdout] 12 | static GENESIS_BLOCK_TEST: Lazy<Vec<u8>> = Lazy::new(|| {
[INFO] [stdout]    |        ^^^^^^^^^^^^^^^^^^
[INFO] [stdout]    |
[INFO] [stdout]    = note: `#[warn(dead_code)]` on by default
[INFO] [stdout] 
[INFO] [stdout] 
[INFO] [stdout] warning: field `cache` is never read
[INFO] [stdout]   --> projects/00-cryptos-rs/src/transaction.rs:12:5
[INFO] [stdout]    |
[INFO] [stdout] 11 | pub struct TxFetcher {
[INFO] [stdout]    |            --------- field in this struct
[INFO] [stdout] 12 |     cache: HashMap<String, Tx>,
[INFO] [stdout]    |     ^^^^^
[INFO] [stdout] 
[INFO] [stdout] 
[INFO] [stdout] warning: structure field `G` should have a snake case name
[INFO] [stdout]   --> projects/00-cryptos-rs/src/bitcoin.rs:39:9
[INFO] [stdout]    |
[INFO] [stdout] 39 |     pub G: Point,
[INFO] [stdout]    |         ^ help: convert the identifier to snake case: `g`
[INFO] [stdout]    |
[INFO] [stdout]    = note: `#[warn(non_snake_case)]` on by default
[INFO] [stdout] 
[INFO] [stdout] 
[INFO] [stderr]     Finished `test` profile [unoptimized + debuginfo] target(s) in 1.64s
[INFO] running `Command { std: "docker" "inspect" "3a37cf0f6222d047b54436239cf224f87e93c5f3579c12127c0f87671d2c2f82", kill_on_drop: false }`
[INFO] running `Command { std: "docker" "rm" "-f" "3a37cf0f6222d047b54436239cf224f87e93c5f3579c12127c0f87671d2c2f82", kill_on_drop: false }`
[INFO] [stdout] 3a37cf0f6222d047b54436239cf224f87e93c5f3579c12127c0f87671d2c2f82
[INFO] running `Command { std: "docker" "create" "-v" "/var/lib/crater-agent-workspace/builds/worker-3-tc1/target:/opt/rustwide/target:rw,Z" "-v" "/var/lib/crater-agent-workspace/builds/worker-3-tc1/source:/opt/rustwide/workdir:ro,Z" "-v" "/var/lib/crater-agent-workspace/cargo-home:/opt/rustwide/cargo-home:ro,Z" "-v" "/var/lib/crater-agent-workspace/rustup-home:/opt/rustwide/rustup-home:ro,Z" "-e" "SOURCE_DIR=/opt/rustwide/workdir" "-e" "CARGO_TARGET_DIR=/opt/rustwide/target" "-e" "CARGO_INCREMENTAL=0" "-e" "RUST_BACKTRACE=full" "-e" "RUSTFLAGS=--cap-lints=forbid" "-e" "RUSTDOCFLAGS=--cap-lints=forbid" "-e" "CARGO_HOME=/opt/rustwide/cargo-home" "-e" "RUSTUP_HOME=/opt/rustwide/rustup-home" "-w" "/opt/rustwide/workdir" "-m" "1610612736" "--user" "0:0" "--network" "none" "ghcr.io/rust-lang/crates-build-env/linux@sha256:819108c5571ea2e421544af4d832f968d213c87fbe3707a016657f43d2f853bc" "/opt/rustwide/cargo-home/bin/cargo" "+nightly-2025-01-18" "test" "--frozen", kill_on_drop: false }`
[INFO] [stdout] 59dc2957f7d0f442c0988c50fc5ba450e34ae34db273aa60edb9dc67a2065c8f
[INFO] running `Command { std: "docker" "start" "-a" "59dc2957f7d0f442c0988c50fc5ba450e34ae34db273aa60edb9dc67a2065c8f", kill_on_drop: false }`
[INFO] [stderr] warning: unused imports: `Mul` and `Rem`
[INFO] [stderr]  --> projects/00-cryptos-rs/src/keys.rs:1:16
[INFO] [stderr]   |
[INFO] [stderr] 1 | use std::ops::{Mul, Rem};
[INFO] [stderr]   |                ^^^  ^^^
[INFO] [stderr]   |
[INFO] [stderr]   = note: `#[warn(unused_imports)]` on by default
[INFO] [stderr] 
[INFO] [stderr] warning: unused import: `crate::ripemd160::ripemd160`
[INFO] [stderr]  --> projects/00-cryptos-rs/src/keys.rs:7:5
[INFO] [stderr]   |
[INFO] [stderr] 7 | use crate::ripemd160::ripemd160;
[INFO] [stderr]   |     ^^^^^^^^^^^^^^^^^^^^^^^^^^^
[INFO] [stderr] 
[INFO] [stderr] warning: unused import: `Sub`
[INFO] [stderr]  --> projects/00-cryptos-rs/src/ru256.rs:1:36
[INFO] [stderr]   |
[INFO] [stderr] 1 | use std::ops::{Add, Mul, Neg, Rem, Sub};
[INFO] [stderr]   |                                    ^^^
[INFO] [stderr] 
[INFO] [stderr] warning: unused import: `primitive_types::U256`
[INFO] [stderr]  --> projects/00-cryptos-rs/src/secp256k1.rs:7:5
[INFO] [stderr]   |
[INFO] [stderr] 7 | use primitive_types::U256;
[INFO] [stderr]   |     ^^^^^^^^^^^^^^^^^^^^^
[INFO] [stderr] 
[INFO] [stderr] warning: unused imports: `Secp256k1` and `SecretKey`
[INFO] [stderr]  --> projects/00-cryptos-rs/src/secp256k1.rs:8:28
[INFO] [stderr]   |
[INFO] [stderr] 8 | use secp256k1::{PublicKey, Secp256k1, SecretKey};
[INFO] [stderr]   |                            ^^^^^^^^^  ^^^^^^^^^
[INFO] [stderr] 
[INFO] [stderr] warning: unused import: `crate::bitcoin::BITCOIN`
[INFO] [stderr]  --> projects/00-cryptos-rs/src/transaction.rs:4:5
[INFO] [stderr]   |
[INFO] [stderr] 4 | use crate::bitcoin::BITCOIN;
[INFO] [stderr]   |     ^^^^^^^^^^^^^^^^^^^^^^^
[INFO] [stderr] 
[INFO] [stderr] warning: unused variable: `p`
[INFO] [stderr]   --> projects/00-cryptos-rs/src/bitcoin.rs:20:9
[INFO] [stderr]    |
[INFO] [stderr] 20 |     let p = SECP256K1::p();
[INFO] [stderr]    |         ^ help: if this is intentional, prefix it with an underscore: `_p`
[INFO] [stderr]    |
[INFO] [stderr]    = note: `#[warn(unused_variables)]` on by default
[INFO] [stderr] 
[INFO] [stderr] warning: unused variable: `a`
[INFO] [stderr]   --> projects/00-cryptos-rs/src/bitcoin.rs:21:9
[INFO] [stderr]    |
[INFO] [stderr] 21 |     let a = RU256::zero();
[INFO] [stderr]    |         ^ help: if this is intentional, prefix it with an underscore: `_a`
[INFO] [stderr] 
[INFO] [stderr] warning: unused variable: `b`
[INFO] [stderr]   --> projects/00-cryptos-rs/src/bitcoin.rs:22:9
[INFO] [stderr]    |
[INFO] [stderr] 22 |     let b = RU256::from_u64(7);
[INFO] [stderr]    |         ^ help: if this is intentional, prefix it with an underscore: `_b`
[INFO] [stderr] 
[INFO] [stderr] warning: unused variable: `b`
[INFO] [stderr]   --> projects/00-cryptos-rs/src/keys.rs:44:19
[INFO] [stderr]    |
[INFO] [stderr] 44 |     pub fn decode(b: &[u8]) -> Point {
[INFO] [stderr]    |                   ^ help: if this is intentional, prefix it with an underscore: `_b`
[INFO] [stderr] 
[INFO] [stderr] warning: unused variable: `compressed`
[INFO] [stderr]   --> projects/00-cryptos-rs/src/keys.rs:48:26
[INFO] [stderr]    |
[INFO] [stderr] 48 |     pub fn encode(&self, compressed: bool, hash160: bool) -> Vec<u8> {
[INFO] [stderr]    |                          ^^^^^^^^^^ help: if this is intentional, prefix it with an underscore: `_compressed`
[INFO] [stderr] 
[INFO] [stderr] warning: unused variable: `hash160`
[INFO] [stderr]   --> projects/00-cryptos-rs/src/keys.rs:48:44
[INFO] [stderr]    |
[INFO] [stderr] 48 |     pub fn encode(&self, compressed: bool, hash160: bool) -> Vec<u8> {
[INFO] [stderr]    |                                            ^^^^^^^ help: if this is intentional, prefix it with an underscore: `_hash160`
[INFO] [stderr] 
[INFO] [stderr] warning: variable does not need to be mutable
[INFO] [stderr]    --> projects/00-cryptos-rs/src/secp256k1.rs:256:17
[INFO] [stderr]     |
[INFO] [stderr] 256 |             let mut adder = curve_point.clone();
[INFO] [stderr]     |                 ----^^^^^
[INFO] [stderr]     |                 |
[INFO] [stderr]     |                 help: remove this `mut`
[INFO] [stderr]     |
[INFO] [stderr]     = note: `#[warn(unused_mut)]` on by default
[INFO] [stderr] 
[INFO] [stderr] warning: unused variable: `script_override`
[INFO] [stderr]    --> projects/00-cryptos-rs/src/transaction.rs:167:26
[INFO] [stderr]     |
[INFO] [stderr] 167 |     pub fn encode(&self, script_override: Option<bool>) -> Vec<u8> {
[INFO] [stderr]     |                          ^^^^^^^^^^^^^^^ help: if this is intentional, prefix it with an underscore: `_script_override`
[INFO] [stderr] 
[INFO] [stderr] warning: static `GENESIS_BLOCK_MAIN` is never used
[INFO] [stderr]  --> projects/00-cryptos-rs/src/block.rs:8:8
[INFO] [stderr]   |
[INFO] [stderr] 8 | static GENESIS_BLOCK_MAIN: Lazy<Vec<u8>> = Lazy::new(|| {
[INFO] [stderr]   |        ^^^^^^^^^^^^^^^^^^
[INFO] [stderr]   |
[INFO] [stderr]   = note: `#[warn(dead_code)]` on by default
[INFO] [stderr] 
[INFO] [stderr] warning: static `GENESIS_BLOCK_TEST` is never used
[INFO] [stderr]   --> projects/00-cryptos-rs/src/block.rs:12:8
[INFO] [stderr]    |
[INFO] [stderr] 12 | static GENESIS_BLOCK_TEST: Lazy<Vec<u8>> = Lazy::new(|| {
[INFO] [stderr]    |        ^^^^^^^^^^^^^^^^^^
[INFO] [stderr] 
[INFO] [stderr] warning: function `decode_int` is never used
[INFO] [stderr]   --> projects/00-cryptos-rs/src/block.rs:15:4
[INFO] [stderr]    |
[INFO] [stderr] 15 | fn decode_int(s: &mut Cursor<&Vec<u8>>, nbytes: usize) -> u32 {
[INFO] [stderr]    |    ^^^^^^^^^^
[INFO] [stderr] 
[INFO] [stderr] warning: function `encode_int` is never used
[INFO] [stderr]   --> projects/00-cryptos-rs/src/block.rs:21:4
[INFO] [stderr]    |
[INFO] [stderr] 21 | fn encode_int(i: u32, nbytes: usize) -> Vec<u8> {
[INFO] [stderr]    |    ^^^^^^^^^^
[INFO] [stderr] 
[INFO] [stderr] warning: function `bits_to_target` is never used
[INFO] [stderr]   --> projects/00-cryptos-rs/src/block.rs:25:4
[INFO] [stderr]    |
[INFO] [stderr] 25 | fn bits_to_target(bits: &[u8]) -> U256 {
[INFO] [stderr]    |    ^^^^^^^^^^^^^^
[INFO] [stderr] 
[INFO] [stderr] warning: function `target_to_bits` is never used
[INFO] [stderr]   --> projects/00-cryptos-rs/src/block.rs:31:4
[INFO] [stderr]    |
[INFO] [stderr] 31 | fn target_to_bits(target: U256) -> Vec<u8> {
[INFO] [stderr]    |    ^^^^^^^^^^^^^^
[INFO] [stderr] 
[INFO] [stderr] warning: function `calculate_new_bits` is never used
[INFO] [stderr]   --> projects/00-cryptos-rs/src/block.rs:48:4
[INFO] [stderr]    |
[INFO] [stderr] 48 | fn calculate_new_bits(prev_bits: &[u8], dt: u32) -> Vec<u8> {
[INFO] [stderr]    |    ^^^^^^^^^^^^^^^^^^
[INFO] [stderr] 
[INFO] [stderr] warning: struct `Block` is never constructed
[INFO] [stderr]   --> projects/00-cryptos-rs/src/block.rs:69:8
[INFO] [stderr]    |
[INFO] [stderr] 69 | struct Block {
[INFO] [stderr]    |        ^^^^^
[INFO] [stderr] 
[INFO] [stderr] warning: associated items `decode`, `encode`, `id`, `target`, `difficulty`, and `validate` are never used
[INFO] [stderr]    --> projects/00-cryptos-rs/src/block.rs:79:8
[INFO] [stderr]     |
[INFO] [stderr] 78  | impl Block {
[INFO] [stderr]     | ---------- associated items in this implementation
[INFO] [stderr] 79  |     fn decode(s: &mut Cursor<&Vec<u8>>) -> Block {
[INFO] [stderr]     |        ^^^^^^
[INFO] [stderr] ...
[INFO] [stderr] 102 |     fn encode(&self) -> Vec<u8> {
[INFO] [stderr]     |        ^^^^^^
[INFO] [stderr] ...
[INFO] [stderr] 117 |     fn id(&self) -> String {
[INFO] [stderr]     |        ^^
[INFO] [stderr] ...
[INFO] [stderr] 123 |     fn target(&self) -> U256 {
[INFO] [stderr]     |        ^^^^^^
[INFO] [stderr] ...
[INFO] [stderr] 127 |     fn difficulty(&self) -> U256 {
[INFO] [stderr]     |        ^^^^^^^^^^
[INFO] [stderr] ...
[INFO] [stderr] 134 |     fn validate(&self) -> bool {
[INFO] [stderr]     |        ^^^^^^^^
[INFO] [stderr] 
[INFO] [stderr] warning: field `cache` is never read
[INFO] [stderr]   --> projects/00-cryptos-rs/src/transaction.rs:12:5
[INFO] [stderr]    |
[INFO] [stderr] 11 | pub struct TxFetcher {
[INFO] [stderr]    |            --------- field in this struct
[INFO] [stderr] 12 |     cache: HashMap<String, Tx>,
[INFO] [stderr]    |     ^^^^^
[INFO] [stderr] 
[INFO] [stderr] warning: structure field `G` should have a snake case name
[INFO] [stderr]   --> projects/00-cryptos-rs/src/bitcoin.rs:39:9
[INFO] [stderr]    |
[INFO] [stderr] 39 |     pub G: Point,
[INFO] [stderr]    |         ^ help: convert the identifier to snake case: `g`
[INFO] [stderr]    |
[INFO] [stderr]    = note: `#[warn(non_snake_case)]` on by default
[INFO] [stderr] 
[INFO] [stderr] warning: unused variable: `net`
[INFO] [stderr]    --> projects/00-cryptos-rs/src/keys.rs:194:10
[INFO] [stderr]     |
[INFO] [stderr] 194 |     for (net, compressed, secret_key, address) in tests.iter() {
[INFO] [stderr]     |          ^^^ help: if this is intentional, prefix it with an underscore: `_net`
[INFO] [stderr] 
[INFO] [stderr] warning: static `GENESIS_BLOCK_TEST` is never used
[INFO] [stderr]   --> projects/00-cryptos-rs/src/block.rs:12:8
[INFO] [stderr]    |
[INFO] [stderr] 12 | static GENESIS_BLOCK_TEST: Lazy<Vec<u8>> = Lazy::new(|| {
[INFO] [stderr]    |        ^^^^^^^^^^^^^^^^^^
[INFO] [stderr]    |
[INFO] [stderr]    = note: `#[warn(dead_code)]` on by default
[INFO] [stderr] 
[INFO] [stderr] warning: `cryptos_rs` (lib) generated 25 warnings (run `cargo fix --lib -p cryptos_rs` to apply 7 suggestions)
[INFO] [stderr] warning: `cryptos_rs` (lib test) generated 17 warnings (15 duplicates)
[INFO] [stderr] warning: unused import: `std::str::FromStr`
[INFO] [stderr]  --> projects/00-cryptos-rs/src/main.rs:3:5
[INFO] [stderr]   |
[INFO] [stderr] 3 | use std::str::FromStr;
[INFO] [stderr]   |     ^^^^^^^^^^^^^^^^^
[INFO] [stderr]   |
[INFO] [stderr]   = note: `#[warn(unused_imports)]` on by default
[INFO] [stderr] 
[INFO] [stderr] warning: unused import: `SecretKey`
[INFO] [stderr]  --> projects/00-cryptos-rs/src/main.rs:6:39
[INFO] [stderr]   |
[INFO] [stderr] 6 | use secp256k1::{PublicKey, Secp256k1, SecretKey};
[INFO] [stderr]   |                                       ^^^^^^^^^
[INFO] [stderr] 
[INFO] [stderr] warning: unused variable: `secp`
[INFO] [stderr]   --> projects/00-cryptos-rs/src/main.rs:10:9
[INFO] [stderr]    |
[INFO] [stderr] 10 |     let secp = Secp256k1::new();
[INFO] [stderr]    |         ^^^^ help: if this is intentional, prefix it with an underscore: `_secp`
[INFO] [stderr]    |
[INFO] [stderr]    = note: `#[warn(unused_variables)]` on by default
[INFO] [stderr] 
[INFO] [stderr] warning: unused import: `std::path::Path`
[INFO] [stderr]  --> projects/00-cryptos-rs/examples/verify_precomputes.rs:3:5
[INFO] [stderr]   |
[INFO] [stderr] 3 | use std::path::Path;
[INFO] [stderr]   |     ^^^^^^^^^^^^^^^
[INFO] [stderr]   |
[INFO] [stderr]   = note: `#[warn(unused_imports)]` on by default
[INFO] [stderr] 
[INFO] [stderr] warning: `cryptos_rs` (bin "cryptos" test) generated 3 warnings (run `cargo fix --bin "cryptos" --tests` to apply 2 suggestions)
[INFO] [stderr] warning: `cryptos_rs` (example "verify_precomputes") generated 1 warning (run `cargo fix --example "verify_precomputes"` to apply 1 suggestion)
[INFO] [stderr]     Finished `test` profile [unoptimized + debuginfo] target(s) in 0.27s
[INFO] [stderr]      Running unittests src/lib.rs (/opt/rustwide/target/debug/deps/cryptos_rs-09c6404b338383fb)
[INFO] [stdout] 
[INFO] [stdout] running 33 tests
[INFO] [stdout] test block::test_block ... ok
[INFO] [stdout] test block::test_validate ... ok
[INFO] [stdout] test block::test_calculate_bits ... ok
[INFO] [stdout] test block::test_genesis_block ... ok
[INFO] [stdout] test ru256::tests::ru256_addition_case_3 ... ok
[INFO] [stdout] test ru256::tests::ru256_division_case ... ok
[INFO] [stdout] test ru256::tests::ru256_addition_case_1 ... ok
[INFO] [stdout] test ru256::tests::ru256_multiplication_case ... ok
[INFO] [stdout] test ru256::tests::ru256_subtraction_case_1 ... ok
[INFO] [stdout] test ripemd160::tests::test_ripemd160 ... ok
[INFO] [stdout] test ru256::tests::ru256_subtraction_case_2 ... ok
[INFO] [stdout] test secp256k1::tests::public_key_generation_k1 ... ok
[INFO] [stdout] test ru256::tests::ru256_exponentiation_case ... ok
[INFO] [stdout] test sha256::test_sha256 ... ok
[INFO] [stdout] test ru256::tests::ru256_addition_case_2 ... ok
[INFO] [stdout] test signature::tests::test_signature_der_encoding ... ok
[INFO] [stdout] test signature::tests::test_signature_encode_decode ... ok
[INFO] [stdout] test secp256k1::tests::public_key_generation_k2 ... ok
[INFO] [stdout] test secp256k1::tests::secp256k1_double_point ... ok
[INFO] [stdout] test secp256k1::tests::secp256k1_add_points ... ok
[INFO] [stdout] test secp256k1::tests::public_key_generation_k5 ... ok
[INFO] [stdout] test secp256k1::tests::public_key_generation_k9 ... ok
[INFO] [stdout] test secp256k1::tests::public_key_generation_k20 ... ok
[INFO] [stdout] test secp256k1::tests::public_key_generation_k6 ... ok
[INFO] [stdout] test secp256k1::tests::public_key_generation_k10 ... ok
[INFO] [stdout] test keys::test_btc_addresses has been running for over 60 seconds
[INFO] [stdout] test keys::test_pk_sec has been running for over 60 seconds
[INFO] [stdout] test keys::test_public_key_gen has been running for over 60 seconds
[INFO] [stdout] test secp256k1::tests::public_key_generation_large_k has been running for over 60 seconds
[INFO] [stdout] test signature::tests::test_sign_ecdsa has been running for over 60 seconds
[INFO] [stdout] test signature::tests::test_sign_schnorr has been running for over 60 seconds
[INFO] [stdout] test signature::tests::test_verify_ecdsa has been running for over 60 seconds
[INFO] [stdout] test signature::tests::test_verify_schnorr has been running for over 60 seconds
[INFO] [stdout] test keys::test_pk_sec ... FAILED
[INFO] [stdout] test keys::test_public_key_gen ... ok
[INFO] [stdout] test keys::test_btc_addresses ... FAILED
[INFO] [stdout] test signature::tests::test_sign_schnorr ... FAILED
[INFO] [stdout] test secp256k1::tests::public_key_generation_large_k ... ok
[INFO] [stdout] test signature::tests::test_verify_schnorr ... FAILED
[INFO] [stdout] test signature::tests::test_verify_ecdsa ... ok
[INFO] [stdout] test signature::tests::test_sign_ecdsa ... ok
[INFO] [stdout] 
[INFO] [stdout] failures:
[INFO] [stdout] 
[INFO] [stdout] ---- keys::test_pk_sec stdout ----
[INFO] [stdout] Starting scalar multiplication without precomputed points
[INFO] [stdout] Starting scalar multiplication without precomputed points
[INFO] [stdout] Starting scalar multiplication without precomputed points
[INFO] [stdout] Starting scalar multiplication without precomputed points
[INFO] [stdout] Starting scalar multiplication without precomputed points
[INFO] [stdout] Starting scalar multiplication without precomputed points
[INFO] [stdout] Starting scalar multiplication without precomputed points
[INFO] [stdout] Starting scalar multiplication without precomputed points
[INFO] [stdout] 
[INFO] [stdout] thread 'keys::test_pk_sec' panicked at projects/00-cryptos-rs/src/keys.rs:49:9:
[INFO] [stdout] not yet implemented
[INFO] [stdout] stack backtrace:
[INFO] [stdout]    0:     0x605c54e8589a - std::backtrace_rs::backtrace::libunwind::trace::hb059275cfc8d6126
[INFO] [stdout]                                at /rustc/6067b36314ab5eb2eb47cecc464545ba58e1ad24/library/std/src/../../backtrace/src/backtrace/libunwind.rs:116:5
[INFO] [stdout]    1:     0x605c54e8589a - std::backtrace_rs::backtrace::trace_unsynchronized::h2da071e4327ce3ee
[INFO] [stdout]                                at /rustc/6067b36314ab5eb2eb47cecc464545ba58e1ad24/library/std/src/../../backtrace/src/backtrace/mod.rs:66:5
[INFO] [stdout]    2:     0x605c54e8589a - std::sys::backtrace::_print_fmt::h842a1474e6f8d23f
[INFO] [stdout]                                at /rustc/6067b36314ab5eb2eb47cecc464545ba58e1ad24/library/std/src/sys/backtrace.rs:66:9
[INFO] [stdout]    3:     0x605c54e8589a - <std::sys::backtrace::BacktraceLock::print::DisplayBacktrace as core::fmt::Display>::fmt::h71a62eb3b9696b12
[INFO] [stdout]                                at /rustc/6067b36314ab5eb2eb47cecc464545ba58e1ad24/library/std/src/sys/backtrace.rs:39:26
[INFO] [stdout]    4:     0x605c54eadee3 - core::fmt::rt::Argument::fmt::hdb6b616786b41dc1
[INFO] [stdout]                                at /rustc/6067b36314ab5eb2eb47cecc464545ba58e1ad24/library/core/src/fmt/rt.rs:177:76
[INFO] [stdout]    5:     0x605c54eadee3 - core::fmt::write::h2cc1698af7e2d686
[INFO] [stdout]                                at /rustc/6067b36314ab5eb2eb47cecc464545ba58e1ad24/library/core/src/fmt/mod.rs:1440:21
[INFO] [stdout]    6:     0x605c54e823f3 - std::io::Write::write_fmt::hab1b4cd059a79022
[INFO] [stdout]                                at /rustc/6067b36314ab5eb2eb47cecc464545ba58e1ad24/library/std/src/io/mod.rs:1887:15
[INFO] [stdout]    7:     0x605c54e856e2 - std::sys::backtrace::BacktraceLock::print::h147fe35b4ea13b08
[INFO] [stdout]                                at /rustc/6067b36314ab5eb2eb47cecc464545ba58e1ad24/library/std/src/sys/backtrace.rs:42:9
[INFO] [stdout]    8:     0x605c54e86cbf - std::panicking::default_hook::{{closure}}::hbd44223dbdc0d208
[INFO] [stdout]                                at /rustc/6067b36314ab5eb2eb47cecc464545ba58e1ad24/library/std/src/panicking.rs:298:22
[INFO] [stdout]    9:     0x605c54e86ad8 - std::panicking::default_hook::h20f81eb0576efcec
[INFO] [stdout]                                at /rustc/6067b36314ab5eb2eb47cecc464545ba58e1ad24/library/std/src/panicking.rs:322:9
[INFO] [stdout]   10:     0x605c54df0c03 - <alloc::boxed::Box<F,A> as core::ops::function::Fn<Args>>::call::hdb53814c496a4d34
[INFO] [stdout]                                at /rustc/6067b36314ab5eb2eb47cecc464545ba58e1ad24/library/alloc/src/boxed.rs:2027:9
[INFO] [stdout]   11:     0x605c54df0c03 - test::test_main::{{closure}}::hc0a4963c59427c24
[INFO] [stdout]                                at /rustc/6067b36314ab5eb2eb47cecc464545ba58e1ad24/library/test/src/lib.rs:134:21
[INFO] [stdout]   12:     0x605c54e877b3 - <alloc::boxed::Box<F,A> as core::ops::function::Fn<Args>>::call::h591b2225413a77e9
[INFO] [stdout]                                at /rustc/6067b36314ab5eb2eb47cecc464545ba58e1ad24/library/alloc/src/boxed.rs:2027:9
[INFO] [stdout]   13:     0x605c54e877b3 - std::panicking::rust_panic_with_hook::h625eea43051b2edc
[INFO] [stdout]                                at /rustc/6067b36314ab5eb2eb47cecc464545ba58e1ad24/library/std/src/panicking.rs:839:13
[INFO] [stdout]   14:     0x605c54e87436 - std::panicking::begin_panic_handler::{{closure}}::h4f9159cfbc3f6bd3
[INFO] [stdout]                                at /rustc/6067b36314ab5eb2eb47cecc464545ba58e1ad24/library/std/src/panicking.rs:697:13
[INFO] [stdout]   15:     0x605c54e85d99 - std::sys::backtrace::__rust_end_short_backtrace::h0390abce48353151
[INFO] [stdout]                                at /rustc/6067b36314ab5eb2eb47cecc464545ba58e1ad24/library/std/src/sys/backtrace.rs:168:18
[INFO] [stdout]   16:     0x605c54e870fd - rust_begin_unwind
[INFO] [stdout]                                at /rustc/6067b36314ab5eb2eb47cecc464545ba58e1ad24/library/std/src/panicking.rs:695:5
[INFO] [stdout]   17:     0x605c54eac8c0 - core::panicking::panic_fmt::h9e7c637e9e5f29c9
[INFO] [stdout]                                at /rustc/6067b36314ab5eb2eb47cecc464545ba58e1ad24/library/core/src/panicking.rs:75:14
[INFO] [stdout]   18:     0x605c54eac94c - core::panicking::panic::haa3255ea20181a33
[INFO] [stdout]                                at /rustc/6067b36314ab5eb2eb47cecc464545ba58e1ad24/library/core/src/panicking.rs:145:5
[INFO] [stdout]   19:     0x605c54d7f3c6 - cryptos_rs::keys::PublicKey::encode::h5821c614d1370250
[INFO] [stdout]                                at /opt/rustwide/workdir/projects/00-cryptos-rs/src/keys.rs:49:9
[INFO] [stdout]   20:     0x605c54d84e5a - cryptos_rs::keys::test_pk_sec::hb4244c3f3b3cd240
[INFO] [stdout]                                at /opt/rustwide/workdir/projects/00-cryptos-rs/src/keys.rs:222:19
[INFO] [stdout]   21:     0x605c54d845a7 - cryptos_rs::keys::test_pk_sec::{{closure}}::h5d2c8e07c22f5f9e
[INFO] [stdout]                                at /opt/rustwide/workdir/projects/00-cryptos-rs/src/keys.rs:207:17
[INFO] [stdout]   22:     0x605c54d85856 - core::ops::function::FnOnce::call_once::h461ba92cbc47c70c
[INFO] [stdout]                                at /rustc/6067b36314ab5eb2eb47cecc464545ba58e1ad24/library/core/src/ops/function.rs:250:5
[INFO] [stdout]   23:     0x605c54df635b - core::ops::function::FnOnce::call_once::he27718dfdd183f43
[INFO] [stdout]                                at /rustc/6067b36314ab5eb2eb47cecc464545ba58e1ad24/library/core/src/ops/function.rs:250:5
[INFO] [stdout]   24:     0x605c54df635b - test::__rust_begin_short_backtrace::h4e84902998457a5d
[INFO] [stdout]                                at /rustc/6067b36314ab5eb2eb47cecc464545ba58e1ad24/library/test/src/lib.rs:632:18
[INFO] [stdout]   25:     0x605c54df5293 - test::run_test_in_process::{{closure}}::h7176fd18fc1feca0
[INFO] [stdout]                                at /rustc/6067b36314ab5eb2eb47cecc464545ba58e1ad24/library/test/src/lib.rs:655:60
[INFO] [stdout]   26:     0x605c54df5293 - <core::panic::unwind_safe::AssertUnwindSafe<F> as core::ops::function::FnOnce<()>>::call_once::hf79cff2a624d8cf7
[INFO] [stdout]                                at /rustc/6067b36314ab5eb2eb47cecc464545ba58e1ad24/library/core/src/panic/unwind_safe.rs:272:9
[INFO] [stdout]   27:     0x605c54df5293 - std::panicking::try::do_call::h3da0561d9ab99c25
[INFO] [stdout]                                at /rustc/6067b36314ab5eb2eb47cecc464545ba58e1ad24/library/std/src/panicking.rs:587:40
[INFO] [stdout]   28:     0x605c54df5293 - std::panicking::try::h41c9fa508bc61df6
[INFO] [stdout]                                at /rustc/6067b36314ab5eb2eb47cecc464545ba58e1ad24/library/std/src/panicking.rs:550:19
[INFO] [stdout]   29:     0x605c54df5293 - std::panic::catch_unwind::h6b3ff07bb5afad93
[INFO] [stdout]                                at /rustc/6067b36314ab5eb2eb47cecc464545ba58e1ad24/library/std/src/panic.rs:358:14
[INFO] [stdout]   30:     0x605c54df5293 - test::run_test_in_process::hc7253dd11b39b9f4
[INFO] [stdout]                                at /rustc/6067b36314ab5eb2eb47cecc464545ba58e1ad24/library/test/src/lib.rs:655:27
[INFO] [stdout]   31:     0x605c54df5293 - test::run_test::{{closure}}::hfb2007f8649c30bb
[INFO] [stdout]                                at /rustc/6067b36314ab5eb2eb47cecc464545ba58e1ad24/library/test/src/lib.rs:576:43
[INFO] [stdout]   32:     0x605c54db8375 - test::run_test::{{closure}}::h56a17aa7a282a9f4
[INFO] [stdout]                                at /rustc/6067b36314ab5eb2eb47cecc464545ba58e1ad24/library/test/src/lib.rs:606:41
[INFO] [stdout]   33:     0x605c54db8375 - std::sys::backtrace::__rust_begin_short_backtrace::hd2d2d2fb8e8c6aac
[INFO] [stdout]                                at /rustc/6067b36314ab5eb2eb47cecc464545ba58e1ad24/library/std/src/sys/backtrace.rs:152:18
[INFO] [stdout]   34:     0x605c54dbbc5a - std::thread::Builder::spawn_unchecked_::{{closure}}::{{closure}}::h4faa3f9db6133423
[INFO] [stdout]                                at /rustc/6067b36314ab5eb2eb47cecc464545ba58e1ad24/library/std/src/thread/mod.rs:559:17
[INFO] [stdout]   35:     0x605c54dbbc5a - <core::panic::unwind_safe::AssertUnwindSafe<F> as core::ops::function::FnOnce<()>>::call_once::hf2e855a36a4ea846
[INFO] [stdout]                                at /rustc/6067b36314ab5eb2eb47cecc464545ba58e1ad24/library/core/src/panic/unwind_safe.rs:272:9
[INFO] [stdout]   36:     0x605c54dbbc5a - std::panicking::try::do_call::h2f73af3616c35465
[INFO] [stdout]                                at /rustc/6067b36314ab5eb2eb47cecc464545ba58e1ad24/library/std/src/panicking.rs:587:40
[INFO] [stdout]   37:     0x605c54dbbc5a - std::panicking::try::hd1660ce9efadef5a
[INFO] [stdout]                                at /rustc/6067b36314ab5eb2eb47cecc464545ba58e1ad24/library/std/src/panicking.rs:550:19
[INFO] [stdout]   38:     0x605c54dbbc5a - std::panic::catch_unwind::h5ee8d7823b8ca744
[INFO] [stdout]                                at /rustc/6067b36314ab5eb2eb47cecc464545ba58e1ad24/library/std/src/panic.rs:358:14
[INFO] [stdout]   39:     0x605c54dbbc5a - std::thread::Builder::spawn_unchecked_::{{closure}}::h53c3a1894dce8407
[INFO] [stdout]                                at /rustc/6067b36314ab5eb2eb47cecc464545ba58e1ad24/library/std/src/thread/mod.rs:557:30
[INFO] [stdout]   40:     0x605c54dbbc5a - core::ops::function::FnOnce::call_once{{vtable.shim}}::h048ce291ad4f62bf
[INFO] [stdout]                                at /rustc/6067b36314ab5eb2eb47cecc464545ba58e1ad24/library/core/src/ops/function.rs:250:5
[INFO] [stdout]   41:     0x605c54e8b6fb - <alloc::boxed::Box<F,A> as core::ops::function::FnOnce<Args>>::call_once::ha52bedf99a3b4981
[INFO] [stdout]                                at /rustc/6067b36314ab5eb2eb47cecc464545ba58e1ad24/library/alloc/src/boxed.rs:2013:9
[INFO] [stdout]   42:     0x605c54e8b6fb - <alloc::boxed::Box<F,A> as core::ops::function::FnOnce<Args>>::call_once::h567748934d80ccf8
[INFO] [stdout]                                at /rustc/6067b36314ab5eb2eb47cecc464545ba58e1ad24/library/alloc/src/boxed.rs:2013:9
[INFO] [stdout]   43:     0x605c54e8b6fb - std::sys::pal::unix::thread::Thread::new::thread_start::h2d970728ae887adc
[INFO] [stdout]                                at /rustc/6067b36314ab5eb2eb47cecc464545ba58e1ad24/library/std/src/sys/pal/unix/thread.rs:106:17
[INFO] [stdout]   44:     0x7045a9172ac3 - <unknown>
[INFO] [stdout]   45:     0x7045a9203a04 - clone
[INFO] [stdout]   46:                0x0 - <unknown>
[INFO] [stdout] 
[INFO] [stdout] ---- keys::test_btc_addresses stdout ----
[INFO] [stdout] Starting scalar multiplication without precomputed points
[INFO] [stdout] 
[INFO] [stdout] thread 'keys::test_btc_addresses' panicked at projects/00-cryptos-rs/src/keys.rs:49:9:
[INFO] [stdout] not yet implemented
[INFO] [stdout] stack backtrace:
[INFO] [stdout]    0:     0x605c54e8589a - std::backtrace_rs::backtrace::libunwind::trace::hb059275cfc8d6126
[INFO] [stdout]                                at /rustc/6067b36314ab5eb2eb47cecc464545ba58e1ad24/library/std/src/../../backtrace/src/backtrace/libunwind.rs:116:5
[INFO] [stdout]    1:     0x605c54e8589a - std::backtrace_rs::backtrace::trace_unsynchronized::h2da071e4327ce3ee
[INFO] [stdout]                                at /rustc/6067b36314ab5eb2eb47cecc464545ba58e1ad24/library/std/src/../../backtrace/src/backtrace/mod.rs:66:5
[INFO] [stdout]    2:     0x605c54e8589a - std::sys::backtrace::_print_fmt::h842a1474e6f8d23f
[INFO] [stdout]                                at /rustc/6067b36314ab5eb2eb47cecc464545ba58e1ad24/library/std/src/sys/backtrace.rs:66:9
[INFO] [stdout]    3:     0x605c54e8589a - <std::sys::backtrace::BacktraceLock::print::DisplayBacktrace as core::fmt::Display>::fmt::h71a62eb3b9696b12
[INFO] [stdout]                                at /rustc/6067b36314ab5eb2eb47cecc464545ba58e1ad24/library/std/src/sys/backtrace.rs:39:26
[INFO] [stdout]    4:     0x605c54eadee3 - core::fmt::rt::Argument::fmt::hdb6b616786b41dc1
[INFO] [stdout]                                at /rustc/6067b36314ab5eb2eb47cecc464545ba58e1ad24/library/core/src/fmt/rt.rs:177:76
[INFO] [stdout]    5:     0x605c54eadee3 - core::fmt::write::h2cc1698af7e2d686
[INFO] [stdout]                                at /rustc/6067b36314ab5eb2eb47cecc464545ba58e1ad24/library/core/src/fmt/mod.rs:1440:21
[INFO] [stdout]    6:     0x605c54e823f3 - std::io::Write::write_fmt::hab1b4cd059a79022
[INFO] [stdout]                                at /rustc/6067b36314ab5eb2eb47cecc464545ba58e1ad24/library/std/src/io/mod.rs:1887:15
[INFO] [stdout]    7:     0x605c54e856e2 - std::sys::backtrace::BacktraceLock::print::h147fe35b4ea13b08
[INFO] [stdout]                                at /rustc/6067b36314ab5eb2eb47cecc464545ba58e1ad24/library/std/src/sys/backtrace.rs:42:9
[INFO] [stdout]    8:     0x605c54e86cbf - std::panicking::default_hook::{{closure}}::hbd44223dbdc0d208
[INFO] [stdout]                                at /rustc/6067b36314ab5eb2eb47cecc464545ba58e1ad24/library/std/src/panicking.rs:298:22
[INFO] [stdout]    9:     0x605c54e86ad8 - std::panicking::default_hook::h20f81eb0576efcec
[INFO] [stdout]                                at /rustc/6067b36314ab5eb2eb47cecc464545ba58e1ad24/library/std/src/panicking.rs:322:9
[INFO] [stdout]   10:     0x605c54df0c03 - <alloc::boxed::Box<F,A> as core::ops::function::Fn<Args>>::call::hdb53814c496a4d34
[INFO] [stdout]                                at /rustc/6067b36314ab5eb2eb47cecc464545ba58e1ad24/library/alloc/src/boxed.rs:2027:9
[INFO] [stdout]   11:     0x605c54df0c03 - test::test_main::{{closure}}::hc0a4963c59427c24
[INFO] [stdout]                                at /rustc/6067b36314ab5eb2eb47cecc464545ba58e1ad24/library/test/src/lib.rs:134:21
[INFO] [stdout]   12:     0x605c54e877b3 - <alloc::boxed::Box<F,A> as core::ops::function::Fn<Args>>::call::h591b2225413a77e9
[INFO] [stdout]                                at /rustc/6067b36314ab5eb2eb47cecc464545ba58e1ad24/library/alloc/src/boxed.rs:2027:9
[INFO] [stdout]   13:     0x605c54e877b3 - std::panicking::rust_panic_with_hook::h625eea43051b2edc
[INFO] [stdout]                                at /rustc/6067b36314ab5eb2eb47cecc464545ba58e1ad24/library/std/src/panicking.rs:839:13
[INFO] [stdout]   14:     0x605c54e87436 - std::panicking::begin_panic_handler::{{closure}}::h4f9159cfbc3f6bd3
[INFO] [stdout]                                at /rustc/6067b36314ab5eb2eb47cecc464545ba58e1ad24/library/std/src/panicking.rs:697:13
[INFO] [stdout]   15:     0x605c54e85d99 - std::sys::backtrace::__rust_end_short_backtrace::h0390abce48353151
[INFO] [stdout]                                at /rustc/6067b36314ab5eb2eb47cecc464545ba58e1ad24/library/std/src/sys/backtrace.rs:168:18
[INFO] [stdout]   16:     0x605c54e870fd - rust_begin_unwind
[INFO] [stdout]                                at /rustc/6067b36314ab5eb2eb47cecc464545ba58e1ad24/library/std/src/panicking.rs:695:5
[INFO] [stdout]   17:     0x605c54eac8c0 - core::panicking::panic_fmt::h9e7c637e9e5f29c9
[INFO] [stdout]                                at /rustc/6067b36314ab5eb2eb47cecc464545ba58e1ad24/library/core/src/panicking.rs:75:14
[INFO] [stdout]   18:     0x605c54eac94c - core::panicking::panic::haa3255ea20181a33
[INFO] [stdout]                                at /rustc/6067b36314ab5eb2eb47cecc464545ba58e1ad24/library/core/src/panicking.rs:145:5
[INFO] [stdout]   19:     0x605c54d7f3c6 - cryptos_rs::keys::PublicKey::encode::h5821c614d1370250
[INFO] [stdout]                                at /opt/rustwide/workdir/projects/00-cryptos-rs/src/keys.rs:49:9
[INFO] [stdout]   20:     0x605c54d7f42a - cryptos_rs::keys::PublicKey::address::h908e4f0a5dc21467
[INFO] [stdout]                                at /opt/rustwide/workdir/projects/00-cryptos-rs/src/keys.rs:53:24
[INFO] [stdout]   21:     0x605c54d844bc - cryptos_rs::keys::test_btc_addresses::h162c4e27eef5d687
[INFO] [stdout]                                at /opt/rustwide/workdir/projects/00-cryptos-rs/src/keys.rs:189:20
[INFO] [stdout]   22:     0x605c54d83a77 - cryptos_rs::keys::test_btc_addresses::{{closure}}::hb55c0f9e7f6b42b9
[INFO] [stdout]                                at /opt/rustwide/workdir/projects/00-cryptos-rs/src/keys.rs:149:24
[INFO] [stdout]   23:     0x605c54d85656 - core::ops::function::FnOnce::call_once::h19a2217c1c2ec086
[INFO] [stdout]                                at /rustc/6067b36314ab5eb2eb47cecc464545ba58e1ad24/library/core/src/ops/function.rs:250:5
[INFO] [stdout]   24:     0x605c54df635b - core::ops::function::FnOnce::call_once::he27718dfdd183f43
[INFO] [stdout]                                at /rustc/6067b36314ab5eb2eb47cecc464545ba58e1ad24/library/core/src/ops/function.rs:250:5
[INFO] [stdout]   25:     0x605c54df635b - test::__rust_begin_short_backtrace::h4e84902998457a5d
[INFO] [stdout]                                at /rustc/6067b36314ab5eb2eb47cecc464545ba58e1ad24/library/test/src/lib.rs:632:18
[INFO] [stdout]   26:     0x605c54df5293 - test::run_test_in_process::{{closure}}::h7176fd18fc1feca0
[INFO] [stdout]                                at /rustc/6067b36314ab5eb2eb47cecc464545ba58e1ad24/library/test/src/lib.rs:655:60
[INFO] [stdout]   27:     0x605c54df5293 - <core::panic::unwind_safe::AssertUnwindSafe<F> as core::ops::function::FnOnce<()>>::call_once::hf79cff2a624d8cf7
[INFO] [stdout]                                at /rustc/6067b36314ab5eb2eb47cecc464545ba58e1ad24/library/core/src/panic/unwind_safe.rs:272:9
[INFO] [stdout]   28:     0x605c54df5293 - std::panicking::try::do_call::h3da0561d9ab99c25
[INFO] [stdout]                                at /rustc/6067b36314ab5eb2eb47cecc464545ba58e1ad24/library/std/src/panicking.rs:587:40
[INFO] [stdout]   29:     0x605c54df5293 - std::panicking::try::h41c9fa508bc61df6
[INFO] [stdout]                                at /rustc/6067b36314ab5eb2eb47cecc464545ba58e1ad24/library/std/src/panicking.rs:550:19
[INFO] [stdout]   30:     0x605c54df5293 - std::panic::catch_unwind::h6b3ff07bb5afad93
[INFO] [stdout]                                at /rustc/6067b36314ab5eb2eb47cecc464545ba58e1ad24/library/std/src/panic.rs:358:14
[INFO] [stdout]   31:     0x605c54df5293 - test::run_test_in_process::hc7253dd11b39b9f4
[INFO] [stdout]                                at /rustc/6067b36314ab5eb2eb47cecc464545ba58e1ad24/library/test/src/lib.rs:655:27
[INFO] [stdout]   32:     0x605c54df5293 - test::run_test::{{closure}}::hfb2007f8649c30bb
[INFO] [stdout]                                at /rustc/6067b36314ab5eb2eb47cecc464545ba58e1ad24/library/test/src/lib.rs:576:43
[INFO] [stdout]   33:     0x605c54db8375 - test::run_test::{{closure}}::h56a17aa7a282a9f4
[INFO] [stdout]                                at /rustc/6067b36314ab5eb2eb47cecc464545ba58e1ad24/library/test/src/lib.rs:606:41
[INFO] [stdout]   34:     0x605c54db8375 - std::sys::backtrace::__rust_begin_short_backtrace::hd2d2d2fb8e8c6aac
[INFO] [stdout]                                at /rustc/6067b36314ab5eb2eb47cecc464545ba58e1ad24/library/std/src/sys/backtrace.rs:152:18
[INFO] [stdout]   35:     0x605c54dbbc5a - std::thread::Builder::spawn_unchecked_::{{closure}}::{{closure}}::h4faa3f9db6133423
[INFO] [stdout]                                at /rustc/6067b36314ab5eb2eb47cecc464545ba58e1ad24/library/std/src/thread/mod.rs:559:17
[INFO] [stdout]   36:     0x605c54dbbc5a - <core::panic::unwind_safe::AssertUnwindSafe<F> as core::ops::function::FnOnce<()>>::call_once::hf2e855a36a4ea846
[INFO] [stdout]                                at /rustc/6067b36314ab5eb2eb47cecc464545ba58e1ad24/library/core/src/panic/unwind_safe.rs:272:9
[INFO] [stdout]   37:     0x605c54dbbc5a - std::panicking::try::do_call::h2f73af3616c35465
[INFO] [stdout]                                at /rustc/6067b36314ab5eb2eb47cecc464545ba58e1ad24/library/std/src/panicking.rs:587:40
[INFO] [stdout]   38:     0x605c54dbbc5a - std::panicking::try::hd1660ce9efadef5a
[INFO] [stdout]                                at /rustc/6067b36314ab5eb2eb47cecc464545ba58e1ad24/library/std/src/panicking.rs:550:19
[INFO] [stdout]   39:     0x605c54dbbc5a - std::panic::catch_unwind::h5ee8d7823b8ca744
[INFO] [stdout]                                at /rustc/6067b36314ab5eb2eb47cecc464545ba58e1ad24/library/std/src/panic.rs:358:14
[INFO] [stdout]   40:     0x605c54dbbc5a - std::thread::Builder::spawn_unchecked_::{{closure}}::h53c3a1894dce8407
[INFO] [stdout]                                at /rustc/6067b36314ab5eb2eb47cecc464545ba58e1ad24/library/std/src/thread/mod.rs:557:30
[INFO] [stdout]   41:     0x605c54dbbc5a - core::ops::function::FnOnce::call_once{{vtable.shim}}::h048ce291ad4f62bf
[INFO] [stdout]                                at /rustc/6067b36314ab5eb2eb47cecc464545ba58e1ad24/library/core/src/ops/function.rs:250:5
[INFO] [stdout]   42:     0x605c54e8b6fb - <alloc::boxed::Box<F,A> as core::ops::function::FnOnce<Args>>::call_once::ha52bedf99a3b4981
[INFO] [stdout]                                at /rustc/6067b36314ab5eb2eb47cecc464545ba58e1ad24/library/alloc/src/boxed.rs:2013:9
[INFO] [stdout]   43:     0x605c54e8b6fb - <alloc::boxed::Box<F,A> as core::ops::function::FnOnce<Args>>::call_once::h567748934d80ccf8
[INFO] [stdout]                                at /rustc/6067b36314ab5eb2eb47cecc464545ba58e1ad24/library/alloc/src/boxed.rs:2013:9
[INFO] [stdout]   44:     0x605c54e8b6fb - std::sys::pal::unix::thread::Thread::new::thread_start::h2d970728ae887adc
[INFO] [stdout]                                at /rustc/6067b36314ab5eb2eb47cecc464545ba58e1ad24/library/std/src/sys/pal/unix/thread.rs:106:17
[INFO] [stdout]   45:     0x7045a9172ac3 - <unknown>
[INFO] [stdout]   46:     0x7045a9203a04 - clone
[INFO] [stdout]   47:                0x0 - <unknown>
[INFO] [stdout] 
[INFO] [stdout] ---- signature::tests::test_sign_schnorr stdout ----
[INFO] [stdout] key_bytes: [220, 152, 232, 83, 46, 215, 55, 241, 97, 99, 64, 131, 32, 121, 200, 178, 95, 16, 65, 121, 207, 30, 139, 42, 164, 87, 206, 77, 137, 170, 205, 241]
[INFO] [stdout] key: RU256 { v: 99778990889925849828001301700669583971029747217558608583107777346381160304113 }
[INFO] [stdout] key_bytes: [173, 45, 209, 62, 71, 8, 40, 39, 37, 113, 218, 193, 131, 56, 63, 38, 7, 161, 139, 143, 228, 48, 122, 187, 90, 130, 147, 16, 187, 118, 127, 59]
[INFO] [stdout] key: RU256 { v: 78331075066803813315416652397346315073530251508107680532742141811957289090875 }
[INFO] [stdout] Starting scalar multiplication without precomputed points
[INFO] [stdout] 
[INFO] [stdout] thread 'signature::tests::test_sign_schnorr' panicked at /opt/rustwide/cargo-home/registry/src/index.crates.io-1949cf8c6b5b557f/primitive-types-0.12.2/src/lib.rs:38:1:
[INFO] [stdout] arithmetic operation overflow
[INFO] [stdout] stack backtrace:
[INFO] [stdout]    0:     0x605c54e8589a - std::backtrace_rs::backtrace::libunwind::trace::hb059275cfc8d6126
[INFO] [stdout]                                at /rustc/6067b36314ab5eb2eb47cecc464545ba58e1ad24/library/std/src/../../backtrace/src/backtrace/libunwind.rs:116:5
[INFO] [stdout]    1:     0x605c54e8589a - std::backtrace_rs::backtrace::trace_unsynchronized::h2da071e4327ce3ee
[INFO] [stdout]                                at /rustc/6067b36314ab5eb2eb47cecc464545ba58e1ad24/library/std/src/../../backtrace/src/backtrace/mod.rs:66:5
[INFO] [stdout]    2:     0x605c54e8589a - std::sys::backtrace::_print_fmt::h842a1474e6f8d23f
[INFO] [stdout]                                at /rustc/6067b36314ab5eb2eb47cecc464545ba58e1ad24/library/std/src/sys/backtrace.rs:66:9
[INFO] [stdout]    3:     0x605c54e8589a - <std::sys::backtrace::BacktraceLock::print::DisplayBacktrace as core::fmt::Display>::fmt::h71a62eb3b9696b12
[INFO] [stdout]                                at /rustc/6067b36314ab5eb2eb47cecc464545ba58e1ad24/library/std/src/sys/backtrace.rs:39:26
[INFO] [stdout]    4:     0x605c54eadee3 - core::fmt::rt::Argument::fmt::hdb6b616786b41dc1
[INFO] [stdout]                                at /rustc/6067b36314ab5eb2eb47cecc464545ba58e1ad24/library/core/src/fmt/rt.rs:177:76
[INFO] [stdout]    5:     0x605c54eadee3 - core::fmt::write::h2cc1698af7e2d686
[INFO] [stdout]                                at /rustc/6067b36314ab5eb2eb47cecc464545ba58e1ad24/library/core/src/fmt/mod.rs:1440:21
[INFO] [stdout]    6:     0x605c54e823f3 - std::io::Write::write_fmt::hab1b4cd059a79022
[INFO] [stdout]                                at /rustc/6067b36314ab5eb2eb47cecc464545ba58e1ad24/library/std/src/io/mod.rs:1887:15
[INFO] [stdout]    7:     0x605c54e856e2 - std::sys::backtrace::BacktraceLock::print::h147fe35b4ea13b08
[INFO] [stdout]                                at /rustc/6067b36314ab5eb2eb47cecc464545ba58e1ad24/library/std/src/sys/backtrace.rs:42:9
[INFO] [stdout]    8:     0x605c54e86cbf - std::panicking::default_hook::{{closure}}::hbd44223dbdc0d208
[INFO] [stdout]                                at /rustc/6067b36314ab5eb2eb47cecc464545ba58e1ad24/library/std/src/panicking.rs:298:22
[INFO] [stdout]    9:     0x605c54e86ad8 - std::panicking::default_hook::h20f81eb0576efcec
[INFO] [stdout]                                at /rustc/6067b36314ab5eb2eb47cecc464545ba58e1ad24/library/std/src/panicking.rs:322:9
[INFO] [stdout]   10:     0x605c54df0c03 - <alloc::boxed::Box<F,A> as core::ops::function::Fn<Args>>::call::hdb53814c496a4d34
[INFO] [stdout]                                at /rustc/6067b36314ab5eb2eb47cecc464545ba58e1ad24/library/alloc/src/boxed.rs:2027:9
[INFO] [stdout]   11:     0x605c54df0c03 - test::test_main::{{closure}}::hc0a4963c59427c24
[INFO] [stdout]                                at /rustc/6067b36314ab5eb2eb47cecc464545ba58e1ad24/library/test/src/lib.rs:134:21
[INFO] [stdout]   12:     0x605c54e877b3 - <alloc::boxed::Box<F,A> as core::ops::function::Fn<Args>>::call::h591b2225413a77e9
[INFO] [stdout]                                at /rustc/6067b36314ab5eb2eb47cecc464545ba58e1ad24/library/alloc/src/boxed.rs:2027:9
[INFO] [stdout]   13:     0x605c54e877b3 - std::panicking::rust_panic_with_hook::h625eea43051b2edc
[INFO] [stdout]                                at /rustc/6067b36314ab5eb2eb47cecc464545ba58e1ad24/library/std/src/panicking.rs:839:13
[INFO] [stdout]   14:     0x605c54e87436 - std::panicking::begin_panic_handler::{{closure}}::h4f9159cfbc3f6bd3
[INFO] [stdout]                                at /rustc/6067b36314ab5eb2eb47cecc464545ba58e1ad24/library/std/src/panicking.rs:697:13
[INFO] [stdout]   15:     0x605c54e85d99 - std::sys::backtrace::__rust_end_short_backtrace::h0390abce48353151
[INFO] [stdout]                                at /rustc/6067b36314ab5eb2eb47cecc464545ba58e1ad24/library/std/src/sys/backtrace.rs:168:18
[INFO] [stdout]   16:     0x605c54e870fd - rust_begin_unwind
[INFO] [stdout]                                at /rustc/6067b36314ab5eb2eb47cecc464545ba58e1ad24/library/std/src/panicking.rs:695:5
[INFO] [stdout]   17:     0x605c54eac8c0 - core::panicking::panic_fmt::h9e7c637e9e5f29c9
[INFO] [stdout]                                at /rustc/6067b36314ab5eb2eb47cecc464545ba58e1ad24/library/core/src/panicking.rs:75:14
[INFO] [stdout]   18:     0x605c54e19d51 - <primitive_types::U256 as core::ops::arith::Mul>::mul::h6ceea4ee19b3c28e
[INFO] [stdout]                                at /opt/rustwide/cargo-home/registry/src/index.crates.io-1949cf8c6b5b557f/uint-0.9.5/src/uint.rs:369:5
[INFO] [stdout]   19:     0x605c54d883c9 - <cryptos_rs::ru256::RU256 as core::ops::arith::Mul>::mul::h111a05488e9356a1
[INFO] [stdout]                                at /opt/rustwide/workdir/projects/00-cryptos-rs/src/ru256.rs:49:19
[INFO] [stdout]   20:     0x605c54d94f26 - cryptos_rs::signature::sign_schnorr::ha5f290fe50228eb2
[INFO] [stdout]                                at /opt/rustwide/workdir/projects/00-cryptos-rs/src/signature.rs:132:18
[INFO] [stdout]   21:     0x605c54d9a8fa - cryptos_rs::signature::tests::test_sign_schnorr::he67f49b07d5515d9
[INFO] [stdout]                                at /opt/rustwide/workdir/projects/00-cryptos-rs/src/signature.rs:225:19
[INFO] [stdout]   22:     0x605c54d9a897 - cryptos_rs::signature::tests::test_sign_schnorr::{{closure}}::hbe334d73f67e9d46
[INFO] [stdout]                                at /opt/rustwide/workdir/projects/00-cryptos-rs/src/signature.rs:222:27
[INFO] [stdout]   23:     0x605c54d85f06 - core::ops::function::FnOnce::call_once::heb90221bf4b73be9
[INFO] [stdout]                                at /rustc/6067b36314ab5eb2eb47cecc464545ba58e1ad24/library/core/src/ops/function.rs:250:5
[INFO] [stdout]   24:     0x605c54df635b - core::ops::function::FnOnce::call_once::he27718dfdd183f43
[INFO] [stdout]                                at /rustc/6067b36314ab5eb2eb47cecc464545ba58e1ad24/library/core/src/ops/function.rs:250:5
[INFO] [stdout]   25:     0x605c54df635b - test::__rust_begin_short_backtrace::h4e84902998457a5d
[INFO] [stdout]                                at /rustc/6067b36314ab5eb2eb47cecc464545ba58e1ad24/library/test/src/lib.rs:632:18
[INFO] [stdout]   26:     0x605c54df5293 - test::run_test_in_process::{{closure}}::h7176fd18fc1feca0
[INFO] [stdout]                                at /rustc/6067b36314ab5eb2eb47cecc464545ba58e1ad24/library/test/src/lib.rs:655:60
[INFO] [stdout]   27:     0x605c54df5293 - <core::panic::unwind_safe::AssertUnwindSafe<F> as core::ops::function::FnOnce<()>>::call_once::hf79cff2a624d8cf7
[INFO] [stdout]                                at /rustc/6067b36314ab5eb2eb47cecc464545ba58e1ad24/library/core/src/panic/unwind_safe.rs:272:9
[INFO] [stdout]   28:     0x605c54df5293 - std::panicking::try::do_call::h3da0561d9ab99c25
[INFO] [stdout]                                at /rustc/6067b36314ab5eb2eb47cecc464545ba58e1ad24/library/std/src/panicking.rs:587:40
[INFO] [stdout]   29:     0x605c54df5293 - std::panicking::try::h41c9fa508bc61df6
[INFO] [stdout]                                at /rustc/6067b36314ab5eb2eb47cecc464545ba58e1ad24/library/std/src/panicking.rs:550:19
[INFO] [stdout]   30:     0x605c54df5293 - std::panic::catch_unwind::h6b3ff07bb5afad93
[INFO] [stdout]                                at /rustc/6067b36314ab5eb2eb47cecc464545ba58e1ad24/library/std/src/panic.rs:358:14
[INFO] [stdout]   31:     0x605c54df5293 - test::run_test_in_process::hc7253dd11b39b9f4
[INFO] [stdout]                                at /rustc/6067b36314ab5eb2eb47cecc464545ba58e1ad24/library/test/src/lib.rs:655:27
[INFO] [stdout]   32:     0x605c54df5293 - test::run_test::{{closure}}::hfb2007f8649c30bb
[INFO] [stdout]                                at /rustc/6067b36314ab5eb2eb47cecc464545ba58e1ad24/library/test/src/lib.rs:576:43
[INFO] [stdout]   33:     0x605c54db8375 - test::run_test::{{closure}}::h56a17aa7a282a9f4
[INFO] [stdout]                                at /rustc/6067b36314ab5eb2eb47cecc464545ba58e1ad24/library/test/src/lib.rs:606:41
[INFO] [stdout]   34:     0x605c54db8375 - std::sys::backtrace::__rust_begin_short_backtrace::hd2d2d2fb8e8c6aac
[INFO] [stdout]                                at /rustc/6067b36314ab5eb2eb47cecc464545ba58e1ad24/library/std/src/sys/backtrace.rs:152:18
[INFO] [stdout]   35:     0x605c54dbbc5a - std::thread::Builder::spawn_unchecked_::{{closure}}::{{closure}}::h4faa3f9db6133423
[INFO] [stdout]                                at /rustc/6067b36314ab5eb2eb47cecc464545ba58e1ad24/library/std/src/thread/mod.rs:559:17
[INFO] [stdout]   36:     0x605c54dbbc5a - <core::panic::unwind_safe::AssertUnwindSafe<F> as core::ops::function::FnOnce<()>>::call_once::hf2e855a36a4ea846
[INFO] [stdout]                                at /rustc/6067b36314ab5eb2eb47cecc464545ba58e1ad24/library/core/src/panic/unwind_safe.rs:272:9
[INFO] [stdout]   37:     0x605c54dbbc5a - std::panicking::try::do_call::h2f73af3616c35465
[INFO] [stdout]                                at /rustc/6067b36314ab5eb2eb47cecc464545ba58e1ad24/library/std/src/panicking.rs:587:40
[INFO] [stdout]   38:     0x605c54dbbc5a - std::panicking::try::hd1660ce9efadef5a
[INFO] [stdout]                                at /rustc/6067b36314ab5eb2eb47cecc464545ba58e1ad24/library/std/src/panicking.rs:550:19
[INFO] [stdout]   39:     0x605c54dbbc5a - std::panic::catch_unwind::h5ee8d7823b8ca744
[INFO] [stdout]                                at /rustc/6067b36314ab5eb2eb47cecc464545ba58e1ad24/library/std/src/panic.rs:358:14
[INFO] [stdout]   40:     0x605c54dbbc5a - std::thread::Builder::spawn_unchecked_::{{closure}}::h53c3a1894dce8407
[INFO] [stdout]                                at /rustc/6067b36314ab5eb2eb47cecc464545ba58e1ad24/library/std/src/thread/mod.rs:557:30
[INFO] [stdout]   41:     0x605c54dbbc5a - core::ops::function::FnOnce::call_once{{vtable.shim}}::h048ce291ad4f62bf
[INFO] [stdout]                                at /rustc/6067b36314ab5eb2eb47cecc464545ba58e1ad24/library/core/src/ops/function.rs:250:5
[INFO] [stdout]   42:     0x605c54e8b6fb - <alloc::boxed::Box<F,A> as core::ops::function::FnOnce<Args>>::call_once::ha52bedf99a3b4981
[INFO] [stdout]                                at /rustc/6067b36314ab5eb2eb47cecc464545ba58e1ad24/library/alloc/src/boxed.rs:2013:9
[INFO] [stdout]   43:     0x605c54e8b6fb - <alloc::boxed::Box<F,A> as core::ops::function::FnOnce<Args>>::call_once::h567748934d80ccf8
[INFO] [stdout]                                at /rustc/6067b36314ab5eb2eb47cecc464545ba58e1ad24/library/alloc/src/boxed.rs:2013:9
[INFO] [stdout]   44:     0x605c54e8b6fb - std::sys::pal::unix::thread::Thread::new::thread_start::h2d970728ae887adc
[INFO] [stdout]                                at /rustc/6067b36314ab5eb2eb47cecc464545ba58e1ad24/library/std/src/sys/pal/unix/thread.rs:106:17
[INFO] [stdout]   45:     0x7045a9172ac3 - <unknown>
[INFO] [stdout]   46:     0x7045a9203a04 - clone
[INFO] [stdout]   47:                0x0 - <unknown>
[INFO] [stdout] 
[INFO] [stdout] ---- signature::tests::test_verify_schnorr stdout ----
[INFO] [stdout] key_bytes: [159, 139, 155, 244, 168, 221, 89, 93, 151, 51, 206, 78, 147, 34, 223, 102, 99, 112, 164, 236, 216, 14, 9, 214, 137, 17, 186, 51, 25, 113, 229, 248]
[INFO] [stdout] key: RU256 { v: 72164411033437813227387257793784450909589602827989607142492806519121297663480 }
[INFO] [stdout] Starting scalar multiplication without precomputed points
[INFO] [stdout] key_bytes: [250, 102, 251, 21, 104, 99, 64, 91, 102, 109, 102, 147, 2, 96, 71, 208, 238, 137, 35, 56, 225, 164, 82, 64, 148, 62, 82, 160, 118, 205, 223, 104]
[INFO] [stdout] key: RU256 { v: 113260163461909224725708867192194044889391874978172521664982633334906356096872 }
[INFO] [stdout] Starting scalar multiplication without precomputed points
[INFO] [stdout] 
[INFO] [stdout] thread 'signature::tests::test_verify_schnorr' panicked at /opt/rustwide/cargo-home/registry/src/index.crates.io-1949cf8c6b5b557f/primitive-types-0.12.2/src/lib.rs:38:1:
[INFO] [stdout] arithmetic operation overflow
[INFO] [stdout] stack backtrace:
[INFO] [stdout]    0:     0x605c54e8589a - std::backtrace_rs::backtrace::libunwind::trace::hb059275cfc8d6126
[INFO] [stdout]                                at /rustc/6067b36314ab5eb2eb47cecc464545ba58e1ad24/library/std/src/../../backtrace/src/backtrace/libunwind.rs:116:5
[INFO] [stdout]    1:     0x605c54e8589a - std::backtrace_rs::backtrace::trace_unsynchronized::h2da071e4327ce3ee
[INFO] [stdout]                                at /rustc/6067b36314ab5eb2eb47cecc464545ba58e1ad24/library/std/src/../../backtrace/src/backtrace/mod.rs:66:5
[INFO] [stdout]    2:     0x605c54e8589a - std::sys::backtrace::_print_fmt::h842a1474e6f8d23f
[INFO] [stdout]                                at /rustc/6067b36314ab5eb2eb47cecc464545ba58e1ad24/library/std/src/sys/backtrace.rs:66:9
[INFO] [stdout]    3:     0x605c54e8589a - <std::sys::backtrace::BacktraceLock::print::DisplayBacktrace as core::fmt::Display>::fmt::h71a62eb3b9696b12
[INFO] [stdout]                                at /rustc/6067b36314ab5eb2eb47cecc464545ba58e1ad24/library/std/src/sys/backtrace.rs:39:26
[INFO] [stdout]    4:     0x605c54eadee3 - core::fmt::rt::Argument::fmt::hdb6b616786b41dc1
[INFO] [stdout]                                at /rustc/6067b36314ab5eb2eb47cecc464545ba58e1ad24/library/core/src/fmt/rt.rs:177:76
[INFO] [stdout]    5:     0x605c54eadee3 - core::fmt::write::h2cc1698af7e2d686
[INFO] [stdout]                                at /rustc/6067b36314ab5eb2eb47cecc464545ba58e1ad24/library/core/src/fmt/mod.rs:1440:21
[INFO] [stdout]    6:     0x605c54e823f3 - std::io::Write::write_fmt::hab1b4cd059a79022
[INFO] [stdout]                                at /rustc/6067b36314ab5eb2eb47cecc464545ba58e1ad24/library/std/src/io/mod.rs:1887:15
[INFO] [stdout]    7:     0x605c54e856e2 - std::sys::backtrace::BacktraceLock::print::h147fe35b4ea13b08
[INFO] [stdout]                                at /rustc/6067b36314ab5eb2eb47cecc464545ba58e1ad24/library/std/src/sys/backtrace.rs:42:9
[INFO] [stdout]    8:     0x605c54e86cbf - std::panicking::default_hook::{{closure}}::hbd44223dbdc0d208
[INFO] [stdout]                                at /rustc/6067b36314ab5eb2eb47cecc464545ba58e1ad24/library/std/src/panicking.rs:298:22
[INFO] [stdout]    9:     0x605c54e86ad8 - std::panicking::default_hook::h20f81eb0576efcec
[INFO] [stdout]                                at /rustc/6067b36314ab5eb2eb47cecc464545ba58e1ad24/library/std/src/panicking.rs:322:9
[INFO] [stdout]   10:     0x605c54df0c03 - <alloc::boxed::Box<F,A> as core::ops::function::Fn<Args>>::call::hdb53814c496a4d34
[INFO] [stdout]                                at /rustc/6067b36314ab5eb2eb47cecc464545ba58e1ad24/library/alloc/src/boxed.rs:2027:9
[INFO] [stdout]   11:     0x605c54df0c03 - test::test_main::{{closure}}::hc0a4963c59427c24
[INFO] [stdout]                                at /rustc/6067b36314ab5eb2eb47cecc464545ba58e1ad24/library/test/src/lib.rs:134:21
[INFO] [stdout]   12:     0x605c54e877b3 - <alloc::boxed::Box<F,A> as core::ops::function::Fn<Args>>::call::h591b2225413a77e9
[INFO] [stdout]                                at /rustc/6067b36314ab5eb2eb47cecc464545ba58e1ad24/library/alloc/src/boxed.rs:2027:9
[INFO] [stdout]   13:     0x605c54e877b3 - std::panicking::rust_panic_with_hook::h625eea43051b2edc
[INFO] [stdout]                                at /rustc/6067b36314ab5eb2eb47cecc464545ba58e1ad24/library/std/src/panicking.rs:839:13
[INFO] [stdout]   14:     0x605c54e87436 - std::panicking::begin_panic_handler::{{closure}}::h4f9159cfbc3f6bd3
[INFO] [stdout]                                at /rustc/6067b36314ab5eb2eb47cecc464545ba58e1ad24/library/std/src/panicking.rs:697:13
[INFO] [stdout]   15:     0x605c54e85d99 - std::sys::backtrace::__rust_end_short_backtrace::h0390abce48353151
[INFO] [stdout]                                at /rustc/6067b36314ab5eb2eb47cecc464545ba58e1ad24/library/std/src/sys/backtrace.rs:168:18
[INFO] [stdout]   16:     0x605c54e870fd - rust_begin_unwind
[INFO] [stdout]                                at /rustc/6067b36314ab5eb2eb47cecc464545ba58e1ad24/library/std/src/panicking.rs:695:5
[INFO] [stdout]   17:     0x605c54eac8c0 - core::panicking::panic_fmt::h9e7c637e9e5f29c9
[INFO] [stdout]                                at /rustc/6067b36314ab5eb2eb47cecc464545ba58e1ad24/library/core/src/panicking.rs:75:14
[INFO] [stdout]   18:     0x605c54e19d51 - <primitive_types::U256 as core::ops::arith::Mul>::mul::h6ceea4ee19b3c28e
[INFO] [stdout]                                at /opt/rustwide/cargo-home/registry/src/index.crates.io-1949cf8c6b5b557f/uint-0.9.5/src/uint.rs:369:5
[INFO] [stdout]   19:     0x605c54d883c9 - <cryptos_rs::ru256::RU256 as core::ops::arith::Mul>::mul::h111a05488e9356a1
[INFO] [stdout]                                at /opt/rustwide/workdir/projects/00-cryptos-rs/src/ru256.rs:49:19
[INFO] [stdout]   20:     0x605c54d94f26 - cryptos_rs::signature::sign_schnorr::ha5f290fe50228eb2
[INFO] [stdout]                                at /opt/rustwide/workdir/projects/00-cryptos-rs/src/signature.rs:132:18
[INFO] [stdout]   21:     0x605c54d9a9d7 - cryptos_rs::signature::tests::test_verify_schnorr::h3728aa9b6fd1bc9f
[INFO] [stdout]                                at /opt/rustwide/workdir/projects/00-cryptos-rs/src/signature.rs:238:19
[INFO] [stdout]   22:     0x605c54d9a967 - cryptos_rs::signature::tests::test_verify_schnorr::{{closure}}::h792e3885144fc015
[INFO] [stdout]                                at /opt/rustwide/workdir/projects/00-cryptos-rs/src/signature.rs:234:29
[INFO] [stdout]   23:     0x605c54d85e86 - core::ops::function::FnOnce::call_once::he460f331b83d17db
[INFO] [stdout]                                at /rustc/6067b36314ab5eb2eb47cecc464545ba58e1ad24/library/core/src/ops/function.rs:250:5
[INFO] [stdout]   24:     0x605c54df635b - core::ops::function::FnOnce::call_once::he27718dfdd183f43
[INFO] [stdout]                                at /rustc/6067b36314ab5eb2eb47cecc464545ba58e1ad24/library/core/src/ops/function.rs:250:5
[INFO] [stdout]   25:     0x605c54df635b - test::__rust_begin_short_backtrace::h4e84902998457a5d
[INFO] [stdout]                                at /rustc/6067b36314ab5eb2eb47cecc464545ba58e1ad24/library/test/src/lib.rs:632:18
[INFO] [stdout]   26:     0x605c54df5293 - test::run_test_in_process::{{closure}}::h7176fd18fc1feca0
[INFO] [stdout]                                at /rustc/6067b36314ab5eb2eb47cecc464545ba58e1ad24/library/test/src/lib.rs:655:60
[INFO] [stdout]   27:     0x605c54df5293 - <core::panic::unwind_safe::AssertUnwindSafe<F> as core::ops::function::FnOnce<()>>::call_once::hf79cff2a624d8cf7
[INFO] [stdout]                                at /rustc/6067b36314ab5eb2eb47cecc464545ba58e1ad24/library/core/src/panic/unwind_safe.rs:272:9
[INFO] [stdout]   28:     0x605c54df5293 - std::panicking::try::do_call::h3da0561d9ab99c25
[INFO] [stdout]                                at /rustc/6067b36314ab5eb2eb47cecc464545ba58e1ad24/library/std/src/panicking.rs:587:40
[INFO] [stdout]   29:     0x605c54df5293 - std::panicking::try::h41c9fa508bc61df6
[INFO] [stdout]                                at /rustc/6067b36314ab5eb2eb47cecc464545ba58e1ad24/library/std/src/panicking.rs:550:19
[INFO] [stdout]   30:     0x605c54df5293 - std::panic::catch_unwind::h6b3ff07bb5afad93
[INFO] [stdout]                                at /rustc/6067b36314ab5eb2eb47cecc464545ba58e1ad24/library/std/src/panic.rs:358:14
[INFO] [stdout]   31:     0x605c54df5293 - test::run_test_in_process::hc7253dd11b39b9f4
[INFO] [stdout]                                at /rustc/6067b36314ab5eb2eb47cecc464545ba58e1ad24/library/test/src/lib.rs:655:27
[INFO] [stdout]   32:     0x605c54df5293 - test::run_test::{{closure}}::hfb2007f8649c30bb
[INFO] [stdout]                                at /rustc/6067b36314ab5eb2eb47cecc464545ba58e1ad24/library/test/src/lib.rs:576:43
[INFO] [stdout]   33:     0x605c54db8375 - test::run_test::{{closure}}::h56a17aa7a282a9f4
[INFO] [stdout]                                at /rustc/6067b36314ab5eb2eb47cecc464545ba58e1ad24/library/test/src/lib.rs:606:41
[INFO] [stdout]   34:     0x605c54db8375 - std::sys::backtrace::__rust_begin_short_backtrace::hd2d2d2fb8e8c6aac
[INFO] [stdout]                                at /rustc/6067b36314ab5eb2eb47cecc464545ba58e1ad24/library/std/src/sys/backtrace.rs:152:18
[INFO] [stdout]   35:     0x605c54dbbc5a - std::thread::Builder::spawn_unchecked_::{{closure}}::{{closure}}::h4faa3f9db6133423
[INFO] [stdout]                                at /rustc/6067b36314ab5eb2eb47cecc464545ba58e1ad24/library/std/src/thread/mod.rs:559:17
[INFO] [stdout]   36:     0x605c54dbbc5a - <core::panic::unwind_safe::AssertUnwindSafe<F> as core::ops::function::FnOnce<()>>::call_once::hf2e855a36a4ea846
[INFO] [stdout]                                at /rustc/6067b36314ab5eb2eb47cecc464545ba58e1ad24/library/core/src/panic/unwind_safe.rs:272:9
[INFO] [stdout]   37:     0x605c54dbbc5a - std::panicking::try::do_call::h2f73af3616c35465
[INFO] [stdout]                                at /rustc/6067b36314ab5eb2eb47cecc464545ba58e1ad24/library/std/src/panicking.rs:587:40
[INFO] [stdout]   38:     0x605c54dbbc5a - std::panicking::try::hd1660ce9efadef5a
[INFO] [stdout]                                at /rustc/6067b36314ab5eb2eb47cecc464545ba58e1ad24/library/std/src/panicking.rs:550:19
[INFO] [stdout]   39:     0x605c54dbbc5a - std::panic::catch_unwind::h5ee8d7823b8ca744
[INFO] [stdout]                                at /rustc/6067b36314ab5eb2eb47cecc464545ba58e1ad24/library/std/src/panic.rs:358:14
[INFO] [stdout]   40:     0x605c54dbbc5a - std::thread::Builder::spawn_unchecked_::{{closure}}::h53c3a1894dce8407
[INFO] [stdout]                                at /rustc/6067b36314ab5eb2eb47cecc464545ba58e1ad24/library/std/src/thread/mod.rs:557:30
[INFO] [stdout]   41:     0x605c54dbbc5a - core::ops::function::FnOnce::call_once{{vtable.shim}}::h048ce291ad4f62bf
[INFO] [stdout]                                at /rustc/6067b36314ab5eb2eb47cecc464545ba58e1ad24/library/core/src/ops/function.rs:250:5
[INFO] [stdout]   42:     0x605c54e8b6fb - <alloc::boxed::Box<F,A> as core::ops::function::FnOnce<Args>>::call_once::ha52bedf99a3b4981
[INFO] [stdout]                                at /rustc/6067b36314ab5eb2eb47cecc464545ba58e1ad24/library/alloc/src/boxed.rs:2013:9
[INFO] [stdout]   43:     0x605c54e8b6fb - <alloc::boxed::Box<F,A> as core::ops::function::FnOnce<Args>>::call_once::h567748934d80ccf8
[INFO] [stdout]                                at /rustc/6067b36314ab5eb2eb47cecc464545ba58e1ad24/library/alloc/src/boxed.rs:2013:9
[INFO] [stdout]   44:     0x605c54e8b6fb - std::sys::pal::unix::thread::Thread::new::thread_start::h2d970728ae887adc
[INFO] [stdout]                                at /rustc/6067b36314ab5eb2eb47cecc464545ba58e1ad24/library/std/src/sys/pal/unix/thread.rs:106:17
[INFO] [stdout]   45:     0x7045a9172ac3 - <unknown>
[INFO] [stdout]   46:     0x7045a9203a04 - clone
[INFO] [stdout]   47:                0x0 - <unknown>
[INFO] [stdout] 
[INFO] [stdout] 
[INFO] [stdout] failures:
[INFO] [stdout]     keys::test_btc_addresses
[INFO] [stdout]     keys::test_pk_sec
[INFO] [stdout]     signature::tests::test_sign_schnorr
[INFO] [stdout]     signature::tests::test_verify_schnorr
[INFO] [stdout] 
[INFO] [stdout] test result: FAILED. 29 passed; 4 failed; 0 ignored; 0 measured; 0 filtered out; finished in 706.19s
[INFO] [stdout] 
[INFO] [stderr] error: test failed, to rerun pass `--lib`
[INFO] running `Command { std: "docker" "inspect" "59dc2957f7d0f442c0988c50fc5ba450e34ae34db273aa60edb9dc67a2065c8f", kill_on_drop: false }`
[INFO] running `Command { std: "docker" "rm" "-f" "59dc2957f7d0f442c0988c50fc5ba450e34ae34db273aa60edb9dc67a2065c8f", kill_on_drop: false }`
[INFO] [stdout] 59dc2957f7d0f442c0988c50fc5ba450e34ae34db273aa60edb9dc67a2065c8f
