[INFO] cloning repository https://github.com/KittydaCat/autofy
[INFO] running `Command { std: "git" "-c" "credential.helper=" "-c" "credential.helper=/workspace/cargo-home/bin/git-credential-null" "clone" "--bare" "https://github.com/KittydaCat/autofy" "/workspace/cache/git-repos/https%3A%2F%2Fgithub.com%2FKittydaCat%2Fautofy", kill_on_drop: false }`
[INFO] [stderr] Cloning into bare repository '/workspace/cache/git-repos/https%3A%2F%2Fgithub.com%2FKittydaCat%2Fautofy'...
[INFO] running `Command { std: "git" "rev-parse" "HEAD", kill_on_drop: false }`
[INFO] [stdout] a9652ae337482bdeac5a090ffde122d7f9fa0c96
[INFO] testing KittydaCat/autofy against nightly-2025-01-18 for randomize-layout-2
[INFO] running `Command { std: "git" "clone" "/workspace/cache/git-repos/https%3A%2F%2Fgithub.com%2FKittydaCat%2Fautofy" "/workspace/builds/worker-7-tc1/source", kill_on_drop: false }`
[INFO] [stderr] Cloning into '/workspace/builds/worker-7-tc1/source'...
[INFO] [stderr] done.
[INFO] validating manifest of git repo https://github.com/KittydaCat/autofy on toolchain nightly-2025-01-18
[INFO] running `Command { std: CARGO_HOME="/workspace/cargo-home" RUSTUP_HOME="/workspace/rustup-home" "/workspace/cargo-home/bin/cargo" "+nightly-2025-01-18" "metadata" "--manifest-path" "Cargo.toml" "--no-deps", kill_on_drop: false }`
[INFO] started tweaking git repo https://github.com/KittydaCat/autofy
[INFO] finished tweaking git repo https://github.com/KittydaCat/autofy
[INFO] tweaked toml for git repo https://github.com/KittydaCat/autofy written to /workspace/builds/worker-7-tc1/source/Cargo.toml
[INFO] crate git repo https://github.com/KittydaCat/autofy already has a lockfile, it will not be regenerated
[INFO] running `Command { std: CARGO_HOME="/workspace/cargo-home" RUSTUP_HOME="/workspace/rustup-home" "/workspace/cargo-home/bin/cargo" "+nightly-2025-01-18" "fetch" "--manifest-path" "Cargo.toml", kill_on_drop: false }`
[INFO] [stderr]     Updating crates.io index
[INFO] [stderr]  Downloading crates ...
[INFO] [stderr]   Downloaded maybe-async v0.2.10
[INFO] [stderr]   Downloaded rspotify-http v0.13.2
[INFO] [stderr]   Downloaded rspotify-macros v0.13.2
[INFO] [stderr]   Downloaded rspotify-model v0.13.2
[INFO] [stderr]   Downloaded rspotify v0.13.2
[INFO] running `Command { std: "docker" "create" "-v" "/var/lib/crater-agent-workspace/builds/worker-7-tc1/target:/opt/rustwide/target:rw,Z" "-v" "/var/lib/crater-agent-workspace/builds/worker-7-tc1/source:/opt/rustwide/workdir:ro,Z" "-v" "/var/lib/crater-agent-workspace/cargo-home:/opt/rustwide/cargo-home:ro,Z" "-v" "/var/lib/crater-agent-workspace/rustup-home:/opt/rustwide/rustup-home:ro,Z" "-e" "SOURCE_DIR=/opt/rustwide/workdir" "-e" "CARGO_TARGET_DIR=/opt/rustwide/target" "-e" "CARGO_HOME=/opt/rustwide/cargo-home" "-e" "RUSTUP_HOME=/opt/rustwide/rustup-home" "-w" "/opt/rustwide/workdir" "-m" "1610612736" "--user" "0:0" "--network" "none" "ghcr.io/rust-lang/crates-build-env/linux@sha256:819108c5571ea2e421544af4d832f968d213c87fbe3707a016657f43d2f853bc" "/opt/rustwide/cargo-home/bin/cargo" "+nightly-2025-01-18" "metadata" "--no-deps" "--format-version=1", kill_on_drop: false }`
[INFO] [stdout] 44ccfd017aaf32cda0a375ef03d236467891ff27b93e791a64f38c0b0f2482ec
[INFO] running `Command { std: "docker" "start" "-a" "44ccfd017aaf32cda0a375ef03d236467891ff27b93e791a64f38c0b0f2482ec", kill_on_drop: false }`
[INFO] running `Command { std: "docker" "inspect" "44ccfd017aaf32cda0a375ef03d236467891ff27b93e791a64f38c0b0f2482ec", kill_on_drop: false }`
[INFO] running `Command { std: "docker" "rm" "-f" "44ccfd017aaf32cda0a375ef03d236467891ff27b93e791a64f38c0b0f2482ec", kill_on_drop: false }`
[INFO] [stdout] 44ccfd017aaf32cda0a375ef03d236467891ff27b93e791a64f38c0b0f2482ec
[INFO] running `Command { std: "docker" "create" "-v" "/var/lib/crater-agent-workspace/builds/worker-7-tc1/target:/opt/rustwide/target:rw,Z" "-v" "/var/lib/crater-agent-workspace/builds/worker-7-tc1/source:/opt/rustwide/workdir:ro,Z" "-v" "/var/lib/crater-agent-workspace/cargo-home:/opt/rustwide/cargo-home:ro,Z" "-v" "/var/lib/crater-agent-workspace/rustup-home:/opt/rustwide/rustup-home:ro,Z" "-e" "SOURCE_DIR=/opt/rustwide/workdir" "-e" "CARGO_TARGET_DIR=/opt/rustwide/target" "-e" "CARGO_INCREMENTAL=0" "-e" "RUST_BACKTRACE=full" "-e" "RUSTFLAGS=--cap-lints=forbid" "-e" "RUSTDOCFLAGS=--cap-lints=forbid" "-e" "CARGO_HOME=/opt/rustwide/cargo-home" "-e" "RUSTUP_HOME=/opt/rustwide/rustup-home" "-w" "/opt/rustwide/workdir" "-m" "1610612736" "--user" "0:0" "--network" "none" "ghcr.io/rust-lang/crates-build-env/linux@sha256:819108c5571ea2e421544af4d832f968d213c87fbe3707a016657f43d2f853bc" "/opt/rustwide/cargo-home/bin/cargo" "+nightly-2025-01-18" "build" "--frozen" "--message-format=json", kill_on_drop: false }`
[INFO] [stdout] 7e55db3fc3e94d3f722e34dcd03d93733545157975d249a1fb02524c49a6e6ff
[INFO] running `Command { std: "docker" "start" "-a" "7e55db3fc3e94d3f722e34dcd03d93733545157975d249a1fb02524c49a6e6ff", kill_on_drop: false }`
[INFO] [stderr]    Compiling proc-macro2 v1.0.85
[INFO] [stderr]    Compiling unicode-ident v1.0.12
[INFO] [stderr]    Compiling autocfg v1.3.0
[INFO] [stderr]    Compiling libc v0.2.155
[INFO] [stderr]    Compiling pin-project-lite v0.2.14
[INFO] [stderr]    Compiling futures-core v0.3.30
[INFO] [stderr]    Compiling bytes v1.6.0
[INFO] [stderr]    Compiling futures-sink v0.3.30
[INFO] [stderr]    Compiling stable_deref_trait v1.2.0
[INFO] [stderr]    Compiling once_cell v1.19.0
[INFO] [stderr]    Compiling itoa v1.0.11
[INFO] [stderr]    Compiling memchr v2.7.4
[INFO] [stderr]    Compiling futures-channel v0.3.30
[INFO] [stderr]    Compiling cc v1.0.99
[INFO] [stderr]    Compiling pkg-config v0.3.30
[INFO] [stderr]    Compiling quote v1.0.36
[INFO] [stderr]    Compiling slab v0.4.9
[INFO] [stderr]    Compiling syn v2.0.66
[INFO] [stderr]    Compiling pin-utils v0.1.0
[INFO] [stderr]    Compiling vcpkg v0.2.15
[INFO] [stderr]    Compiling futures-task v0.3.30
[INFO] [stderr]    Compiling futures-io v0.3.30
[INFO] [stderr]    Compiling litemap v0.7.3
[INFO] [stderr]    Compiling fnv v1.0.7
[INFO] [stderr]    Compiling writeable v0.5.5
[INFO] [stderr]    Compiling cfg-if v1.0.0
[INFO] [stderr]    Compiling http v1.1.0
[INFO] [stderr]    Compiling mio v0.8.11
[INFO] [stderr]    Compiling socket2 v0.5.7
[INFO] [stderr]    Compiling serde v1.0.203
[INFO] [stderr]    Compiling smallvec v1.13.2
[INFO] [stderr]    Compiling tracing-core v0.1.32
[INFO] [stderr]    Compiling icu_locid_transform_data v1.5.0
[INFO] [stderr]    Compiling foreign-types-shared v0.1.1
[INFO] [stderr]    Compiling typenum v1.17.0
[INFO] [stderr]    Compiling openssl v0.10.64
[INFO] [stderr]    Compiling openssl-sys v0.9.102
[INFO] [stderr]    Compiling httparse v1.9.4
[INFO] [stderr]    Compiling equivalent v1.0.1
[INFO] [stderr]    Compiling version_check v0.9.4
[INFO] [stderr]    Compiling hashbrown v0.14.5
[INFO] [stderr]    Compiling tracing v0.1.40
[INFO] [stderr]    Compiling generic-array v0.14.7
[INFO] [stderr]    Compiling foreign-types v0.3.2
[INFO] [stderr]    Compiling try-lock v0.2.5
[INFO] [stderr]    Compiling atomic-waker v1.1.2
[INFO] [stderr]    Compiling icu_properties_data v1.5.0
[INFO] [stderr]    Compiling thiserror v1.0.61
[INFO] [stderr]    Compiling bitflags v2.5.0
[INFO] [stderr]    Compiling native-tls v0.2.12
[INFO] [stderr]    Compiling http-body v1.0.0
[INFO] [stderr]    Compiling indexmap v2.2.6
[INFO] [stderr]    Compiling want v0.3.1
[INFO] [stderr]    Compiling write16 v1.0.0
[INFO] [stderr]    Compiling log v0.4.21
[INFO] [stderr]    Compiling openssl-probe v0.1.5
[INFO] [stderr]    Compiling utf16_iter v1.0.5
[INFO] [stderr]    Compiling tower-service v0.3.2
[INFO] [stderr]    Compiling rustversion v1.0.17
[INFO] [stderr]    Compiling utf8_iter v1.0.4
[INFO] [stderr]    Compiling icu_normalizer_data v1.5.0
[INFO] [stderr]    Compiling ryu v1.0.18
[INFO] [stderr]    Compiling serde_json v1.0.117
[INFO] [stderr]    Compiling tower-layer v0.3.2
[INFO] [stderr]    Compiling percent-encoding v2.3.1
[INFO] [stderr]    Compiling num-traits v0.2.19
[INFO] [stderr]    Compiling either v1.12.0
[INFO] [stderr]    Compiling heck v0.5.0
[INFO] [stderr]    Compiling form_urlencoded v1.2.1
[INFO] [stderr]    Compiling rustls-pki-types v1.7.0
[INFO] [stderr]    Compiling base64 v0.22.1
[INFO] [stderr]    Compiling encoding_rs v0.8.34
[INFO] [stderr]    Compiling mime v0.3.17
[INFO] [stderr]    Compiling rustls-pemfile v2.1.2
[INFO] [stderr]    Compiling sync_wrapper v1.0.1
[INFO] [stderr]    Compiling iana-time-zone v0.1.60
[INFO] [stderr]    Compiling ipnet v2.9.0
[INFO] [stderr]    Compiling cpufeatures v0.2.12
[INFO] [stderr]    Compiling getrandom v0.2.15
[INFO] [stderr]    Compiling block-buffer v0.10.4
[INFO] [stderr]    Compiling crypto-common v0.1.6
[INFO] [stderr]    Compiling rspotify-macros v0.13.2
[INFO] [stderr]    Compiling digest v0.10.7
[INFO] [stderr]    Compiling sha2 v0.10.8
[INFO] [stderr]    Compiling synstructure v0.13.1
[INFO] [stderr]    Compiling zerofrom-derive v0.1.4
[INFO] [stderr]    Compiling yoke-derive v0.7.4
[INFO] [stderr]    Compiling zerovec-derive v0.10.2
[INFO] [stderr]    Compiling futures-macro v0.3.30
[INFO] [stderr]    Compiling displaydoc v0.2.4
[INFO] [stderr]    Compiling tokio-macros v2.3.0
[INFO] [stderr]    Compiling icu_provider_macros v1.5.0
[INFO] [stderr]    Compiling serde_derive v1.0.203
[INFO] [stderr]    Compiling openssl-macros v0.1.1
[INFO] [stderr]    Compiling tokio v1.38.0
[INFO] [stderr]    Compiling futures-util v0.3.30
[INFO] [stderr]    Compiling pin-project-internal v1.1.5
[INFO] [stderr]    Compiling thiserror-impl v1.0.61
[INFO] [stderr]    Compiling strum_macros v0.26.4
[INFO] [stderr]    Compiling zerofrom v0.1.4
[INFO] [stderr]    Compiling yoke v0.7.4
[INFO] [stderr]    Compiling zerovec v0.10.2
[INFO] [stderr]    Compiling pin-project v1.1.5
[INFO] [stderr]    Compiling async-trait v0.1.80
[INFO] [stderr]    Compiling async-stream-impl v0.3.5
[INFO] [stderr]    Compiling tinystr v0.7.6
[INFO] [stderr]    Compiling icu_collections v1.5.0
[INFO] [stderr]    Compiling icu_locid v1.5.0
[INFO] [stderr]    Compiling maybe-async v0.2.10
[INFO] [stderr]    Compiling http-body-util v0.1.2
[INFO] [stderr]    Compiling futures-executor v0.3.30
[INFO] [stderr]    Compiling strum v0.26.2
[INFO] [stderr]    Compiling enum_dispatch v0.3.13
[INFO] [stderr]    Compiling icu_provider v1.5.0
[INFO] [stderr]    Compiling tokio-util v0.7.11
[INFO] [stderr]    Compiling tower v0.4.13
[INFO] [stderr]    Compiling icu_locid_transform v1.5.0
[INFO] [stderr]    Compiling tokio-native-tls v0.3.1
[INFO] [stderr]    Compiling h2 v0.4.5
[INFO] [stderr]    Compiling tokio-socks v0.5.1
[INFO] [stderr]    Compiling futures v0.3.30
[INFO] [stderr]    Compiling async-stream v0.3.5
[INFO] [stderr]    Compiling async-recursion v1.1.1
[INFO] [stderr]    Compiling icu_properties v1.5.0
[INFO] [stderr]    Compiling serde_urlencoded v0.7.1
[INFO] [stderr]    Compiling chrono v0.4.38
[INFO] [stderr]    Compiling icu_normalizer v1.5.0
[INFO] [stderr]    Compiling hyper v1.3.1
[INFO] [stderr]    Compiling idna v1.0.0
[INFO] [stderr]    Compiling rspotify-model v0.13.2
[INFO] [stderr]    Compiling url v2.5.1
[INFO] [stderr]    Compiling hyper-util v0.1.5
[INFO] [stderr]    Compiling hyper-tls v0.6.0
[INFO] [stderr]    Compiling reqwest v0.12.5
[INFO] [stderr]    Compiling rspotify-http v0.13.2
[INFO] [stderr]    Compiling rspotify v0.13.2
[INFO] [stderr]    Compiling autofy v0.1.0 (/opt/rustwide/workdir)
[INFO] [stdout] warning: struct `Track` is never constructed
[INFO] [stdout]  --> src/lib.rs:7:8
[INFO] [stdout]   |
[INFO] [stdout] 7 | struct Track {
[INFO] [stdout]   |        ^^^^^
[INFO] [stdout]   |
[INFO] [stdout]   = note: `#[warn(dead_code)]` on by default
[INFO] [stdout] 
[INFO] [stdout] 
[INFO] [stdout] warning: struct `Playlist` is never constructed
[INFO] [stdout]   --> src/lib.rs:13:8
[INFO] [stdout]    |
[INFO] [stdout] 13 | struct Playlist {
[INFO] [stdout]    |        ^^^^^^^^
[INFO] [stdout] 
[INFO] [stdout] 
[INFO] [stdout] warning: struct `Client` is never constructed
[INFO] [stdout]   --> src/lib.rs:19:8
[INFO] [stdout]    |
[INFO] [stdout] 19 | struct Client {
[INFO] [stdout]    |        ^^^^^^
[INFO] [stdout] 
[INFO] [stdout] 
[INFO] [stdout] warning: associated items `new`, `request_get`, `get_public_playlist`, `get_tracks`, and `request_access_token` are never used
[INFO] [stdout]    --> src/lib.rs:30:14
[INFO] [stdout]     |
[INFO] [stdout] 28  | impl Client {
[INFO] [stdout]     | ----------- associated items in this implementation
[INFO] [stdout] 29  |
[INFO] [stdout] 30  |     async fn new() -> Client {
[INFO] [stdout]     |              ^^^
[INFO] [stdout] ...
[INFO] [stdout] 62  |     async fn request_get(&self, url: &str) -> Value {
[INFO] [stdout]     |              ^^^^^^^^^^^
[INFO] [stdout] ...
[INFO] [stdout] 71  |     async fn get_public_playlist(&self, id: &str) -> Playlist {
[INFO] [stdout]     |              ^^^^^^^^^^^^^^^^^^^
[INFO] [stdout] ...
[INFO] [stdout] 89  |     async fn get_tracks(&self, tracks_json: &Value) -> Vec<Track> {
[INFO] [stdout]     |              ^^^^^^^^^^
[INFO] [stdout] ...
[INFO] [stdout] 128 |     async fn request_access_token(&self) {
[INFO] [stdout]     |              ^^^^^^^^^^^^^^^^^^^^
[INFO] [stdout] 
[INFO] [stdout] 
[INFO] [stderr]     Finished `dev` profile [unoptimized + debuginfo] target(s) in 1m 40s
[INFO] running `Command { std: "docker" "inspect" "7e55db3fc3e94d3f722e34dcd03d93733545157975d249a1fb02524c49a6e6ff", kill_on_drop: false }`
[INFO] running `Command { std: "docker" "rm" "-f" "7e55db3fc3e94d3f722e34dcd03d93733545157975d249a1fb02524c49a6e6ff", kill_on_drop: false }`
[INFO] [stdout] 7e55db3fc3e94d3f722e34dcd03d93733545157975d249a1fb02524c49a6e6ff
[INFO] running `Command { std: "docker" "create" "-v" "/var/lib/crater-agent-workspace/builds/worker-7-tc1/target:/opt/rustwide/target:rw,Z" "-v" "/var/lib/crater-agent-workspace/builds/worker-7-tc1/source:/opt/rustwide/workdir:ro,Z" "-v" "/var/lib/crater-agent-workspace/cargo-home:/opt/rustwide/cargo-home:ro,Z" "-v" "/var/lib/crater-agent-workspace/rustup-home:/opt/rustwide/rustup-home:ro,Z" "-e" "SOURCE_DIR=/opt/rustwide/workdir" "-e" "CARGO_TARGET_DIR=/opt/rustwide/target" "-e" "CARGO_INCREMENTAL=0" "-e" "RUST_BACKTRACE=full" "-e" "RUSTFLAGS=--cap-lints=forbid" "-e" "RUSTDOCFLAGS=--cap-lints=forbid" "-e" "CARGO_HOME=/opt/rustwide/cargo-home" "-e" "RUSTUP_HOME=/opt/rustwide/rustup-home" "-w" "/opt/rustwide/workdir" "-m" "1610612736" "--user" "0:0" "--network" "none" "ghcr.io/rust-lang/crates-build-env/linux@sha256:819108c5571ea2e421544af4d832f968d213c87fbe3707a016657f43d2f853bc" "/opt/rustwide/cargo-home/bin/cargo" "+nightly-2025-01-18" "test" "--frozen" "--no-run" "--message-format=json", kill_on_drop: false }`
[INFO] [stdout] 10412fb6a4bf27b528eba6ab05ce3de6fc22f579e4458f735ac2d9f62743fbcc
[INFO] running `Command { std: "docker" "start" "-a" "10412fb6a4bf27b528eba6ab05ce3de6fc22f579e4458f735ac2d9f62743fbcc", kill_on_drop: false }`
[INFO] [stdout] warning: struct `Track` is never constructed
[INFO] [stdout]  --> src/lib.rs:7:8
[INFO] [stdout]   |
[INFO] [stdout] 7 | struct Track {
[INFO] [stdout]   |        ^^^^^
[INFO] [stdout]   |
[INFO] [stdout]   = note: `#[warn(dead_code)]` on by default
[INFO] [stdout] 
[INFO] [stdout] 
[INFO] [stdout] warning: struct `Playlist` is never constructed
[INFO] [stdout]   --> src/lib.rs:13:8
[INFO] [stdout]    |
[INFO] [stdout] 13 | struct Playlist {
[INFO] [stdout]    |        ^^^^^^^^
[INFO] [stdout] 
[INFO] [stdout] 
[INFO] [stdout] warning: struct `Client` is never constructed
[INFO] [stdout]   --> src/lib.rs:19:8
[INFO] [stdout]    |
[INFO] [stdout] 19 | struct Client {
[INFO] [stdout]    |        ^^^^^^
[INFO] [stdout] 
[INFO] [stdout] 
[INFO] [stdout] warning: associated items `new`, `request_get`, `get_public_playlist`, `get_tracks`, and `request_access_token` are never used
[INFO] [stdout]    --> src/lib.rs:30:14
[INFO] [stdout]     |
[INFO] [stdout] 28  | impl Client {
[INFO] [stdout]     | ----------- associated items in this implementation
[INFO] [stdout] 29  |
[INFO] [stdout] 30  |     async fn new() -> Client {
[INFO] [stdout]     |              ^^^
[INFO] [stdout] ...
[INFO] [stdout] 62  |     async fn request_get(&self, url: &str) -> Value {
[INFO] [stdout]     |              ^^^^^^^^^^^
[INFO] [stdout] ...
[INFO] [stdout] 71  |     async fn get_public_playlist(&self, id: &str) -> Playlist {
[INFO] [stdout]     |              ^^^^^^^^^^^^^^^^^^^
[INFO] [stdout] ...
[INFO] [stdout] 89  |     async fn get_tracks(&self, tracks_json: &Value) -> Vec<Track> {
[INFO] [stdout]     |              ^^^^^^^^^^
[INFO] [stdout] ...
[INFO] [stdout] 128 |     async fn request_access_token(&self) {
[INFO] [stdout]     |              ^^^^^^^^^^^^^^^^^^^^
[INFO] [stdout] 
[INFO] [stdout] 
[INFO] [stderr]    Compiling autofy v0.1.0 (/opt/rustwide/workdir)
[INFO] [stdout] warning: struct `Track` is never constructed
[INFO] [stdout]  --> src/lib.rs:7:8
[INFO] [stdout]   |
[INFO] [stdout] 7 | struct Track {
[INFO] [stdout]   |        ^^^^^
[INFO] [stdout]   |
[INFO] [stdout]   = note: `#[warn(dead_code)]` on by default
[INFO] [stdout] 
[INFO] [stdout] 
[INFO] [stdout] warning: struct `Playlist` is never constructed
[INFO] [stdout]   --> src/lib.rs:13:8
[INFO] [stdout]    |
[INFO] [stdout] 13 | struct Playlist {
[INFO] [stdout]    |        ^^^^^^^^
[INFO] [stdout] 
[INFO] [stdout] 
[INFO] [stdout] warning: field `auth` is never read
[INFO] [stdout]   --> src/lib.rs:23:5
[INFO] [stdout]    |
[INFO] [stdout] 19 | struct Client {
[INFO] [stdout]    |        ------ field in this struct
[INFO] [stdout] ...
[INFO] [stdout] 23 |     auth: String,
[INFO] [stdout]    |     ^^^^
[INFO] [stdout]    |
[INFO] [stdout]    = note: `Client` has derived impls for the traits `Debug` and `Clone`, but these are intentionally ignored during dead code analysis
[INFO] [stdout] 
[INFO] [stdout] 
[INFO] [stdout] warning: methods `request_get`, `get_public_playlist`, and `get_tracks` are never used
[INFO] [stdout]   --> src/lib.rs:62:14
[INFO] [stdout]    |
[INFO] [stdout] 28 | impl Client {
[INFO] [stdout]    | ----------- methods in this implementation
[INFO] [stdout] ...
[INFO] [stdout] 62 |     async fn request_get(&self, url: &str) -> Value {
[INFO] [stdout]    |              ^^^^^^^^^^^
[INFO] [stdout] ...
[INFO] [stdout] 71 |     async fn get_public_playlist(&self, id: &str) -> Playlist {
[INFO] [stdout]    |              ^^^^^^^^^^^^^^^^^^^
[INFO] [stdout] ...
[INFO] [stdout] 89 |     async fn get_tracks(&self, tracks_json: &Value) -> Vec<Track> {
[INFO] [stdout]    |              ^^^^^^^^^^
[INFO] [stdout] 
[INFO] [stdout] 
[INFO] [stderr]     Finished `test` profile [unoptimized + debuginfo] target(s) in 1.49s
[INFO] running `Command { std: "docker" "inspect" "10412fb6a4bf27b528eba6ab05ce3de6fc22f579e4458f735ac2d9f62743fbcc", kill_on_drop: false }`
[INFO] running `Command { std: "docker" "rm" "-f" "10412fb6a4bf27b528eba6ab05ce3de6fc22f579e4458f735ac2d9f62743fbcc", kill_on_drop: false }`
[INFO] [stdout] 10412fb6a4bf27b528eba6ab05ce3de6fc22f579e4458f735ac2d9f62743fbcc
[INFO] running `Command { std: "docker" "create" "-v" "/var/lib/crater-agent-workspace/builds/worker-7-tc1/target:/opt/rustwide/target:rw,Z" "-v" "/var/lib/crater-agent-workspace/builds/worker-7-tc1/source:/opt/rustwide/workdir:ro,Z" "-v" "/var/lib/crater-agent-workspace/cargo-home:/opt/rustwide/cargo-home:ro,Z" "-v" "/var/lib/crater-agent-workspace/rustup-home:/opt/rustwide/rustup-home:ro,Z" "-e" "SOURCE_DIR=/opt/rustwide/workdir" "-e" "CARGO_TARGET_DIR=/opt/rustwide/target" "-e" "CARGO_INCREMENTAL=0" "-e" "RUST_BACKTRACE=full" "-e" "RUSTFLAGS=--cap-lints=forbid" "-e" "RUSTDOCFLAGS=--cap-lints=forbid" "-e" "CARGO_HOME=/opt/rustwide/cargo-home" "-e" "RUSTUP_HOME=/opt/rustwide/rustup-home" "-w" "/opt/rustwide/workdir" "-m" "1610612736" "--user" "0:0" "--network" "none" "ghcr.io/rust-lang/crates-build-env/linux@sha256:819108c5571ea2e421544af4d832f968d213c87fbe3707a016657f43d2f853bc" "/opt/rustwide/cargo-home/bin/cargo" "+nightly-2025-01-18" "test" "--frozen", kill_on_drop: false }`
[INFO] [stdout] b04674952ac0a74f956eb9f5871286d14b805985ff17897116e7e9b362783447
[INFO] running `Command { std: "docker" "start" "-a" "b04674952ac0a74f956eb9f5871286d14b805985ff17897116e7e9b362783447", kill_on_drop: false }`
[INFO] [stderr] warning: struct `Track` is never constructed
[INFO] [stderr]  --> src/lib.rs:7:8
[INFO] [stderr]   |
[INFO] [stderr] 7 | struct Track {
[INFO] [stderr]   |        ^^^^^
[INFO] [stderr]   |
[INFO] [stderr]   = note: `#[warn(dead_code)]` on by default
[INFO] [stderr] 
[INFO] [stderr] warning: struct `Playlist` is never constructed
[INFO] [stderr]   --> src/lib.rs:13:8
[INFO] [stderr]    |
[INFO] [stderr] 13 | struct Playlist {
[INFO] [stderr]    |        ^^^^^^^^
[INFO] [stderr] 
[INFO] [stderr] warning: struct `Client` is never constructed
[INFO] [stderr]   --> src/lib.rs:19:8
[INFO] [stderr]    |
[INFO] [stderr] 19 | struct Client {
[INFO] [stderr]    |        ^^^^^^
[INFO] [stderr] 
[INFO] [stderr] warning: associated items `new`, `request_get`, `get_public_playlist`, `get_tracks`, and `request_access_token` are never used
[INFO] [stderr]    --> src/lib.rs:30:14
[INFO] [stderr]     |
[INFO] [stderr] 28  | impl Client {
[INFO] [stderr]     | ----------- associated items in this implementation
[INFO] [stderr] 29  |
[INFO] [stderr] 30  |     async fn new() -> Client {
[INFO] [stderr]     |              ^^^
[INFO] [stderr] ...
[INFO] [stderr] 62  |     async fn request_get(&self, url: &str) -> Value {
[INFO] [stderr]     |              ^^^^^^^^^^^
[INFO] [stderr] ...
[INFO] [stderr] 71  |     async fn get_public_playlist(&self, id: &str) -> Playlist {
[INFO] [stderr]     |              ^^^^^^^^^^^^^^^^^^^
[INFO] [stderr] ...
[INFO] [stderr] 89  |     async fn get_tracks(&self, tracks_json: &Value) -> Vec<Track> {
[INFO] [stderr]     |              ^^^^^^^^^^
[INFO] [stderr] ...
[INFO] [stderr] 128 |     async fn request_access_token(&self) {
[INFO] [stderr]     |              ^^^^^^^^^^^^^^^^^^^^
[INFO] [stderr] 
[INFO] [stderr] warning: field `auth` is never read
[INFO] [stderr]   --> src/lib.rs:23:5
[INFO] [stderr]    |
[INFO] [stderr] 19 | struct Client {
[INFO] [stderr]    |        ------ field in this struct
[INFO] [stderr] ...
[INFO] [stderr] 23 |     auth: String,
[INFO] [stderr]    |     ^^^^
[INFO] [stderr]    |
[INFO] [stderr]    = note: `Client` has derived impls for the traits `Debug` and `Clone`, but these are intentionally ignored during dead code analysis
[INFO] [stderr] 
[INFO] [stderr] warning: methods `request_get`, `get_public_playlist`, and `get_tracks` are never used
[INFO] [stderr]   --> src/lib.rs:62:14
[INFO] [stderr]    |
[INFO] [stderr] 28 | impl Client {
[INFO] [stderr]    | ----------- methods in this implementation
[INFO] [stderr] ...
[INFO] [stderr] 62 |     async fn request_get(&self, url: &str) -> Value {
[INFO] [stderr]    |              ^^^^^^^^^^^
[INFO] [stderr] ...
[INFO] [stderr] 71 |     async fn get_public_playlist(&self, id: &str) -> Playlist {
[INFO] [stderr]    |              ^^^^^^^^^^^^^^^^^^^
[INFO] [stderr] ...
[INFO] [stderr] 89 |     async fn get_tracks(&self, tracks_json: &Value) -> Vec<Track> {
[INFO] [stderr]    |              ^^^^^^^^^^
[INFO] [stderr] 
[INFO] [stderr] warning: `autofy` (lib) generated 4 warnings
[INFO] [stderr] warning: `autofy` (lib test) generated 4 warnings (2 duplicates)
[INFO] [stderr]     Finished `test` profile [unoptimized + debuginfo] target(s) in 0.26s
[INFO] [stderr]      Running unittests src/lib.rs (/opt/rustwide/target/debug/deps/autofy-37d94ce9af15143c)
[INFO] [stdout] 
[INFO] [stdout] running 1 test
[INFO] [stdout] test tests::test ... FAILED
[INFO] [stdout] 
[INFO] [stdout] failures:
[INFO] [stdout] 
[INFO] [stdout] ---- tests::test stdout ----
[INFO] [stdout] 
[INFO] [stdout] thread 'tests::test' panicked at src/lib.rs:32:54:
[INFO] [stdout] called `Result::unwrap()` on an `Err` value: Os { code: 2, kind: NotFound, message: "No such file or directory" }
[INFO] [stdout] stack backtrace:
[INFO] [stdout]    0:     0x5d77cee7e44a - std::backtrace_rs::backtrace::libunwind::trace::hb059275cfc8d6126
[INFO] [stdout]                                at /rustc/6067b36314ab5eb2eb47cecc464545ba58e1ad24/library/std/src/../../backtrace/src/backtrace/libunwind.rs:116:5
[INFO] [stdout]    1:     0x5d77cee7e44a - std::backtrace_rs::backtrace::trace_unsynchronized::h2da071e4327ce3ee
[INFO] [stdout]                                at /rustc/6067b36314ab5eb2eb47cecc464545ba58e1ad24/library/std/src/../../backtrace/src/backtrace/mod.rs:66:5
[INFO] [stdout]    2:     0x5d77cee7e44a - std::sys::backtrace::_print_fmt::h842a1474e6f8d23f
[INFO] [stdout]                                at /rustc/6067b36314ab5eb2eb47cecc464545ba58e1ad24/library/std/src/sys/backtrace.rs:66:9
[INFO] [stdout]    3:     0x5d77cee7e44a - <std::sys::backtrace::BacktraceLock::print::DisplayBacktrace as core::fmt::Display>::fmt::h71a62eb3b9696b12
[INFO] [stdout]                                at /rustc/6067b36314ab5eb2eb47cecc464545ba58e1ad24/library/std/src/sys/backtrace.rs:39:26
[INFO] [stdout]    4:     0x5d77ceea94a3 - core::fmt::rt::Argument::fmt::hdb6b616786b41dc1
[INFO] [stdout]                                at /rustc/6067b36314ab5eb2eb47cecc464545ba58e1ad24/library/core/src/fmt/rt.rs:177:76
[INFO] [stdout]    5:     0x5d77ceea94a3 - core::fmt::write::h2cc1698af7e2d686
[INFO] [stdout]                                at /rustc/6067b36314ab5eb2eb47cecc464545ba58e1ad24/library/core/src/fmt/mod.rs:1440:21
[INFO] [stdout]    6:     0x5d77cee7a363 - std::io::Write::write_fmt::hab1b4cd059a79022
[INFO] [stdout]                                at /rustc/6067b36314ab5eb2eb47cecc464545ba58e1ad24/library/std/src/io/mod.rs:1887:15
[INFO] [stdout]    7:     0x5d77cee7e292 - std::sys::backtrace::BacktraceLock::print::h147fe35b4ea13b08
[INFO] [stdout]                                at /rustc/6067b36314ab5eb2eb47cecc464545ba58e1ad24/library/std/src/sys/backtrace.rs:42:9
[INFO] [stdout]    8:     0x5d77cee7f86f - std::panicking::default_hook::{{closure}}::hbd44223dbdc0d208
[INFO] [stdout]                                at /rustc/6067b36314ab5eb2eb47cecc464545ba58e1ad24/library/std/src/panicking.rs:298:22
[INFO] [stdout]    9:     0x5d77cee7f688 - std::panicking::default_hook::h20f81eb0576efcec
[INFO] [stdout]                                at /rustc/6067b36314ab5eb2eb47cecc464545ba58e1ad24/library/std/src/panicking.rs:322:9
[INFO] [stdout]   10:     0x5d77cedc70d3 - <alloc::boxed::Box<F,A> as core::ops::function::Fn<Args>>::call::hdb53814c496a4d34
[INFO] [stdout]                                at /rustc/6067b36314ab5eb2eb47cecc464545ba58e1ad24/library/alloc/src/boxed.rs:2027:9
[INFO] [stdout]   11:     0x5d77cedc70d3 - test::test_main::{{closure}}::hc0a4963c59427c24
[INFO] [stdout]                                at /rustc/6067b36314ab5eb2eb47cecc464545ba58e1ad24/library/test/src/lib.rs:134:21
[INFO] [stdout]   12:     0x5d77cee80363 - <alloc::boxed::Box<F,A> as core::ops::function::Fn<Args>>::call::h591b2225413a77e9
[INFO] [stdout]                                at /rustc/6067b36314ab5eb2eb47cecc464545ba58e1ad24/library/alloc/src/boxed.rs:2027:9
[INFO] [stdout]   13:     0x5d77cee80363 - std::panicking::rust_panic_with_hook::h625eea43051b2edc
[INFO] [stdout]                                at /rustc/6067b36314ab5eb2eb47cecc464545ba58e1ad24/library/std/src/panicking.rs:839:13
[INFO] [stdout]   14:     0x5d77cee8001a - std::panicking::begin_panic_handler::{{closure}}::h4f9159cfbc3f6bd3
[INFO] [stdout]                                at /rustc/6067b36314ab5eb2eb47cecc464545ba58e1ad24/library/std/src/panicking.rs:704:13
[INFO] [stdout]   15:     0x5d77cee7e949 - std::sys::backtrace::__rust_end_short_backtrace::h0390abce48353151
[INFO] [stdout]                                at /rustc/6067b36314ab5eb2eb47cecc464545ba58e1ad24/library/std/src/sys/backtrace.rs:168:18
[INFO] [stdout]   16:     0x5d77cee7fcad - rust_begin_unwind
[INFO] [stdout]                                at /rustc/6067b36314ab5eb2eb47cecc464545ba58e1ad24/library/std/src/panicking.rs:695:5
[INFO] [stdout]   17:     0x5d77ceea7710 - core::panicking::panic_fmt::h9e7c637e9e5f29c9
[INFO] [stdout]                                at /rustc/6067b36314ab5eb2eb47cecc464545ba58e1ad24/library/core/src/panicking.rs:75:14
[INFO] [stdout]   18:     0x5d77ceea7b86 - core::result::unwrap_failed::h7979f09313fe1849
[INFO] [stdout]                                at /rustc/6067b36314ab5eb2eb47cecc464545ba58e1ad24/library/core/src/result.rs:1704:5
[INFO] [stdout]   19:     0x5d77ceab3eb6 - core::result::Result<T,E>::unwrap::h39c4a08ddbe0e4e5
[INFO] [stdout]                                at /rustc/6067b36314ab5eb2eb47cecc464545ba58e1ad24/library/core/src/result.rs:1109:23
[INFO] [stdout]   20:     0x5d77ceab3eb6 - autofy::Client::new::{{closure}}::h73865af385d2ae11
[INFO] [stdout]                                at /opt/rustwide/workdir/src/lib.rs:32:20
[INFO] [stdout]   21:     0x5d77ceab5df2 - autofy::tests::test::{{closure}}::h12a4ace267889026
[INFO] [stdout]                                at /opt/rustwide/workdir/src/lib.rs:150:41
[INFO] [stdout]   22:     0x5d77ceabaf72 - <core::pin::Pin<P> as core::future::future::Future>::poll::h33a8e7ea401fe252
[INFO] [stdout]                                at /rustc/6067b36314ab5eb2eb47cecc464545ba58e1ad24/library/core/src/future/future.rs:124:9
[INFO] [stdout]   23:     0x5d77ceabaf2d - <core::pin::Pin<P> as core::future::future::Future>::poll::h189e37e648e3214d
[INFO] [stdout]                                at /rustc/6067b36314ab5eb2eb47cecc464545ba58e1ad24/library/core/src/future/future.rs:124:9
[INFO] [stdout]   24:     0x5d77ceac12cf - tokio::runtime::scheduler::current_thread::CoreGuard::block_on::{{closure}}::{{closure}}::{{closure}}::h23364c73f19d2ece
[INFO] [stdout]                                at /opt/rustwide/cargo-home/registry/src/index.crates.io-1949cf8c6b5b557f/tokio-1.38.0/src/runtime/scheduler/current_thread/mod.rs:659:57
[INFO] [stdout]   25:     0x5d77ceac1215 - tokio::runtime::coop::with_budget::h37213eaf331e7815
[INFO] [stdout]                                at /opt/rustwide/cargo-home/registry/src/index.crates.io-1949cf8c6b5b557f/tokio-1.38.0/src/runtime/coop.rs:107:5
[INFO] [stdout]   26:     0x5d77ceac1215 - tokio::runtime::coop::budget::he75416cd503ee3fa
[INFO] [stdout]                                at /opt/rustwide/cargo-home/registry/src/index.crates.io-1949cf8c6b5b557f/tokio-1.38.0/src/runtime/coop.rs:73:5
[INFO] [stdout]   27:     0x5d77ceac1215 - tokio::runtime::scheduler::current_thread::CoreGuard::block_on::{{closure}}::{{closure}}::ha17b44ca6d75af1c
[INFO] [stdout]                                at /opt/rustwide/cargo-home/registry/src/index.crates.io-1949cf8c6b5b557f/tokio-1.38.0/src/runtime/scheduler/current_thread/mod.rs:659:25
[INFO] [stdout]   28:     0x5d77ceabffe0 - tokio::runtime::scheduler::current_thread::Context::enter::hfb31d8f41b2ec0f6
[INFO] [stdout]                                at /opt/rustwide/cargo-home/registry/src/index.crates.io-1949cf8c6b5b557f/tokio-1.38.0/src/runtime/scheduler/current_thread/mod.rs:404:19
[INFO] [stdout]   29:     0x5d77ceac0a8b - tokio::runtime::scheduler::current_thread::CoreGuard::block_on::{{closure}}::hcfd6708e7221dcc2
[INFO] [stdout]                                at /opt/rustwide/cargo-home/registry/src/index.crates.io-1949cf8c6b5b557f/tokio-1.38.0/src/runtime/scheduler/current_thread/mod.rs:658:36
[INFO] [stdout]   30:     0x5d77ceac0804 - tokio::runtime::scheduler::current_thread::CoreGuard::enter::{{closure}}::he542303f8763fbbd
[INFO] [stdout]                                at /opt/rustwide/cargo-home/registry/src/index.crates.io-1949cf8c6b5b557f/tokio-1.38.0/src/runtime/scheduler/current_thread/mod.rs:737:68
[INFO] [stdout]   31:     0x5d77ceab0c9b - tokio::runtime::context::scoped::Scoped<T>::set::hecd8c87524e6637a
[INFO] [stdout]                                at /opt/rustwide/cargo-home/registry/src/index.crates.io-1949cf8c6b5b557f/tokio-1.38.0/src/runtime/context/scoped.rs:40:9
[INFO] [stdout]   32:     0x5d77ceabac69 - tokio::runtime::context::set_scheduler::{{closure}}::h8fb98db621382c68
[INFO] [stdout]                                at /opt/rustwide/cargo-home/registry/src/index.crates.io-1949cf8c6b5b557f/tokio-1.38.0/src/runtime/context.rs:180:26
[INFO] [stdout]   33:     0x5d77ceab8f12 - std::thread::local::LocalKey<T>::try_with::h89334ef6dfa6a041
[INFO] [stdout]                                at /rustc/6067b36314ab5eb2eb47cecc464545ba58e1ad24/library/std/src/thread/local.rs:308:12
[INFO] [stdout]   34:     0x5d77ceab8bca - std::thread::local::LocalKey<T>::with::h94677cfe21e16047
[INFO] [stdout]                                at /rustc/6067b36314ab5eb2eb47cecc464545ba58e1ad24/library/std/src/thread/local.rs:272:9
[INFO] [stdout]   35:     0x5d77ceabac1d - tokio::runtime::context::set_scheduler::hbbb7533aa6b669a6
[INFO] [stdout]                                at /opt/rustwide/cargo-home/registry/src/index.crates.io-1949cf8c6b5b557f/tokio-1.38.0/src/runtime/context.rs:180:9
[INFO] [stdout]   36:     0x5d77ceac05b0 - tokio::runtime::scheduler::current_thread::CoreGuard::enter::h59b4ba182199bba9
[INFO] [stdout]                                at /opt/rustwide/cargo-home/registry/src/index.crates.io-1949cf8c6b5b557f/tokio-1.38.0/src/runtime/scheduler/current_thread/mod.rs:737:27
[INFO] [stdout]   37:     0x5d77ceac0823 - tokio::runtime::scheduler::current_thread::CoreGuard::block_on::h81b3fac94bce0052
[INFO] [stdout]                                at /opt/rustwide/cargo-home/registry/src/index.crates.io-1949cf8c6b5b557f/tokio-1.38.0/src/runtime/scheduler/current_thread/mod.rs:646:19
[INFO] [stdout]   38:     0x5d77ceabf82d - tokio::runtime::scheduler::current_thread::CurrentThread::block_on::{{closure}}::h66041ad944588559
[INFO] [stdout]                                at /opt/rustwide/cargo-home/registry/src/index.crates.io-1949cf8c6b5b557f/tokio-1.38.0/src/runtime/scheduler/current_thread/mod.rs:175:28
[INFO] [stdout]   39:     0x5d77ceab0e07 - tokio::runtime::context::runtime::enter_runtime::hbb5ca5d88467d57e
[INFO] [stdout]                                at /opt/rustwide/cargo-home/registry/src/index.crates.io-1949cf8c6b5b557f/tokio-1.38.0/src/runtime/context/runtime.rs:65:16
[INFO] [stdout]   40:     0x5d77ceabf751 - tokio::runtime::scheduler::current_thread::CurrentThread::block_on::hd4d875f8263deaa4
[INFO] [stdout]                                at /opt/rustwide/cargo-home/registry/src/index.crates.io-1949cf8c6b5b557f/tokio-1.38.0/src/runtime/scheduler/current_thread/mod.rs:167:9
[INFO] [stdout]   41:     0x5d77ceabadd2 - tokio::runtime::runtime::Runtime::block_on::hae71464cce1cf2d5
[INFO] [stdout]                                at /opt/rustwide/cargo-home/registry/src/index.crates.io-1949cf8c6b5b557f/tokio-1.38.0/src/runtime/runtime.rs:347:47
[INFO] [stdout]   42:     0x5d77ceab5c0a - autofy::tests::test::h0952915b63f55d65
[INFO] [stdout]                                at /opt/rustwide/workdir/src/lib.rs:154:9
[INFO] [stdout]   43:     0x5d77ceab5ab7 - autofy::tests::test::{{closure}}::he0e0c2a58f65acd5
[INFO] [stdout]                                at /opt/rustwide/workdir/src/lib.rs:148:20
[INFO] [stdout]   44:     0x5d77ceabdbf6 - core::ops::function::FnOnce::call_once::h148d3992a5660185
[INFO] [stdout]                                at /rustc/6067b36314ab5eb2eb47cecc464545ba58e1ad24/library/core/src/ops/function.rs:250:5
[INFO] [stdout]   45:     0x5d77cedcc82b - core::ops::function::FnOnce::call_once::he27718dfdd183f43
[INFO] [stdout]                                at /rustc/6067b36314ab5eb2eb47cecc464545ba58e1ad24/library/core/src/ops/function.rs:250:5
[INFO] [stdout]   46:     0x5d77cedcc82b - test::__rust_begin_short_backtrace::h4e84902998457a5d
[INFO] [stdout]                                at /rustc/6067b36314ab5eb2eb47cecc464545ba58e1ad24/library/test/src/lib.rs:632:18
[INFO] [stdout]   47:     0x5d77cedcb763 - test::run_test_in_process::{{closure}}::h7176fd18fc1feca0
[INFO] [stdout]                                at /rustc/6067b36314ab5eb2eb47cecc464545ba58e1ad24/library/test/src/lib.rs:655:60
[INFO] [stdout]   48:     0x5d77cedcb763 - <core::panic::unwind_safe::AssertUnwindSafe<F> as core::ops::function::FnOnce<()>>::call_once::hf79cff2a624d8cf7
[INFO] [stdout]                                at /rustc/6067b36314ab5eb2eb47cecc464545ba58e1ad24/library/core/src/panic/unwind_safe.rs:272:9
[INFO] [stdout]   49:     0x5d77cedcb763 - std::panicking::try::do_call::h3da0561d9ab99c25
[INFO] [stdout]                                at /rustc/6067b36314ab5eb2eb47cecc464545ba58e1ad24/library/std/src/panicking.rs:587:40
[INFO] [stdout]   50:     0x5d77cedcb763 - std::panicking::try::h41c9fa508bc61df6
[INFO] [stdout]                                at /rustc/6067b36314ab5eb2eb47cecc464545ba58e1ad24/library/std/src/panicking.rs:550:19
[INFO] [stdout]   51:     0x5d77cedcb763 - std::panic::catch_unwind::h6b3ff07bb5afad93
[INFO] [stdout]                                at /rustc/6067b36314ab5eb2eb47cecc464545ba58e1ad24/library/std/src/panic.rs:358:14
[INFO] [stdout]   52:     0x5d77cedcb763 - test::run_test_in_process::hc7253dd11b39b9f4
[INFO] [stdout]                                at /rustc/6067b36314ab5eb2eb47cecc464545ba58e1ad24/library/test/src/lib.rs:655:27
[INFO] [stdout]   53:     0x5d77cedcb763 - test::run_test::{{closure}}::hfb2007f8649c30bb
[INFO] [stdout]                                at /rustc/6067b36314ab5eb2eb47cecc464545ba58e1ad24/library/test/src/lib.rs:576:43
[INFO] [stdout]   54:     0x5d77ced8e845 - test::run_test::{{closure}}::h56a17aa7a282a9f4
[INFO] [stdout]                                at /rustc/6067b36314ab5eb2eb47cecc464545ba58e1ad24/library/test/src/lib.rs:606:41
[INFO] [stdout]   55:     0x5d77ced8e845 - std::sys::backtrace::__rust_begin_short_backtrace::hd2d2d2fb8e8c6aac
[INFO] [stdout]                                at /rustc/6067b36314ab5eb2eb47cecc464545ba58e1ad24/library/std/src/sys/backtrace.rs:152:18
[INFO] [stdout]   56:     0x5d77ced9212a - std::thread::Builder::spawn_unchecked_::{{closure}}::{{closure}}::h4faa3f9db6133423
[INFO] [stdout]                                at /rustc/6067b36314ab5eb2eb47cecc464545ba58e1ad24/library/std/src/thread/mod.rs:559:17
[INFO] [stdout]   57:     0x5d77ced9212a - <core::panic::unwind_safe::AssertUnwindSafe<F> as core::ops::function::FnOnce<()>>::call_once::hf2e855a36a4ea846
[INFO] [stdout]                                at /rustc/6067b36314ab5eb2eb47cecc464545ba58e1ad24/library/core/src/panic/unwind_safe.rs:272:9
[INFO] [stdout]   58:     0x5d77ced9212a - std::panicking::try::do_call::h2f73af3616c35465
[INFO] [stdout]                                at /rustc/6067b36314ab5eb2eb47cecc464545ba58e1ad24/library/std/src/panicking.rs:587:40
[INFO] [stdout]   59:     0x5d77ced9212a - std::panicking::try::hd1660ce9efadef5a
[INFO] [stdout]                                at /rustc/6067b36314ab5eb2eb47cecc464545ba58e1ad24/library/std/src/panicking.rs:550:19
[INFO] [stdout]   60:     0x5d77ced9212a - std::panic::catch_unwind::h5ee8d7823b8ca744
[INFO] [stdout]                                at /rustc/6067b36314ab5eb2eb47cecc464545ba58e1ad24/library/std/src/panic.rs:358:14
[INFO] [stdout]   61:     0x5d77ced9212a - std::thread::Builder::spawn_unchecked_::{{closure}}::h53c3a1894dce8407
[INFO] [stdout]                                at /rustc/6067b36314ab5eb2eb47cecc464545ba58e1ad24/library/std/src/thread/mod.rs:557:30
[INFO] [stdout]   62:     0x5d77ced9212a - core::ops::function::FnOnce::call_once{{vtable.shim}}::h048ce291ad4f62bf
[INFO] [stdout]                                at /rustc/6067b36314ab5eb2eb47cecc464545ba58e1ad24/library/core/src/ops/function.rs:250:5
[INFO] [stdout]   63:     0x5d77cee846db - <alloc::boxed::Box<F,A> as core::ops::function::FnOnce<Args>>::call_once::ha52bedf99a3b4981
[INFO] [stdout]                                at /rustc/6067b36314ab5eb2eb47cecc464545ba58e1ad24/library/alloc/src/boxed.rs:2013:9
[INFO] [stdout]   64:     0x5d77cee846db - <alloc::boxed::Box<F,A> as core::ops::function::FnOnce<Args>>::call_once::h567748934d80ccf8
[INFO] [stdout]                                at /rustc/6067b36314ab5eb2eb47cecc464545ba58e1ad24/library/alloc/src/boxed.rs:2013:9
[INFO] [stdout]   65:     0x5d77cee846db - std::sys::pal::unix::thread::Thread::new::thread_start::h2d970728ae887adc
[INFO] [stdout]                                at /rustc/6067b36314ab5eb2eb47cecc464545ba58e1ad24/library/std/src/sys/pal/unix/thread.rs:106:17
[INFO] [stdout]   66:     0x743462814ac3 - <unknown>
[INFO] [stdout]   67:     0x7434628a5a04 - clone
[INFO] [stdout]   68:                0x0 - <unknown>
[INFO] [stdout] 
[INFO] [stdout] 
[INFO] [stdout] failures:
[INFO] [stdout]     tests::test
[INFO] [stdout] 
[INFO] [stdout] test result: FAILED. 0 passed; 1 failed; 0 ignored; 0 measured; 0 filtered out; finished in 0.04s
[INFO] [stdout] 
[INFO] [stderr] error: test failed, to rerun pass `--lib`
[INFO] running `Command { std: "docker" "inspect" "b04674952ac0a74f956eb9f5871286d14b805985ff17897116e7e9b362783447", kill_on_drop: false }`
[INFO] running `Command { std: "docker" "rm" "-f" "b04674952ac0a74f956eb9f5871286d14b805985ff17897116e7e9b362783447", kill_on_drop: false }`
[INFO] [stdout] b04674952ac0a74f956eb9f5871286d14b805985ff17897116e7e9b362783447
