[INFO] cloning repository https://github.com/Kezii/LD2412
[INFO] running `Command { std: "git" "-c" "credential.helper=" "-c" "credential.helper=/workspace/cargo-home/bin/git-credential-null" "clone" "--bare" "https://github.com/Kezii/LD2412" "/workspace/cache/git-repos/https%3A%2F%2Fgithub.com%2FKezii%2FLD2412", kill_on_drop: false }`
[INFO] [stderr] Cloning into bare repository '/workspace/cache/git-repos/https%3A%2F%2Fgithub.com%2FKezii%2FLD2412'...
[INFO] running `Command { std: "git" "rev-parse" "HEAD", kill_on_drop: false }`
[INFO] [stdout] 0e1e3fd5f6b7b9fc62630c1b63140f6f0b77903d
[INFO] testing Kezii/LD2412 against nightly-2025-01-18+rustflags=-Zrandomize-layout for randomize-layout-2
[INFO] running `Command { std: "git" "clone" "/workspace/cache/git-repos/https%3A%2F%2Fgithub.com%2FKezii%2FLD2412" "/workspace/builds/worker-5-tc2/source", kill_on_drop: false }`
[INFO] [stderr] Cloning into '/workspace/builds/worker-5-tc2/source'...
[INFO] [stderr] done.
[INFO] validating manifest of git repo https://github.com/Kezii/LD2412 on toolchain nightly-2025-01-18
[INFO] running `Command { std: CARGO_HOME="/workspace/cargo-home" RUSTUP_HOME="/workspace/rustup-home" "/workspace/cargo-home/bin/cargo" "+nightly-2025-01-18" "metadata" "--manifest-path" "Cargo.toml" "--no-deps", kill_on_drop: false }`
[INFO] started tweaking git repo https://github.com/Kezii/LD2412
[INFO] finished tweaking git repo https://github.com/Kezii/LD2412
[INFO] tweaked toml for git repo https://github.com/Kezii/LD2412 written to /workspace/builds/worker-5-tc2/source/Cargo.toml
[INFO] crate git repo https://github.com/Kezii/LD2412 already has a lockfile, it will not be regenerated
[INFO] running `Command { std: CARGO_HOME="/workspace/cargo-home" RUSTUP_HOME="/workspace/rustup-home" "/workspace/cargo-home/bin/cargo" "+nightly-2025-01-18" "fetch" "--manifest-path" "Cargo.toml", kill_on_drop: false }`
[INFO] running `Command { std: "docker" "create" "-v" "/var/lib/crater-agent-workspace/builds/worker-5-tc2/target:/opt/rustwide/target:rw,Z" "-v" "/var/lib/crater-agent-workspace/builds/worker-5-tc2/source:/opt/rustwide/workdir:ro,Z" "-v" "/var/lib/crater-agent-workspace/cargo-home:/opt/rustwide/cargo-home:ro,Z" "-v" "/var/lib/crater-agent-workspace/rustup-home:/opt/rustwide/rustup-home:ro,Z" "-e" "SOURCE_DIR=/opt/rustwide/workdir" "-e" "CARGO_TARGET_DIR=/opt/rustwide/target" "-e" "CARGO_HOME=/opt/rustwide/cargo-home" "-e" "RUSTUP_HOME=/opt/rustwide/rustup-home" "-w" "/opt/rustwide/workdir" "-m" "1610612736" "--user" "0:0" "--network" "none" "ghcr.io/rust-lang/crates-build-env/linux@sha256:819108c5571ea2e421544af4d832f968d213c87fbe3707a016657f43d2f853bc" "/opt/rustwide/cargo-home/bin/cargo" "+nightly-2025-01-18" "metadata" "--no-deps" "--format-version=1", kill_on_drop: false }`
[INFO] [stdout] 7a6d2e5680406270ed6fdcb49768894db77e6c08577594b624fca139f34968e5
[INFO] running `Command { std: "docker" "start" "-a" "7a6d2e5680406270ed6fdcb49768894db77e6c08577594b624fca139f34968e5", kill_on_drop: false }`
[INFO] running `Command { std: "docker" "inspect" "7a6d2e5680406270ed6fdcb49768894db77e6c08577594b624fca139f34968e5", kill_on_drop: false }`
[INFO] running `Command { std: "docker" "rm" "-f" "7a6d2e5680406270ed6fdcb49768894db77e6c08577594b624fca139f34968e5", kill_on_drop: false }`
[INFO] [stdout] 7a6d2e5680406270ed6fdcb49768894db77e6c08577594b624fca139f34968e5
[INFO] running `Command { std: "docker" "create" "-v" "/var/lib/crater-agent-workspace/builds/worker-5-tc2/target:/opt/rustwide/target:rw,Z" "-v" "/var/lib/crater-agent-workspace/builds/worker-5-tc2/source:/opt/rustwide/workdir:ro,Z" "-v" "/var/lib/crater-agent-workspace/cargo-home:/opt/rustwide/cargo-home:ro,Z" "-v" "/var/lib/crater-agent-workspace/rustup-home:/opt/rustwide/rustup-home:ro,Z" "-e" "SOURCE_DIR=/opt/rustwide/workdir" "-e" "CARGO_TARGET_DIR=/opt/rustwide/target" "-e" "CARGO_INCREMENTAL=0" "-e" "RUST_BACKTRACE=full" "-e" "RUSTFLAGS=--cap-lints=forbid -Zrandomize-layout" "-e" "RUSTDOCFLAGS=--cap-lints=forbid" "-e" "CARGO_HOME=/opt/rustwide/cargo-home" "-e" "RUSTUP_HOME=/opt/rustwide/rustup-home" "-w" "/opt/rustwide/workdir" "-m" "1610612736" "--user" "0:0" "--network" "none" "ghcr.io/rust-lang/crates-build-env/linux@sha256:819108c5571ea2e421544af4d832f968d213c87fbe3707a016657f43d2f853bc" "/opt/rustwide/cargo-home/bin/cargo" "+nightly-2025-01-18" "build" "--frozen" "--message-format=json", kill_on_drop: false }`
[INFO] [stdout] f22bb3bddaae2716a755c0261e663a0d62e3dd647b219988ec95c1bafb8a08e2
[INFO] running `Command { std: "docker" "start" "-a" "f22bb3bddaae2716a755c0261e663a0d62e3dd647b219988ec95c1bafb8a08e2", kill_on_drop: false }`
[INFO] [stderr]    Compiling libc v0.2.164
[INFO] [stderr]    Compiling semver v1.0.23
[INFO] [stderr]    Compiling proc-macro2 v1.0.89
[INFO] [stderr]    Compiling shlex v1.3.0
[INFO] [stderr]    Compiling num-traits v0.2.19
[INFO] [stderr]    Compiling yeslogic-fontconfig-sys v6.0.0
[INFO] [stderr]    Compiling log v0.4.22
[INFO] [stderr]    Compiling aho-corasick v1.1.3
[INFO] [stderr]    Compiling cc v1.2.1
[INFO] [stderr]    Compiling libudev-sys v0.1.4
[INFO] [stderr]    Compiling option-ext v0.2.0
[INFO] [stderr]    Compiling regex-syntax v0.8.5
[INFO] [stderr]    Compiling plotters-backend v0.3.7
[INFO] [stderr]    Compiling rustc_version v0.4.1
[INFO] [stderr]    Compiling quote v1.0.37
[INFO] [stderr]    Compiling syn v2.0.87
[INFO] [stderr]    Compiling pathfinder_simd v0.5.4
[INFO] [stderr]    Compiling bytemuck v1.20.0
[INFO] [stderr]    Compiling font-kit v0.14.2
[INFO] [stderr]    Compiling utf8parse v0.2.2
[INFO] [stderr]    Compiling anstyle-parse v0.2.6
[INFO] [stderr]    Compiling image v0.24.9
[INFO] [stderr]    Compiling gif v0.12.0
[INFO] [stderr]    Compiling pathfinder_geometry v0.5.1
[INFO] [stderr]    Compiling freetype-sys v0.20.1
[INFO] [stderr]    Compiling regex-automata v0.4.9
[INFO] [stderr]    Compiling dirs-sys v0.4.1
[INFO] [stderr]    Compiling dirs v5.0.1
[INFO] [stderr]    Compiling is_terminal_polyfill v1.70.1
[INFO] [stderr]    Compiling colorchoice v1.0.3
[INFO] [stderr]    Compiling anstyle-query v1.1.2
[INFO] [stderr]    Compiling anstyle v1.0.10
[INFO] [stderr]    Compiling iana-time-zone v0.1.61
[INFO] [stderr]    Compiling float-ord v0.3.2
[INFO] [stderr]    Compiling anstream v0.6.18
[INFO] [stderr]    Compiling chrono v0.4.38
[INFO] [stderr]    Compiling libudev v0.3.0
[INFO] [stderr]    Compiling nix v0.26.4
[INFO] [stderr]    Compiling plotters-svg v0.3.7
[INFO] [stderr]    Compiling humantime v2.1.0
[INFO] [stderr]    Compiling scopeguard v1.2.0
[INFO] [stderr]    Compiling plotters-bitmap v0.3.7
[INFO] [stderr]    Compiling ttf-parser v0.20.0
[INFO] [stderr]    Compiling thiserror-impl v1.0.69
[INFO] [stderr]    Compiling regex v1.11.1
[INFO] [stderr]    Compiling env_filter v0.1.2
[INFO] [stderr]    Compiling thiserror v1.0.69
[INFO] [stderr]    Compiling unescaper v0.1.5
[INFO] [stderr]    Compiling env_logger v0.11.5
[INFO] [stderr]    Compiling serialport v4.6.0
[INFO] [stderr]    Compiling plotters v0.3.7
[INFO] [stderr]    Compiling LD2412 v0.1.0 (/opt/rustwide/workdir)
[INFO] [stdout] warning: variant `cm75` should have an upper camel case name
[INFO] [stdout]   --> src/lib.rs:53:5
[INFO] [stdout]    |
[INFO] [stdout] 53 |     cm75 = 0x00,
[INFO] [stdout]    |     ^^^^ help: convert the identifier to upper camel case (notice the capitalization): `Cm75`
[INFO] [stdout]    |
[INFO] [stdout]    = note: `#[warn(non_camel_case_types)]` on by default
[INFO] [stdout] 
[INFO] [stdout] 
[INFO] [stdout] warning: variant `cm50` should have an upper camel case name
[INFO] [stdout]   --> src/lib.rs:54:5
[INFO] [stdout]    |
[INFO] [stdout] 54 |     cm50 = 0x01,
[INFO] [stdout]    |     ^^^^ help: convert the identifier to upper camel case (notice the capitalization): `Cm50`
[INFO] [stdout] 
[INFO] [stdout] 
[INFO] [stdout] warning: variant `cm25` should have an upper camel case name
[INFO] [stdout]   --> src/lib.rs:55:5
[INFO] [stdout]    |
[INFO] [stdout] 55 |     cm25 = 0x02,
[INFO] [stdout]    |     ^^^^ help: convert the identifier to upper camel case (notice the capitalization): `Cm25`
[INFO] [stdout] 
[INFO] [stdout] 
[INFO] [stdout] warning: type `TargetState` is more private than the item `BasicTargetData::state`
[INFO] [stdout]    --> src/lib.rs:231:5
[INFO] [stdout]     |
[INFO] [stdout] 231 |     pub state: TargetState,
[INFO] [stdout]     |     ^^^^^^^^^^^^^^^^^^^^^^ field `BasicTargetData::state` is reachable at visibility `pub`
[INFO] [stdout]     |
[INFO] [stdout] note: but type `TargetState` is only usable at visibility `pub(crate)`
[INFO] [stdout]    --> src/lib.rs:198:1
[INFO] [stdout]     |
[INFO] [stdout] 198 | enum TargetState {
[INFO] [stdout]     | ^^^^^^^^^^^^^^^^
[INFO] [stdout]     = note: `#[warn(private_interfaces)]` on by default
[INFO] [stdout] 
[INFO] [stdout] 
[INFO] [stdout] warning: fields `distance` and `energy` are never read
[INFO] [stdout]    --> src/lib.rs:247:5
[INFO] [stdout]     |
[INFO] [stdout] 246 | pub struct Target {
[INFO] [stdout]     |            ------ fields in this struct
[INFO] [stdout] 247 |     distance: u16, // cm
[INFO] [stdout]     |     ^^^^^^^^
[INFO] [stdout] 248 |     energy: u8,    // dB ??
[INFO] [stdout]     |     ^^^^^^
[INFO] [stdout]     |
[INFO] [stdout]     = note: `Target` has a derived impl for the trait `Debug`, but this is intentionally ignored during dead code analysis
[INFO] [stdout]     = note: `#[warn(dead_code)]` on by default
[INFO] [stdout] 
[INFO] [stdout] 
[INFO] [stdout] warning: fields `command` and `data` are never read
[INFO] [stdout]    --> src/lib.rs:335:5
[INFO] [stdout]     |
[INFO] [stdout] 334 | pub struct Ack {
[INFO] [stdout]     |            --- fields in this struct
[INFO] [stdout] 335 |     command: u16,
[INFO] [stdout]     |     ^^^^^^^
[INFO] [stdout] 336 |     data: Vec<u8>,
[INFO] [stdout]     |     ^^^^
[INFO] [stdout]     |
[INFO] [stdout]     = note: `Ack` has a derived impl for the trait `Debug`, but this is intentionally ignored during dead code analysis
[INFO] [stdout] 
[INFO] [stdout] 
[INFO] [stdout] warning: crate `LD2412` should have a snake case name
[INFO] [stdout]   |
[INFO] [stdout]   = help: convert the identifier to snake case: `ld2412`
[INFO] [stdout]   = note: `#[warn(non_snake_case)]` on by default
[INFO] [stdout] 
[INFO] [stdout] 
[INFO] [stdout] warning: unused import: `log::info`
[INFO] [stdout]   --> src/bin/main.rs:18:5
[INFO] [stdout]    |
[INFO] [stdout] 18 | use log::info;
[INFO] [stdout]    |     ^^^^^^^^^
[INFO] [stdout]    |
[INFO] [stdout]    = note: `#[warn(unused_imports)]` on by default
[INFO] [stdout] 
[INFO] [stdout] 
[INFO] [stdout] warning: unused import: `plotters::data`
[INFO] [stdout]   --> src/bin/main.rs:19:5
[INFO] [stdout]    |
[INFO] [stdout] 19 | use plotters::data;
[INFO] [stdout]    |     ^^^^^^^^^^^^^^
[INFO] [stdout] 
[INFO] [stdout] 
[INFO] [stdout] warning: unused import: `LD2412::EngineeringModeData`
[INFO] [stdout]   --> src/bin/main.rs:20:5
[INFO] [stdout]    |
[INFO] [stdout] 20 | use LD2412::EngineeringModeData;
[INFO] [stdout]    |     ^^^^^^^^^^^^^^^^^^^^^^^^^^^
[INFO] [stdout] 
[INFO] [stdout] 
[INFO] [stdout] warning: unreachable statement
[INFO] [stdout]   --> src/bin/main.rs:40:9
[INFO] [stdout]    |
[INFO] [stdout] 39 |         return;
[INFO] [stdout]    |         ------ any code following this expression is unreachable
[INFO] [stdout] 40 |         thread::sleep(Duration::from_millis(1000));
[INFO] [stdout]    |         ^^^^^^^^^^^^^^^^^^^^^^^^^^^^^^^^^^^^^^^^^^^ unreachable statement
[INFO] [stdout]    |
[INFO] [stdout]    = note: `#[warn(unreachable_code)]` on by default
[INFO] [stdout] 
[INFO] [stdout] 
[INFO] [stdout] warning: unused variable: `clone`
[INFO] [stdout]   --> src/bin/main.rs:42:27
[INFO] [stdout]    |
[INFO] [stdout] 42 |         send_command(&mut clone, &LD2412::enable_configuration());
[INFO] [stdout]    |                           ^^^^^
[INFO] [stdout]    |
[INFO] [stdout]    = help: did you mean to capture by reference instead?
[INFO] [stdout]    = note: `#[warn(unused_variables)]` on by default
[INFO] [stdout] 
[INFO] [stdout] 
[INFO] [stdout] warning: variable does not need to be mutable
[INFO] [stdout]   --> src/bin/main.rs:30:9
[INFO] [stdout]    |
[INFO] [stdout] 30 |     let mut clone = port.try_clone().expect("Failed to clone");
[INFO] [stdout]    |         ----^^^^^
[INFO] [stdout]    |         |
[INFO] [stdout]    |         help: remove this `mut`
[INFO] [stdout]    |
[INFO] [stdout]    = note: `#[warn(unused_mut)]` on by default
[INFO] [stdout] 
[INFO] [stdout] 
[INFO] [stderr]     Finished `dev` profile [unoptimized + debuginfo] target(s) in 56.93s
[INFO] running `Command { std: "docker" "inspect" "f22bb3bddaae2716a755c0261e663a0d62e3dd647b219988ec95c1bafb8a08e2", kill_on_drop: false }`
[INFO] running `Command { std: "docker" "rm" "-f" "f22bb3bddaae2716a755c0261e663a0d62e3dd647b219988ec95c1bafb8a08e2", kill_on_drop: false }`
[INFO] [stdout] f22bb3bddaae2716a755c0261e663a0d62e3dd647b219988ec95c1bafb8a08e2
[INFO] running `Command { std: "docker" "create" "-v" "/var/lib/crater-agent-workspace/builds/worker-5-tc2/target:/opt/rustwide/target:rw,Z" "-v" "/var/lib/crater-agent-workspace/builds/worker-5-tc2/source:/opt/rustwide/workdir:ro,Z" "-v" "/var/lib/crater-agent-workspace/cargo-home:/opt/rustwide/cargo-home:ro,Z" "-v" "/var/lib/crater-agent-workspace/rustup-home:/opt/rustwide/rustup-home:ro,Z" "-e" "SOURCE_DIR=/opt/rustwide/workdir" "-e" "CARGO_TARGET_DIR=/opt/rustwide/target" "-e" "CARGO_INCREMENTAL=0" "-e" "RUST_BACKTRACE=full" "-e" "RUSTFLAGS=--cap-lints=forbid -Zrandomize-layout" "-e" "RUSTDOCFLAGS=--cap-lints=forbid" "-e" "CARGO_HOME=/opt/rustwide/cargo-home" "-e" "RUSTUP_HOME=/opt/rustwide/rustup-home" "-w" "/opt/rustwide/workdir" "-m" "1610612736" "--user" "0:0" "--network" "none" "ghcr.io/rust-lang/crates-build-env/linux@sha256:819108c5571ea2e421544af4d832f968d213c87fbe3707a016657f43d2f853bc" "/opt/rustwide/cargo-home/bin/cargo" "+nightly-2025-01-18" "test" "--frozen" "--no-run" "--message-format=json", kill_on_drop: false }`
[INFO] [stdout] 4d37e9e64f48b641f9047ff18af81a94542849b2b2df4386cb1c443dd2708b8f
[INFO] running `Command { std: "docker" "start" "-a" "4d37e9e64f48b641f9047ff18af81a94542849b2b2df4386cb1c443dd2708b8f", kill_on_drop: false }`
[INFO] [stdout] warning: variant `cm75` should have an upper camel case name
[INFO] [stdout]   --> src/lib.rs:53:5
[INFO] [stdout]    |
[INFO] [stdout] 53 |     cm75 = 0x00,
[INFO] [stdout]    |     ^^^^ help: convert the identifier to upper camel case (notice the capitalization): `Cm75`
[INFO] [stdout]    |
[INFO] [stdout]    = note: `#[warn(non_camel_case_types)]` on by default
[INFO] [stdout] 
[INFO] [stdout] 
[INFO] [stdout] warning: variant `cm50` should have an upper camel case name
[INFO] [stdout]   --> src/lib.rs:54:5
[INFO] [stdout]    |
[INFO] [stdout] 54 |     cm50 = 0x01,
[INFO] [stdout]    |     ^^^^ help: convert the identifier to upper camel case (notice the capitalization): `Cm50`
[INFO] [stdout] 
[INFO] [stdout] 
[INFO] [stdout] warning: variant `cm25` should have an upper camel case name
[INFO] [stdout]   --> src/lib.rs:55:5
[INFO] [stdout]    |
[INFO] [stdout] 55 |     cm25 = 0x02,
[INFO] [stdout]    |     ^^^^ help: convert the identifier to upper camel case (notice the capitalization): `Cm25`
[INFO] [stdout] 
[INFO] [stdout] 
[INFO] [stdout] warning: type `TargetState` is more private than the item `BasicTargetData::state`
[INFO] [stdout]    --> src/lib.rs:231:5
[INFO] [stdout]     |
[INFO] [stdout] 231 |     pub state: TargetState,
[INFO] [stdout]     |     ^^^^^^^^^^^^^^^^^^^^^^ field `BasicTargetData::state` is reachable at visibility `pub`
[INFO] [stdout]     |
[INFO] [stdout] note: but type `TargetState` is only usable at visibility `pub(crate)`
[INFO] [stdout]    --> src/lib.rs:198:1
[INFO] [stdout]     |
[INFO] [stdout] 198 | enum TargetState {
[INFO] [stdout]     | ^^^^^^^^^^^^^^^^
[INFO] [stdout]     = note: `#[warn(private_interfaces)]` on by default
[INFO] [stdout] 
[INFO] [stdout] 
[INFO] [stdout] warning: fields `distance` and `energy` are never read
[INFO] [stdout]    --> src/lib.rs:247:5
[INFO] [stdout]     |
[INFO] [stdout] 246 | pub struct Target {
[INFO] [stdout]     |            ------ fields in this struct
[INFO] [stdout] 247 |     distance: u16, // cm
[INFO] [stdout]     |     ^^^^^^^^
[INFO] [stdout] 248 |     energy: u8,    // dB ??
[INFO] [stdout]     |     ^^^^^^
[INFO] [stdout]     |
[INFO] [stdout]     = note: `Target` has a derived impl for the trait `Debug`, but this is intentionally ignored during dead code analysis
[INFO] [stdout]     = note: `#[warn(dead_code)]` on by default
[INFO] [stdout] 
[INFO] [stdout] 
[INFO] [stderr]    Compiling LD2412 v0.1.0 (/opt/rustwide/workdir)
[INFO] [stdout] warning: fields `command` and `data` are never read
[INFO] [stdout]    --> src/lib.rs:335:5
[INFO] [stdout]     |
[INFO] [stdout] 334 | pub struct Ack {
[INFO] [stdout]     |            --- fields in this struct
[INFO] [stdout] 335 |     command: u16,
[INFO] [stdout]     |     ^^^^^^^
[INFO] [stdout] 336 |     data: Vec<u8>,
[INFO] [stdout]     |     ^^^^
[INFO] [stdout]     |
[INFO] [stdout]     = note: `Ack` has a derived impl for the trait `Debug`, but this is intentionally ignored during dead code analysis
[INFO] [stdout] 
[INFO] [stdout] 
[INFO] [stdout] warning: crate `LD2412` should have a snake case name
[INFO] [stdout]   |
[INFO] [stdout]   = help: convert the identifier to snake case: `ld2412`
[INFO] [stdout]   = note: `#[warn(non_snake_case)]` on by default
[INFO] [stdout] 
[INFO] [stdout] 
[INFO] [stdout] warning: variant `cm75` should have an upper camel case name
[INFO] [stdout]   --> src/lib.rs:53:5
[INFO] [stdout]    |
[INFO] [stdout] 53 |     cm75 = 0x00,
[INFO] [stdout]    |     ^^^^ help: convert the identifier to upper camel case (notice the capitalization): `Cm75`
[INFO] [stdout]    |
[INFO] [stdout]    = note: `#[warn(non_camel_case_types)]` on by default
[INFO] [stdout] 
[INFO] [stdout] 
[INFO] [stdout] warning: variant `cm50` should have an upper camel case name
[INFO] [stdout]   --> src/lib.rs:54:5
[INFO] [stdout]    |
[INFO] [stdout] 54 |     cm50 = 0x01,
[INFO] [stdout]    |     ^^^^ help: convert the identifier to upper camel case (notice the capitalization): `Cm50`
[INFO] [stdout] 
[INFO] [stdout] 
[INFO] [stdout] warning: variant `cm25` should have an upper camel case name
[INFO] [stdout]   --> src/lib.rs:55:5
[INFO] [stdout]    |
[INFO] [stdout] 55 |     cm25 = 0x02,
[INFO] [stdout]    |     ^^^^ help: convert the identifier to upper camel case (notice the capitalization): `Cm25`
[INFO] [stdout] 
[INFO] [stdout] 
[INFO] [stdout] warning: unused import: `log::info`
[INFO] [stdout]   --> src/bin/main.rs:18:5
[INFO] [stdout]    |
[INFO] [stdout] 18 | use log::info;
[INFO] [stdout]    |     ^^^^^^^^^
[INFO] [stdout]    |
[INFO] [stdout]    = note: `#[warn(unused_imports)]` on by default
[INFO] [stdout] 
[INFO] [stdout] 
[INFO] [stdout] warning: unused import: `plotters::data`
[INFO] [stdout]   --> src/bin/main.rs:19:5
[INFO] [stdout]    |
[INFO] [stdout] 19 | use plotters::data;
[INFO] [stdout]    |     ^^^^^^^^^^^^^^
[INFO] [stdout] 
[INFO] [stdout] 
[INFO] [stdout] warning: unused import: `LD2412::EngineeringModeData`
[INFO] [stdout]   --> src/bin/main.rs:20:5
[INFO] [stdout]    |
[INFO] [stdout] 20 | use LD2412::EngineeringModeData;
[INFO] [stdout]    |     ^^^^^^^^^^^^^^^^^^^^^^^^^^^
[INFO] [stdout] 
[INFO] [stdout] 
[INFO] [stdout] warning: unreachable statement
[INFO] [stdout]   --> src/bin/main.rs:40:9
[INFO] [stdout]    |
[INFO] [stdout] 39 |         return;
[INFO] [stdout]    |         ------ any code following this expression is unreachable
[INFO] [stdout] 40 |         thread::sleep(Duration::from_millis(1000));
[INFO] [stdout]    |         ^^^^^^^^^^^^^^^^^^^^^^^^^^^^^^^^^^^^^^^^^^^ unreachable statement
[INFO] [stdout]    |
[INFO] [stdout]    = note: `#[warn(unreachable_code)]` on by default
[INFO] [stdout] 
[INFO] [stdout] 
[INFO] [stdout] warning: unused variable: `clone`
[INFO] [stdout]   --> src/bin/main.rs:42:27
[INFO] [stdout]    |
[INFO] [stdout] 42 |         send_command(&mut clone, &LD2412::enable_configuration());
[INFO] [stdout]    |                           ^^^^^
[INFO] [stdout]    |
[INFO] [stdout]    = help: did you mean to capture by reference instead?
[INFO] [stdout]    = note: `#[warn(unused_variables)]` on by default
[INFO] [stdout] 
[INFO] [stdout] 
[INFO] [stdout] warning: variable does not need to be mutable
[INFO] [stdout]   --> src/bin/main.rs:30:9
[INFO] [stdout]    |
[INFO] [stdout] 30 |     let mut clone = port.try_clone().expect("Failed to clone");
[INFO] [stdout]    |         ----^^^^^
[INFO] [stdout]    |         |
[INFO] [stdout]    |         help: remove this `mut`
[INFO] [stdout]    |
[INFO] [stdout]    = note: `#[warn(unused_mut)]` on by default
[INFO] [stdout] 
[INFO] [stdout] 
[INFO] [stdout] warning: type `TargetState` is more private than the item `BasicTargetData::state`
[INFO] [stdout]    --> src/lib.rs:231:5
[INFO] [stdout]     |
[INFO] [stdout] 231 |     pub state: TargetState,
[INFO] [stdout]     |     ^^^^^^^^^^^^^^^^^^^^^^ field `BasicTargetData::state` is reachable at visibility `pub`
[INFO] [stdout]     |
[INFO] [stdout] note: but type `TargetState` is only usable at visibility `pub(crate)`
[INFO] [stdout]    --> src/lib.rs:198:1
[INFO] [stdout]     |
[INFO] [stdout] 198 | enum TargetState {
[INFO] [stdout]     | ^^^^^^^^^^^^^^^^
[INFO] [stdout]     = note: `#[warn(private_interfaces)]` on by default
[INFO] [stdout] 
[INFO] [stdout] 
[INFO] [stdout] warning: fields `distance` and `energy` are never read
[INFO] [stdout]    --> src/lib.rs:247:5
[INFO] [stdout]     |
[INFO] [stdout] 246 | pub struct Target {
[INFO] [stdout]     |            ------ fields in this struct
[INFO] [stdout] 247 |     distance: u16, // cm
[INFO] [stdout]     |     ^^^^^^^^
[INFO] [stdout] 248 |     energy: u8,    // dB ??
[INFO] [stdout]     |     ^^^^^^
[INFO] [stdout]     |
[INFO] [stdout]     = note: `Target` has a derived impl for the trait `Debug`, but this is intentionally ignored during dead code analysis
[INFO] [stdout]     = note: `#[warn(dead_code)]` on by default
[INFO] [stdout] 
[INFO] [stdout] 
[INFO] [stdout] warning: fields `command` and `data` are never read
[INFO] [stdout]    --> src/lib.rs:335:5
[INFO] [stdout]     |
[INFO] [stdout] 334 | pub struct Ack {
[INFO] [stdout]     |            --- fields in this struct
[INFO] [stdout] 335 |     command: u16,
[INFO] [stdout]     |     ^^^^^^^
[INFO] [stdout] 336 |     data: Vec<u8>,
[INFO] [stdout]     |     ^^^^
[INFO] [stdout]     |
[INFO] [stdout]     = note: `Ack` has a derived impl for the trait `Debug`, but this is intentionally ignored during dead code analysis
[INFO] [stdout] 
[INFO] [stdout] 
[INFO] [stderr]     Finished `test` profile [unoptimized + debuginfo] target(s) in 2.58s
[INFO] running `Command { std: "docker" "inspect" "4d37e9e64f48b641f9047ff18af81a94542849b2b2df4386cb1c443dd2708b8f", kill_on_drop: false }`
[INFO] running `Command { std: "docker" "rm" "-f" "4d37e9e64f48b641f9047ff18af81a94542849b2b2df4386cb1c443dd2708b8f", kill_on_drop: false }`
[INFO] [stdout] 4d37e9e64f48b641f9047ff18af81a94542849b2b2df4386cb1c443dd2708b8f
[INFO] running `Command { std: "docker" "create" "-v" "/var/lib/crater-agent-workspace/builds/worker-5-tc2/target:/opt/rustwide/target:rw,Z" "-v" "/var/lib/crater-agent-workspace/builds/worker-5-tc2/source:/opt/rustwide/workdir:ro,Z" "-v" "/var/lib/crater-agent-workspace/cargo-home:/opt/rustwide/cargo-home:ro,Z" "-v" "/var/lib/crater-agent-workspace/rustup-home:/opt/rustwide/rustup-home:ro,Z" "-e" "SOURCE_DIR=/opt/rustwide/workdir" "-e" "CARGO_TARGET_DIR=/opt/rustwide/target" "-e" "CARGO_INCREMENTAL=0" "-e" "RUST_BACKTRACE=full" "-e" "RUSTFLAGS=--cap-lints=forbid -Zrandomize-layout" "-e" "RUSTDOCFLAGS=--cap-lints=forbid" "-e" "CARGO_HOME=/opt/rustwide/cargo-home" "-e" "RUSTUP_HOME=/opt/rustwide/rustup-home" "-w" "/opt/rustwide/workdir" "-m" "1610612736" "--user" "0:0" "--network" "none" "ghcr.io/rust-lang/crates-build-env/linux@sha256:819108c5571ea2e421544af4d832f968d213c87fbe3707a016657f43d2f853bc" "/opt/rustwide/cargo-home/bin/cargo" "+nightly-2025-01-18" "test" "--frozen", kill_on_drop: false }`
[INFO] [stdout] 0d48038b9f84adfe5bcf51ff79cfcbafc51f9092d87faff7b4302de146dc6bf6
[INFO] running `Command { std: "docker" "start" "-a" "0d48038b9f84adfe5bcf51ff79cfcbafc51f9092d87faff7b4302de146dc6bf6", kill_on_drop: false }`
[INFO] [stderr] warning: variant `cm75` should have an upper camel case name
[INFO] [stderr]   --> src/lib.rs:53:5
[INFO] [stderr]    |
[INFO] [stderr] 53 |     cm75 = 0x00,
[INFO] [stderr]    |     ^^^^ help: convert the identifier to upper camel case (notice the capitalization): `Cm75`
[INFO] [stderr]    |
[INFO] [stderr]    = note: `#[warn(non_camel_case_types)]` on by default
[INFO] [stderr] 
[INFO] [stderr] warning: variant `cm50` should have an upper camel case name
[INFO] [stderr]   --> src/lib.rs:54:5
[INFO] [stderr]    |
[INFO] [stderr] 54 |     cm50 = 0x01,
[INFO] [stderr]    |     ^^^^ help: convert the identifier to upper camel case (notice the capitalization): `Cm50`
[INFO] [stderr] 
[INFO] [stderr] warning: variant `cm25` should have an upper camel case name
[INFO] [stderr]   --> src/lib.rs:55:5
[INFO] [stderr]    |
[INFO] [stderr] 55 |     cm25 = 0x02,
[INFO] [stderr]    |     ^^^^ help: convert the identifier to upper camel case (notice the capitalization): `Cm25`
[INFO] [stderr] 
[INFO] [stderr] warning: type `TargetState` is more private than the item `BasicTargetData::state`
[INFO] [stderr]    --> src/lib.rs:231:5
[INFO] [stderr]     |
[INFO] [stderr] 231 |     pub state: TargetState,
[INFO] [stderr]     |     ^^^^^^^^^^^^^^^^^^^^^^ field `BasicTargetData::state` is reachable at visibility `pub`
[INFO] [stderr]     |
[INFO] [stderr] note: but type `TargetState` is only usable at visibility `pub(crate)`
[INFO] [stderr]    --> src/lib.rs:198:1
[INFO] [stderr]     |
[INFO] [stderr] 198 | enum TargetState {
[INFO] [stderr]     | ^^^^^^^^^^^^^^^^
[INFO] [stderr]     = note: `#[warn(private_interfaces)]` on by default
[INFO] [stderr] 
[INFO] [stderr] warning: fields `distance` and `energy` are never read
[INFO] [stderr]    --> src/lib.rs:247:5
[INFO] [stderr]     |
[INFO] [stderr] 246 | pub struct Target {
[INFO] [stderr]     |            ------ fields in this struct
[INFO] [stderr] 247 |     distance: u16, // cm
[INFO] [stderr]     |     ^^^^^^^^
[INFO] [stderr] 248 |     energy: u8,    // dB ??
[INFO] [stderr]     |     ^^^^^^
[INFO] [stderr]     |
[INFO] [stderr]     = note: `Target` has a derived impl for the trait `Debug`, but this is intentionally ignored during dead code analysis
[INFO] [stderr]     = note: `#[warn(dead_code)]` on by default
[INFO] [stderr] 
[INFO] [stderr] warning: fields `command` and `data` are never read
[INFO] [stderr]    --> src/lib.rs:335:5
[INFO] [stderr]     |
[INFO] [stderr] 334 | pub struct Ack {
[INFO] [stderr]     |            --- fields in this struct
[INFO] [stderr] 335 |     command: u16,
[INFO] [stderr]     |     ^^^^^^^
[INFO] [stderr] 336 |     data: Vec<u8>,
[INFO] [stderr]     |     ^^^^
[INFO] [stderr]     |
[INFO] [stderr]     = note: `Ack` has a derived impl for the trait `Debug`, but this is intentionally ignored during dead code analysis
[INFO] [stderr] 
[INFO] [stderr] warning: crate `LD2412` should have a snake case name
[INFO] [stderr]   |
[INFO] [stderr]   = help: convert the identifier to snake case: `ld2412`
[INFO] [stderr]   = note: `#[warn(non_snake_case)]` on by default
[INFO] [stderr] 
[INFO] [stderr] warning: `LD2412` (lib) generated 7 warnings
[INFO] [stderr] warning: `LD2412` (lib test) generated 6 warnings (6 duplicates)
[INFO] [stderr] warning: unused import: `log::info`
[INFO] [stderr]   --> src/bin/main.rs:18:5
[INFO] [stderr]    |
[INFO] [stderr] 18 | use log::info;
[INFO] [stderr]    |     ^^^^^^^^^
[INFO] [stderr]    |
[INFO] [stderr]    = note: `#[warn(unused_imports)]` on by default
[INFO] [stderr] 
[INFO] [stderr] warning: unused import: `plotters::data`
[INFO] [stderr]   --> src/bin/main.rs:19:5
[INFO] [stderr]    |
[INFO] [stderr] 19 | use plotters::data;
[INFO] [stderr]    |     ^^^^^^^^^^^^^^
[INFO] [stderr] 
[INFO] [stderr] warning: unused import: `LD2412::EngineeringModeData`
[INFO] [stderr]   --> src/bin/main.rs:20:5
[INFO] [stderr]    |
[INFO] [stderr] 20 | use LD2412::EngineeringModeData;
[INFO] [stderr]    |     ^^^^^^^^^^^^^^^^^^^^^^^^^^^
[INFO] [stderr] 
[INFO] [stderr] warning: unreachable statement
[INFO] [stderr]   --> src/bin/main.rs:40:9
[INFO] [stderr]    |
[INFO] [stderr] 39 |         return;
[INFO] [stderr]    |         ------ any code following this expression is unreachable
[INFO] [stderr] 40 |         thread::sleep(Duration::from_millis(1000));
[INFO] [stderr]    |         ^^^^^^^^^^^^^^^^^^^^^^^^^^^^^^^^^^^^^^^^^^^ unreachable statement
[INFO] [stderr]    |
[INFO] [stderr]    = note: `#[warn(unreachable_code)]` on by default
[INFO] [stderr] 
[INFO] [stderr] warning: unused variable: `clone`
[INFO] [stderr]   --> src/bin/main.rs:42:27
[INFO] [stderr]    |
[INFO] [stderr] 42 |         send_command(&mut clone, &LD2412::enable_configuration());
[INFO] [stderr]    |                           ^^^^^
[INFO] [stderr]    |
[INFO] [stderr]    = help: did you mean to capture by reference instead?
[INFO] [stderr]    = note: `#[warn(unused_variables)]` on by default
[INFO] [stderr] 
[INFO] [stderr] warning: variable does not need to be mutable
[INFO] [stderr]   --> src/bin/main.rs:30:9
[INFO] [stderr]    |
[INFO] [stderr] 30 |     let mut clone = port.try_clone().expect("Failed to clone");
[INFO] [stderr]    |         ----^^^^^
[INFO] [stderr]    |         |
[INFO] [stderr]    |         help: remove this `mut`
[INFO] [stderr]    |
[INFO] [stderr]    = note: `#[warn(unused_mut)]` on by default
[INFO] [stderr] 
[INFO] [stderr] warning: `LD2412` (bin "main" test) generated 6 warnings (run `cargo fix --bin "main" --tests` to apply 4 suggestions)
[INFO] [stderr]     Finished `test` profile [unoptimized + debuginfo] target(s) in 0.15s
[INFO] [stderr]      Running unittests src/lib.rs (/opt/rustwide/target/debug/deps/LD2412-7a0ff68abcfa128d)
[INFO] [stdout] 
[INFO] [stdout] running 0 tests
[INFO] [stdout] 
[INFO] [stderr]      Running unittests src/bin/main.rs (/opt/rustwide/target/debug/deps/main-5a7080757263c894)
[INFO] [stdout] test result: ok. 0 passed; 0 failed; 0 ignored; 0 measured; 0 filtered out; finished in 0.00s
[INFO] [stdout] 
[INFO] [stdout] 
[INFO] [stdout] running 0 tests
[INFO] [stdout] 
[INFO] [stdout] test result: ok. 0 passed; 0 failed; 0 ignored; 0 measured; 0 filtered out; finished in 0.00s
[INFO] [stdout] 
[INFO] [stderr]      Running unittests src/bin/plot.rs (/opt/rustwide/target/debug/deps/plot-d328d4c9fbb3f147)
[INFO] [stdout] 
[INFO] [stdout] running 1 test
[INFO] [stdout] test entry_point ... FAILED
[INFO] [stdout] 
[INFO] [stdout] failures:
[INFO] [stdout] 
[INFO] [stdout] ---- entry_point stdout ----
[INFO] [stdout] 
[INFO] [stdout] thread 'entry_point' panicked at src/bin/plot.rs:173:20:
[INFO] [stdout] Unable to write result to file, please make sure 'plotters-doc-data' dir exists under current dir: BackendError(DrawingError(ImageError(IoError(Os { code: 30, kind: ReadOnlyFilesystem, message: "Read-only file system" }))))
[INFO] [stdout] stack backtrace:
[INFO] [stdout]    0:     0x5cd80465cfaa - std::backtrace_rs::backtrace::libunwind::trace::hb059275cfc8d6126
[INFO] [stdout]                                at /rustc/6067b36314ab5eb2eb47cecc464545ba58e1ad24/library/std/src/../../backtrace/src/backtrace/libunwind.rs:116:5
[INFO] [stdout]    1:     0x5cd80465cfaa - std::backtrace_rs::backtrace::trace_unsynchronized::h2da071e4327ce3ee
[INFO] [stdout]                                at /rustc/6067b36314ab5eb2eb47cecc464545ba58e1ad24/library/std/src/../../backtrace/src/backtrace/mod.rs:66:5
[INFO] [stdout]    2:     0x5cd80465cfaa - std::sys::backtrace::_print_fmt::h842a1474e6f8d23f
[INFO] [stdout]                                at /rustc/6067b36314ab5eb2eb47cecc464545ba58e1ad24/library/std/src/sys/backtrace.rs:66:9
[INFO] [stdout]    3:     0x5cd80465cfaa - <std::sys::backtrace::BacktraceLock::print::DisplayBacktrace as core::fmt::Display>::fmt::h71a62eb3b9696b12
[INFO] [stdout]                                at /rustc/6067b36314ab5eb2eb47cecc464545ba58e1ad24/library/std/src/sys/backtrace.rs:39:26
[INFO] [stdout]    4:     0x5cd804686d23 - core::fmt::rt::Argument::fmt::hdb6b616786b41dc1
[INFO] [stdout]                                at /rustc/6067b36314ab5eb2eb47cecc464545ba58e1ad24/library/core/src/fmt/rt.rs:177:76
[INFO] [stdout]    5:     0x5cd804686d23 - core::fmt::write::h2cc1698af7e2d686
[INFO] [stdout]                                at /rustc/6067b36314ab5eb2eb47cecc464545ba58e1ad24/library/core/src/fmt/mod.rs:1440:21
[INFO] [stdout]    6:     0x5cd804659a43 - std::io::Write::write_fmt::hab1b4cd059a79022
[INFO] [stdout]                                at /rustc/6067b36314ab5eb2eb47cecc464545ba58e1ad24/library/std/src/io/mod.rs:1887:15
[INFO] [stdout]    7:     0x5cd80465cdf2 - std::sys::backtrace::BacktraceLock::print::h147fe35b4ea13b08
[INFO] [stdout]                                at /rustc/6067b36314ab5eb2eb47cecc464545ba58e1ad24/library/std/src/sys/backtrace.rs:42:9
[INFO] [stdout]    8:     0x5cd80465e3cf - std::panicking::default_hook::{{closure}}::hbd44223dbdc0d208
[INFO] [stdout]                                at /rustc/6067b36314ab5eb2eb47cecc464545ba58e1ad24/library/std/src/panicking.rs:298:22
[INFO] [stdout]    9:     0x5cd80465e1e8 - std::panicking::default_hook::h20f81eb0576efcec
[INFO] [stdout]                                at /rustc/6067b36314ab5eb2eb47cecc464545ba58e1ad24/library/std/src/panicking.rs:322:9
[INFO] [stdout]   10:     0x5cd80447bd33 - <alloc::boxed::Box<F,A> as core::ops::function::Fn<Args>>::call::hdb53814c496a4d34
[INFO] [stdout]                                at /rustc/6067b36314ab5eb2eb47cecc464545ba58e1ad24/library/alloc/src/boxed.rs:2027:9
[INFO] [stdout]   11:     0x5cd80447bd33 - test::test_main::{{closure}}::hc0a4963c59427c24
[INFO] [stdout]                                at /rustc/6067b36314ab5eb2eb47cecc464545ba58e1ad24/library/test/src/lib.rs:134:21
[INFO] [stdout]   12:     0x5cd80465eec3 - <alloc::boxed::Box<F,A> as core::ops::function::Fn<Args>>::call::h591b2225413a77e9
[INFO] [stdout]                                at /rustc/6067b36314ab5eb2eb47cecc464545ba58e1ad24/library/alloc/src/boxed.rs:2027:9
[INFO] [stdout]   13:     0x5cd80465eec3 - std::panicking::rust_panic_with_hook::h625eea43051b2edc
[INFO] [stdout]                                at /rustc/6067b36314ab5eb2eb47cecc464545ba58e1ad24/library/std/src/panicking.rs:839:13
[INFO] [stdout]   14:     0x5cd80465eb7a - std::panicking::begin_panic_handler::{{closure}}::h4f9159cfbc3f6bd3
[INFO] [stdout]                                at /rustc/6067b36314ab5eb2eb47cecc464545ba58e1ad24/library/std/src/panicking.rs:704:13
[INFO] [stdout]   15:     0x5cd80465d4a9 - std::sys::backtrace::__rust_end_short_backtrace::h0390abce48353151
[INFO] [stdout]                                at /rustc/6067b36314ab5eb2eb47cecc464545ba58e1ad24/library/std/src/sys/backtrace.rs:168:18
[INFO] [stdout]   16:     0x5cd80465e80d - rust_begin_unwind
[INFO] [stdout]                                at /rustc/6067b36314ab5eb2eb47cecc464545ba58e1ad24/library/std/src/panicking.rs:695:5
[INFO] [stdout]   17:     0x5cd804685350 - core::panicking::panic_fmt::h9e7c637e9e5f29c9
[INFO] [stdout]                                at /rustc/6067b36314ab5eb2eb47cecc464545ba58e1ad24/library/core/src/panicking.rs:75:14
[INFO] [stdout]   18:     0x5cd8046857c6 - core::result::unwrap_failed::h7979f09313fe1849
[INFO] [stdout]                                at /rustc/6067b36314ab5eb2eb47cecc464545ba58e1ad24/library/core/src/result.rs:1704:5
[INFO] [stdout]   19:     0x5cd804416978 - core::result::Result<T,E>::expect::h5a0d41960f784f41
[INFO] [stdout]                                at /rustc/6067b36314ab5eb2eb47cecc464545ba58e1ad24/library/core/src/result.rs:1061:23
[INFO] [stdout]   20:     0x5cd804429833 - plot::main::h9379646e3edae497
[INFO] [stdout]                                at /opt/rustwide/workdir/src/bin/plot.rs:173:5
[INFO] [stdout]   21:     0x5cd804429bc9 - plot::entry_point::h85f98f253498ccef
[INFO] [stdout]                                at /opt/rustwide/workdir/src/bin/plot.rs:180:5
[INFO] [stdout]   22:     0x5cd804429ba7 - plot::entry_point::{{closure}}::h0330942746aed009
[INFO] [stdout]                                at /opt/rustwide/workdir/src/bin/plot.rs:179:17
[INFO] [stdout]   23:     0x5cd804430df6 - core::ops::function::FnOnce::call_once::h225444df226622ec
[INFO] [stdout]                                at /rustc/6067b36314ab5eb2eb47cecc464545ba58e1ad24/library/core/src/ops/function.rs:250:5
[INFO] [stdout]   24:     0x5cd80448148b - core::ops::function::FnOnce::call_once::he27718dfdd183f43
[INFO] [stdout]                                at /rustc/6067b36314ab5eb2eb47cecc464545ba58e1ad24/library/core/src/ops/function.rs:250:5
[INFO] [stdout]   25:     0x5cd80448148b - test::__rust_begin_short_backtrace::h4e84902998457a5d
[INFO] [stdout]                                at /rustc/6067b36314ab5eb2eb47cecc464545ba58e1ad24/library/test/src/lib.rs:632:18
[INFO] [stdout]   26:     0x5cd8044803c3 - test::run_test_in_process::{{closure}}::h7176fd18fc1feca0
[INFO] [stdout]                                at /rustc/6067b36314ab5eb2eb47cecc464545ba58e1ad24/library/test/src/lib.rs:655:60
[INFO] [stdout]   27:     0x5cd8044803c3 - <core::panic::unwind_safe::AssertUnwindSafe<F> as core::ops::function::FnOnce<()>>::call_once::hf79cff2a624d8cf7
[INFO] [stdout]                                at /rustc/6067b36314ab5eb2eb47cecc464545ba58e1ad24/library/core/src/panic/unwind_safe.rs:272:9
[INFO] [stdout]   28:     0x5cd8044803c3 - std::panicking::try::do_call::h3da0561d9ab99c25
[INFO] [stdout]                                at /rustc/6067b36314ab5eb2eb47cecc464545ba58e1ad24/library/std/src/panicking.rs:587:40
[INFO] [stdout]   29:     0x5cd8044803c3 - std::panicking::try::h41c9fa508bc61df6
[INFO] [stdout]                                at /rustc/6067b36314ab5eb2eb47cecc464545ba58e1ad24/library/std/src/panicking.rs:550:19
[INFO] [stdout]   30:     0x5cd8044803c3 - std::panic::catch_unwind::h6b3ff07bb5afad93
[INFO] [stdout]                                at /rustc/6067b36314ab5eb2eb47cecc464545ba58e1ad24/library/std/src/panic.rs:358:14
[INFO] [stdout]   31:     0x5cd8044803c3 - test::run_test_in_process::hc7253dd11b39b9f4
[INFO] [stdout]                                at /rustc/6067b36314ab5eb2eb47cecc464545ba58e1ad24/library/test/src/lib.rs:655:27
[INFO] [stdout]   32:     0x5cd8044803c3 - test::run_test::{{closure}}::hfb2007f8649c30bb
[INFO] [stdout]                                at /rustc/6067b36314ab5eb2eb47cecc464545ba58e1ad24/library/test/src/lib.rs:576:43
[INFO] [stdout]   33:     0x5cd8044434a5 - test::run_test::{{closure}}::h56a17aa7a282a9f4
[INFO] [stdout]                                at /rustc/6067b36314ab5eb2eb47cecc464545ba58e1ad24/library/test/src/lib.rs:606:41
[INFO] [stdout]   34:     0x5cd8044434a5 - std::sys::backtrace::__rust_begin_short_backtrace::hd2d2d2fb8e8c6aac
[INFO] [stdout]                                at /rustc/6067b36314ab5eb2eb47cecc464545ba58e1ad24/library/std/src/sys/backtrace.rs:152:18
[INFO] [stdout]   35:     0x5cd804446d8a - std::thread::Builder::spawn_unchecked_::{{closure}}::{{closure}}::h4faa3f9db6133423
[INFO] [stdout]                                at /rustc/6067b36314ab5eb2eb47cecc464545ba58e1ad24/library/std/src/thread/mod.rs:559:17
[INFO] [stdout]   36:     0x5cd804446d8a - <core::panic::unwind_safe::AssertUnwindSafe<F> as core::ops::function::FnOnce<()>>::call_once::hf2e855a36a4ea846
[INFO] [stdout]                                at /rustc/6067b36314ab5eb2eb47cecc464545ba58e1ad24/library/core/src/panic/unwind_safe.rs:272:9
[INFO] [stdout]   37:     0x5cd804446d8a - std::panicking::try::do_call::h2f73af3616c35465
[INFO] [stdout]                                at /rustc/6067b36314ab5eb2eb47cecc464545ba58e1ad24/library/std/src/panicking.rs:587:40
[INFO] [stdout]   38:     0x5cd804446d8a - std::panicking::try::hd1660ce9efadef5a
[INFO] [stdout]                                at /rustc/6067b36314ab5eb2eb47cecc464545ba58e1ad24/library/std/src/panicking.rs:550:19
[INFO] [stdout]   39:     0x5cd804446d8a - std::panic::catch_unwind::h5ee8d7823b8ca744
[INFO] [stdout]                                at /rustc/6067b36314ab5eb2eb47cecc464545ba58e1ad24/library/std/src/panic.rs:358:14
[INFO] [stdout]   40:     0x5cd804446d8a - std::thread::Builder::spawn_unchecked_::{{closure}}::h53c3a1894dce8407
[INFO] [stdout]                                at /rustc/6067b36314ab5eb2eb47cecc464545ba58e1ad24/library/std/src/thread/mod.rs:557:30
[INFO] [stdout]   41:     0x5cd804446d8a - core::ops::function::FnOnce::call_once{{vtable.shim}}::h048ce291ad4f62bf
[INFO] [stdout]                                at /rustc/6067b36314ab5eb2eb47cecc464545ba58e1ad24/library/core/src/ops/function.rs:250:5
[INFO] [stdout]   42:     0x5cd804662e0b - <alloc::boxed::Box<F,A> as core::ops::function::FnOnce<Args>>::call_once::ha52bedf99a3b4981
[INFO] [stdout]                                at /rustc/6067b36314ab5eb2eb47cecc464545ba58e1ad24/library/alloc/src/boxed.rs:2013:9
[INFO] [stdout]   43:     0x5cd804662e0b - <alloc::boxed::Box<F,A> as core::ops::function::FnOnce<Args>>::call_once::h567748934d80ccf8
[INFO] [stdout]                                at /rustc/6067b36314ab5eb2eb47cecc464545ba58e1ad24/library/alloc/src/boxed.rs:2013:9
[INFO] [stdout]   44:     0x5cd804662e0b - std::sys::pal::unix::thread::Thread::new::thread_start::h2d970728ae887adc
[INFO] [stdout]                                at /rustc/6067b36314ab5eb2eb47cecc464545ba58e1ad24/library/std/src/sys/pal/unix/thread.rs:106:17
[INFO] [stdout]   45:     0x7d4d3b189ac3 - <unknown>
[INFO] [stdout]   46:     0x7d4d3b21aa04 - clone
[INFO] [stdout]   47:                0x0 - <unknown>
[INFO] [stdout] 
[INFO] [stdout] 
[INFO] [stdout] failures:
[INFO] [stdout]     entry_point
[INFO] [stdout] 
[INFO] [stdout] test result: FAILED. 0 passed; 1 failed; 0 ignored; 0 measured; 0 filtered out; finished in 0.17s
[INFO] [stdout] 
[INFO] [stderr] error: test failed, to rerun pass `--bin plot`
[INFO] running `Command { std: "docker" "inspect" "0d48038b9f84adfe5bcf51ff79cfcbafc51f9092d87faff7b4302de146dc6bf6", kill_on_drop: false }`
[INFO] running `Command { std: "docker" "rm" "-f" "0d48038b9f84adfe5bcf51ff79cfcbafc51f9092d87faff7b4302de146dc6bf6", kill_on_drop: false }`
[INFO] [stdout] 0d48038b9f84adfe5bcf51ff79cfcbafc51f9092d87faff7b4302de146dc6bf6
