[INFO] cloning repository https://github.com/Kamil-Herbetko/Rust-lists
[INFO] running `Command { std: "git" "-c" "credential.helper=" "-c" "credential.helper=/workspace/cargo-home/bin/git-credential-null" "clone" "--bare" "https://github.com/Kamil-Herbetko/Rust-lists" "/workspace/cache/git-repos/https%3A%2F%2Fgithub.com%2FKamil-Herbetko%2FRust-lists", kill_on_drop: false }`
[INFO] [stderr] Cloning into bare repository '/workspace/cache/git-repos/https%3A%2F%2Fgithub.com%2FKamil-Herbetko%2FRust-lists'...
[INFO] running `Command { std: "git" "rev-parse" "HEAD", kill_on_drop: false }`
[INFO] [stdout] fce570703a147e45ae3757b579c4bdb68cb8292a
[INFO] testing Kamil-Herbetko/Rust-lists against nightly-2025-01-18 for randomize-layout-2
[INFO] running `Command { std: "git" "clone" "/workspace/cache/git-repos/https%3A%2F%2Fgithub.com%2FKamil-Herbetko%2FRust-lists" "/workspace/builds/worker-6-tc1/source", kill_on_drop: false }`
[INFO] [stderr] Cloning into '/workspace/builds/worker-6-tc1/source'...
[INFO] [stderr] done.
[INFO] validating manifest of git repo https://github.com/Kamil-Herbetko/Rust-lists on toolchain nightly-2025-01-18
[INFO] running `Command { std: CARGO_HOME="/workspace/cargo-home" RUSTUP_HOME="/workspace/rustup-home" "/workspace/cargo-home/bin/cargo" "+nightly-2025-01-18" "metadata" "--manifest-path" "Cargo.toml" "--no-deps", kill_on_drop: false }`
[INFO] started tweaking git repo https://github.com/Kamil-Herbetko/Rust-lists
[INFO] finished tweaking git repo https://github.com/Kamil-Herbetko/Rust-lists
[INFO] tweaked toml for git repo https://github.com/Kamil-Herbetko/Rust-lists written to /workspace/builds/worker-6-tc1/source/Cargo.toml
[INFO] crate git repo https://github.com/Kamil-Herbetko/Rust-lists already has a lockfile, it will not be regenerated
[INFO] running `Command { std: CARGO_HOME="/workspace/cargo-home" RUSTUP_HOME="/workspace/rustup-home" "/workspace/cargo-home/bin/cargo" "+nightly-2025-01-18" "fetch" "--manifest-path" "Cargo.toml", kill_on_drop: false }`
[INFO] running `Command { std: "docker" "create" "-v" "/var/lib/crater-agent-workspace/builds/worker-6-tc1/target:/opt/rustwide/target:rw,Z" "-v" "/var/lib/crater-agent-workspace/builds/worker-6-tc1/source:/opt/rustwide/workdir:ro,Z" "-v" "/var/lib/crater-agent-workspace/cargo-home:/opt/rustwide/cargo-home:ro,Z" "-v" "/var/lib/crater-agent-workspace/rustup-home:/opt/rustwide/rustup-home:ro,Z" "-e" "SOURCE_DIR=/opt/rustwide/workdir" "-e" "CARGO_TARGET_DIR=/opt/rustwide/target" "-e" "CARGO_HOME=/opt/rustwide/cargo-home" "-e" "RUSTUP_HOME=/opt/rustwide/rustup-home" "-w" "/opt/rustwide/workdir" "-m" "1610612736" "--user" "0:0" "--network" "none" "ghcr.io/rust-lang/crates-build-env/linux@sha256:819108c5571ea2e421544af4d832f968d213c87fbe3707a016657f43d2f853bc" "/opt/rustwide/cargo-home/bin/cargo" "+nightly-2025-01-18" "metadata" "--no-deps" "--format-version=1", kill_on_drop: false }`
[INFO] [stdout] e111ecba868bd56350ddcdeb593dd0faccc22ce73efa6714881ddfd0af85f08f
[INFO] running `Command { std: "docker" "start" "-a" "e111ecba868bd56350ddcdeb593dd0faccc22ce73efa6714881ddfd0af85f08f", kill_on_drop: false }`
[INFO] running `Command { std: "docker" "inspect" "e111ecba868bd56350ddcdeb593dd0faccc22ce73efa6714881ddfd0af85f08f", kill_on_drop: false }`
[INFO] running `Command { std: "docker" "rm" "-f" "e111ecba868bd56350ddcdeb593dd0faccc22ce73efa6714881ddfd0af85f08f", kill_on_drop: false }`
[INFO] [stdout] e111ecba868bd56350ddcdeb593dd0faccc22ce73efa6714881ddfd0af85f08f
[INFO] running `Command { std: "docker" "create" "-v" "/var/lib/crater-agent-workspace/builds/worker-6-tc1/target:/opt/rustwide/target:rw,Z" "-v" "/var/lib/crater-agent-workspace/builds/worker-6-tc1/source:/opt/rustwide/workdir:ro,Z" "-v" "/var/lib/crater-agent-workspace/cargo-home:/opt/rustwide/cargo-home:ro,Z" "-v" "/var/lib/crater-agent-workspace/rustup-home:/opt/rustwide/rustup-home:ro,Z" "-e" "SOURCE_DIR=/opt/rustwide/workdir" "-e" "CARGO_TARGET_DIR=/opt/rustwide/target" "-e" "CARGO_INCREMENTAL=0" "-e" "RUST_BACKTRACE=full" "-e" "RUSTFLAGS=--cap-lints=forbid" "-e" "RUSTDOCFLAGS=--cap-lints=forbid" "-e" "CARGO_HOME=/opt/rustwide/cargo-home" "-e" "RUSTUP_HOME=/opt/rustwide/rustup-home" "-w" "/opt/rustwide/workdir" "-m" "1610612736" "--user" "0:0" "--network" "none" "ghcr.io/rust-lang/crates-build-env/linux@sha256:819108c5571ea2e421544af4d832f968d213c87fbe3707a016657f43d2f853bc" "/opt/rustwide/cargo-home/bin/cargo" "+nightly-2025-01-18" "build" "--frozen" "--message-format=json", kill_on_drop: false }`
[INFO] [stdout] 593adf42a8b931fc5431777294a25cc60e5156a4f8c7e1b70ff105c8ae95568c
[INFO] running `Command { std: "docker" "start" "-a" "593adf42a8b931fc5431777294a25cc60e5156a4f8c7e1b70ff105c8ae95568c", kill_on_drop: false }`
[INFO] [stderr]    Compiling lists v0.1.0 (/opt/rustwide/workdir)
[INFO] [stderr]     Finished `dev` profile [unoptimized + debuginfo] target(s) in 0.31s
[INFO] running `Command { std: "docker" "inspect" "593adf42a8b931fc5431777294a25cc60e5156a4f8c7e1b70ff105c8ae95568c", kill_on_drop: false }`
[INFO] running `Command { std: "docker" "rm" "-f" "593adf42a8b931fc5431777294a25cc60e5156a4f8c7e1b70ff105c8ae95568c", kill_on_drop: false }`
[INFO] [stdout] 593adf42a8b931fc5431777294a25cc60e5156a4f8c7e1b70ff105c8ae95568c
[INFO] running `Command { std: "docker" "create" "-v" "/var/lib/crater-agent-workspace/builds/worker-6-tc1/target:/opt/rustwide/target:rw,Z" "-v" "/var/lib/crater-agent-workspace/builds/worker-6-tc1/source:/opt/rustwide/workdir:ro,Z" "-v" "/var/lib/crater-agent-workspace/cargo-home:/opt/rustwide/cargo-home:ro,Z" "-v" "/var/lib/crater-agent-workspace/rustup-home:/opt/rustwide/rustup-home:ro,Z" "-e" "SOURCE_DIR=/opt/rustwide/workdir" "-e" "CARGO_TARGET_DIR=/opt/rustwide/target" "-e" "CARGO_INCREMENTAL=0" "-e" "RUST_BACKTRACE=full" "-e" "RUSTFLAGS=--cap-lints=forbid" "-e" "RUSTDOCFLAGS=--cap-lints=forbid" "-e" "CARGO_HOME=/opt/rustwide/cargo-home" "-e" "RUSTUP_HOME=/opt/rustwide/rustup-home" "-w" "/opt/rustwide/workdir" "-m" "1610612736" "--user" "0:0" "--network" "none" "ghcr.io/rust-lang/crates-build-env/linux@sha256:819108c5571ea2e421544af4d832f968d213c87fbe3707a016657f43d2f853bc" "/opt/rustwide/cargo-home/bin/cargo" "+nightly-2025-01-18" "test" "--frozen" "--no-run" "--message-format=json", kill_on_drop: false }`
[INFO] [stdout] 62838848f98cf02aa755f9e4aa6e29f889d08d49768786155a844970145083ec
[INFO] running `Command { std: "docker" "start" "-a" "62838848f98cf02aa755f9e4aa6e29f889d08d49768786155a844970145083ec", kill_on_drop: false }`
[INFO] [stderr]    Compiling lists v0.1.0 (/opt/rustwide/workdir)
[INFO] [stderr]     Finished `test` profile [unoptimized + debuginfo] target(s) in 1.14s
[INFO] running `Command { std: "docker" "inspect" "62838848f98cf02aa755f9e4aa6e29f889d08d49768786155a844970145083ec", kill_on_drop: false }`
[INFO] running `Command { std: "docker" "rm" "-f" "62838848f98cf02aa755f9e4aa6e29f889d08d49768786155a844970145083ec", kill_on_drop: false }`
[INFO] [stdout] 62838848f98cf02aa755f9e4aa6e29f889d08d49768786155a844970145083ec
[INFO] running `Command { std: "docker" "create" "-v" "/var/lib/crater-agent-workspace/builds/worker-6-tc1/target:/opt/rustwide/target:rw,Z" "-v" "/var/lib/crater-agent-workspace/builds/worker-6-tc1/source:/opt/rustwide/workdir:ro,Z" "-v" "/var/lib/crater-agent-workspace/cargo-home:/opt/rustwide/cargo-home:ro,Z" "-v" "/var/lib/crater-agent-workspace/rustup-home:/opt/rustwide/rustup-home:ro,Z" "-e" "SOURCE_DIR=/opt/rustwide/workdir" "-e" "CARGO_TARGET_DIR=/opt/rustwide/target" "-e" "CARGO_INCREMENTAL=0" "-e" "RUST_BACKTRACE=full" "-e" "RUSTFLAGS=--cap-lints=forbid" "-e" "RUSTDOCFLAGS=--cap-lints=forbid" "-e" "CARGO_HOME=/opt/rustwide/cargo-home" "-e" "RUSTUP_HOME=/opt/rustwide/rustup-home" "-w" "/opt/rustwide/workdir" "-m" "1610612736" "--user" "0:0" "--network" "none" "ghcr.io/rust-lang/crates-build-env/linux@sha256:819108c5571ea2e421544af4d832f968d213c87fbe3707a016657f43d2f853bc" "/opt/rustwide/cargo-home/bin/cargo" "+nightly-2025-01-18" "test" "--frozen", kill_on_drop: false }`
[INFO] [stdout] fa3893dd78c4491bfe5d8153ce8600ad7d895866f9279e9e6f97091ba213c841
[INFO] running `Command { std: "docker" "start" "-a" "fa3893dd78c4491bfe5d8153ce8600ad7d895866f9279e9e6f97091ba213c841", kill_on_drop: false }`
[INFO] [stderr]     Finished `test` profile [unoptimized + debuginfo] target(s) in 0.01s
[INFO] [stderr]      Running unittests src/lib.rs (/opt/rustwide/target/debug/deps/lists-f1cb0463e2b6368f)
[INFO] [stdout] 
[INFO] [stdout] running 28 tests
[INFO] [stdout] test fifth_list::test::basics ... ok
[INFO] [stdout] test fifth_list::test::deep_test ... ok
[INFO] [stdout] test first::test::basics ... ok
[INFO] [stdout] test fourth::test::basics ... ok
[INFO] [stdout] test fourth::test::into_iter ... ok
[INFO] [stdout] test fourth::test::peek ... ok
[INFO] [stdout] test second::test::basics ... ok
[INFO] [stdout] test second::test::into_iter ... ok
[INFO] [stdout] test second::test::iter ... ok
[INFO] [stdout] test second::test::iter_mut ... ok
[INFO] [stdout] test second::test::peek ... ok
[INFO] [stdout] test fifth::test::basics ... ok
[INFO] [stdout] test sixth::test::test_basic ... ok
[INFO] [stdout] test sixth::test::test_basic_front ... ok
[INFO] [stdout] test sixth::test::test_cursor_move_peek ... ok
[INFO] [stdout] test sixth::test::test_cursor_mut_insert ... ok
[INFO] [stdout] test sixth::test::test_debug ... ok
[INFO] [stdout] test sixth::test::test_iterator ... ok
[INFO] [stdout] test sixth::test::test_hashmap ... ok
[INFO] [stdout] test sixth::test::test_iterator_double_end ... ok
[INFO] [stdout] test sixth::test::test_iterator_mut_double_end ... ok
[INFO] [stdout] test sixth::test::test_mut_iter ... ok
[INFO] [stdout] test sixth::test::test_ord ... ok
[INFO] [stdout] test sixth::test::test_eq ... ok
[INFO] [stdout] test sixth::test::test_ord_nan ... ok
[INFO] [stdout] test sixth::test::test_rev_iter ... ok
[INFO] [stdout] test third::test::basics ... ok
[INFO] [stdout] test third::test::iter ... ok
[INFO] [stdout] 
[INFO] [stdout] test result: ok. 28 passed; 0 failed; 0 ignored; 0 measured; 0 filtered out; finished in 0.01s
[INFO] [stdout] 
[INFO] [stderr]    Doc-tests lists
[INFO] [stdout] 
[INFO] [stdout] running 1 test
[INFO] [stdout] test src/sixth.rs - sixth::assert_properties::iter_mut_invariant (line 789) - compile fail ... FAILED
[INFO] [stdout] 
[INFO] [stdout] failures:
[INFO] [stdout] 
[INFO] [stdout] ---- src/sixth.rs - sixth::assert_properties::iter_mut_invariant (line 789) stdout ----
[INFO] [stdout] error[E0432]: unresolved import `linked_list`
[INFO] [stdout]  --> src/sixth.rs:790:5
[INFO] [stdout]   |
[INFO] [stdout] 3 | use linked_list::IterMut;
[INFO] [stdout]   |     ^^^^^^^^^^^ use of undeclared crate or module `linked_list`
[INFO] [stdout] 
[INFO] [stdout] error: aborting due to 1 previous error
[INFO] [stdout] 
[INFO] [stdout] For more information about this error, try `rustc --explain E0432`.
[INFO] [stdout] Some expected error codes were not found: ["E0308"]
[INFO] [stdout] 
[INFO] [stdout] failures:
[INFO] [stdout]     src/sixth.rs - sixth::assert_properties::iter_mut_invariant (line 789)
[INFO] [stdout] 
[INFO] [stdout] test result: FAILED. 0 passed; 1 failed; 0 ignored; 0 measured; 0 filtered out; finished in 0.13s
[INFO] [stdout] 
[INFO] [stderr] error: doctest failed, to rerun pass `--doc`
[INFO] running `Command { std: "docker" "inspect" "fa3893dd78c4491bfe5d8153ce8600ad7d895866f9279e9e6f97091ba213c841", kill_on_drop: false }`
[INFO] running `Command { std: "docker" "rm" "-f" "fa3893dd78c4491bfe5d8153ce8600ad7d895866f9279e9e6f97091ba213c841", kill_on_drop: false }`
[INFO] [stdout] fa3893dd78c4491bfe5d8153ce8600ad7d895866f9279e9e6f97091ba213c841
