[INFO] cloning repository https://github.com/KSXGitHub/parallel-disk-usage
[INFO] running `Command { std: "git" "-c" "credential.helper=" "-c" "credential.helper=/workspace/cargo-home/bin/git-credential-null" "clone" "--bare" "https://github.com/KSXGitHub/parallel-disk-usage" "/workspace/cache/git-repos/https%3A%2F%2Fgithub.com%2FKSXGitHub%2Fparallel-disk-usage", kill_on_drop: false }`
[INFO] [stderr] Cloning into bare repository '/workspace/cache/git-repos/https%3A%2F%2Fgithub.com%2FKSXGitHub%2Fparallel-disk-usage'...
[INFO] running `Command { std: "git" "rev-parse" "HEAD", kill_on_drop: false }`
[INFO] [stdout] cd28e41dc138bd897882be1b8e69ed72d53497de
[INFO] testing KSXGitHub/parallel-disk-usage against nightly-2025-01-18 for randomize-layout-2
[INFO] running `Command { std: "git" "clone" "/workspace/cache/git-repos/https%3A%2F%2Fgithub.com%2FKSXGitHub%2Fparallel-disk-usage" "/workspace/builds/worker-0-tc1/source", kill_on_drop: false }`
[INFO] [stderr] Cloning into '/workspace/builds/worker-0-tc1/source'...
[INFO] [stderr] done.
[INFO] validating manifest of git repo https://github.com/KSXGitHub/parallel-disk-usage on toolchain nightly-2025-01-18
[INFO] running `Command { std: CARGO_HOME="/workspace/cargo-home" RUSTUP_HOME="/workspace/rustup-home" "/workspace/cargo-home/bin/cargo" "+nightly-2025-01-18" "metadata" "--manifest-path" "Cargo.toml" "--no-deps", kill_on_drop: false }`
[INFO] removed /workspace/builds/worker-0-tc1/source/rust-toolchain
[INFO] started tweaking git repo https://github.com/KSXGitHub/parallel-disk-usage
[INFO] finished tweaking git repo https://github.com/KSXGitHub/parallel-disk-usage
[INFO] tweaked toml for git repo https://github.com/KSXGitHub/parallel-disk-usage written to /workspace/builds/worker-0-tc1/source/Cargo.toml
[INFO] crate git repo https://github.com/KSXGitHub/parallel-disk-usage already has a lockfile, it will not be regenerated
[INFO] running `Command { std: CARGO_HOME="/workspace/cargo-home" RUSTUP_HOME="/workspace/rustup-home" "/workspace/cargo-home/bin/cargo" "+nightly-2025-01-18" "fetch" "--manifest-path" "Cargo.toml", kill_on_drop: false }`
[INFO] [stderr]     Updating crates.io index
[INFO] [stderr]  Downloading crates ...
[INFO] [stderr]   Downloaded fmt-iter v0.2.1
[INFO] [stderr]   Downloaded assert-cmp v0.2.1
[INFO] [stderr]   Downloaded clap-utilities v0.2.0
[INFO] [stderr]   Downloaded clap_complete v4.5.36
[INFO] [stderr]   Downloaded rounded-div v0.1.2
[INFO] [stderr]   Downloaded zero-copy-pads v0.2.0
[INFO] [stderr]   Downloaded build-fs-tree v0.7.1
[INFO] [stderr]   Downloaded text-block-macros v0.2.0
[INFO] running `Command { std: "docker" "create" "-v" "/var/lib/crater-agent-workspace/builds/worker-0-tc1/target:/opt/rustwide/target:rw,Z" "-v" "/var/lib/crater-agent-workspace/builds/worker-0-tc1/source:/opt/rustwide/workdir:ro,Z" "-v" "/var/lib/crater-agent-workspace/cargo-home:/opt/rustwide/cargo-home:ro,Z" "-v" "/var/lib/crater-agent-workspace/rustup-home:/opt/rustwide/rustup-home:ro,Z" "-e" "SOURCE_DIR=/opt/rustwide/workdir" "-e" "CARGO_TARGET_DIR=/opt/rustwide/target" "-e" "CARGO_HOME=/opt/rustwide/cargo-home" "-e" "RUSTUP_HOME=/opt/rustwide/rustup-home" "-w" "/opt/rustwide/workdir" "-m" "1610612736" "--user" "0:0" "--network" "none" "ghcr.io/rust-lang/crates-build-env/linux@sha256:819108c5571ea2e421544af4d832f968d213c87fbe3707a016657f43d2f853bc" "/opt/rustwide/cargo-home/bin/cargo" "+nightly-2025-01-18" "metadata" "--no-deps" "--format-version=1", kill_on_drop: false }`
[INFO] [stdout] b90db30ca08ab17212dc171bce3f4bf73edea5040be1d77ebc865b2637e1cd43
[INFO] running `Command { std: "docker" "start" "-a" "b90db30ca08ab17212dc171bce3f4bf73edea5040be1d77ebc865b2637e1cd43", kill_on_drop: false }`
[INFO] running `Command { std: "docker" "inspect" "b90db30ca08ab17212dc171bce3f4bf73edea5040be1d77ebc865b2637e1cd43", kill_on_drop: false }`
[INFO] running `Command { std: "docker" "rm" "-f" "b90db30ca08ab17212dc171bce3f4bf73edea5040be1d77ebc865b2637e1cd43", kill_on_drop: false }`
[INFO] [stdout] b90db30ca08ab17212dc171bce3f4bf73edea5040be1d77ebc865b2637e1cd43
[INFO] running `Command { std: "docker" "create" "-v" "/var/lib/crater-agent-workspace/builds/worker-0-tc1/target:/opt/rustwide/target:rw,Z" "-v" "/var/lib/crater-agent-workspace/builds/worker-0-tc1/source:/opt/rustwide/workdir:ro,Z" "-v" "/var/lib/crater-agent-workspace/cargo-home:/opt/rustwide/cargo-home:ro,Z" "-v" "/var/lib/crater-agent-workspace/rustup-home:/opt/rustwide/rustup-home:ro,Z" "-e" "SOURCE_DIR=/opt/rustwide/workdir" "-e" "CARGO_TARGET_DIR=/opt/rustwide/target" "-e" "CARGO_INCREMENTAL=0" "-e" "RUST_BACKTRACE=full" "-e" "RUSTFLAGS=--cap-lints=forbid" "-e" "RUSTDOCFLAGS=--cap-lints=forbid" "-e" "CARGO_HOME=/opt/rustwide/cargo-home" "-e" "RUSTUP_HOME=/opt/rustwide/rustup-home" "-w" "/opt/rustwide/workdir" "-m" "1610612736" "--user" "0:0" "--network" "none" "ghcr.io/rust-lang/crates-build-env/linux@sha256:819108c5571ea2e421544af4d832f968d213c87fbe3707a016657f43d2f853bc" "/opt/rustwide/cargo-home/bin/cargo" "+nightly-2025-01-18" "build" "--frozen" "--message-format=json", kill_on_drop: false }`
[INFO] [stdout] e5802480780c0a1c89be21d1687e973cee2c79698735eb12794060142b9b1eaa
[INFO] running `Command { std: "docker" "start" "-a" "e5802480780c0a1c89be21d1687e973cee2c79698735eb12794060142b9b1eaa", kill_on_drop: false }`
[INFO] [stderr]    Compiling proc-macro2 v1.0.89
[INFO] [stderr]    Compiling unicode-ident v1.0.12
[INFO] [stderr]    Compiling syn v1.0.109
[INFO] [stderr]    Compiling ident_case v1.0.1
[INFO] [stderr]    Compiling crossbeam-utils v0.8.19
[INFO] [stderr]    Compiling fnv v1.0.7
[INFO] [stderr]    Compiling strsim v0.10.0
[INFO] [stderr]    Compiling either v1.10.0
[INFO] [stderr]    Compiling utf8parse v0.2.1
[INFO] [stderr]    Compiling anstyle v1.0.10
[INFO] [stderr]    Compiling anstyle-query v1.0.2
[INFO] [stderr]    Compiling colorchoice v1.0.0
[INFO] [stderr]    Compiling heck v0.5.0
[INFO] [stderr]    Compiling strsim v0.11.0
[INFO] [stderr]    Compiling rayon-core v1.12.1
[INFO] [stderr]    Compiling clap_lex v0.7.0
[INFO] [stderr]    Compiling anstyle-parse v0.2.3
[INFO] [stderr]    Compiling convert_case v0.4.0
[INFO] [stderr]    Compiling thiserror v1.0.56
[INFO] [stderr]    Compiling unicode-segmentation v1.12.0
[INFO] [stderr]    Compiling libc v0.2.153
[INFO] [stderr]    Compiling serde v1.0.214
[INFO] [stderr]    Compiling rustix v0.38.31
[INFO] [stderr]    Compiling itertools v0.10.5
[INFO] [stderr]    Compiling anstream v0.6.11
[INFO] [stderr]    Compiling unicode-xid v0.2.6
[INFO] [stderr]    Compiling linux-raw-sys v0.4.13
[INFO] [stderr]    Compiling serde_json v1.0.132
[INFO] [stderr]    Compiling memchr v2.7.4
[INFO] [stderr]    Compiling bitflags v2.4.2
[INFO] [stderr]    Compiling itoa v1.0.10
[INFO] [stderr]    Compiling ryu v1.0.16
[INFO] [stderr]    Compiling pipe-trait v0.4.0
[INFO] [stderr]    Compiling unicode-width v0.1.11
[INFO] [stderr]    Compiling clap_builder v4.5.20
[INFO] [stderr]    Compiling itertools v0.13.0
[INFO] [stderr]    Compiling text-block-macros v0.2.0
[INFO] [stderr]    Compiling rounded-div v0.1.2
[INFO] [stderr]    Compiling assert-cmp v0.2.1
[INFO] [stderr]    Compiling convert_case v0.6.0
[INFO] [stderr]    Compiling crossbeam-epoch v0.9.18
[INFO] [stderr]    Compiling quote v1.0.35
[INFO] [stderr]    Compiling crossbeam-deque v0.8.5
[INFO] [stderr]    Compiling syn v2.0.86
[INFO] [stderr]    Compiling terminal_size v0.4.0
[INFO] [stderr]    Compiling rayon v1.10.0
[INFO] [stderr]    Compiling sysinfo v0.32.0
[INFO] [stderr]    Compiling darling_core v0.12.4
[INFO] [stderr]    Compiling derive_more v0.99.17
[INFO] [stderr]    Compiling clap_derive v4.5.18
[INFO] [stderr]    Compiling serde_derive v1.0.214
[INFO] [stderr]    Compiling thiserror-impl v1.0.56
[INFO] [stderr]    Compiling derive_more-impl v1.0.0
[INFO] [stderr]    Compiling smart-default v0.7.1
[INFO] [stderr]    Compiling darling_macro v0.12.4
[INFO] [stderr]    Compiling darling v0.12.4
[INFO] [stderr]    Compiling derive_builder_core v0.10.2
[INFO] [stderr]    Compiling fmt-iter v0.2.1
[INFO] [stderr]    Compiling clap v4.5.20
[INFO] [stderr]    Compiling clap_complete v4.5.36
[INFO] [stderr]    Compiling derive_builder_macro v0.10.2
[INFO] [stderr]    Compiling derive_builder v0.10.2
[INFO] [stderr]    Compiling zero-copy-pads v0.2.0
[INFO] [stderr]    Compiling clap-utilities v0.2.0
[INFO] [stderr]    Compiling derive_more v1.0.0
[INFO] [stderr]    Compiling parallel-disk-usage v0.11.0 (/opt/rustwide/workdir)
[INFO] [stderr]     Finished `dev` profile [unoptimized + debuginfo] target(s) in 29.05s
[INFO] running `Command { std: "docker" "inspect" "e5802480780c0a1c89be21d1687e973cee2c79698735eb12794060142b9b1eaa", kill_on_drop: false }`
[INFO] running `Command { std: "docker" "rm" "-f" "e5802480780c0a1c89be21d1687e973cee2c79698735eb12794060142b9b1eaa", kill_on_drop: false }`
[INFO] [stdout] e5802480780c0a1c89be21d1687e973cee2c79698735eb12794060142b9b1eaa
[INFO] running `Command { std: "docker" "create" "-v" "/var/lib/crater-agent-workspace/builds/worker-0-tc1/target:/opt/rustwide/target:rw,Z" "-v" "/var/lib/crater-agent-workspace/builds/worker-0-tc1/source:/opt/rustwide/workdir:ro,Z" "-v" "/var/lib/crater-agent-workspace/cargo-home:/opt/rustwide/cargo-home:ro,Z" "-v" "/var/lib/crater-agent-workspace/rustup-home:/opt/rustwide/rustup-home:ro,Z" "-e" "SOURCE_DIR=/opt/rustwide/workdir" "-e" "CARGO_TARGET_DIR=/opt/rustwide/target" "-e" "CARGO_INCREMENTAL=0" "-e" "RUST_BACKTRACE=full" "-e" "RUSTFLAGS=--cap-lints=forbid" "-e" "RUSTDOCFLAGS=--cap-lints=forbid" "-e" "CARGO_HOME=/opt/rustwide/cargo-home" "-e" "RUSTUP_HOME=/opt/rustwide/rustup-home" "-w" "/opt/rustwide/workdir" "-m" "1610612736" "--user" "0:0" "--network" "none" "ghcr.io/rust-lang/crates-build-env/linux@sha256:819108c5571ea2e421544af4d832f968d213c87fbe3707a016657f43d2f853bc" "/opt/rustwide/cargo-home/bin/cargo" "+nightly-2025-01-18" "test" "--frozen" "--no-run" "--message-format=json", kill_on_drop: false }`
[INFO] [stdout] 6fccac82aec2a4902cd85e6a4230e9758d4b90462f44312555ad26a2bf62a766
[INFO] running `Command { std: "docker" "start" "-a" "6fccac82aec2a4902cd85e6a4230e9758d4b90462f44312555ad26a2bf62a766", kill_on_drop: false }`
[INFO] [stderr]    Compiling hashbrown v0.14.3
[INFO] [stderr]    Compiling getrandom v0.2.12
[INFO] [stderr]    Compiling equivalent v1.0.1
[INFO] [stderr]    Compiling unsafe-libyaml v0.2.11
[INFO] [stderr]    Compiling ppv-lite86 v0.2.17
[INFO] [stderr]    Compiling text-block-macros v0.1.1
[INFO] [stderr]    Compiling yansi v1.0.1
[INFO] [stderr]    Compiling diff v0.1.13
[INFO] [stderr]    Compiling command-extra v1.0.0
[INFO] [stderr]    Compiling maplit v1.0.2
[INFO] [stderr]    Compiling rand_core v0.6.4
[INFO] [stderr]    Compiling pretty_assertions v1.4.1
[INFO] [stderr]    Compiling rand_chacha v0.3.1
[INFO] [stderr]    Compiling rand v0.8.5
[INFO] [stderr]    Compiling indexmap v2.2.2
[INFO] [stderr]    Compiling serde_yaml v0.9.34+deprecated
[INFO] [stderr]    Compiling build-fs-tree v0.7.1
[INFO] [stderr]    Compiling parallel-disk-usage v0.11.0 (/opt/rustwide/workdir)
[INFO] [stderr]     Finished `test` profile [unoptimized + debuginfo] target(s) in 11.27s
[INFO] running `Command { std: "docker" "inspect" "6fccac82aec2a4902cd85e6a4230e9758d4b90462f44312555ad26a2bf62a766", kill_on_drop: false }`
[INFO] running `Command { std: "docker" "rm" "-f" "6fccac82aec2a4902cd85e6a4230e9758d4b90462f44312555ad26a2bf62a766", kill_on_drop: false }`
[INFO] [stdout] 6fccac82aec2a4902cd85e6a4230e9758d4b90462f44312555ad26a2bf62a766
[INFO] running `Command { std: "docker" "create" "-v" "/var/lib/crater-agent-workspace/builds/worker-0-tc1/target:/opt/rustwide/target:rw,Z" "-v" "/var/lib/crater-agent-workspace/builds/worker-0-tc1/source:/opt/rustwide/workdir:ro,Z" "-v" "/var/lib/crater-agent-workspace/cargo-home:/opt/rustwide/cargo-home:ro,Z" "-v" "/var/lib/crater-agent-workspace/rustup-home:/opt/rustwide/rustup-home:ro,Z" "-e" "SOURCE_DIR=/opt/rustwide/workdir" "-e" "CARGO_TARGET_DIR=/opt/rustwide/target" "-e" "CARGO_INCREMENTAL=0" "-e" "RUST_BACKTRACE=full" "-e" "RUSTFLAGS=--cap-lints=forbid" "-e" "RUSTDOCFLAGS=--cap-lints=forbid" "-e" "CARGO_HOME=/opt/rustwide/cargo-home" "-e" "RUSTUP_HOME=/opt/rustwide/rustup-home" "-w" "/opt/rustwide/workdir" "-m" "1610612736" "--user" "0:0" "--network" "none" "ghcr.io/rust-lang/crates-build-env/linux@sha256:819108c5571ea2e421544af4d832f968d213c87fbe3707a016657f43d2f853bc" "/opt/rustwide/cargo-home/bin/cargo" "+nightly-2025-01-18" "test" "--frozen", kill_on_drop: false }`
[INFO] [stdout] 018e308853effd450691825dea497a4e5ed6aea2f56520cb549f46908513194b
[INFO] running `Command { std: "docker" "start" "-a" "018e308853effd450691825dea497a4e5ed6aea2f56520cb549f46908513194b", kill_on_drop: false }`
[INFO] [stderr]     Finished `test` profile [unoptimized + debuginfo] target(s) in 0.11s
[INFO] [stderr]      Running unittests src/lib.rs (/opt/rustwide/target/debug/deps/parallel_disk_usage-5b1bb5bcf6085107)
[INFO] [stdout] 
[INFO] [stdout] running 9 tests
[INFO] [stdout] test app::hdd::tests::test_any_path_in_hdd ... ok
[INFO] [stdout] test reporter::error_report::operation::test_operation::access_entry ... ok
[INFO] [stdout] test app::hdd::tests::test_path_in_hdd ... ok
[INFO] [stdout] test app::mount_point::tests::test_mount_point ... ok
[INFO] [stdout] test reporter::error_report::operation::test_operation::read_directory ... ok
[INFO] [stdout] test reporter::error_report::operation::test_operation::symlink_metadata ... ok
[INFO] [stdout] test reporter::error_report::text_report::test ... ok
[INFO] [stdout] test data_tree::retain::test::edge_cases ... ok
[INFO] [stdout] test data_tree::retain::test::typical_case ... ok
[INFO] [stdout] 
[INFO] [stdout] test result: ok. 9 passed; 0 failed; 0 ignored; 0 measured; 0 filtered out; finished in 0.01s
[INFO] [stdout] 
[INFO] [stderr]      Running unittests cli/main.rs (/opt/rustwide/target/debug/deps/pdu-6001224cf4655db6)
[INFO] [stdout] 
[INFO] [stdout] running 0 tests
[INFO] [stdout] 
[INFO] [stdout] test result: ok. 0 passed; 0 failed; 0 ignored; 0 measured; 0 filtered out; finished in 0.00s
[INFO] [stdout] 
[INFO] [stderr]      Running tests/_utils.rs (/opt/rustwide/target/debug/deps/_utils-01c0626e7dada962)
[INFO] [stdout] 
[INFO] [stdout] running 0 tests
[INFO] [stdout] 
[INFO] [stderr]      Running tests/args_fraction.rs (/opt/rustwide/target/debug/deps/args_fraction-bec5ef0fb38c27fb)
[INFO] [stdout] test result: ok. 0 passed; 0 failed; 0 ignored; 0 measured; 0 filtered out; finished in 0.00s
[INFO] [stdout] 
[INFO] [stdout] 
[INFO] [stdout] running 6 tests
[INFO] [stdout] test equal_to_one ... ok
[INFO] [stdout] test equal_to_zero ... ok
[INFO] [stdout] test less_than_one ... ok
[INFO] [stdout] test less_than_zero ... ok
[INFO] [stdout] test invalid_float_literal ... ok
[INFO] [stdout] test typical ... ok
[INFO] [stdout] 
[INFO] [stdout] test result: ok. 6 passed; 0 failed; 0 ignored; 0 measured; 0 filtered out; finished in 0.00s
[INFO] [stdout] 
[INFO] [stderr]      Running tests/bytes_format.rs (/opt/rustwide/target/debug/deps/bytes_format-f5f50ab5e0305430)
[INFO] [stdout] 
[INFO] [stdout] running 29 tests
[INFO] [stdout] test binary_of_0 ... ok
[INFO] [stdout] test binary_of_1500 ... ok
[INFO] [stdout] test binary_of_1750 ... ok
[INFO] [stdout] test binary_of_1000 ... ok
[INFO] [stdout] test binary_of_1bil ... ok
[INFO] [stdout] test binary_of_1quard ... ok
[INFO] [stdout] test binary_of_1mil ... ok
[INFO] [stdout] test binary_of_1024 ... ok
[INFO] [stdout] test binary_of_1quint ... ok
[INFO] [stdout] test binary_of_1trill ... ok
[INFO] [stdout] test binary_of_2000 ... ok
[INFO] [stdout] test binary_of_2mil ... ok
[INFO] [stdout] test binary_of_2mil9 ... ok
[INFO] [stdout] test binary_of_750 ... ok
[INFO] [stdout] test metric_of_0 ... ok
[INFO] [stdout] test metric_of_1000 ... ok
[INFO] [stdout] test metric_of_1024 ... ok
[INFO] [stdout] test metric_of_1500 ... ok
[INFO] [stdout] test metric_of_1750 ... ok
[INFO] [stdout] test metric_of_1bil ... ok
[INFO] [stdout] test metric_of_1mil ... ok
[INFO] [stdout] test metric_of_1quint ... ok
[INFO] [stdout] test metric_of_1quard ... ok
[INFO] [stdout] test metric_of_1trill ... ok
[INFO] [stdout] test metric_of_2000 ... ok
[INFO] [stdout] test metric_of_2mil9 ... ok
[INFO] [stdout] test plain_number ... ok
[INFO] [stdout] test metric_of_750 ... ok
[INFO] [stdout] test metric_of_2mil ... ok
[INFO] [stdout] 
[INFO] [stdout] test result: ok. 29 passed; 0 failed; 0 ignored; 0 measured; 0 filtered out; finished in 0.01s
[INFO] [stdout] 
[INFO] [stderr]      Running tests/cli_errors.rs (/opt/rustwide/target/debug/deps/cli_errors-82cd740565e5d9ad)
[INFO] [stdout] 
[INFO] [stdout] running 3 tests
[INFO] [stdout] test min_ratio_1 ... ok
[INFO] [stdout] test max_depth_0 ... ok
[INFO] [stdout] test fs_errors ... FAILED
[INFO] [stdout] 
[INFO] [stdout] failures:
[INFO] [stdout] 
[INFO] [stdout] ---- fs_errors stdout ----
[INFO] [stdout] [tests/cli_errors.rs:129:5] &status = ExitStatus(
[INFO] [stdout]     unix_wait_status(
[INFO] [stdout]         0,
[INFO] [stdout]     ),
[INFO] [stdout] )
[INFO] [stdout] STDERR+STDOUT:
[INFO] [stdout] 

 4.1K   ┌──empty-dir│██████████                                                                │ 13%
[INFO] [stdout]  0      │ ┌──0      │░░░░░░░░░░░░░░░░░░░░░░░░                                                  │  0%
[INFO] [stdout]  1.0K   │ ├──1      │██░░░░░░░░░░░░░░░░░░░░░░                                                  │  3%
[INFO] [stdout]  2.0K   │ ├──2      │█████░░░░░░░░░░░░░░░░░░░                                                  │  6%
[INFO] [stdout]  3.0K   │ ├──3      │███████░░░░░░░░░░░░░░░░░                                                  │ 10%
[INFO] [stdout] 10.1K   ├─┴flat     │████████████████████████                                                  │ 32%
[INFO] [stdout]  5.0K   │   ┌──1    │████████████▒▒▒▒▒▒▒▒▒░░░░░░░░░░                                           │ 16%
[INFO] [stdout]  9.1K   │ ┌─┴0      │█████████████████████░░░░░░░░░░                                           │ 29%
[INFO] [stdout] 13.2K   ├─┴nested   │███████████████████████████████                                           │ 42%
[INFO] [stdout] 31.5K ┌─┴.          │██████████████████████████████████████████████████████████████████████████│100%
[INFO] [stdout] 
[INFO] [stdout] 
[INFO] [stdout] EXPECTED STDOUT:
[INFO] [stdout]  4.1K   ┌──empty-dir│██████████                                                                │ 13%
[INFO] [stdout]  0      │ ┌──0      │░░░░░░░░░░░░░░░░░░░░░░░░                                                  │  0%
[INFO] [stdout]  1.0K   │ ├──1      │██░░░░░░░░░░░░░░░░░░░░░░                                                  │  3%
[INFO] [stdout]  2.0K   │ ├──2      │█████░░░░░░░░░░░░░░░░░░░                                                  │  6%
[INFO] [stdout]  3.0K   │ ├──3      │███████░░░░░░░░░░░░░░░░░                                                  │ 10%
[INFO] [stdout] 10.1K   ├─┴flat     │████████████████████████                                                  │ 32%
[INFO] [stdout]  5.0K   │   ┌──1    │████████████▒▒▒▒▒▒▒▒▒░░░░░░░░░░                                           │ 16%
[INFO] [stdout]  9.1K   │ ┌─┴0      │█████████████████████░░░░░░░░░░                                           │ 29%
[INFO] [stdout] 13.2K   ├─┴nested   │███████████████████████████████                                           │ 42%
[INFO] [stdout] 31.5K ┌─┴.          │██████████████████████████████████████████████████████████████████████████│100%
[INFO] [stdout] 
[INFO] [stdout] 
[INFO] [stdout] 
[INFO] [stdout] thread 'fs_errors' panicked at tests/cli_errors.rs:162:5:
[INFO] [stdout] assertion failed: `(left == right)`
[INFO] [stdout] 
[INFO] [stdout] [1mDiff[0m [31m< left[0m / [32mright >[0m :
[INFO] [stdout] [31m<{}[0m
[INFO] [stdout] [32m>{[0m
[INFO] [stdout] [32m>    "[error] read_dir \"./empty-dir\": Permission denied (os error 13)",[0m
[INFO] [stdout] [32m>    "[error] read_dir \"./nested/0\": Permission denied (os error 13)",[0m
[INFO] [stdout] [32m>}[0m
[INFO] [stdout] 
[INFO] [stdout] 
[INFO] [stdout] stack backtrace:
[INFO] [stdout]    0:     0x5ccd52d2308a - std::backtrace_rs::backtrace::libunwind::trace::hb059275cfc8d6126
[INFO] [stdout]                                at /rustc/6067b36314ab5eb2eb47cecc464545ba58e1ad24/library/std/src/../../backtrace/src/backtrace/libunwind.rs:116:5
[INFO] [stdout]    1:     0x5ccd52d2308a - std::backtrace_rs::backtrace::trace_unsynchronized::h2da071e4327ce3ee
[INFO] [stdout]                                at /rustc/6067b36314ab5eb2eb47cecc464545ba58e1ad24/library/std/src/../../backtrace/src/backtrace/mod.rs:66:5
[INFO] [stdout]    2:     0x5ccd52d2308a - std::sys::backtrace::_print_fmt::h842a1474e6f8d23f
[INFO] [stdout]                                at /rustc/6067b36314ab5eb2eb47cecc464545ba58e1ad24/library/std/src/sys/backtrace.rs:66:9
[INFO] [stdout]    3:     0x5ccd52d2308a - <std::sys::backtrace::BacktraceLock::print::DisplayBacktrace as core::fmt::Display>::fmt::h71a62eb3b9696b12
[INFO] [stdout]                                at /rustc/6067b36314ab5eb2eb47cecc464545ba58e1ad24/library/std/src/sys/backtrace.rs:39:26
[INFO] [stdout]    4:     0x5ccd52d4c5f3 - core::fmt::rt::Argument::fmt::hdb6b616786b41dc1
[INFO] [stdout]                                at /rustc/6067b36314ab5eb2eb47cecc464545ba58e1ad24/library/core/src/fmt/rt.rs:177:76
[INFO] [stdout]    5:     0x5ccd52d4c5f3 - core::fmt::write::h2cc1698af7e2d686
[INFO] [stdout]                                at /rustc/6067b36314ab5eb2eb47cecc464545ba58e1ad24/library/core/src/fmt/mod.rs:1440:21
[INFO] [stdout]    6:     0x5ccd52d1f813 - std::io::Write::write_fmt::hab1b4cd059a79022
[INFO] [stdout]                                at /rustc/6067b36314ab5eb2eb47cecc464545ba58e1ad24/library/std/src/io/mod.rs:1887:15
[INFO] [stdout]    7:     0x5ccd52d22ed2 - std::sys::backtrace::BacktraceLock::print::h147fe35b4ea13b08
[INFO] [stdout]                                at /rustc/6067b36314ab5eb2eb47cecc464545ba58e1ad24/library/std/src/sys/backtrace.rs:42:9
[INFO] [stdout]    8:     0x5ccd52d244af - std::panicking::default_hook::{{closure}}::hbd44223dbdc0d208
[INFO] [stdout]                                at /rustc/6067b36314ab5eb2eb47cecc464545ba58e1ad24/library/std/src/panicking.rs:298:22
[INFO] [stdout]    9:     0x5ccd52d242c8 - std::panicking::default_hook::h20f81eb0576efcec
[INFO] [stdout]                                at /rustc/6067b36314ab5eb2eb47cecc464545ba58e1ad24/library/std/src/panicking.rs:322:9
[INFO] [stdout]   10:     0x5ccd52c417c3 - <alloc::boxed::Box<F,A> as core::ops::function::Fn<Args>>::call::hdb53814c496a4d34
[INFO] [stdout]                                at /rustc/6067b36314ab5eb2eb47cecc464545ba58e1ad24/library/alloc/src/boxed.rs:2027:9
[INFO] [stdout]   11:     0x5ccd52c417c3 - test::test_main::{{closure}}::hc0a4963c59427c24
[INFO] [stdout]                                at /rustc/6067b36314ab5eb2eb47cecc464545ba58e1ad24/library/test/src/lib.rs:134:21
[INFO] [stdout]   12:     0x5ccd52d24fa3 - <alloc::boxed::Box<F,A> as core::ops::function::Fn<Args>>::call::h591b2225413a77e9
[INFO] [stdout]                                at /rustc/6067b36314ab5eb2eb47cecc464545ba58e1ad24/library/alloc/src/boxed.rs:2027:9
[INFO] [stdout]   13:     0x5ccd52d24fa3 - std::panicking::rust_panic_with_hook::h625eea43051b2edc
[INFO] [stdout]                                at /rustc/6067b36314ab5eb2eb47cecc464545ba58e1ad24/library/std/src/panicking.rs:839:13
[INFO] [stdout]   14:     0x5ccd52d24c5a - std::panicking::begin_panic_handler::{{closure}}::h4f9159cfbc3f6bd3
[INFO] [stdout]                                at /rustc/6067b36314ab5eb2eb47cecc464545ba58e1ad24/library/std/src/panicking.rs:704:13
[INFO] [stdout]   15:     0x5ccd52d23589 - std::sys::backtrace::__rust_end_short_backtrace::h0390abce48353151
[INFO] [stdout]                                at /rustc/6067b36314ab5eb2eb47cecc464545ba58e1ad24/library/std/src/sys/backtrace.rs:168:18
[INFO] [stdout]   16:     0x5ccd52d248ed - rust_begin_unwind
[INFO] [stdout]                                at /rustc/6067b36314ab5eb2eb47cecc464545ba58e1ad24/library/std/src/panicking.rs:695:5
[INFO] [stdout]   17:     0x5ccd52d4a8d0 - core::panicking::panic_fmt::h9e7c637e9e5f29c9
[INFO] [stdout]                                at /rustc/6067b36314ab5eb2eb47cecc464545ba58e1ad24/library/core/src/panicking.rs:75:14
[INFO] [stdout]   18:     0x5ccd52bf9a76 - cli_errors::fs_errors::hc289484324650467
[INFO] [stdout]                                at /opt/rustwide/workdir/tests/cli_errors.rs:162:5
[INFO] [stdout]   19:     0x5ccd52bf8ca7 - cli_errors::fs_errors::{{closure}}::h6f70f27e2ddcc019
[INFO] [stdout]                                at /opt/rustwide/workdir/tests/cli_errors.rs:109:15
[INFO] [stdout]   20:     0x5ccd52bf16f6 - core::ops::function::FnOnce::call_once::h7b9b393f83ef6603
[INFO] [stdout]                                at /rustc/6067b36314ab5eb2eb47cecc464545ba58e1ad24/library/core/src/ops/function.rs:250:5
[INFO] [stdout]   21:     0x5ccd52c46f1b - core::ops::function::FnOnce::call_once::he27718dfdd183f43
[INFO] [stdout]                                at /rustc/6067b36314ab5eb2eb47cecc464545ba58e1ad24/library/core/src/ops/function.rs:250:5
[INFO] [stdout]   22:     0x5ccd52c46f1b - test::__rust_begin_short_backtrace::h4e84902998457a5d
[INFO] [stdout]                                at /rustc/6067b36314ab5eb2eb47cecc464545ba58e1ad24/library/test/src/lib.rs:632:18
[INFO] [stdout]   23:     0x5ccd52c45e53 - test::run_test_in_process::{{closure}}::h7176fd18fc1feca0
[INFO] [stdout]                                at /rustc/6067b36314ab5eb2eb47cecc464545ba58e1ad24/library/test/src/lib.rs:655:60
[INFO] [stdout]   24:     0x5ccd52c45e53 - <core::panic::unwind_safe::AssertUnwindSafe<F> as core::ops::function::FnOnce<()>>::call_once::hf79cff2a624d8cf7
[INFO] [stdout]                                at /rustc/6067b36314ab5eb2eb47cecc464545ba58e1ad24/library/core/src/panic/unwind_safe.rs:272:9
[INFO] [stdout]   25:     0x5ccd52c45e53 - std::panicking::try::do_call::h3da0561d9ab99c25
[INFO] [stdout]                                at /rustc/6067b36314ab5eb2eb47cecc464545ba58e1ad24/library/std/src/panicking.rs:587:40
[INFO] [stdout]   26:     0x5ccd52c45e53 - std::panicking::try::h41c9fa508bc61df6
[INFO] [stdout]                                at /rustc/6067b36314ab5eb2eb47cecc464545ba58e1ad24/library/std/src/panicking.rs:550:19
[INFO] [stdout]   27:     0x5ccd52c45e53 - std::panic::catch_unwind::h6b3ff07bb5afad93
[INFO] [stdout]                                at /rustc/6067b36314ab5eb2eb47cecc464545ba58e1ad24/library/std/src/panic.rs:358:14
[INFO] [stdout]   28:     0x5ccd52c45e53 - test::run_test_in_process::hc7253dd11b39b9f4
[INFO] [stdout]                                at /rustc/6067b36314ab5eb2eb47cecc464545ba58e1ad24/library/test/src/lib.rs:655:27
[INFO] [stdout]   29:     0x5ccd52c45e53 - test::run_test::{{closure}}::hfb2007f8649c30bb
[INFO] [stdout]                                at /rustc/6067b36314ab5eb2eb47cecc464545ba58e1ad24/library/test/src/lib.rs:576:43
[INFO] [stdout]   30:     0x5ccd52c08f35 - test::run_test::{{closure}}::h56a17aa7a282a9f4
[INFO] [stdout]                                at /rustc/6067b36314ab5eb2eb47cecc464545ba58e1ad24/library/test/src/lib.rs:606:41
[INFO] [stdout]   31:     0x5ccd52c08f35 - std::sys::backtrace::__rust_begin_short_backtrace::hd2d2d2fb8e8c6aac
[INFO] [stdout]                                at /rustc/6067b36314ab5eb2eb47cecc464545ba58e1ad24/library/std/src/sys/backtrace.rs:152:18
[INFO] [stdout]   32:     0x5ccd52c0c81a - std::thread::Builder::spawn_unchecked_::{{closure}}::{{closure}}::h4faa3f9db6133423
[INFO] [stdout]                                at /rustc/6067b36314ab5eb2eb47cecc464545ba58e1ad24/library/std/src/thread/mod.rs:559:17
[INFO] [stdout]   33:     0x5ccd52c0c81a - <core::panic::unwind_safe::AssertUnwindSafe<F> as core::ops::function::FnOnce<()>>::call_once::hf2e855a36a4ea846
[INFO] [stdout]                                at /rustc/6067b36314ab5eb2eb47cecc464545ba58e1ad24/library/core/src/panic/unwind_safe.rs:272:9
[INFO] [stdout]   34:     0x5ccd52c0c81a - std::panicking::try::do_call::h2f73af3616c35465
[INFO] [stdout]                                at /rustc/6067b36314ab5eb2eb47cecc464545ba58e1ad24/library/std/src/panicking.rs:587:40
[INFO] [stdout]   35:     0x5ccd52c0c81a - std::panicking::try::hd1660ce9efadef5a
[INFO] [stdout]                                at /rustc/6067b36314ab5eb2eb47cecc464545ba58e1ad24/library/std/src/panicking.rs:550:19
[INFO] [stdout]   36:     0x5ccd52c0c81a - std::panic::catch_unwind::h5ee8d7823b8ca744
[INFO] [stdout]                                at /rustc/6067b36314ab5eb2eb47cecc464545ba58e1ad24/library/std/src/panic.rs:358:14
[INFO] [stdout]   37:     0x5ccd52c0c81a - std::thread::Builder::spawn_unchecked_::{{closure}}::h53c3a1894dce8407
[INFO] [stdout]                                at /rustc/6067b36314ab5eb2eb47cecc464545ba58e1ad24/library/std/src/thread/mod.rs:557:30
[INFO] [stdout]   38:     0x5ccd52c0c81a - core::ops::function::FnOnce::call_once{{vtable.shim}}::h048ce291ad4f62bf
[INFO] [stdout]                                at /rustc/6067b36314ab5eb2eb47cecc464545ba58e1ad24/library/core/src/ops/function.rs:250:5
[INFO] [stdout]   39:     0x5ccd52d29eeb - <alloc::boxed::Box<F,A> as core::ops::function::FnOnce<Args>>::call_once::ha52bedf99a3b4981
[INFO] [stdout]                                at /rustc/6067b36314ab5eb2eb47cecc464545ba58e1ad24/library/alloc/src/boxed.rs:2013:9
[INFO] [stdout]   40:     0x5ccd52d29eeb - <alloc::boxed::Box<F,A> as core::ops::function::FnOnce<Args>>::call_once::h567748934d80ccf8
[INFO] [stdout]                                at /rustc/6067b36314ab5eb2eb47cecc464545ba58e1ad24/library/alloc/src/boxed.rs:2013:9
[INFO] [stdout]   41:     0x5ccd52d29eeb - std::sys::pal::unix::thread::Thread::new::thread_start::h2d970728ae887adc
[INFO] [stdout]                                at /rustc/6067b36314ab5eb2eb47cecc464545ba58e1ad24/library/std/src/sys/pal/unix/thread.rs:106:17
[INFO] [stdout]   42:     0x7b01753e3ac3 - <unknown>
[INFO] [stdout]   43:     0x7b0175474a04 - clone
[INFO] [stdout]   44:                0x0 - <unknown>
[INFO] [stdout] 
[INFO] [stdout] 
[INFO] [stdout] failures:
[INFO] [stdout]     fs_errors
[INFO] [stdout] 
[INFO] [stdout] test result: FAILED. 2 passed; 1 failed; 0 ignored; 0 measured; 0 filtered out; finished in 0.05s
[INFO] [stdout] 
[INFO] [stderr] error: test failed, to rerun pass `--test cli_errors`
[INFO] running `Command { std: "docker" "inspect" "018e308853effd450691825dea497a4e5ed6aea2f56520cb549f46908513194b", kill_on_drop: false }`
[INFO] running `Command { std: "docker" "rm" "-f" "018e308853effd450691825dea497a4e5ed6aea2f56520cb549f46908513194b", kill_on_drop: false }`
[INFO] [stdout] 018e308853effd450691825dea497a4e5ed6aea2f56520cb549f46908513194b
