[INFO] cloning repository https://github.com/KINGFIOX/tapip-rs
[INFO] running `Command { std: "git" "-c" "credential.helper=" "-c" "credential.helper=/workspace/cargo-home/bin/git-credential-null" "clone" "--bare" "https://github.com/KINGFIOX/tapip-rs" "/workspace/cache/git-repos/https%3A%2F%2Fgithub.com%2FKINGFIOX%2Ftapip-rs", kill_on_drop: false }`
[INFO] [stderr] Cloning into bare repository '/workspace/cache/git-repos/https%3A%2F%2Fgithub.com%2FKINGFIOX%2Ftapip-rs'...
[INFO] running `Command { std: "git" "rev-parse" "HEAD", kill_on_drop: false }`
[INFO] [stdout] 9b53590fcc6c2f546a6a24f166809805f6291360
[INFO] testing KINGFIOX/tapip-rs against nightly-2025-01-18+rustflags=-Zrandomize-layout for randomize-layout-2
[INFO] running `Command { std: "git" "clone" "/workspace/cache/git-repos/https%3A%2F%2Fgithub.com%2FKINGFIOX%2Ftapip-rs" "/workspace/builds/worker-1-tc2/source", kill_on_drop: false }`
[INFO] [stderr] Cloning into '/workspace/builds/worker-1-tc2/source'...
[INFO] [stderr] done.
[INFO] validating manifest of git repo https://github.com/KINGFIOX/tapip-rs on toolchain nightly-2025-01-18
[INFO] running `Command { std: CARGO_HOME="/workspace/cargo-home" RUSTUP_HOME="/workspace/rustup-home" "/workspace/cargo-home/bin/cargo" "+nightly-2025-01-18" "metadata" "--manifest-path" "Cargo.toml" "--no-deps", kill_on_drop: false }`
[INFO] started tweaking git repo https://github.com/KINGFIOX/tapip-rs
[INFO] removed 0 missing examples
[INFO] finished tweaking git repo https://github.com/KINGFIOX/tapip-rs
[INFO] tweaked toml for git repo https://github.com/KINGFIOX/tapip-rs written to /workspace/builds/worker-1-tc2/source/Cargo.toml
[INFO] crate git repo https://github.com/KINGFIOX/tapip-rs already has a lockfile, it will not be regenerated
[INFO] running `Command { std: CARGO_HOME="/workspace/cargo-home" RUSTUP_HOME="/workspace/rustup-home" "/workspace/cargo-home/bin/cargo" "+nightly-2025-01-18" "fetch" "--manifest-path" "Cargo.toml", kill_on_drop: false }`
[INFO] running `Command { std: "docker" "create" "-v" "/var/lib/crater-agent-workspace/builds/worker-1-tc2/target:/opt/rustwide/target:rw,Z" "-v" "/var/lib/crater-agent-workspace/builds/worker-1-tc2/source:/opt/rustwide/workdir:ro,Z" "-v" "/var/lib/crater-agent-workspace/cargo-home:/opt/rustwide/cargo-home:ro,Z" "-v" "/var/lib/crater-agent-workspace/rustup-home:/opt/rustwide/rustup-home:ro,Z" "-e" "SOURCE_DIR=/opt/rustwide/workdir" "-e" "CARGO_TARGET_DIR=/opt/rustwide/target" "-e" "CARGO_HOME=/opt/rustwide/cargo-home" "-e" "RUSTUP_HOME=/opt/rustwide/rustup-home" "-w" "/opt/rustwide/workdir" "-m" "1610612736" "--user" "0:0" "--network" "none" "ghcr.io/rust-lang/crates-build-env/linux@sha256:819108c5571ea2e421544af4d832f968d213c87fbe3707a016657f43d2f853bc" "/opt/rustwide/cargo-home/bin/cargo" "+nightly-2025-01-18" "metadata" "--no-deps" "--format-version=1", kill_on_drop: false }`
[INFO] [stdout] a0924ee144e82bdadfa3e0689409252dedb5b7bcf65f1279dbf9940e2aeb1713
[INFO] running `Command { std: "docker" "start" "-a" "a0924ee144e82bdadfa3e0689409252dedb5b7bcf65f1279dbf9940e2aeb1713", kill_on_drop: false }`
[INFO] running `Command { std: "docker" "inspect" "a0924ee144e82bdadfa3e0689409252dedb5b7bcf65f1279dbf9940e2aeb1713", kill_on_drop: false }`
[INFO] running `Command { std: "docker" "rm" "-f" "a0924ee144e82bdadfa3e0689409252dedb5b7bcf65f1279dbf9940e2aeb1713", kill_on_drop: false }`
[INFO] [stdout] a0924ee144e82bdadfa3e0689409252dedb5b7bcf65f1279dbf9940e2aeb1713
[INFO] running `Command { std: "docker" "create" "-v" "/var/lib/crater-agent-workspace/builds/worker-1-tc2/target:/opt/rustwide/target:rw,Z" "-v" "/var/lib/crater-agent-workspace/builds/worker-1-tc2/source:/opt/rustwide/workdir:ro,Z" "-v" "/var/lib/crater-agent-workspace/cargo-home:/opt/rustwide/cargo-home:ro,Z" "-v" "/var/lib/crater-agent-workspace/rustup-home:/opt/rustwide/rustup-home:ro,Z" "-e" "SOURCE_DIR=/opt/rustwide/workdir" "-e" "CARGO_TARGET_DIR=/opt/rustwide/target" "-e" "CARGO_INCREMENTAL=0" "-e" "RUST_BACKTRACE=full" "-e" "RUSTFLAGS=--cap-lints=forbid -Zrandomize-layout" "-e" "RUSTDOCFLAGS=--cap-lints=forbid" "-e" "CARGO_HOME=/opt/rustwide/cargo-home" "-e" "RUSTUP_HOME=/opt/rustwide/rustup-home" "-w" "/opt/rustwide/workdir" "-m" "1610612736" "--user" "0:0" "--network" "none" "ghcr.io/rust-lang/crates-build-env/linux@sha256:819108c5571ea2e421544af4d832f968d213c87fbe3707a016657f43d2f853bc" "/opt/rustwide/cargo-home/bin/cargo" "+nightly-2025-01-18" "build" "--frozen" "--message-format=json", kill_on_drop: false }`
[INFO] [stdout] f252a7e4dbe4968a81a07f18fe7a240f4acae7417983f0112479d959403399f2
[INFO] running `Command { std: "docker" "start" "-a" "f252a7e4dbe4968a81a07f18fe7a240f4acae7417983f0112479d959403399f2", kill_on_drop: false }`
[INFO] [stderr]    Compiling libc v0.2.169
[INFO] [stderr]    Compiling log v0.4.22
[INFO] [stderr]    Compiling managed v0.8.0
[INFO] [stderr]    Compiling byteorder v1.5.0
[INFO] [stderr]    Compiling tapip-rs v0.1.0 (/opt/rustwide/workdir)
[INFO] [stderr]     Finished `dev` profile [unoptimized + debuginfo] target(s) in 4.32s
[INFO] running `Command { std: "docker" "inspect" "f252a7e4dbe4968a81a07f18fe7a240f4acae7417983f0112479d959403399f2", kill_on_drop: false }`
[INFO] running `Command { std: "docker" "rm" "-f" "f252a7e4dbe4968a81a07f18fe7a240f4acae7417983f0112479d959403399f2", kill_on_drop: false }`
[INFO] [stdout] f252a7e4dbe4968a81a07f18fe7a240f4acae7417983f0112479d959403399f2
[INFO] running `Command { std: "docker" "create" "-v" "/var/lib/crater-agent-workspace/builds/worker-1-tc2/target:/opt/rustwide/target:rw,Z" "-v" "/var/lib/crater-agent-workspace/builds/worker-1-tc2/source:/opt/rustwide/workdir:ro,Z" "-v" "/var/lib/crater-agent-workspace/cargo-home:/opt/rustwide/cargo-home:ro,Z" "-v" "/var/lib/crater-agent-workspace/rustup-home:/opt/rustwide/rustup-home:ro,Z" "-e" "SOURCE_DIR=/opt/rustwide/workdir" "-e" "CARGO_TARGET_DIR=/opt/rustwide/target" "-e" "CARGO_INCREMENTAL=0" "-e" "RUST_BACKTRACE=full" "-e" "RUSTFLAGS=--cap-lints=forbid -Zrandomize-layout" "-e" "RUSTDOCFLAGS=--cap-lints=forbid" "-e" "CARGO_HOME=/opt/rustwide/cargo-home" "-e" "RUSTUP_HOME=/opt/rustwide/rustup-home" "-w" "/opt/rustwide/workdir" "-m" "1610612736" "--user" "0:0" "--network" "none" "ghcr.io/rust-lang/crates-build-env/linux@sha256:819108c5571ea2e421544af4d832f968d213c87fbe3707a016657f43d2f853bc" "/opt/rustwide/cargo-home/bin/cargo" "+nightly-2025-01-18" "test" "--frozen" "--no-run" "--message-format=json", kill_on_drop: false }`
[INFO] [stdout] 0495d84a97589096f8491de0f58afd0f15e91ed7a55dbbdedd71fa7ba79859e0
[INFO] running `Command { std: "docker" "start" "-a" "0495d84a97589096f8491de0f58afd0f15e91ed7a55dbbdedd71fa7ba79859e0", kill_on_drop: false }`
[INFO] [stderr]    Compiling proc-macro2 v1.0.93
[INFO] [stderr]    Compiling unicode-ident v1.0.14
[INFO] [stderr]    Compiling memchr v2.7.4
[INFO] [stderr]    Compiling regex-syntax v0.8.5
[INFO] [stderr]    Compiling cfg-if v1.0.0
[INFO] [stderr]    Compiling log v0.4.22
[INFO] [stderr]    Compiling utf8parse v0.2.2
[INFO] [stderr]    Compiling colorchoice v1.0.3
[INFO] [stderr]    Compiling getrandom v0.2.15
[INFO] [stderr]    Compiling anstyle v1.0.10
[INFO] [stderr]    Compiling anstyle-parse v0.2.6
[INFO] [stderr]    Compiling anstyle-query v1.1.2
[INFO] [stderr]    Compiling is_terminal_polyfill v1.70.1
[INFO] [stderr]    Compiling anstream v0.6.18
[INFO] [stderr]    Compiling rand_core v0.6.4
[INFO] [stderr]    Compiling unicode-width v0.1.14
[INFO] [stderr]    Compiling humantime v2.1.0
[INFO] [stderr]    Compiling tapip-rs v0.1.0 (/opt/rustwide/workdir)
[INFO] [stderr]    Compiling getopts v0.2.21
[INFO] [stderr]    Compiling aho-corasick v1.1.3
[INFO] [stderr]    Compiling quote v1.0.38
[INFO] [stderr]    Compiling syn v2.0.96
[INFO] [stderr]    Compiling regex-automata v0.4.9
[INFO] [stderr]    Compiling zerocopy-derive v0.7.35
[INFO] [stderr]    Compiling zerocopy v0.7.35
[INFO] [stderr]    Compiling regex v1.11.1
[INFO] [stderr]    Compiling ppv-lite86 v0.2.20
[INFO] [stderr]    Compiling env_filter v0.1.3
[INFO] [stderr]    Compiling rand_chacha v0.3.1
[INFO] [stderr]    Compiling env_logger v0.11.6
[INFO] [stderr]    Compiling rand v0.8.5
[INFO] [stderr]     Finished `test` profile [unoptimized + debuginfo] target(s) in 25.15s
[INFO] running `Command { std: "docker" "inspect" "0495d84a97589096f8491de0f58afd0f15e91ed7a55dbbdedd71fa7ba79859e0", kill_on_drop: false }`
[INFO] running `Command { std: "docker" "rm" "-f" "0495d84a97589096f8491de0f58afd0f15e91ed7a55dbbdedd71fa7ba79859e0", kill_on_drop: false }`
[INFO] [stdout] 0495d84a97589096f8491de0f58afd0f15e91ed7a55dbbdedd71fa7ba79859e0
[INFO] running `Command { std: "docker" "create" "-v" "/var/lib/crater-agent-workspace/builds/worker-1-tc2/target:/opt/rustwide/target:rw,Z" "-v" "/var/lib/crater-agent-workspace/builds/worker-1-tc2/source:/opt/rustwide/workdir:ro,Z" "-v" "/var/lib/crater-agent-workspace/cargo-home:/opt/rustwide/cargo-home:ro,Z" "-v" "/var/lib/crater-agent-workspace/rustup-home:/opt/rustwide/rustup-home:ro,Z" "-e" "SOURCE_DIR=/opt/rustwide/workdir" "-e" "CARGO_TARGET_DIR=/opt/rustwide/target" "-e" "CARGO_INCREMENTAL=0" "-e" "RUST_BACKTRACE=full" "-e" "RUSTFLAGS=--cap-lints=forbid -Zrandomize-layout" "-e" "RUSTDOCFLAGS=--cap-lints=forbid" "-e" "CARGO_HOME=/opt/rustwide/cargo-home" "-e" "RUSTUP_HOME=/opt/rustwide/rustup-home" "-w" "/opt/rustwide/workdir" "-m" "1610612736" "--user" "0:0" "--network" "none" "ghcr.io/rust-lang/crates-build-env/linux@sha256:819108c5571ea2e421544af4d832f968d213c87fbe3707a016657f43d2f853bc" "/opt/rustwide/cargo-home/bin/cargo" "+nightly-2025-01-18" "test" "--frozen", kill_on_drop: false }`
[INFO] [stdout] ee220bda3f6777d73b410a9e87c3bd9047efbcec44afed1d9f963638cdd76620
[INFO] running `Command { std: "docker" "start" "-a" "ee220bda3f6777d73b410a9e87c3bd9047efbcec44afed1d9f963638cdd76620", kill_on_drop: false }`
[INFO] [stderr]     Finished `test` profile [unoptimized + debuginfo] target(s) in 0.08s
[INFO] [stderr]      Running unittests src/lib.rs (/opt/rustwide/target/debug/deps/tapip_rs-cfe04ecd13fe0ace)
[INFO] [stdout] 
[INFO] [stdout] running 0 tests
[INFO] [stdout] 
[INFO] [stdout] test result: ok. 0 passed; 0 failed; 0 ignored; 0 measured; 0 filtered out; finished in 0.00s
[INFO] [stdout] 
[INFO] [stderr]    Doc-tests tapip_rs
[INFO] [stdout] 
[INFO] [stdout] running 6 tests
[INFO] [stdout] test src/socket/icmp.rs - socket::icmp::Socket<'a>::bind (line 187) ... FAILED
[INFO] [stdout] test src/socket/icmp.rs - socket::icmp::Socket<'a>::bind (line 166) ... FAILED
[INFO] [stdout] test src/phy/mod.rs - phy (line 18) ... FAILED
[INFO] [stdout] test src/wire/pretty_print.rs - wire::pretty_print (line 10) ... FAILED
[INFO] [stdout] test src/wire/mod.rs - wire (line 45) ... FAILED
[INFO] [stdout] test src/phy/mod.rs - phy::PacketMeta (line 117) ... FAILED
[INFO] [stdout] 
[INFO] [stdout] failures:
[INFO] [stdout] 
[INFO] [stdout] ---- src/socket/icmp.rs - socket::icmp::Socket<'a>::bind (line 187) stdout ----
[INFO] [stdout] error[E0433]: failed to resolve: use of undeclared crate or module `smoltcp`
[INFO] [stdout]  --> src/socket/icmp.rs:188:5
[INFO] [stdout]   |
[INFO] [stdout] 3 | use smoltcp::wire::IpListenEndpoint;
[INFO] [stdout]   |     ^^^^^^^ use of undeclared crate or module `smoltcp`
[INFO] [stdout] 
[INFO] [stdout] error[E0433]: failed to resolve: use of undeclared crate or module `smoltcp`
[INFO] [stdout]  --> src/socket/icmp.rs:189:5
[INFO] [stdout]   |
[INFO] [stdout] 4 | use smoltcp::socket::icmp;
[INFO] [stdout]   |     ^^^^^^^ use of undeclared crate or module `smoltcp`
[INFO] [stdout] 
[INFO] [stdout] error: aborting due to 2 previous errors
[INFO] [stdout] 
[INFO] [stdout] For more information about this error, try `rustc --explain E0433`.
[INFO] [stdout] Couldn't compile the test.
[INFO] [stdout] ---- src/socket/icmp.rs - socket::icmp::Socket<'a>::bind (line 166) stdout ----
[INFO] [stdout] error[E0433]: failed to resolve: use of undeclared crate or module `smoltcp`
[INFO] [stdout]  --> src/socket/icmp.rs:167:5
[INFO] [stdout]   |
[INFO] [stdout] 3 | use smoltcp::wire::IpListenEndpoint;
[INFO] [stdout]   |     ^^^^^^^ use of undeclared crate or module `smoltcp`
[INFO] [stdout] 
[INFO] [stdout] error[E0433]: failed to resolve: use of undeclared crate or module `smoltcp`
[INFO] [stdout]  --> src/socket/icmp.rs:168:5
[INFO] [stdout]   |
[INFO] [stdout] 4 | use smoltcp::socket::icmp;
[INFO] [stdout]   |     ^^^^^^^ use of undeclared crate or module `smoltcp`
[INFO] [stdout] 
[INFO] [stdout] error: aborting due to 2 previous errors
[INFO] [stdout] 
[INFO] [stdout] For more information about this error, try `rustc --explain E0433`.
[INFO] [stdout] Couldn't compile the test.
[INFO] [stdout] ---- src/phy/mod.rs - phy (line 18) stdout ----
[INFO] [stdout] error[E0433]: failed to resolve: use of undeclared crate or module `smoltcp`
[INFO] [stdout]  --> src/phy/mod.rs:19:5
[INFO] [stdout]   |
[INFO] [stdout] 3 | use smoltcp::phy::{self, DeviceCapabilities, Device, Medium};
[INFO] [stdout]   |     ^^^^^^^ use of undeclared crate or module `smoltcp`
[INFO] [stdout] 
[INFO] [stdout] error[E0433]: failed to resolve: use of undeclared crate or module `smoltcp`
[INFO] [stdout]  --> src/phy/mod.rs:20:5
[INFO] [stdout]   |
[INFO] [stdout] 4 | use smoltcp::time::Instant;
[INFO] [stdout]   |     ^^^^^^^ use of undeclared crate or module `smoltcp`
[INFO] [stdout] 
[INFO] [stdout] error[E0432]: unresolved import `smoltcp`
[INFO] [stdout]  --> src/phy/mod.rs:19:5
[INFO] [stdout]   |
[INFO] [stdout] 3 | use smoltcp::phy::{self, DeviceCapabilities, Device, Medium};
[INFO] [stdout]   |     ^^^^^^^ use of undeclared crate or module `smoltcp`
[INFO] [stdout] 
[INFO] [stdout] error: aborting due to 3 previous errors
[INFO] [stdout] 
[INFO] [stdout] Some errors have detailed explanations: E0432, E0433.
[INFO] [stdout] For more information about an error, try `rustc --explain E0432`.
[INFO] [stdout] Couldn't compile the test.
[INFO] [stdout] ---- src/wire/pretty_print.rs - wire::pretty_print (line 10) stdout ----
[INFO] [stdout] error[E0433]: failed to resolve: use of undeclared crate or module `smoltcp`
[INFO] [stdout]  --> src/wire/pretty_print.rs:11:5
[INFO] [stdout]   |
[INFO] [stdout] 3 | use smoltcp::wire::*;
[INFO] [stdout]   |     ^^^^^^^ use of undeclared crate or module `smoltcp`
[INFO] [stdout] 
[INFO] [stdout] warning: unexpected `cfg` condition value: `medium-ethernet`
[INFO] [stdout]   --> src/wire/pretty_print.rs:35:11
[INFO] [stdout]    |
[INFO] [stdout] 27 | #[cfg(all(feature = "medium-ethernet", feature = "proto-ipv4"))]
[INFO] [stdout]    |           ^^^^^^^^^^^^^^^^^^^^^^^^^^^ help: remove the condition
[INFO] [stdout]    |
[INFO] [stdout]    = note: no expected values for `feature`
[INFO] [stdout]    = help: consider adding `medium-ethernet` as a feature in `Cargo.toml`
[INFO] [stdout]    = note: see <https://doc.rust-lang.org/nightly/rustc/check-cfg/cargo-specifics.html> for more information about checking conditional configuration
[INFO] [stdout]    = note: `#[warn(unexpected_cfgs)]` on by default
[INFO] [stdout] 
[INFO] [stdout] warning: unexpected `cfg` condition value: `proto-ipv4`
[INFO] [stdout]   --> src/wire/pretty_print.rs:35:40
[INFO] [stdout]    |
[INFO] [stdout] 27 | #[cfg(all(feature = "medium-ethernet", feature = "proto-ipv4"))]
[INFO] [stdout]    |                                        ^^^^^^^^^^^^^^^^^^^^^^ help: remove the condition
[INFO] [stdout]    |
[INFO] [stdout]    = note: no expected values for `feature`
[INFO] [stdout]    = help: consider adding `proto-ipv4` as a feature in `Cargo.toml`
[INFO] [stdout]    = note: see <https://doc.rust-lang.org/nightly/rustc/check-cfg/cargo-specifics.html> for more information about checking conditional configuration
[INFO] [stdout] 
[INFO] [stdout] error: aborting due to 1 previous error; 2 warnings emitted
[INFO] [stdout] 
[INFO] [stdout] For more information about this error, try `rustc --explain E0433`.
[INFO] [stdout] Couldn't compile the test.
[INFO] [stdout] ---- src/wire/mod.rs - wire (line 45) stdout ----
[INFO] [stdout] error[E0433]: failed to resolve: use of undeclared crate or module `smoltcp`
[INFO] [stdout]  --> src/wire/mod.rs:48:5
[INFO] [stdout]   |
[INFO] [stdout] 5 | use smoltcp::wire::*;
[INFO] [stdout]   |     ^^^^^^^ use of undeclared crate or module `smoltcp`
[INFO] [stdout] 
[INFO] [stdout] error[E0433]: failed to resolve: use of undeclared crate or module `smoltcp`
[INFO] [stdout]  --> src/wire/mod.rs:47:5
[INFO] [stdout]   |
[INFO] [stdout] 4 | use smoltcp::phy::ChecksumCapabilities;
[INFO] [stdout]   |     ^^^^^^^ use of undeclared crate or module `smoltcp`
[INFO] [stdout] 
[INFO] [stdout] error[E0432]: unresolved import `smoltcp::phy::ChecksumCapabilities`
[INFO] [stdout]  --> src/wire/mod.rs:47:5
[INFO] [stdout]   |
[INFO] [stdout] 4 | use smoltcp::phy::ChecksumCapabilities;
[INFO] [stdout]   |     ^^^^^^^^^^^^^^^^^^^^^^^^^^^^^^^^^^
[INFO] [stdout] 
[INFO] [stdout] error[E0422]: cannot find struct, variant or union type `Ipv4Repr` in this scope
[INFO] [stdout]  --> src/wire/mod.rs:49:12
[INFO] [stdout]   |
[INFO] [stdout] 6 | let repr = Ipv4Repr {
[INFO] [stdout]   |            ^^^^^^^^ not found in this scope
[INFO] [stdout]   |
[INFO] [stdout] help: consider importing this struct
[INFO] [stdout]   |
[INFO] [stdout] 2 + use tapip_rs::wire::Ipv4Repr;
[INFO] [stdout]   |
[INFO] [stdout] 
[INFO] [stdout] error[E0433]: failed to resolve: use of undeclared type `Ipv4Address`
[INFO] [stdout]  --> src/wire/mod.rs:50:18
[INFO] [stdout]   |
[INFO] [stdout] 7 |     src_addr:    Ipv4Address::new(10, 0, 0, 1),
[INFO] [stdout]   |                  ^^^^^^^^^^^ use of undeclared type `Ipv4Address`
[INFO] [stdout]   |
[INFO] [stdout] help: consider importing this struct
[INFO] [stdout]   |
[INFO] [stdout] 2 + use tapip_rs::wire::Ipv4Address;
[INFO] [stdout]   |
[INFO] [stdout] 
[INFO] [stdout] error[E0433]: failed to resolve: use of undeclared type `Ipv4Address`
[INFO] [stdout]  --> src/wire/mod.rs:51:18
[INFO] [stdout]   |
[INFO] [stdout] 8 |     dst_addr:    Ipv4Address::new(10, 0, 0, 2),
[INFO] [stdout]   |                  ^^^^^^^^^^^ use of undeclared type `Ipv4Address`
[INFO] [stdout]   |
[INFO] [stdout] help: consider importing this struct
[INFO] [stdout]   |
[INFO] [stdout] 2 + use tapip_rs::wire::Ipv4Address;
[INFO] [stdout]   |
[INFO] [stdout] 
[INFO] [stdout] error[E0433]: failed to resolve: use of undeclared type `IpProtocol`
[INFO] [stdout]  --> src/wire/mod.rs:52:18
[INFO] [stdout]   |
[INFO] [stdout] 9 |     next_header: IpProtocol::Tcp,
[INFO] [stdout]   |                  ^^^^^^^^^^ use of undeclared type `IpProtocol`
[INFO] [stdout]   |
[INFO] [stdout] help: consider importing this enum
[INFO] [stdout]   |
[INFO] [stdout] 2 + use tapip_rs::wire::IpProtocol;
[INFO] [stdout]   |
[INFO] [stdout] 
[INFO] [stdout] error[E0433]: failed to resolve: use of undeclared type `Ipv4Packet`
[INFO] [stdout]   --> src/wire/mod.rs:58:22
[INFO] [stdout]    |
[INFO] [stdout] 15 |     let mut packet = Ipv4Packet::new_unchecked(&mut buffer);
[INFO] [stdout]    |                      ^^^^^^^^^^ use of undeclared type `Ipv4Packet`
[INFO] [stdout]    |
[INFO] [stdout] help: consider importing this struct
[INFO] [stdout]    |
[INFO] [stdout] 2  + use tapip_rs::wire::Ipv4Packet;
[INFO] [stdout]    |
[INFO] [stdout] 
[INFO] [stdout] error[E0433]: failed to resolve: use of undeclared type `Ipv4Packet`
[INFO] [stdout]   --> src/wire/mod.rs:62:18
[INFO] [stdout]    |
[INFO] [stdout] 19 |     let packet = Ipv4Packet::new_checked(&buffer)
[INFO] [stdout]    |                  ^^^^^^^^^^ use of undeclared type `Ipv4Packet`
[INFO] [stdout]    |
[INFO] [stdout] help: consider importing this struct
[INFO] [stdout]    |
[INFO] [stdout] 2  + use tapip_rs::wire::Ipv4Packet;
[INFO] [stdout]    |
[INFO] [stdout] 
[INFO] [stdout] error[E0433]: failed to resolve: use of undeclared type `Ipv4Repr`
[INFO] [stdout]   --> src/wire/mod.rs:64:18
[INFO] [stdout]    |
[INFO] [stdout] 21 |     let parsed = Ipv4Repr::parse(&packet, &ChecksumCapabilities::default())
[INFO] [stdout]    |                  ^^^^^^^^ use of undeclared type `Ipv4Repr`
[INFO] [stdout]    |
[INFO] [stdout] help: consider importing this struct
[INFO] [stdout]    |
[INFO] [stdout] 2  + use tapip_rs::wire::Ipv4Repr;
[INFO] [stdout]    |
[INFO] [stdout] 
[INFO] [stdout] error: aborting due to 10 previous errors
[INFO] [stdout] 
[INFO] [stdout] Some errors have detailed explanations: E0422, E0432, E0433.
[INFO] [stdout] For more information about an error, try `rustc --explain E0422`.
[INFO] [stdout] Couldn't compile the test.
[INFO] [stdout] ---- src/phy/mod.rs - phy::PacketMeta (line 117) stdout ----
[INFO] [stdout] error[E0433]: failed to resolve: use of undeclared crate or module `smoltcp`
[INFO] [stdout]  --> src/phy/mod.rs:118:16
[INFO] [stdout]   |
[INFO] [stdout] 3 | let mut meta = smoltcp::phy::PacketMeta::default();
[INFO] [stdout]   |                ^^^^^^^ use of undeclared crate or module `smoltcp`
[INFO] [stdout]   |
[INFO] [stdout] help: consider importing this struct
[INFO] [stdout]   |
[INFO] [stdout] 2 + use tapip_rs::phy::PacketMeta;
[INFO] [stdout]   |
[INFO] [stdout] help: if you import `PacketMeta`, refer to it directly
[INFO] [stdout]   |
[INFO] [stdout] 3 - let mut meta = smoltcp::phy::PacketMeta::default();
[INFO] [stdout] 3 + let mut meta = PacketMeta::default();
[INFO] [stdout]   |
[INFO] [stdout] 
[INFO] [stdout] warning: unexpected `cfg` condition value: `packetmeta-id`
[INFO] [stdout]  --> src/phy/mod.rs:119:7
[INFO] [stdout]   |
[INFO] [stdout] 4 | #[cfg(feature = "packetmeta-id")]
[INFO] [stdout]   |       ^^^^^^^^^^^^^^^^^^^^^^^^^ help: remove the condition
[INFO] [stdout]   |
[INFO] [stdout]   = note: no expected values for `feature`
[INFO] [stdout]   = help: consider adding `packetmeta-id` as a feature in `Cargo.toml`
[INFO] [stdout]   = note: see <https://doc.rust-lang.org/nightly/rustc/check-cfg/cargo-specifics.html> for more information about checking conditional configuration
[INFO] [stdout]   = note: `#[warn(unexpected_cfgs)]` on by default
[INFO] [stdout] 
[INFO] [stdout] error: aborting due to 1 previous error; 1 warning emitted
[INFO] [stdout] 
[INFO] [stdout] For more information about this error, try `rustc --explain E0433`.
[INFO] [stdout] Couldn't compile the test.
[INFO] [stdout] 
[INFO] [stdout] failures:
[INFO] [stdout]     src/phy/mod.rs - phy (line 18)
[INFO] [stdout]     src/phy/mod.rs - phy::PacketMeta (line 117)
[INFO] [stdout]     src/socket/icmp.rs - socket::icmp::Socket<'a>::bind (line 166)
[INFO] [stdout]     src/socket/icmp.rs - socket::icmp::Socket<'a>::bind (line 187)
[INFO] [stdout]     src/wire/mod.rs - wire (line 45)
[INFO] [stdout]     src/wire/pretty_print.rs - wire::pretty_print (line 10)
[INFO] [stdout] 
[INFO] [stdout] test result: FAILED. 0 passed; 6 failed; 0 ignored; 0 measured; 0 filtered out; finished in 0.34s
[INFO] [stdout] 
[INFO] [stderr] error: doctest failed, to rerun pass `--doc`
[INFO] running `Command { std: "docker" "inspect" "ee220bda3f6777d73b410a9e87c3bd9047efbcec44afed1d9f963638cdd76620", kill_on_drop: false }`
[INFO] running `Command { std: "docker" "rm" "-f" "ee220bda3f6777d73b410a9e87c3bd9047efbcec44afed1d9f963638cdd76620", kill_on_drop: false }`
[INFO] [stdout] ee220bda3f6777d73b410a9e87c3bd9047efbcec44afed1d9f963638cdd76620
