[INFO] cloning repository https://github.com/K83FJ3M4/report
[INFO] running `Command { std: "git" "-c" "credential.helper=" "-c" "credential.helper=/workspace/cargo-home/bin/git-credential-null" "clone" "--bare" "https://github.com/K83FJ3M4/report" "/workspace/cache/git-repos/https%3A%2F%2Fgithub.com%2FK83FJ3M4%2Freport", kill_on_drop: false }`
[INFO] [stderr] Cloning into bare repository '/workspace/cache/git-repos/https%3A%2F%2Fgithub.com%2FK83FJ3M4%2Freport'...
[INFO] running `Command { std: "git" "rev-parse" "HEAD", kill_on_drop: false }`
[INFO] [stdout] 223c5a106368283bbd3d0cc8a4d858c0434216a2
[INFO] testing K83FJ3M4/report against nightly-2025-01-18+rustflags=-Zrandomize-layout for randomize-layout-2
[INFO] running `Command { std: "git" "clone" "/workspace/cache/git-repos/https%3A%2F%2Fgithub.com%2FK83FJ3M4%2Freport" "/workspace/builds/worker-5-tc2/source", kill_on_drop: false }`
[INFO] [stderr] Cloning into '/workspace/builds/worker-5-tc2/source'...
[INFO] [stderr] done.
[INFO] validating manifest of git repo https://github.com/K83FJ3M4/report on toolchain nightly-2025-01-18
[INFO] running `Command { std: CARGO_HOME="/workspace/cargo-home" RUSTUP_HOME="/workspace/rustup-home" "/workspace/cargo-home/bin/cargo" "+nightly-2025-01-18" "metadata" "--manifest-path" "Cargo.toml" "--no-deps", kill_on_drop: false }`
[INFO] started tweaking git repo https://github.com/K83FJ3M4/report
[INFO] finished tweaking git repo https://github.com/K83FJ3M4/report
[INFO] tweaked toml for git repo https://github.com/K83FJ3M4/report written to /workspace/builds/worker-5-tc2/source/Cargo.toml
[INFO] crate git repo https://github.com/K83FJ3M4/report already has a lockfile, it will not be regenerated
[INFO] running `Command { std: CARGO_HOME="/workspace/cargo-home" RUSTUP_HOME="/workspace/rustup-home" "/workspace/cargo-home/bin/cargo" "+nightly-2025-01-18" "fetch" "--manifest-path" "Cargo.toml", kill_on_drop: false }`
[INFO] running `Command { std: "docker" "create" "-v" "/var/lib/crater-agent-workspace/builds/worker-5-tc2/target:/opt/rustwide/target:rw,Z" "-v" "/var/lib/crater-agent-workspace/builds/worker-5-tc2/source:/opt/rustwide/workdir:ro,Z" "-v" "/var/lib/crater-agent-workspace/cargo-home:/opt/rustwide/cargo-home:ro,Z" "-v" "/var/lib/crater-agent-workspace/rustup-home:/opt/rustwide/rustup-home:ro,Z" "-e" "SOURCE_DIR=/opt/rustwide/workdir" "-e" "CARGO_TARGET_DIR=/opt/rustwide/target" "-e" "CARGO_HOME=/opt/rustwide/cargo-home" "-e" "RUSTUP_HOME=/opt/rustwide/rustup-home" "-w" "/opt/rustwide/workdir" "-m" "1610612736" "--user" "0:0" "--network" "none" "ghcr.io/rust-lang/crates-build-env/linux@sha256:819108c5571ea2e421544af4d832f968d213c87fbe3707a016657f43d2f853bc" "/opt/rustwide/cargo-home/bin/cargo" "+nightly-2025-01-18" "metadata" "--no-deps" "--format-version=1", kill_on_drop: false }`
[INFO] [stdout] 34c4800fce853df0465363f3080e03ed14e6437ff3fd50ce5b7fe943d5c3d6e8
[INFO] running `Command { std: "docker" "start" "-a" "34c4800fce853df0465363f3080e03ed14e6437ff3fd50ce5b7fe943d5c3d6e8", kill_on_drop: false }`
[INFO] running `Command { std: "docker" "inspect" "34c4800fce853df0465363f3080e03ed14e6437ff3fd50ce5b7fe943d5c3d6e8", kill_on_drop: false }`
[INFO] running `Command { std: "docker" "rm" "-f" "34c4800fce853df0465363f3080e03ed14e6437ff3fd50ce5b7fe943d5c3d6e8", kill_on_drop: false }`
[INFO] [stdout] 34c4800fce853df0465363f3080e03ed14e6437ff3fd50ce5b7fe943d5c3d6e8
[INFO] running `Command { std: "docker" "create" "-v" "/var/lib/crater-agent-workspace/builds/worker-5-tc2/target:/opt/rustwide/target:rw,Z" "-v" "/var/lib/crater-agent-workspace/builds/worker-5-tc2/source:/opt/rustwide/workdir:ro,Z" "-v" "/var/lib/crater-agent-workspace/cargo-home:/opt/rustwide/cargo-home:ro,Z" "-v" "/var/lib/crater-agent-workspace/rustup-home:/opt/rustwide/rustup-home:ro,Z" "-e" "SOURCE_DIR=/opt/rustwide/workdir" "-e" "CARGO_TARGET_DIR=/opt/rustwide/target" "-e" "CARGO_INCREMENTAL=0" "-e" "RUST_BACKTRACE=full" "-e" "RUSTFLAGS=--cap-lints=forbid -Zrandomize-layout" "-e" "RUSTDOCFLAGS=--cap-lints=forbid" "-e" "CARGO_HOME=/opt/rustwide/cargo-home" "-e" "RUSTUP_HOME=/opt/rustwide/rustup-home" "-w" "/opt/rustwide/workdir" "-m" "1610612736" "--user" "0:0" "--network" "none" "ghcr.io/rust-lang/crates-build-env/linux@sha256:819108c5571ea2e421544af4d832f968d213c87fbe3707a016657f43d2f853bc" "/opt/rustwide/cargo-home/bin/cargo" "+nightly-2025-01-18" "build" "--frozen" "--message-format=json", kill_on_drop: false }`
[INFO] [stdout] 9fb5eaab3bbac51917be39aea368fb52b5c331079ff00540fa7417e7d7cb6b45
[INFO] running `Command { std: "docker" "start" "-a" "9fb5eaab3bbac51917be39aea368fb52b5c331079ff00540fa7417e7d7cb6b45", kill_on_drop: false }`
[INFO] [stderr]    Compiling proc-macro2 v1.0.85
[INFO] [stderr]    Compiling unicode-ident v1.0.12
[INFO] [stderr]    Compiling libc v0.2.155
[INFO] [stderr]    Compiling lazy_static v1.4.0
[INFO] [stderr]    Compiling unicode-width v0.1.13
[INFO] [stderr]    Compiling quote v1.0.36
[INFO] [stderr]    Compiling console v0.15.8
[INFO] [stderr]    Compiling syn v2.0.66
[INFO] [stderr]    Compiling report-macros v1.0.0 (/opt/rustwide/workdir/report-macros)
[INFO] [stderr]    Compiling report v1.0.0 (/opt/rustwide/workdir)
[INFO] [stderr]     Finished `dev` profile [unoptimized + debuginfo] target(s) in 6.41s
[INFO] running `Command { std: "docker" "inspect" "9fb5eaab3bbac51917be39aea368fb52b5c331079ff00540fa7417e7d7cb6b45", kill_on_drop: false }`
[INFO] running `Command { std: "docker" "rm" "-f" "9fb5eaab3bbac51917be39aea368fb52b5c331079ff00540fa7417e7d7cb6b45", kill_on_drop: false }`
[INFO] [stdout] 9fb5eaab3bbac51917be39aea368fb52b5c331079ff00540fa7417e7d7cb6b45
[INFO] running `Command { std: "docker" "create" "-v" "/var/lib/crater-agent-workspace/builds/worker-5-tc2/target:/opt/rustwide/target:rw,Z" "-v" "/var/lib/crater-agent-workspace/builds/worker-5-tc2/source:/opt/rustwide/workdir:ro,Z" "-v" "/var/lib/crater-agent-workspace/cargo-home:/opt/rustwide/cargo-home:ro,Z" "-v" "/var/lib/crater-agent-workspace/rustup-home:/opt/rustwide/rustup-home:ro,Z" "-e" "SOURCE_DIR=/opt/rustwide/workdir" "-e" "CARGO_TARGET_DIR=/opt/rustwide/target" "-e" "CARGO_INCREMENTAL=0" "-e" "RUST_BACKTRACE=full" "-e" "RUSTFLAGS=--cap-lints=forbid -Zrandomize-layout" "-e" "RUSTDOCFLAGS=--cap-lints=forbid" "-e" "CARGO_HOME=/opt/rustwide/cargo-home" "-e" "RUSTUP_HOME=/opt/rustwide/rustup-home" "-w" "/opt/rustwide/workdir" "-m" "1610612736" "--user" "0:0" "--network" "none" "ghcr.io/rust-lang/crates-build-env/linux@sha256:819108c5571ea2e421544af4d832f968d213c87fbe3707a016657f43d2f853bc" "/opt/rustwide/cargo-home/bin/cargo" "+nightly-2025-01-18" "test" "--frozen" "--no-run" "--message-format=json", kill_on_drop: false }`
[INFO] [stdout] abb7e6c5cb79b5bbf123dba010b96daeb66ee012248851ed70bae162affe4a92
[INFO] running `Command { std: "docker" "start" "-a" "abb7e6c5cb79b5bbf123dba010b96daeb66ee012248851ed70bae162affe4a92", kill_on_drop: false }`
[INFO] [stderr]    Compiling report v1.0.0 (/opt/rustwide/workdir)
[INFO] [stderr]     Finished `test` profile [unoptimized + debuginfo] target(s) in 0.41s
[INFO] running `Command { std: "docker" "inspect" "abb7e6c5cb79b5bbf123dba010b96daeb66ee012248851ed70bae162affe4a92", kill_on_drop: false }`
[INFO] running `Command { std: "docker" "rm" "-f" "abb7e6c5cb79b5bbf123dba010b96daeb66ee012248851ed70bae162affe4a92", kill_on_drop: false }`
[INFO] [stdout] abb7e6c5cb79b5bbf123dba010b96daeb66ee012248851ed70bae162affe4a92
[INFO] running `Command { std: "docker" "create" "-v" "/var/lib/crater-agent-workspace/builds/worker-5-tc2/target:/opt/rustwide/target:rw,Z" "-v" "/var/lib/crater-agent-workspace/builds/worker-5-tc2/source:/opt/rustwide/workdir:ro,Z" "-v" "/var/lib/crater-agent-workspace/cargo-home:/opt/rustwide/cargo-home:ro,Z" "-v" "/var/lib/crater-agent-workspace/rustup-home:/opt/rustwide/rustup-home:ro,Z" "-e" "SOURCE_DIR=/opt/rustwide/workdir" "-e" "CARGO_TARGET_DIR=/opt/rustwide/target" "-e" "CARGO_INCREMENTAL=0" "-e" "RUST_BACKTRACE=full" "-e" "RUSTFLAGS=--cap-lints=forbid -Zrandomize-layout" "-e" "RUSTDOCFLAGS=--cap-lints=forbid" "-e" "CARGO_HOME=/opt/rustwide/cargo-home" "-e" "RUSTUP_HOME=/opt/rustwide/rustup-home" "-w" "/opt/rustwide/workdir" "-m" "1610612736" "--user" "0:0" "--network" "none" "ghcr.io/rust-lang/crates-build-env/linux@sha256:819108c5571ea2e421544af4d832f968d213c87fbe3707a016657f43d2f853bc" "/opt/rustwide/cargo-home/bin/cargo" "+nightly-2025-01-18" "test" "--frozen", kill_on_drop: false }`
[INFO] [stdout] 02f01890269cd76180b6b3cdb466793f6327cb9254e04dc6740c54fe21c547d9
[INFO] running `Command { std: "docker" "start" "-a" "02f01890269cd76180b6b3cdb466793f6327cb9254e04dc6740c54fe21c547d9", kill_on_drop: false }`
[INFO] [stderr]     Finished `test` profile [unoptimized + debuginfo] target(s) in 0.03s
[INFO] [stderr]      Running unittests src/lib.rs (/opt/rustwide/target/debug/deps/report-cffc36bb8fa516de)
[INFO] [stdout] 
[INFO] [stderr]    Doc-tests report
[INFO] [stdout] running 0 tests
[INFO] [stdout] 
[INFO] [stdout] test result: ok. 0 passed; 0 failed; 0 ignored; 0 measured; 0 filtered out; finished in 0.00s
[INFO] [stdout] 
[INFO] [stdout] 
[INFO] [stdout] running 11 tests
[INFO] [stdout] test src/lib.rs - bail (line 359) ... FAILED
[INFO] [stdout] test src/lib.rs - info (line 311) ... ok
[INFO] [stdout] test src/lib.rs - warn (line 327) ... ok
[INFO] [stdout] test src/lib.rs - bail (line 367) ... ok
[INFO] [stdout] test src/lib.rs - error (line 343) ... ok
[INFO] [stdout] test src/lib.rs - Report<T>::rec (line 250) ... ok
[INFO] [stdout] test src/lib.rs - Report<fn()->String>::info (line 57) ... ok
[INFO] [stdout] test src/lib.rs - Report<fn()->String>::warn (line 78) ... ok
[INFO] [stdout] test src/lib.rs - Report<fn()->String>::error (line 99) ... ok
[INFO] [stdout] test src/lib.rs - (line 17) ... ok
[INFO] [stdout] test src/lib.rs - Report<T>::log (line 227) ... ok
[INFO] [stdout] 
[INFO] [stdout] failures:
[INFO] [stdout] 
[INFO] [stdout] ---- src/lib.rs - bail (line 359) stdout ----
[INFO] [stdout] error: format argument must be a string literal
[INFO] [stdout]  --> src/lib.rs:362:40
[INFO] [stdout]   |
[INFO] [stdout] 6 |     report::Report::error(format_args!(args));
[INFO] [stdout]   |                                        ^^^^
[INFO] [stdout]   |
[INFO] [stdout] help: you might be missing a string literal to format with
[INFO] [stdout]   |
[INFO] [stdout] 6 |     report::Report::error(format_args!("{}", args));
[INFO] [stdout]   |                                        +++++
[INFO] [stdout] 
[INFO] [stdout] error[E0308]: mismatched types
[INFO] [stdout]  --> src/lib.rs:361:8
[INFO] [stdout]   |
[INFO] [stdout] 4 |   fn main() { #[allow(non_snake_case)] fn _doctest_main_src_lib_rs_359_0() {
[INFO] [stdout]   |                                                                           - help: a return type might be missing here: `-> _`
[INFO] [stdout] 5 |   return Err({
[INFO] [stdout]   |  ________^
[INFO] [stdout] 6 | |     report::Report::error(format_args!(args));
[INFO] [stdout] 7 | |     report::Error
[INFO] [stdout] 8 | | })
[INFO] [stdout]   | |__^ expected `()`, found `Result<_, Error>`
[INFO] [stdout]   |
[INFO] [stdout]   = note: expected unit type `()`
[INFO] [stdout]                   found enum `Result<_, report::Error>`
[INFO] [stdout] 
[INFO] [stdout] error: aborting due to 2 previous errors
[INFO] [stdout] 
[INFO] [stdout] For more information about this error, try `rustc --explain E0308`.
[INFO] [stdout] Couldn't compile the test.
[INFO] [stdout] 
[INFO] [stdout] failures:
[INFO] [stdout]     src/lib.rs - bail (line 359)
[INFO] [stdout] 
[INFO] [stdout] test result: FAILED. 10 passed; 1 failed; 0 ignored; 0 measured; 0 filtered out; finished in 0.89s
[INFO] [stdout] 
[INFO] [stderr] error: doctest failed, to rerun pass `--doc`
[INFO] running `Command { std: "docker" "inspect" "02f01890269cd76180b6b3cdb466793f6327cb9254e04dc6740c54fe21c547d9", kill_on_drop: false }`
[INFO] running `Command { std: "docker" "rm" "-f" "02f01890269cd76180b6b3cdb466793f6327cb9254e04dc6740c54fe21c547d9", kill_on_drop: false }`
[INFO] [stdout] 02f01890269cd76180b6b3cdb466793f6327cb9254e04dc6740c54fe21c547d9
