[INFO] cloning repository https://github.com/K0R0VA/leet_code
[INFO] running `Command { std: "git" "-c" "credential.helper=" "-c" "credential.helper=/workspace/cargo-home/bin/git-credential-null" "clone" "--bare" "https://github.com/K0R0VA/leet_code" "/workspace/cache/git-repos/https%3A%2F%2Fgithub.com%2FK0R0VA%2Fleet_code", kill_on_drop: false }`
[INFO] [stderr] Cloning into bare repository '/workspace/cache/git-repos/https%3A%2F%2Fgithub.com%2FK0R0VA%2Fleet_code'...
[INFO] running `Command { std: "git" "rev-parse" "HEAD", kill_on_drop: false }`
[INFO] [stdout] 864d6fb22ac8c8029597a18301fc7b445ffda643
[INFO] testing K0R0VA/leet_code against nightly-2025-01-18+rustflags=-Zrandomize-layout for randomize-layout-2
[INFO] running `Command { std: "git" "clone" "/workspace/cache/git-repos/https%3A%2F%2Fgithub.com%2FK0R0VA%2Fleet_code" "/workspace/builds/worker-2-tc2/source", kill_on_drop: false }`
[INFO] [stderr] Cloning into '/workspace/builds/worker-2-tc2/source'...
[INFO] [stderr] done.
[INFO] validating manifest of git repo https://github.com/K0R0VA/leet_code on toolchain nightly-2025-01-18
[INFO] running `Command { std: CARGO_HOME="/workspace/cargo-home" RUSTUP_HOME="/workspace/rustup-home" "/workspace/cargo-home/bin/cargo" "+nightly-2025-01-18" "metadata" "--manifest-path" "Cargo.toml" "--no-deps", kill_on_drop: false }`
[INFO] started tweaking git repo https://github.com/K0R0VA/leet_code
[INFO] finished tweaking git repo https://github.com/K0R0VA/leet_code
[INFO] tweaked toml for git repo https://github.com/K0R0VA/leet_code written to /workspace/builds/worker-2-tc2/source/Cargo.toml
[INFO] crate git repo https://github.com/K0R0VA/leet_code already has a lockfile, it will not be regenerated
[INFO] running `Command { std: CARGO_HOME="/workspace/cargo-home" RUSTUP_HOME="/workspace/rustup-home" "/workspace/cargo-home/bin/cargo" "+nightly-2025-01-18" "fetch" "--manifest-path" "Cargo.toml", kill_on_drop: false }`
[INFO] running `Command { std: "docker" "create" "-v" "/var/lib/crater-agent-workspace/builds/worker-2-tc2/target:/opt/rustwide/target:rw,Z" "-v" "/var/lib/crater-agent-workspace/builds/worker-2-tc2/source:/opt/rustwide/workdir:ro,Z" "-v" "/var/lib/crater-agent-workspace/cargo-home:/opt/rustwide/cargo-home:ro,Z" "-v" "/var/lib/crater-agent-workspace/rustup-home:/opt/rustwide/rustup-home:ro,Z" "-e" "SOURCE_DIR=/opt/rustwide/workdir" "-e" "CARGO_TARGET_DIR=/opt/rustwide/target" "-e" "CARGO_HOME=/opt/rustwide/cargo-home" "-e" "RUSTUP_HOME=/opt/rustwide/rustup-home" "-w" "/opt/rustwide/workdir" "-m" "1610612736" "--user" "0:0" "--network" "none" "ghcr.io/rust-lang/crates-build-env/linux@sha256:819108c5571ea2e421544af4d832f968d213c87fbe3707a016657f43d2f853bc" "/opt/rustwide/cargo-home/bin/cargo" "+nightly-2025-01-18" "metadata" "--no-deps" "--format-version=1", kill_on_drop: false }`
[INFO] [stdout] 4c4faece92516f320d55a86f217c279a8225fe0e6dc31c09817474fe945f0538
[INFO] running `Command { std: "docker" "start" "-a" "4c4faece92516f320d55a86f217c279a8225fe0e6dc31c09817474fe945f0538", kill_on_drop: false }`
[INFO] running `Command { std: "docker" "inspect" "4c4faece92516f320d55a86f217c279a8225fe0e6dc31c09817474fe945f0538", kill_on_drop: false }`
[INFO] running `Command { std: "docker" "rm" "-f" "4c4faece92516f320d55a86f217c279a8225fe0e6dc31c09817474fe945f0538", kill_on_drop: false }`
[INFO] [stdout] 4c4faece92516f320d55a86f217c279a8225fe0e6dc31c09817474fe945f0538
[INFO] running `Command { std: "docker" "create" "-v" "/var/lib/crater-agent-workspace/builds/worker-2-tc2/target:/opt/rustwide/target:rw,Z" "-v" "/var/lib/crater-agent-workspace/builds/worker-2-tc2/source:/opt/rustwide/workdir:ro,Z" "-v" "/var/lib/crater-agent-workspace/cargo-home:/opt/rustwide/cargo-home:ro,Z" "-v" "/var/lib/crater-agent-workspace/rustup-home:/opt/rustwide/rustup-home:ro,Z" "-e" "SOURCE_DIR=/opt/rustwide/workdir" "-e" "CARGO_TARGET_DIR=/opt/rustwide/target" "-e" "CARGO_INCREMENTAL=0" "-e" "RUST_BACKTRACE=full" "-e" "RUSTFLAGS=--cap-lints=forbid -Zrandomize-layout" "-e" "RUSTDOCFLAGS=--cap-lints=forbid" "-e" "CARGO_HOME=/opt/rustwide/cargo-home" "-e" "RUSTUP_HOME=/opt/rustwide/rustup-home" "-w" "/opt/rustwide/workdir" "-m" "1610612736" "--user" "0:0" "--network" "none" "ghcr.io/rust-lang/crates-build-env/linux@sha256:819108c5571ea2e421544af4d832f968d213c87fbe3707a016657f43d2f853bc" "/opt/rustwide/cargo-home/bin/cargo" "+nightly-2025-01-18" "build" "--frozen" "--message-format=json", kill_on_drop: false }`
[INFO] [stdout] ee7c4f405b73e80bd17a4226aa1db43778cdfa7537aee4b93f67d41e7793d969
[INFO] running `Command { std: "docker" "start" "-a" "ee7c4f405b73e80bd17a4226aa1db43778cdfa7537aee4b93f67d41e7793d969", kill_on_drop: false }`
[INFO] [stderr]    Compiling leet_code v0.1.0 (/opt/rustwide/workdir)
[INFO] [stderr]     Finished `dev` profile [unoptimized + debuginfo] target(s) in 0.64s
[INFO] running `Command { std: "docker" "inspect" "ee7c4f405b73e80bd17a4226aa1db43778cdfa7537aee4b93f67d41e7793d969", kill_on_drop: false }`
[INFO] running `Command { std: "docker" "rm" "-f" "ee7c4f405b73e80bd17a4226aa1db43778cdfa7537aee4b93f67d41e7793d969", kill_on_drop: false }`
[INFO] [stdout] ee7c4f405b73e80bd17a4226aa1db43778cdfa7537aee4b93f67d41e7793d969
[INFO] running `Command { std: "docker" "create" "-v" "/var/lib/crater-agent-workspace/builds/worker-2-tc2/target:/opt/rustwide/target:rw,Z" "-v" "/var/lib/crater-agent-workspace/builds/worker-2-tc2/source:/opt/rustwide/workdir:ro,Z" "-v" "/var/lib/crater-agent-workspace/cargo-home:/opt/rustwide/cargo-home:ro,Z" "-v" "/var/lib/crater-agent-workspace/rustup-home:/opt/rustwide/rustup-home:ro,Z" "-e" "SOURCE_DIR=/opt/rustwide/workdir" "-e" "CARGO_TARGET_DIR=/opt/rustwide/target" "-e" "CARGO_INCREMENTAL=0" "-e" "RUST_BACKTRACE=full" "-e" "RUSTFLAGS=--cap-lints=forbid -Zrandomize-layout" "-e" "RUSTDOCFLAGS=--cap-lints=forbid" "-e" "CARGO_HOME=/opt/rustwide/cargo-home" "-e" "RUSTUP_HOME=/opt/rustwide/rustup-home" "-w" "/opt/rustwide/workdir" "-m" "1610612736" "--user" "0:0" "--network" "none" "ghcr.io/rust-lang/crates-build-env/linux@sha256:819108c5571ea2e421544af4d832f968d213c87fbe3707a016657f43d2f853bc" "/opt/rustwide/cargo-home/bin/cargo" "+nightly-2025-01-18" "test" "--frozen" "--no-run" "--message-format=json", kill_on_drop: false }`
[INFO] [stdout] 35adcd1770dd3dea76cc7aa3ef09284fb148f5e05b16ea17201890c37f1b0367
[INFO] running `Command { std: "docker" "start" "-a" "35adcd1770dd3dea76cc7aa3ef09284fb148f5e05b16ea17201890c37f1b0367", kill_on_drop: false }`
[INFO] [stderr]    Compiling leet_code v0.1.0 (/opt/rustwide/workdir)
[INFO] [stderr]     Finished `test` profile [unoptimized + debuginfo] target(s) in 1.25s
[INFO] running `Command { std: "docker" "inspect" "35adcd1770dd3dea76cc7aa3ef09284fb148f5e05b16ea17201890c37f1b0367", kill_on_drop: false }`
[INFO] running `Command { std: "docker" "rm" "-f" "35adcd1770dd3dea76cc7aa3ef09284fb148f5e05b16ea17201890c37f1b0367", kill_on_drop: false }`
[INFO] [stdout] 35adcd1770dd3dea76cc7aa3ef09284fb148f5e05b16ea17201890c37f1b0367
[INFO] running `Command { std: "docker" "create" "-v" "/var/lib/crater-agent-workspace/builds/worker-2-tc2/target:/opt/rustwide/target:rw,Z" "-v" "/var/lib/crater-agent-workspace/builds/worker-2-tc2/source:/opt/rustwide/workdir:ro,Z" "-v" "/var/lib/crater-agent-workspace/cargo-home:/opt/rustwide/cargo-home:ro,Z" "-v" "/var/lib/crater-agent-workspace/rustup-home:/opt/rustwide/rustup-home:ro,Z" "-e" "SOURCE_DIR=/opt/rustwide/workdir" "-e" "CARGO_TARGET_DIR=/opt/rustwide/target" "-e" "CARGO_INCREMENTAL=0" "-e" "RUST_BACKTRACE=full" "-e" "RUSTFLAGS=--cap-lints=forbid -Zrandomize-layout" "-e" "RUSTDOCFLAGS=--cap-lints=forbid" "-e" "CARGO_HOME=/opt/rustwide/cargo-home" "-e" "RUSTUP_HOME=/opt/rustwide/rustup-home" "-w" "/opt/rustwide/workdir" "-m" "1610612736" "--user" "0:0" "--network" "none" "ghcr.io/rust-lang/crates-build-env/linux@sha256:819108c5571ea2e421544af4d832f968d213c87fbe3707a016657f43d2f853bc" "/opt/rustwide/cargo-home/bin/cargo" "+nightly-2025-01-18" "test" "--frozen", kill_on_drop: false }`
[INFO] [stdout] d4bb1bfab32cdf928dcc901c44dbf032bdd091348fedb9d19fc3b731d741c371
[INFO] running `Command { std: "docker" "start" "-a" "d4bb1bfab32cdf928dcc901c44dbf032bdd091348fedb9d19fc3b731d741c371", kill_on_drop: false }`
[INFO] [stderr]     Finished `test` profile [unoptimized + debuginfo] target(s) in 0.01s
[INFO] [stderr]      Running unittests src/lib.rs (/opt/rustwide/target/debug/deps/leet_code-5d75469a336303eb)
[INFO] [stdout] 
[INFO] [stdout] running 33 tests
[INFO] [stdout] test arrays::contains_duplicate::tests::test ... ok
[INFO] [stdout] test arrays::longest_consecutive::tests::test ... ok
[INFO] [stdout] test arrays::product_except_self::tests::test ... ok
[INFO] [stdout] test arrays::top_k_frequent::tests::test ... ok
[INFO] [stdout] test arrays::top_k_frequent::tests::test_2 ... ok
[INFO] [stdout] test arrays::two_sum::tests::test ... ok
[INFO] [stdout] test arrays::valid_anagram::tests::test ... ok
[INFO] [stdout] test binary_search::binary_search::tests::test ... ok
[INFO] [stdout] test binary_search::search_matrix::tests::test ... ok
[INFO] [stdout] test binary_search::search_matrix::tests::test_2 ... ok
[INFO] [stdout] test binary_search::search_matrix::tests::test_3 ... ok
[INFO] [stdout] test binary_search::search_matrix::tests::test_4 ... ok
[INFO] [stdout] test arrays::is_valid_sudoku::tests::test_2 ... ok
[INFO] [stdout] test binary_search::search_matrix::tests::test_5 ... ok
[INFO] [stdout] test arrays::is_valid_sudoku::tests::test ... ok
[INFO] [stdout] test binary_search::search_matrix::tests::test_7 ... ok
[INFO] [stdout] test binary_search::search_matrix::tests::test_6 ... ok
[INFO] [stdout] test stack::daily_temperatures::tests::test_2 ... ok
[INFO] [stdout] test arrays::top_k_frequent::tests::test_4 ... ok
[INFO] [stdout] test stack::daily_temperatures::tests::test ... ok
[INFO] [stdout] test stack::eval_rpn::tests::test ... ok
[INFO] [stdout] test stack::eval_rpn::tests::test_2 ... ok
[INFO] [stdout] test stack::generate_parenthesis::tests::test_3 ... ok
[INFO] [stdout] test stack::valid_parentheses::tests::test_2 ... ok
[INFO] [stdout] test two_pointers::two_sum_2::tests::test ... ok
[INFO] [stdout] test two_pointers::valid_palindrome::tests::test ... ok
[INFO] [stdout] test stack::generate_parenthesis::tests::test_1 ... ok
[INFO] [stdout] test stack::generate_parenthesis::tests::test_2 ... ok
[INFO] [stdout] test stack::valid_parentheses::tests::test ... ok
[INFO] [stdout] test arrays::top_k_frequent::tests::test_3 ... FAILED
[INFO] [stdout] test arrays::group_anagrams::tests::test ... FAILED
[INFO] [stdout] test arrays::top_k_frequent::tests::test_5 ... FAILED
[INFO] [stderr] error: test failed, to rerun pass `--lib`
[INFO] [stderr] 
[INFO] [stderr] Caused by:
[INFO] [stderr]   process didn't exit successfully: `/opt/rustwide/target/debug/deps/leet_code-5d75469a336303eb` (signal: 9, SIGKILL: kill)
[INFO] running `Command { std: "docker" "inspect" "d4bb1bfab32cdf928dcc901c44dbf032bdd091348fedb9d19fc3b731d741c371", kill_on_drop: false }`
[INFO] running `Command { std: "docker" "rm" "-f" "d4bb1bfab32cdf928dcc901c44dbf032bdd091348fedb9d19fc3b731d741c371", kill_on_drop: false }`
[INFO] [stdout] d4bb1bfab32cdf928dcc901c44dbf032bdd091348fedb9d19fc3b731d741c371
