[INFO] cloning repository https://github.com/JustinEnlow/edit_core
[INFO] running `Command { std: "git" "-c" "credential.helper=" "-c" "credential.helper=/workspace/cargo-home/bin/git-credential-null" "clone" "--bare" "https://github.com/JustinEnlow/edit_core" "/workspace/cache/git-repos/https%3A%2F%2Fgithub.com%2FJustinEnlow%2Fedit_core", kill_on_drop: false }`
[INFO] [stderr] Cloning into bare repository '/workspace/cache/git-repos/https%3A%2F%2Fgithub.com%2FJustinEnlow%2Fedit_core'...
[INFO] running `Command { std: "git" "rev-parse" "HEAD", kill_on_drop: false }`
[INFO] [stdout] 546f2dbcea1b02f211bb7a385c842731470a4740
[INFO] testing JustinEnlow/edit_core against nightly-2025-01-18 for randomize-layout-2
[INFO] running `Command { std: "git" "clone" "/workspace/cache/git-repos/https%3A%2F%2Fgithub.com%2FJustinEnlow%2Fedit_core" "/workspace/builds/worker-2-tc1/source", kill_on_drop: false }`
[INFO] [stderr] Cloning into '/workspace/builds/worker-2-tc1/source'...
[INFO] [stderr] done.
[INFO] validating manifest of git repo https://github.com/JustinEnlow/edit_core on toolchain nightly-2025-01-18
[INFO] running `Command { std: CARGO_HOME="/workspace/cargo-home" RUSTUP_HOME="/workspace/rustup-home" "/workspace/cargo-home/bin/cargo" "+nightly-2025-01-18" "metadata" "--manifest-path" "Cargo.toml" "--no-deps", kill_on_drop: false }`
[INFO] started tweaking git repo https://github.com/JustinEnlow/edit_core
[INFO] finished tweaking git repo https://github.com/JustinEnlow/edit_core
[INFO] tweaked toml for git repo https://github.com/JustinEnlow/edit_core written to /workspace/builds/worker-2-tc1/source/Cargo.toml
[INFO] crate git repo https://github.com/JustinEnlow/edit_core already has a lockfile, it will not be regenerated
[INFO] running `Command { std: CARGO_HOME="/workspace/cargo-home" RUSTUP_HOME="/workspace/rustup-home" "/workspace/cargo-home/bin/cargo" "+nightly-2025-01-18" "fetch" "--manifest-path" "Cargo.toml", kill_on_drop: false }`
[INFO] [stderr]  Downloading crates ...
[INFO] [stderr]   Downloaded str_indices v0.4.3
[INFO] [stderr]   Downloaded ropey v1.6.1
[INFO] running `Command { std: "docker" "create" "-v" "/var/lib/crater-agent-workspace/builds/worker-2-tc1/target:/opt/rustwide/target:rw,Z" "-v" "/var/lib/crater-agent-workspace/builds/worker-2-tc1/source:/opt/rustwide/workdir:ro,Z" "-v" "/var/lib/crater-agent-workspace/cargo-home:/opt/rustwide/cargo-home:ro,Z" "-v" "/var/lib/crater-agent-workspace/rustup-home:/opt/rustwide/rustup-home:ro,Z" "-e" "SOURCE_DIR=/opt/rustwide/workdir" "-e" "CARGO_TARGET_DIR=/opt/rustwide/target" "-e" "CARGO_HOME=/opt/rustwide/cargo-home" "-e" "RUSTUP_HOME=/opt/rustwide/rustup-home" "-w" "/opt/rustwide/workdir" "-m" "1610612736" "--user" "0:0" "--network" "none" "ghcr.io/rust-lang/crates-build-env/linux@sha256:819108c5571ea2e421544af4d832f968d213c87fbe3707a016657f43d2f853bc" "/opt/rustwide/cargo-home/bin/cargo" "+nightly-2025-01-18" "metadata" "--no-deps" "--format-version=1", kill_on_drop: false }`
[INFO] [stdout] a03ed3aae1a0c15f2d782cd2a9136fdaa3d0fef735eb197894cd52dd7d27e500
[INFO] running `Command { std: "docker" "start" "-a" "a03ed3aae1a0c15f2d782cd2a9136fdaa3d0fef735eb197894cd52dd7d27e500", kill_on_drop: false }`
[INFO] running `Command { std: "docker" "inspect" "a03ed3aae1a0c15f2d782cd2a9136fdaa3d0fef735eb197894cd52dd7d27e500", kill_on_drop: false }`
[INFO] running `Command { std: "docker" "rm" "-f" "a03ed3aae1a0c15f2d782cd2a9136fdaa3d0fef735eb197894cd52dd7d27e500", kill_on_drop: false }`
[INFO] [stdout] a03ed3aae1a0c15f2d782cd2a9136fdaa3d0fef735eb197894cd52dd7d27e500
[INFO] running `Command { std: "docker" "create" "-v" "/var/lib/crater-agent-workspace/builds/worker-2-tc1/target:/opt/rustwide/target:rw,Z" "-v" "/var/lib/crater-agent-workspace/builds/worker-2-tc1/source:/opt/rustwide/workdir:ro,Z" "-v" "/var/lib/crater-agent-workspace/cargo-home:/opt/rustwide/cargo-home:ro,Z" "-v" "/var/lib/crater-agent-workspace/rustup-home:/opt/rustwide/rustup-home:ro,Z" "-e" "SOURCE_DIR=/opt/rustwide/workdir" "-e" "CARGO_TARGET_DIR=/opt/rustwide/target" "-e" "CARGO_INCREMENTAL=0" "-e" "RUST_BACKTRACE=full" "-e" "RUSTFLAGS=--cap-lints=forbid" "-e" "RUSTDOCFLAGS=--cap-lints=forbid" "-e" "CARGO_HOME=/opt/rustwide/cargo-home" "-e" "RUSTUP_HOME=/opt/rustwide/rustup-home" "-w" "/opt/rustwide/workdir" "-m" "1610612736" "--user" "0:0" "--network" "none" "ghcr.io/rust-lang/crates-build-env/linux@sha256:819108c5571ea2e421544af4d832f968d213c87fbe3707a016657f43d2f853bc" "/opt/rustwide/cargo-home/bin/cargo" "+nightly-2025-01-18" "build" "--frozen" "--message-format=json", kill_on_drop: false }`
[INFO] [stdout] f7cf3b2a734f29e62ff981cdf18d391b627a79a0bf19b4979250b37c9559b66d
[INFO] running `Command { std: "docker" "start" "-a" "f7cf3b2a734f29e62ff981cdf18d391b627a79a0bf19b4979250b37c9559b66d", kill_on_drop: false }`
[INFO] [stderr]    Compiling str_indices v0.4.3
[INFO] [stderr]    Compiling unicode-segmentation v1.12.0
[INFO] [stderr]    Compiling ropey v1.6.1
[INFO] [stderr]    Compiling edit_core v0.1.0 (/opt/rustwide/workdir)
[INFO] [stderr]     Finished `dev` profile [unoptimized + debuginfo] target(s) in 2.96s
[INFO] running `Command { std: "docker" "inspect" "f7cf3b2a734f29e62ff981cdf18d391b627a79a0bf19b4979250b37c9559b66d", kill_on_drop: false }`
[INFO] running `Command { std: "docker" "rm" "-f" "f7cf3b2a734f29e62ff981cdf18d391b627a79a0bf19b4979250b37c9559b66d", kill_on_drop: false }`
[INFO] [stdout] f7cf3b2a734f29e62ff981cdf18d391b627a79a0bf19b4979250b37c9559b66d
[INFO] running `Command { std: "docker" "create" "-v" "/var/lib/crater-agent-workspace/builds/worker-2-tc1/target:/opt/rustwide/target:rw,Z" "-v" "/var/lib/crater-agent-workspace/builds/worker-2-tc1/source:/opt/rustwide/workdir:ro,Z" "-v" "/var/lib/crater-agent-workspace/cargo-home:/opt/rustwide/cargo-home:ro,Z" "-v" "/var/lib/crater-agent-workspace/rustup-home:/opt/rustwide/rustup-home:ro,Z" "-e" "SOURCE_DIR=/opt/rustwide/workdir" "-e" "CARGO_TARGET_DIR=/opt/rustwide/target" "-e" "CARGO_INCREMENTAL=0" "-e" "RUST_BACKTRACE=full" "-e" "RUSTFLAGS=--cap-lints=forbid" "-e" "RUSTDOCFLAGS=--cap-lints=forbid" "-e" "CARGO_HOME=/opt/rustwide/cargo-home" "-e" "RUSTUP_HOME=/opt/rustwide/rustup-home" "-w" "/opt/rustwide/workdir" "-m" "1610612736" "--user" "0:0" "--network" "none" "ghcr.io/rust-lang/crates-build-env/linux@sha256:819108c5571ea2e421544af4d832f968d213c87fbe3707a016657f43d2f853bc" "/opt/rustwide/cargo-home/bin/cargo" "+nightly-2025-01-18" "test" "--frozen" "--no-run" "--message-format=json", kill_on_drop: false }`
[INFO] [stdout] 9384fd3f7122b6ad2159614e9237300c34a6246a92d0af0efae0cfb98fbe1a04
[INFO] running `Command { std: "docker" "start" "-a" "9384fd3f7122b6ad2159614e9237300c34a6246a92d0af0efae0cfb98fbe1a04", kill_on_drop: false }`
[INFO] [stderr]    Compiling edit_core v0.1.0 (/opt/rustwide/workdir)
[INFO] [stdout] warning: variable does not need to be mutable
[INFO] [stdout]   --> src/view_tests/cursor_positions.rs:10:9
[INFO] [stdout]    |
[INFO] [stdout] 10 |     let mut doc = Document::new(semantics).with_text(text.clone()).with_selections(Selections::new(vec![selection], 0, &text)).with_view(...
[INFO] [stdout]    |         ----^^^
[INFO] [stdout]    |         |
[INFO] [stdout]    |         help: remove this `mut`
[INFO] [stdout]    |
[INFO] [stdout]    = note: `#[warn(unused_mut)]` on by default
[INFO] [stdout] 
[INFO] [stdout] 
[INFO] [stderr]     Finished `test` profile [unoptimized + debuginfo] target(s) in 3.30s
[INFO] running `Command { std: "docker" "inspect" "9384fd3f7122b6ad2159614e9237300c34a6246a92d0af0efae0cfb98fbe1a04", kill_on_drop: false }`
[INFO] running `Command { std: "docker" "rm" "-f" "9384fd3f7122b6ad2159614e9237300c34a6246a92d0af0efae0cfb98fbe1a04", kill_on_drop: false }`
[INFO] [stdout] 9384fd3f7122b6ad2159614e9237300c34a6246a92d0af0efae0cfb98fbe1a04
[INFO] running `Command { std: "docker" "create" "-v" "/var/lib/crater-agent-workspace/builds/worker-2-tc1/target:/opt/rustwide/target:rw,Z" "-v" "/var/lib/crater-agent-workspace/builds/worker-2-tc1/source:/opt/rustwide/workdir:ro,Z" "-v" "/var/lib/crater-agent-workspace/cargo-home:/opt/rustwide/cargo-home:ro,Z" "-v" "/var/lib/crater-agent-workspace/rustup-home:/opt/rustwide/rustup-home:ro,Z" "-e" "SOURCE_DIR=/opt/rustwide/workdir" "-e" "CARGO_TARGET_DIR=/opt/rustwide/target" "-e" "CARGO_INCREMENTAL=0" "-e" "RUST_BACKTRACE=full" "-e" "RUSTFLAGS=--cap-lints=forbid" "-e" "RUSTDOCFLAGS=--cap-lints=forbid" "-e" "CARGO_HOME=/opt/rustwide/cargo-home" "-e" "RUSTUP_HOME=/opt/rustwide/rustup-home" "-w" "/opt/rustwide/workdir" "-m" "1610612736" "--user" "0:0" "--network" "none" "ghcr.io/rust-lang/crates-build-env/linux@sha256:819108c5571ea2e421544af4d832f968d213c87fbe3707a016657f43d2f853bc" "/opt/rustwide/cargo-home/bin/cargo" "+nightly-2025-01-18" "test" "--frozen", kill_on_drop: false }`
[INFO] [stdout] 43953d9467a74e041f8332da0442448fb963690566186e271724953e268f1f3a
[INFO] running `Command { std: "docker" "start" "-a" "43953d9467a74e041f8332da0442448fb963690566186e271724953e268f1f3a", kill_on_drop: false }`
[INFO] [stderr] warning: variable does not need to be mutable
[INFO] [stderr]   --> src/view_tests/cursor_positions.rs:10:9
[INFO] [stderr]    |
[INFO] [stderr] 10 |     let mut doc = Document::new(semantics).with_text(text.clone()).with_selections(Selections::new(vec![selection], 0, &text)).with_view(...
[INFO] [stderr]    |         ----^^^
[INFO] [stderr]    |         |
[INFO] [stderr]    |         help: remove this `mut`
[INFO] [stderr]    |
[INFO] [stderr]    = note: `#[warn(unused_mut)]` on by default
[INFO] [stderr] 
[INFO] [stderr] warning: `edit_core` (lib test) generated 1 warning (run `cargo fix --lib -p edit_core --tests` to apply 1 suggestion)
[INFO] [stderr]     Finished `test` profile [unoptimized + debuginfo] target(s) in 0.01s
[INFO] [stderr]      Running unittests src/lib.rs (/opt/rustwide/target/debug/deps/edit_core-8e3aa02bf6427aa4)
[INFO] [stdout] 
[INFO] [stdout] running 255 tests
[INFO] [stdout] test selection_tests::contains::contains ... ok
[INFO] [stdout] test selection_tests::anchor::when_anchor_same_as_head ... ok
[INFO] [stdout] test selection_tests::collapse::collapse ... ok
[INFO] [stdout] test selection_tests::anchor::when_anchor_greater_than_head ... ok
[INFO] [stdout] test selection_tests::anchor::when_head_greater_than_anchor ... ok
[INFO] [stdout] test selection_tests::collapse::collapse_errors_if_already_not_extended ... ok
[INFO] [stdout] test selection_tests::cursor::when_anchor_greater_than_head_bar_semantics ... ok
[INFO] [stdout] test selection_tests::cursor::when_anchor_greater_than_head_block_semantics ... ok
[INFO] [stdout] test selection_tests::cursor::when_head_equal_anchor_bar_semantics ... ok
[INFO] [stdout] test selection_tests::cursor::when_head_equal_anchor_block_semantics ... ok
[INFO] [stdout] test selection_tests::cursor::when_head_greater_than_anchor_bar_semantics ... ok
[INFO] [stdout] test selection_tests::cursor::when_head_greater_than_anchor_block_semantics ... ok
[INFO] [stdout] test selection_tests::debug::returns_proper_string_when_cursor_past_end_of_text_bar_semantics ... ok
[INFO] [stdout] test selection_tests::debug::returns_proper_string_when_cursor_past_end_of_text_block_semantics ... ok
[INFO] [stdout] test selection_tests::debug::errors_when_head_equals_anchor_block_semantics ... ok
[INFO] [stdout] test selection_tests::debug::returns_proper_string_when_head_greater_than_anchor_bar_semantics ... ok
[INFO] [stdout] test selection_tests::debug::returns_proper_string_when_head_equals_anchor_bar_semantics ... ok
[INFO] [stdout] test selection_tests::debug::returns_proper_string_when_head_greater_than_anchor_block_semantics ... ok
[INFO] [stdout] test selection_tests::direction::when_anchor_greater_than_head_bar_semantics ... ok
[INFO] [stdout] test selection_tests::debug::returns_proper_string_when_head_less_than_anchor_bar_semantics ... ok
[INFO] [stdout] test selection_tests::debug::returns_proper_string_when_head_less_than_anchor_block_semantics ... ok
[INFO] [stdout] test selection_tests::direction::when_head_equals_anchor_block_semantics ... ok
[INFO] [stdout] test selection_tests::direction::when_head_greater_than_anchor_block_semantics ... ok
[INFO] [stdout] test selection_tests::end::when_anchor_greater_than_head ... ok
[INFO] [stdout] test selection_tests::direction::when_anchor_greater_than_head_block_semantics ... ok
[INFO] [stdout] test selection_tests::end::when_anchor_same_as_head ... ok
[INFO] [stdout] test selection_tests::direction::when_head_greater_than_anchor_bar_semantics ... ok
[INFO] [stdout] test selection_tests::end::when_head_greater_than_anchor ... ok
[INFO] [stdout] test selection_tests::extend_doc_end::extend_doc_end ... ok
[INFO] [stdout] test selection_tests::extend_doc_start::extend_doc_start ... ok
[INFO] [stdout] test selection_tests::extend_down::extend_down ... ok
[INFO] [stdout] test selection_tests::extend_home::extend_home ... ok
[INFO] [stdout] test selection_tests::extend_left::extend_left ... ok
[INFO] [stdout] test selection_tests::extend_home::extend_home_errors_if_line_start_same_as_text_start_and_cursor_at_text_start ... ok
[INFO] [stdout] test selection_tests::extend_doc_end::extend_doc_end_errors_if_already_at_doc_end ... ok
[INFO] [stdout] test selection_tests::extend_doc_start::extend_doc_start_errors_if_already_at_doc_start ... ok
[INFO] [stdout] test selection_tests::extend_left::extend_left_errors_if_at_doc_start ... ok
[INFO] [stdout] test selection_tests::extend_down::extend_down_errors_if_on_last_line ... ok
[INFO] [stdout] test selection_tests::extend_line_text_end::extend_line_text_end ... ok
[INFO] [stdout] test selection_tests::extend_line_start::extend_line_start ... ok
[INFO] [stdout] test selection_tests::extend_line_start::extend_line_start_errors_if_already_at_line_start ... ok
[INFO] [stdout] test selection_tests::extend_line_text_end::extend_line_text_end_errors_if_already_at_text_end ... ok
[INFO] [stdout] test selection_tests::extend_line_text_start::extend_line_text_start ... ok
[INFO] [stdout] test selection_tests::extend_line_text_start::extend_line_text_start_errors_if_already_at_text_start ... ok
[INFO] [stdout] test selection_tests::extend_page_down::extend_page_down ... ok
[INFO] [stdout] test selection_tests::extend_page_down::extend_page_down_errors_if_on_bottommost_line ... ok
[INFO] [stdout] test selection_tests::extend_page_up::extend_page_up ... ok
[INFO] [stdout] test selection_tests::extend_page_up::extend_page_up_errors_if_on_topmost_line ... ok
[INFO] [stdout] test selection_tests::extend_right::extend_right ... ok
[INFO] [stdout] test selection_tests::extend_right::extend_right_errors_if_at_doc_end ... ok
[INFO] [stdout] test selection_tests::extend_up::extend_up ... ok
[INFO] [stdout] test selection_tests::extend_up::extend_up_errors_if_on_topmost_line ... ok
[INFO] [stdout] test selection_tests::head::when_anchor_greater_than_head ... ok
[INFO] [stdout] test selection_tests::head::when_anchor_same_as_head ... ok
[INFO] [stdout] test selection_tests::head::when_head_greater_than_anchor ... ok
[INFO] [stdout] test selection_tests::intersection::intersection ... ok
[INFO] [stdout] test selection_tests::intersection::intersection_should_error_if_non_overlapping ... ok
[INFO] [stdout] test selection_tests::is_extended::when_anchor_greater_than_head_bar_semantics ... ok
[INFO] [stdout] test selection_tests::is_extended::when_anchor_greater_than_head_block_semantics ... ok
[INFO] [stdout] test selection_tests::is_extended::when_head_equals_anchor_bar_semantics ... ok
[INFO] [stdout] test selection_tests::is_extended::when_head_equals_anchor_block_semantics ... ok
[INFO] [stdout] test selection_tests::direction::when_head_equals_anchor_bar_semantics ... ok
[INFO] [stdout] test selection_tests::is_extended::when_head_greater_than_anchor_bar_semantics ... ok
[INFO] [stdout] test selection_tests::is_extended::when_head_greater_than_anchor_block_semantics ... ok
[INFO] [stdout] test selection_tests::merge::consecutive ... ok
[INFO] [stdout] test selection_tests::merge_overlapping::with_extended_multiselections_with_self_and_other_backward ... ok
[INFO] [stdout] test selection_tests::merge_overlapping::with_extended_multiselections_with_self_and_other_backward_bar_semantics ... ok
[INFO] [stdout] test selection_tests::merge::contained ... ok
[INFO] [stdout] test selection_tests::merge_overlapping::with_extended_multiselections_with_self_and_other_forward ... ok
[INFO] [stdout] test selection_tests::merge::disconnected ... ok
[INFO] [stdout] test selection_tests::merge::merge ... ok
[INFO] [stdout] test selection_tests::merge::overlapping ... ok
[INFO] [stdout] test selection_tests::merge_overlapping::with_extended_multiselections_with_self_and_other_forward_bar_semantics ... ok
[INFO] [stdout] test selection_tests::merge_overlapping::with_non_extended_multicursors_bar_semantics ... ok
[INFO] [stdout] test selection_tests::merge_overlapping::with_non_extended_multicursors_with_self_and_other_forward ... ok
[INFO] [stdout] test selection_tests::merge_overlapping::with_non_extended_multicursors_with_self_forward_and_other_backward ... ok
[INFO] [stdout] test selection_tests::merge_overlapping::with_self_extended_forward_and_other_non_extended_backward ... ok
[INFO] [stdout] test selection_tests::merge_overlapping::with_self_extended_forward_and_other_non_extended_bar_semantics ... ok
[INFO] [stdout] test selection_tests::merge_overlapping::with_self_extended_forward_and_other_non_extended_forward ... ok
[INFO] [stdout] test selection_tests::merge_overlapping::with_self_extended_backward_and_other_non_extended_backward ... ok
[INFO] [stdout] test selection_tests::merge_overlapping::with_self_extended_backward_and_other_non_extended_bar_semantics ... ok
[INFO] [stdout] test selection_tests::merge_overlapping::with_self_extended_backward_and_other_non_extended_forward ... ok
[INFO] [stdout] test selection_tests::merge_overlapping::with_non_extended_multicursors_with_self_and_other_backward ... ok
[INFO] [stdout] test selection_tests::merge_overlapping::with_self_non_extended_and_other_extended_backward_bar_semantics ... ok
[INFO] [stdout] test selection_tests::merge_overlapping::with_self_non_extended_backward_and_other_extended_forward ... ok
[INFO] [stdout] test selection_tests::merge_overlapping::with_non_extended_multicursors_with_self_backward_and_other_forward ... ok
[INFO] [stdout] test selection_tests::move_doc_end::move_doc_end ... ok
[INFO] [stdout] test selection_tests::merge_overlapping::with_self_non_extended_and_other_extended_forward_bar_semantics ... ok
[INFO] [stdout] test selection_tests::merge_overlapping::with_self_non_extended_backward_and_other_extended_backward ... ok
[INFO] [stdout] test selection_tests::merge_overlapping::with_self_non_extended_forward_and_other_extended_forward ... ok
[INFO] [stdout] test selection_tests::move_doc_start::move_doc_start ... ok
[INFO] [stdout] test selection_tests::move_down::move_down ... ok
[INFO] [stdout] test selection_tests::move_down::move_down_errors_if_on_bottommost_line ... ok
[INFO] [stdout] test selection_tests::move_home::move_home ... ok
[INFO] [stdout] test selection_tests::move_home::move_home_errors_if_line_start_same_as_text_start_and_cursor_at_text_start ... ok
[INFO] [stdout] test selection_tests::move_horizontally::move_horizontally ... ok
[INFO] [stdout] test selection_tests::move_left::move_left ... ok
[INFO] [stdout] test selection_tests::move_left::move_left_errors_if_at_doc_start ... ok
[INFO] [stdout] test selection_tests::merge_overlapping::with_self_non_extended_forward_and_other_extended_backward ... ok
[INFO] [stdout] test selection_tests::move_left_word_boundary::move_left_word_boundary ... ok
[INFO] [stdout] test selection_tests::move_left_word_boundary::move_left_word_boundary_errors_if_at_doc_start ... ok
[INFO] [stdout] test selection_tests::move_doc_end::move_doc_end_errors_if_already_at_doc_end ... ok
[INFO] [stdout] test selection_tests::move_doc_start::move_doc_start_errors_if_already_at_doc_start ... ok
[INFO] [stdout] test selection_tests::move_line_start::move_line_start ... ok
[INFO] [stdout] test selection_tests::move_line_text_end::move_line_text_end ... ok
[INFO] [stdout] test selection_tests::move_line_text_start::move_line_text_start ... ok
[INFO] [stdout] test selection_tests::move_line_text_start::move_line_text_start_errors_if_already_at_line_text_start ... ok
[INFO] [stdout] test selection_tests::move_line_start::move_line_start_errors_if_already_at_line_start ... ok
[INFO] [stdout] test selection_tests::move_line_text_end::move_line_text_end_errors_if_already_at_line_text_end ... ok
[INFO] [stdout] test selection_tests::move_page_up::move_page_up ... ok
[INFO] [stdout] test selection_tests::move_right::move_right_errors_if_at_doc_end ... ok
[INFO] [stdout] test selection_tests::move_page_down::move_page_down ... ok
[INFO] [stdout] test selection_tests::move_page_down::move_page_down_errors_if_already_on_bottommost_line ... ok
[INFO] [stdout] test selection_tests::move_page_up::move_page_up_errors_if_already_on_topmost_line ... ok
[INFO] [stdout] test selection_tests::move_right::move_right ... ok
[INFO] [stdout] test selection_tests::move_up::move_up ... ok
[INFO] [stdout] test selection_tests::move_up::move_up_errors_if_on_topmost_line ... ok
[INFO] [stdout] test selection_tests::overlaps::zero_width_and_non_zero_width_selection ... ok
[INFO] [stdout] test selection_tests::overlaps::zero_width_selection ... ok
[INFO] [stdout] test selection_tests::select_all::select_all_errors_if_already_all_selected ... ok
[INFO] [stdout] test selection_tests::select_all::select_all ... ok
[INFO] [stdout] test selection_tests::selection_to_selection2d::selection_to_selection2d ... ok
[INFO] [stdout] test selection_tests::set_from_line_number::set_from_line_number ... ok
[INFO] [stdout] test selection_tests::put_cursor::put_cursor ... ok
[INFO] [stdout] test selection_tests::put_cursor::put_cursor_errors_if_to_out_of_text_bounds ... ok
[INFO] [stdout] test selection_tests::set_from_line_number::set_from_line_number_should_error_when_goal_line_number_greater_than_len_lines ... ok
[INFO] [stdout] test selection_tests::shift_and_extend::shift_and_extend ... ok
[INFO] [stdout] test selection_tests::spans_multiple_lines::selection_extended_on_same_line_to_newline_char_bar_semantics ... ok
[INFO] [stdout] test selection_tests::spans_multiple_lines::selection_extended_on_same_line_to_newline_char_block_semantics ... ok
[INFO] [stdout] test selection_tests::spans_multiple_lines::selection_extended_to_other_lines_block_semantics ... ok
[INFO] [stdout] test selection_tests::spans_multiple_lines::selection_extended_to_other_lines_bar_semantics ... ok
[INFO] [stdout] test selection_tests::spans_multiple_lines::selection_not_extended_bar_semantics ... ok
[INFO] [stdout] test selection_tests::spans_multiple_lines::selection_not_extended_block_semantics ... ok
[INFO] [stdout] test selection_tests::spans_multiple_lines::verify_cursor_past_doc_text ... ok
[INFO] [stdout] test selection_tests::start::when_anchor_greater_than_head ... ok
[INFO] [stdout] test selection_tests::start::when_anchor_same_as_head ... ok
[INFO] [stdout] test selection_tests::start::when_head_greater_than_anchor ... ok
[INFO] [stdout] test selections_tests::add_selection_above::add_backward_selection_above_should_error_when_any_selection_is_multi_line_bar_semantics ... ok
[INFO] [stdout] test selections_tests::add_selection_above::add_backward_selection_above_should_error_when_any_selection_is_multi_line_block_semantics ... ok
[INFO] [stdout] test selections_tests::add_selection_above::add_backward_selection_above_should_error_when_extended_selection_on_line_0_bar_semantics ... ok
[INFO] [stdout] test selections_tests::add_selection_above::add_backward_selection_above_should_error_when_extended_selection_on_line_0_block_semantics ... ok
[INFO] [stdout] test selections_tests::add_selection_above::add_backward_selection_above_should_error_when_selection_on_line_0_block_semantics ... ok
[INFO] [stdout] test selections_tests::add_selection_above::add_backward_selection_above_to_line_with_newline_no_selection_extension_block_semantics ... ok
[INFO] [stdout] test selections_tests::add_selection_above::add_backward_selection_above_to_line_with_newline_with_selection_extension_bar_semantics ... ok
[INFO] [stdout] test selections_tests::add_selection_above::add_backward_selection_above_to_line_with_newline_with_selection_extension_block_semantics ... ok
[INFO] [stdout] test selections_tests::add_selection_above::add_backward_selection_above_to_longer_line_with_selection_extension_bar_semantics ... ok
[INFO] [stdout] test selection_tests::spans_multiple_lines::selection_extended_on_same_line_bar_semantics ... ok
[INFO] [stdout] test selection_tests::spans_multiple_lines::selection_extended_on_same_line_block_semantics ... ok
[INFO] [stdout] test selection_tests::move_vertically::move_vertically ... ok
[INFO] [stdout] test selection_tests::overlaps::non_zero_width_selections ... ok
[INFO] [stdout] test selection_tests::move_right_word_boundary::move_right_word_boundary ... ok
[INFO] [stdout] test selection_tests::move_right_word_boundary::move_right_word_boundary_errors_if_at_doc_end ... ok
[INFO] [stdout] test selections_tests::add_selection_above::add_backward_selection_above_to_longer_line_with_no_selection_extension_block_semantics ... ok
[INFO] [stdout] test selections_tests::add_selection_above::add_backward_selection_above_to_shorter_line_with_no_selection_extension_block_semantics ... ok
[INFO] [stdout] test selections_tests::add_selection_above::add_backward_selection_above_to_shorter_linepwith_selection_extension_bar_semantics ... ok
[INFO] [stdout] test selections_tests::add_selection_above::add_backward_selection_above_with_no_selection_extension_block_semantics ... ok
[INFO] [stdout] test selections_tests::add_selection_above::add_forward_selection_above_should_error_when_any_selection_is_multi_line_bar_semantics ... ok
[INFO] [stdout] test selections_tests::add_selection_above::add_backward_selection_above_with_selection_extension_block_semantics ... ok
[INFO] [stdout] test selections_tests::add_selection_above::add_forward_selection_above_should_error_when_extended_selection_on_line_0_bar_semantics ... ok
[INFO] [stdout] test selections_tests::add_selection_above::add_backward_selection_above_with_selection_extension_bar_semantics ... ok
[INFO] [stdout] test selections_tests::add_selection_above::add_forward_selection_above_should_error_when_any_selection_is_multi_line_block_semantics ... ok
[INFO] [stdout] test selections_tests::add_selection_above::add_backward_selection_above_to_longer_line_with_selection_extension_block_semantics ... ok
[INFO] [stdout] test selections_tests::add_selection_above::add_backward_selection_above_to_shorter_line_with_selection_extension_block_semantics ... ok
[INFO] [stdout] test selections_tests::add_selection_above::add_forward_selection_above_to_longer_line_with_no_selection_extension_block_semantics ... ok
[INFO] [stdout] test selections_tests::add_selection_above::add_forward_selection_above_to_longer_line_with_selection_extension_bar_semantics ... ok
[INFO] [stdout] test selections_tests::add_selection_above::add_forward_selection_above_to_shorter_line_with_no_selection_extension_block_semantics ... ok
[INFO] [stdout] test selections_tests::add_selection_above::add_forward_selection_above_should_error_when_selection_on_line_0_block_semantics ... ok
[INFO] [stdout] test selections_tests::add_selection_above::add_forward_selection_above_to_line_with_newline_no_selection_extension_block_semantics ... ok
[INFO] [stdout] test selections_tests::add_selection_above::add_forward_selection_above_to_shorter_line_with_selection_extension_bar_semantics ... ok
[INFO] [stdout] test selections_tests::add_selection_above::add_forward_selection_above_with_no_selection_extension_block_semantics ... ok
[INFO] [stdout] test selections_tests::add_selection_above::add_forward_selection_above_to_shorter_line_with_selection_extension_block_semantics ... ok
[INFO] [stdout] test selections_tests::add_selection_above::add_forward_selection_above_with_selection_extension_bar_semantics ... ok
[INFO] [stdout] test selections_tests::add_selection_above::add_selection_above_should_error_when_selection_on_line_0_bar_semantics ... ok
[INFO] [stdout] test selections_tests::add_selection_above::add_selection_above_to_line_with_newline_no_selection_extension_bar_semantics ... ok
[INFO] [stdout] test selections_tests::add_selection_above::add_forward_selection_above_with_selection_extension_block_semantics ... ok
[INFO] [stdout] test selections_tests::add_selection_above::add_selection_above_with_no_selection_extension_bar_semantics ... ok
[INFO] [stdout] test selections_tests::add_selection_below::add_backward_selection_below_should_error_when_any_selection_is_multi_line_bar_semantics ... ok
[INFO] [stdout] test selections_tests::add_selection_above::add_selection_above_to_shorter_line_with_no_selection_extension_bar_semantics ... ok
[INFO] [stdout] test selections_tests::add_selection_above::add_forward_selection_above_to_line_with_newline_with_selection_extension_bar_semantics ... ok
[INFO] [stdout] test selections_tests::add_selection_above::add_forward_selection_above_to_line_with_newline_with_selection_extension_block_semantics ... ok
[INFO] [stdout] test selections_tests::add_selection_below::add_backward_selection_below_should_error_when_any_selection_is_multi_line_block_semantics ... ok
[INFO] [stdout] test selections_tests::add_selection_below::add_backward_selection_below_to_empty_line_with_selection_extension_bar_semantics ... ok
[INFO] [stdout] test selections_tests::add_selection_below::add_backward_selection_below_to_empty_line_with_selection_extension_block_semantics ... ok
[INFO] [stdout] test selections_tests::add_selection_below::add_backward_selection_below_to_line_with_newline_no_selection_extension_block_semantics ... ok
[INFO] [stdout] test selections_tests::add_selection_below::add_backward_selection_below_to_line_with_newline_with_selection_extension_bar_semantics ... ok
[INFO] [stdout] test selections_tests::add_selection_above::add_forward_selection_above_should_error_when_extended_selection_on_line_0_block_semantics ... ok
[INFO] [stdout] test selections_tests::add_selection_below::add_backward_selection_below_to_line_with_newline_with_selection_extension_block_semantics ... ok
[INFO] [stdout] test selections_tests::add_selection_above::add_forward_selection_above_to_longer_line_with_selection_extension_block_semantics ... ok
[INFO] [stdout] test selections_tests::add_selection_above::add_selection_above_to_longer_line_with_no_selection_extension_bar_semantics ... ok
[INFO] [stdout] test selections_tests::add_selection_below::add_backward_selection_below_to_longer_line_with_selection_extension_block_semantics ... ok
[INFO] [stdout] test selections_tests::add_selection_below::add_backward_selection_below_to_shorter_line_with_no_selection_extension_block_semantics ... ok
[INFO] [stdout] test selections_tests::add_selection_below::add_backward_selection_below_to_shorter_line_with_selection_extension_bar_semantics ... ok
[INFO] [stdout] test selections_tests::add_selection_below::add_backward_selection_below_to_shorter_line_with_selection_extension_block_semantics ... ok
[INFO] [stdout] test selections_tests::add_selection_below::add_backward_selection_below_with_no_selection_extension_block_semantics ... ok
[INFO] [stdout] test selections_tests::add_selection_below::add_backward_selection_below_to_longer_line_with_no_selection_extension_block_semantics ... ok
[INFO] [stdout] test selections_tests::add_selection_below::add_backward_selection_below_with_selection_extension_bar_semantics ... ok
[INFO] [stdout] test selections_tests::add_selection_below::add_backward_selection_below_with_selection_extension_block_semantics ... ok
[INFO] [stdout] test selections_tests::add_selection_below::add_forward_selection_below_should_error_when_any_selection_is_multi_line_block_semantics ... ok
[INFO] [stdout] test selections_tests::add_selection_below::add_forward_selection_below_should_error_when_any_selection_is_multi_line_bar_semantics ... ok
[INFO] [stdout] test selections_tests::add_selection_below::add_forward_selection_below_should_error_when_extended_selection_on_last_line_bar_semantics ... ok
[INFO] [stdout] test selections_tests::add_selection_below::add_backward_selection_below_should_error_when_extended_selection_on_last_line_block_semantics ... ok
[INFO] [stdout] test selections_tests::add_selection_below::add_backward_selection_below_should_error_when_extended_selection_on_last_line_bar_semantics ... ok
[INFO] [stdout] test selections_tests::add_selection_below::add_forward_selection_below_should_error_when_extended_selection_on_last_line_block_semantics ... ok
[INFO] [stdout] test selections_tests::add_selection_below::add_backward_selection_below_should_error_when_selection_on_last_line_block_semantics ... ok
[INFO] [stdout] test selections_tests::add_selection_below::add_forward_selection_below_should_error_when_selection_on_last_line_block_semantics ... ok
[INFO] [stdout] test selections_tests::add_selection_below::add_backward_selection_below_to_empty_line_no_selection_extension_block_semantics ... ok
[INFO] [stdout] test selections_tests::add_selection_below::add_backward_selection_below_to_longer_line_with_selection_extension_bar_semantics ... ok
[INFO] [stdout] test selections_tests::add_selection_below::add_forward_selection_below_to_empty_line_with_selection_extension_bar_semantics ... ok
[INFO] [stdout] test selections_tests::add_selection_below::add_forward_selection_below_to_empty_line_no_selection_extension_block_semantics ... ok
[INFO] [stdout] test selections_tests::add_selection_below::add_forward_selection_below_to_line_with_newline_no_selection_extension_block_semantics ... ok
[INFO] [stdout] test selections_tests::add_selection_below::add_forward_selection_below_to_longer_line_with_no_selection_extension_block_semantics ... ok
[INFO] [stdout] test selections_tests::add_selection_below::add_forward_selection_below_to_longer_line_with_selection_extension_block_semantics ... ok
[INFO] [stdout] test selections_tests::add_selection_below::add_forward_selection_below_to_empty_line_with_selection_extension_block_semantics ... ok
[INFO] [stdout] test selections_tests::add_selection_below::add_forward_selection_below_to_shorter_line_with_selection_extension_block_semantics ... ok
[INFO] [stdout] test selections_tests::add_selection_below::add_forward_selection_below_to_line_with_newline_with_selection_extension_bar_semantics ... ok
[INFO] [stdout] test selections_tests::add_selection_below::add_forward_selection_below_to_shorter_line_with_no_selection_extension_block_semantics ... ok
[INFO] [stdout] test selections_tests::add_selection_below::add_forward_selection_below_to_shorter_line_with_selection_extension_bar_semantics ... ok
[INFO] [stdout] test selections_tests::add_selection_below::add_forward_selection_below_with_selection_extension_bar_semantics ... ok
[INFO] [stdout] test selections_tests::add_selection_below::add_selection_below_should_error_when_selection_on_last_line_bar_semantics ... ok
[INFO] [stdout] test selections_tests::add_selection_below::add_forward_selection_below_with_selection_extension_block_semantics ... ok
[INFO] [stdout] test selections_tests::add_selection_below::add_forward_selection_below_to_longer_line_with_selection_extension_bar_semantics ... ok
[INFO] [stdout] test selections_tests::add_selection_below::add_selection_below_to_longer_line_with_no_selection_extension_bar_semantics ... ok
[INFO] [stdout] test selections_tests::add_selection_below::add_selection_below_to_empty_line_no_selection_extension_bar_semantics ... ok
[INFO] [stdout] test selections_tests::add_selection_below::add_forward_selection_below_with_no_selection_extension_block_semantics ... ok
[INFO] [stdout] test selections_tests::add_selection_below::add_forward_selection_below_to_line_with_newline_with_selection_extension_block_semantics ... ok
[INFO] [stdout] test selections_tests::add_selection_below::add_selection_below_to_shorter_line_with_no_selection_extension_bar_semantics ... ok
[INFO] [stdout] test selections_tests::add_selection_below::add_selection_below_to_line_with_newline_no_selection_extension_bar_semantics ... ok
[INFO] [stdout] test selections_tests::clear_non_primary_selections::clear_non_primary_selections ... ok
[INFO] [stdout] test selections_tests::clear_non_primary_selections::clear_non_primary_selections_errors_if_only_one_selection ... ok
[INFO] [stdout] test selections_tests::decrement_primary_selection::decrement_primary_selection ... ok
[INFO] [stdout] test selections_tests::add_selection_below::add_selection_below_with_no_selection_extension_bar_semantics ... ok
[INFO] [stdout] test selections_tests::decrement_primary_selection::decrement_primary_selection_errors_if_only_one_selection ... ok
[INFO] [stdout] test selections_tests::merge_overlapping::merge_overlapping_selections ... ok
[INFO] [stdout] test selections_tests::increment_primary_selection::increment_primary_selection ... ok
[INFO] [stdout] test selections_tests::push_front::push_front ... ok
[INFO] [stdout] test view_tests::cursor_positions::cursor_positions ... ok
[INFO] [stdout] test view_tests::line_numbers::line_numbers ... ok
[INFO] [stdout] test selections_tests::increment_primary_selection::increment_primary_selection_errors_if_only_one_selection ... ok
[INFO] [stdout] test view_tests::center_vertically_around_cursor::center_vertically_around_cursor ... ok
[INFO] [stdout] test selections_tests::sort::sort ... ok
[INFO] [stdout] test view_tests::primary_cursor_position::primary_cursor_position_with_cursor_outside_view ... ok
[INFO] [stdout] test view_tests::scroll_following_cursor::scroll_following_cursor ... ok
[INFO] [stdout] test selections_tests::pop::works ... ok
[INFO] [stdout] test selections_tests::push::push ... ok
[INFO] [stdout] test view_tests::scroll_left::scroll_left ... ok
[INFO] [stdout] test view_tests::should_scroll::should_scroll ... ok
[INFO] [stdout] test view_tests::scroll_right::scroll_right ... ok
[INFO] [stdout] test view_tests::scroll_down::scroll_down ... ok
[INFO] [stdout] test view_tests::primary_cursor_position::primary_cursor_position ... ok
[INFO] [stdout] test view_tests::selections::selections ... ok
[INFO] [stdout] test view_tests::view_blocks::view_blocks ... ok
[INFO] [stdout] test view_tests::scroll_up::scroll_up ... ok
[INFO] [stdout] test view_tests::text::text ... ok
[INFO] [stdout] test selections_tests::new::should_panic_if_input_selections_empty - should panic ... ok
[INFO] [stdout] test selections_tests::new::grapheme_aligns_sorts_and_merges_valid_selections ... FAILED
[INFO] [stdout] 
[INFO] [stdout] failures:
[INFO] [stdout] 
[INFO] [stdout] ---- selections_tests::new::grapheme_aligns_sorts_and_merges_valid_selections stdout ----
[INFO] [stdout] 
[INFO] [stdout] thread 'selections_tests::new::grapheme_aligns_sorts_and_merges_valid_selections' panicked at src/selections_tests/new.rs:18:5:
[INFO] [stdout] assertion `left == right` failed
[INFO] [stdout]   left: Selections { selections: [Selection { anchor: 0, head: 6, stored_line_position: Some(2) }], primary_selection_index: 0 }
[INFO] [stdout]  right: Selections { selections: [Selection { anchor: 0, head: 5, stored_line_position: None }, Selection { anchor: 2, head: 4, stored_line_position: None }, Selection { anchor: 3, head: 6, stored_line_position: None }], primary_selection_index: 1 }
[INFO] [stdout] stack backtrace:
[INFO] [stdout]    0:     0x63e74516d19a - std::backtrace_rs::backtrace::libunwind::trace::hb059275cfc8d6126
[INFO] [stdout]                                at /rustc/6067b36314ab5eb2eb47cecc464545ba58e1ad24/library/std/src/../../backtrace/src/backtrace/libunwind.rs:116:5
[INFO] [stdout]    1:     0x63e74516d19a - std::backtrace_rs::backtrace::trace_unsynchronized::h2da071e4327ce3ee
[INFO] [stdout]                                at /rustc/6067b36314ab5eb2eb47cecc464545ba58e1ad24/library/std/src/../../backtrace/src/backtrace/mod.rs:66:5
[INFO] [stdout]    2:     0x63e74516d19a - std::sys::backtrace::_print_fmt::h842a1474e6f8d23f
[INFO] [stdout]                                at /rustc/6067b36314ab5eb2eb47cecc464545ba58e1ad24/library/std/src/sys/backtrace.rs:66:9
[INFO] [stdout]    3:     0x63e74516d19a - <std::sys::backtrace::BacktraceLock::print::DisplayBacktrace as core::fmt::Display>::fmt::h71a62eb3b9696b12
[INFO] [stdout]                                at /rustc/6067b36314ab5eb2eb47cecc464545ba58e1ad24/library/std/src/sys/backtrace.rs:39:26
[INFO] [stdout]    4:     0x63e745194913 - core::fmt::rt::Argument::fmt::hdb6b616786b41dc1
[INFO] [stdout]                                at /rustc/6067b36314ab5eb2eb47cecc464545ba58e1ad24/library/core/src/fmt/rt.rs:177:76
[INFO] [stdout]    5:     0x63e745194913 - core::fmt::write::h2cc1698af7e2d686
[INFO] [stdout]                                at /rustc/6067b36314ab5eb2eb47cecc464545ba58e1ad24/library/core/src/fmt/mod.rs:1440:21
[INFO] [stdout]    6:     0x63e745169cf3 - std::io::Write::write_fmt::hab1b4cd059a79022
[INFO] [stdout]                                at /rustc/6067b36314ab5eb2eb47cecc464545ba58e1ad24/library/std/src/io/mod.rs:1887:15
[INFO] [stdout]    7:     0x63e74516cfe2 - std::sys::backtrace::BacktraceLock::print::h147fe35b4ea13b08
[INFO] [stdout]                                at /rustc/6067b36314ab5eb2eb47cecc464545ba58e1ad24/library/std/src/sys/backtrace.rs:42:9
[INFO] [stdout]    8:     0x63e74516e5bf - std::panicking::default_hook::{{closure}}::hbd44223dbdc0d208
[INFO] [stdout]                                at /rustc/6067b36314ab5eb2eb47cecc464545ba58e1ad24/library/std/src/panicking.rs:298:22
[INFO] [stdout]    9:     0x63e74516e3d8 - std::panicking::default_hook::h20f81eb0576efcec
[INFO] [stdout]                                at /rustc/6067b36314ab5eb2eb47cecc464545ba58e1ad24/library/std/src/panicking.rs:322:9
[INFO] [stdout]   10:     0x63e745108b73 - <alloc::boxed::Box<F,A> as core::ops::function::Fn<Args>>::call::hdb53814c496a4d34
[INFO] [stdout]                                at /rustc/6067b36314ab5eb2eb47cecc464545ba58e1ad24/library/alloc/src/boxed.rs:2027:9
[INFO] [stdout]   11:     0x63e745108b73 - test::test_main::{{closure}}::hc0a4963c59427c24
[INFO] [stdout]                                at /rustc/6067b36314ab5eb2eb47cecc464545ba58e1ad24/library/test/src/lib.rs:134:21
[INFO] [stdout]   12:     0x63e74516f0b3 - <alloc::boxed::Box<F,A> as core::ops::function::Fn<Args>>::call::h591b2225413a77e9
[INFO] [stdout]                                at /rustc/6067b36314ab5eb2eb47cecc464545ba58e1ad24/library/alloc/src/boxed.rs:2027:9
[INFO] [stdout]   13:     0x63e74516f0b3 - std::panicking::rust_panic_with_hook::h625eea43051b2edc
[INFO] [stdout]                                at /rustc/6067b36314ab5eb2eb47cecc464545ba58e1ad24/library/std/src/panicking.rs:839:13
[INFO] [stdout]   14:     0x63e74516ed6a - std::panicking::begin_panic_handler::{{closure}}::h4f9159cfbc3f6bd3
[INFO] [stdout]                                at /rustc/6067b36314ab5eb2eb47cecc464545ba58e1ad24/library/std/src/panicking.rs:704:13
[INFO] [stdout]   15:     0x63e74516d699 - std::sys::backtrace::__rust_end_short_backtrace::h0390abce48353151
[INFO] [stdout]                                at /rustc/6067b36314ab5eb2eb47cecc464545ba58e1ad24/library/std/src/sys/backtrace.rs:168:18
[INFO] [stdout]   16:     0x63e74516e9fd - rust_begin_unwind
[INFO] [stdout]                                at /rustc/6067b36314ab5eb2eb47cecc464545ba58e1ad24/library/std/src/panicking.rs:695:5
[INFO] [stdout]   17:     0x63e7451932f0 - core::panicking::panic_fmt::h9e7c637e9e5f29c9
[INFO] [stdout]                                at /rustc/6067b36314ab5eb2eb47cecc464545ba58e1ad24/library/core/src/panicking.rs:75:14
[INFO] [stdout]   18:     0x63e7451936e2 - core::panicking::assert_failed_inner::h538bec7c1374cd9c
[INFO] [stdout]   19:     0x63e745083e8a - core::panicking::assert_failed::hb85e771cec7c0903
[INFO] [stdout]                                at /rustc/6067b36314ab5eb2eb47cecc464545ba58e1ad24/library/core/src/panicking.rs:364:5
[INFO] [stdout]   20:     0x63e7450a3e80 - edit_core::selections_tests::new::grapheme_aligns_sorts_and_merges_valid_selections::hff98a4eff67589a2
[INFO] [stdout]                                at /opt/rustwide/workdir/src/selections_tests/new.rs:18:5
[INFO] [stdout]   21:     0x63e7450a3b47 - edit_core::selections_tests::new::grapheme_aligns_sorts_and_merges_valid_selections::{{closure}}::h0b1e8488daed3989
[INFO] [stdout]                                at /opt/rustwide/workdir/src/selections_tests/new.rs:7:55
[INFO] [stdout]   22:     0x63e74508b826 - core::ops::function::FnOnce::call_once::h4cf981b2be79c1fa
[INFO] [stdout]                                at /rustc/6067b36314ab5eb2eb47cecc464545ba58e1ad24/library/core/src/ops/function.rs:250:5
[INFO] [stdout]   23:     0x63e74510e2cb - core::ops::function::FnOnce::call_once::he27718dfdd183f43
[INFO] [stdout]                                at /rustc/6067b36314ab5eb2eb47cecc464545ba58e1ad24/library/core/src/ops/function.rs:250:5
[INFO] [stdout]   24:     0x63e74510e2cb - test::__rust_begin_short_backtrace::h4e84902998457a5d
[INFO] [stdout]                                at /rustc/6067b36314ab5eb2eb47cecc464545ba58e1ad24/library/test/src/lib.rs:632:18
[INFO] [stdout]   25:     0x63e74510d203 - test::run_test_in_process::{{closure}}::h7176fd18fc1feca0
[INFO] [stdout]                                at /rustc/6067b36314ab5eb2eb47cecc464545ba58e1ad24/library/test/src/lib.rs:655:60
[INFO] [stdout]   26:     0x63e74510d203 - <core::panic::unwind_safe::AssertUnwindSafe<F> as core::ops::function::FnOnce<()>>::call_once::hf79cff2a624d8cf7
[INFO] [stdout]                                at /rustc/6067b36314ab5eb2eb47cecc464545ba58e1ad24/library/core/src/panic/unwind_safe.rs:272:9
[INFO] [stdout]   27:     0x63e74510d203 - std::panicking::try::do_call::h3da0561d9ab99c25
[INFO] [stdout]                                at /rustc/6067b36314ab5eb2eb47cecc464545ba58e1ad24/library/std/src/panicking.rs:587:40
[INFO] [stdout]   28:     0x63e74510d203 - std::panicking::try::h41c9fa508bc61df6
[INFO] [stdout]                                at /rustc/6067b36314ab5eb2eb47cecc464545ba58e1ad24/library/std/src/panicking.rs:550:19
[INFO] [stdout]   29:     0x63e74510d203 - std::panic::catch_unwind::h6b3ff07bb5afad93
[INFO] [stdout]                                at /rustc/6067b36314ab5eb2eb47cecc464545ba58e1ad24/library/std/src/panic.rs:358:14
[INFO] [stdout]   30:     0x63e74510d203 - test::run_test_in_process::hc7253dd11b39b9f4
[INFO] [stdout]                                at /rustc/6067b36314ab5eb2eb47cecc464545ba58e1ad24/library/test/src/lib.rs:655:27
[INFO] [stdout]   31:     0x63e74510d203 - test::run_test::{{closure}}::hfb2007f8649c30bb
[INFO] [stdout]                                at /rustc/6067b36314ab5eb2eb47cecc464545ba58e1ad24/library/test/src/lib.rs:576:43
[INFO] [stdout]   32:     0x63e7450d02e5 - test::run_test::{{closure}}::h56a17aa7a282a9f4
[INFO] [stdout]                                at /rustc/6067b36314ab5eb2eb47cecc464545ba58e1ad24/library/test/src/lib.rs:606:41
[INFO] [stdout]   33:     0x63e7450d02e5 - std::sys::backtrace::__rust_begin_short_backtrace::hd2d2d2fb8e8c6aac
[INFO] [stdout]                                at /rustc/6067b36314ab5eb2eb47cecc464545ba58e1ad24/library/std/src/sys/backtrace.rs:152:18
[INFO] [stdout]   34:     0x63e7450d3bca - std::thread::Builder::spawn_unchecked_::{{closure}}::{{closure}}::h4faa3f9db6133423
[INFO] [stdout]                                at /rustc/6067b36314ab5eb2eb47cecc464545ba58e1ad24/library/std/src/thread/mod.rs:559:17
[INFO] [stdout]   35:     0x63e7450d3bca - <core::panic::unwind_safe::AssertUnwindSafe<F> as core::ops::function::FnOnce<()>>::call_once::hf2e855a36a4ea846
[INFO] [stdout]                                at /rustc/6067b36314ab5eb2eb47cecc464545ba58e1ad24/library/core/src/panic/unwind_safe.rs:272:9
[INFO] [stdout]   36:     0x63e7450d3bca - std::panicking::try::do_call::h2f73af3616c35465
[INFO] [stdout]                                at /rustc/6067b36314ab5eb2eb47cecc464545ba58e1ad24/library/std/src/panicking.rs:587:40
[INFO] [stdout]   37:     0x63e7450d3bca - std::panicking::try::hd1660ce9efadef5a
[INFO] [stdout]                                at /rustc/6067b36314ab5eb2eb47cecc464545ba58e1ad24/library/std/src/panicking.rs:550:19
[INFO] [stdout]   38:     0x63e7450d3bca - std::panic::catch_unwind::h5ee8d7823b8ca744
[INFO] [stdout]                                at /rustc/6067b36314ab5eb2eb47cecc464545ba58e1ad24/library/std/src/panic.rs:358:14
[INFO] [stdout]   39:     0x63e7450d3bca - std::thread::Builder::spawn_unchecked_::{{closure}}::h53c3a1894dce8407
[INFO] [stdout]                                at /rustc/6067b36314ab5eb2eb47cecc464545ba58e1ad24/library/std/src/thread/mod.rs:557:30
[INFO] [stdout]   40:     0x63e7450d3bca - core::ops::function::FnOnce::call_once{{vtable.shim}}::h048ce291ad4f62bf
[INFO] [stdout]                                at /rustc/6067b36314ab5eb2eb47cecc464545ba58e1ad24/library/core/src/ops/function.rs:250:5
[INFO] [stdout]   41:     0x63e745172feb - <alloc::boxed::Box<F,A> as core::ops::function::FnOnce<Args>>::call_once::ha52bedf99a3b4981
[INFO] [stdout]                                at /rustc/6067b36314ab5eb2eb47cecc464545ba58e1ad24/library/alloc/src/boxed.rs:2013:9
[INFO] [stdout]   42:     0x63e745172feb - <alloc::boxed::Box<F,A> as core::ops::function::FnOnce<Args>>::call_once::h567748934d80ccf8
[INFO] [stdout]                                at /rustc/6067b36314ab5eb2eb47cecc464545ba58e1ad24/library/alloc/src/boxed.rs:2013:9
[INFO] [stdout]   43:     0x63e745172feb - std::sys::pal::unix::thread::Thread::new::thread_start::h2d970728ae887adc
[INFO] [stdout]                                at /rustc/6067b36314ab5eb2eb47cecc464545ba58e1ad24/library/std/src/sys/pal/unix/thread.rs:106:17
[INFO] [stdout]   44:     0x7473b1bc8ac3 - <unknown>
[INFO] [stdout]   45:     0x7473b1c59a04 - clone
[INFO] [stdout]   46:                0x0 - <unknown>
[INFO] [stdout] 
[INFO] [stdout] 
[INFO] [stdout] failures:
[INFO] [stdout]     selections_tests::new::grapheme_aligns_sorts_and_merges_valid_selections
[INFO] [stdout] 
[INFO] [stdout] test result: FAILED. 254 passed; 1 failed; 0 ignored; 0 measured; 0 filtered out; finished in 0.21s
[INFO] [stdout] 
[INFO] [stderr] error: test failed, to rerun pass `--lib`
[INFO] running `Command { std: "docker" "inspect" "43953d9467a74e041f8332da0442448fb963690566186e271724953e268f1f3a", kill_on_drop: false }`
[INFO] running `Command { std: "docker" "rm" "-f" "43953d9467a74e041f8332da0442448fb963690566186e271724953e268f1f3a", kill_on_drop: false }`
[INFO] [stdout] 43953d9467a74e041f8332da0442448fb963690566186e271724953e268f1f3a
