[INFO] cloning repository https://github.com/JordanForks/thrussh
[INFO] running `Command { std: "git" "-c" "credential.helper=" "-c" "credential.helper=/workspace/cargo-home/bin/git-credential-null" "clone" "--bare" "https://github.com/JordanForks/thrussh" "/workspace/cache/git-repos/https%3A%2F%2Fgithub.com%2FJordanForks%2Fthrussh", kill_on_drop: false }`
[INFO] [stderr] Cloning into bare repository '/workspace/cache/git-repos/https%3A%2F%2Fgithub.com%2FJordanForks%2Fthrussh'...
[INFO] running `Command { std: "git" "rev-parse" "HEAD", kill_on_drop: false }`
[INFO] [stdout] 5b7232db70817c3519d191d1c4440da933f28563
[INFO] testing JordanForks/thrussh against nightly-2025-01-18 for randomize-layout-2
[INFO] running `Command { std: "git" "clone" "/workspace/cache/git-repos/https%3A%2F%2Fgithub.com%2FJordanForks%2Fthrussh" "/workspace/builds/worker-3-tc1/source", kill_on_drop: false }`
[INFO] [stderr] Cloning into '/workspace/builds/worker-3-tc1/source'...
[INFO] [stderr] done.
[INFO] validating manifest of git repo https://github.com/JordanForks/thrussh on toolchain nightly-2025-01-18
[INFO] running `Command { std: CARGO_HOME="/workspace/cargo-home" RUSTUP_HOME="/workspace/rustup-home" "/workspace/cargo-home/bin/cargo" "+nightly-2025-01-18" "metadata" "--manifest-path" "Cargo.toml" "--no-deps", kill_on_drop: false }`
[INFO] started tweaking git repo https://github.com/JordanForks/thrussh
[INFO] finished tweaking git repo https://github.com/JordanForks/thrussh
[INFO] tweaked toml for git repo https://github.com/JordanForks/thrussh written to /workspace/builds/worker-3-tc1/source/Cargo.toml
[INFO] crate git repo https://github.com/JordanForks/thrussh already has a lockfile, it will not be regenerated
[INFO] running `Command { std: CARGO_HOME="/workspace/cargo-home" RUSTUP_HOME="/workspace/rustup-home" "/workspace/cargo-home/bin/cargo" "+nightly-2025-01-18" "fetch" "--manifest-path" "Cargo.toml", kill_on_drop: false }`
[INFO] [stderr] warning: /workspace/builds/worker-3-tc1/source/cryptovec/Cargo.toml: no edition set: defaulting to the 2015 edition while the latest is 2024
[INFO] [stderr]     Updating crates.io index
[INFO] [stderr]  Downloading crates ...
[INFO] [stderr]   Downloaded yasna v0.4.0
[INFO] [stderr]   Downloaded p256 v0.13.2
[INFO] [stderr]   Downloaded primeorder v0.13.2
[INFO] [stderr]   Downloaded openssl v0.10.55
[INFO] [stderr]   Downloaded blowfish v0.9.1
[INFO] [stderr]   Downloaded bcrypt-pbkdf v0.10.0
[INFO] [stderr]   Downloaded block-modes v0.8.1
[INFO] [stderr]   Downloaded openssl-sys v0.9.90
[INFO] running `Command { std: "docker" "create" "-v" "/var/lib/crater-agent-workspace/builds/worker-3-tc1/target:/opt/rustwide/target:rw,Z" "-v" "/var/lib/crater-agent-workspace/builds/worker-3-tc1/source:/opt/rustwide/workdir:ro,Z" "-v" "/var/lib/crater-agent-workspace/cargo-home:/opt/rustwide/cargo-home:ro,Z" "-v" "/var/lib/crater-agent-workspace/rustup-home:/opt/rustwide/rustup-home:ro,Z" "-e" "SOURCE_DIR=/opt/rustwide/workdir" "-e" "CARGO_TARGET_DIR=/opt/rustwide/target" "-e" "CARGO_HOME=/opt/rustwide/cargo-home" "-e" "RUSTUP_HOME=/opt/rustwide/rustup-home" "-w" "/opt/rustwide/workdir" "-m" "1610612736" "--user" "0:0" "--network" "none" "ghcr.io/rust-lang/crates-build-env/linux@sha256:819108c5571ea2e421544af4d832f968d213c87fbe3707a016657f43d2f853bc" "/opt/rustwide/cargo-home/bin/cargo" "+nightly-2025-01-18" "metadata" "--no-deps" "--format-version=1", kill_on_drop: false }`
[INFO] [stdout] d164e04467ea69b832967059c76d8a97e53c6df429ac6882cf6f3862afc39ef5
[INFO] running `Command { std: "docker" "start" "-a" "d164e04467ea69b832967059c76d8a97e53c6df429ac6882cf6f3862afc39ef5", kill_on_drop: false }`
[INFO] running `Command { std: "docker" "inspect" "d164e04467ea69b832967059c76d8a97e53c6df429ac6882cf6f3862afc39ef5", kill_on_drop: false }`
[INFO] running `Command { std: "docker" "rm" "-f" "d164e04467ea69b832967059c76d8a97e53c6df429ac6882cf6f3862afc39ef5", kill_on_drop: false }`
[INFO] [stdout] d164e04467ea69b832967059c76d8a97e53c6df429ac6882cf6f3862afc39ef5
[INFO] running `Command { std: "docker" "create" "-v" "/var/lib/crater-agent-workspace/builds/worker-3-tc1/target:/opt/rustwide/target:rw,Z" "-v" "/var/lib/crater-agent-workspace/builds/worker-3-tc1/source:/opt/rustwide/workdir:ro,Z" "-v" "/var/lib/crater-agent-workspace/cargo-home:/opt/rustwide/cargo-home:ro,Z" "-v" "/var/lib/crater-agent-workspace/rustup-home:/opt/rustwide/rustup-home:ro,Z" "-e" "SOURCE_DIR=/opt/rustwide/workdir" "-e" "CARGO_TARGET_DIR=/opt/rustwide/target" "-e" "CARGO_INCREMENTAL=0" "-e" "RUST_BACKTRACE=full" "-e" "RUSTFLAGS=--cap-lints=forbid" "-e" "RUSTDOCFLAGS=--cap-lints=forbid" "-e" "CARGO_HOME=/opt/rustwide/cargo-home" "-e" "RUSTUP_HOME=/opt/rustwide/rustup-home" "-w" "/opt/rustwide/workdir" "-m" "1610612736" "--user" "0:0" "--network" "none" "ghcr.io/rust-lang/crates-build-env/linux@sha256:819108c5571ea2e421544af4d832f968d213c87fbe3707a016657f43d2f853bc" "/opt/rustwide/cargo-home/bin/cargo" "+nightly-2025-01-18" "build" "--frozen" "--message-format=json", kill_on_drop: false }`
[INFO] [stdout] b3a643591413fbe9813555019de23088f3507324212d0964ad2a5aab109d81ab
[INFO] running `Command { std: "docker" "start" "-a" "b3a643591413fbe9813555019de23088f3507324212d0964ad2a5aab109d81ab", kill_on_drop: false }`
[INFO] [stderr] warning: /opt/rustwide/workdir/cryptovec/Cargo.toml: no edition set: defaulting to the 2015 edition while the latest is 2024
[INFO] [stderr]    Compiling typenum v1.16.0
[INFO] [stderr]    Compiling libc v0.2.146
[INFO] [stderr]    Compiling version_check v0.9.4
[INFO] [stderr]    Compiling autocfg v1.1.0
[INFO] [stderr]    Compiling proc-macro2 v1.0.63
[INFO] [stderr]    Compiling quote v1.0.28
[INFO] [stderr]    Compiling unicode-ident v1.0.9
[INFO] [stderr]    Compiling cfg-if v1.0.0
[INFO] [stderr]    Compiling subtle v2.4.1
[INFO] [stderr]    Compiling futures-core v0.3.28
[INFO] [stderr]    Compiling pin-project-lite v0.2.9
[INFO] [stderr]    Compiling futures-channel v0.3.28
[INFO] [stderr]    Compiling memchr v2.5.0
[INFO] [stderr]    Compiling futures-task v0.3.28
[INFO] [stderr]    Compiling cpufeatures v0.2.8
[INFO] [stderr]    Compiling generic-array v0.14.7
[INFO] [stderr]    Compiling futures-util v0.3.28
[INFO] [stderr]    Compiling same-file v1.0.6
[INFO] [stderr]    Compiling slab v0.4.8
[INFO] [stderr]    Compiling num-traits v0.2.15
[INFO] [stderr]    Compiling futures-sink v0.3.28
[INFO] [stderr]    Compiling getrandom v0.2.10
[INFO] [stderr]    Compiling walkdir v2.3.3
[INFO] [stderr]    Compiling rand_core v0.6.4
[INFO] [stderr]    Compiling tokio v1.28.2
[INFO] [stderr]    Compiling syn v2.0.22
[INFO] [stderr]    Compiling num-integer v0.1.45
[INFO] [stderr]    Compiling pkg-config v0.3.27
[INFO] [stderr]    Compiling cc v1.0.79
[INFO] [stderr]    Compiling futures-io v0.3.28
[INFO] [stderr]    Compiling pin-utils v0.1.0
[INFO] [stderr]    Compiling num_cpus v1.15.0
[INFO] [stderr]    Compiling signal-hook-registry v1.4.1
[INFO] [stderr]    Compiling mio v0.8.8
[INFO] [stderr]    Compiling socket2 v0.4.9
[INFO] [stderr]    Compiling num-bigint v0.4.3
[INFO] [stderr]    Compiling opaque-debug v0.3.0
[INFO] [stderr]    Compiling bytes v1.4.0
[INFO] [stderr]    Compiling winapi v0.3.9
[INFO] [stderr]    Compiling thiserror v1.0.40
[INFO] [stderr]    Compiling crypto-common v0.1.6
[INFO] [stderr]    Compiling block-buffer v0.10.4
[INFO] [stderr]    Compiling inout v0.1.3
[INFO] [stderr]    Compiling digest v0.10.7
[INFO] [stderr]    Compiling cipher v0.3.0
[INFO] [stderr]    Compiling digest v0.9.0
[INFO] [stderr]    Compiling cipher v0.4.4
[INFO] [stderr]    Compiling block-buffer v0.9.0
[INFO] [stderr]    Compiling crypto-mac v0.11.1
[INFO] [stderr]    Compiling serde v1.0.164
[INFO] [stderr]    Compiling libsodium-sys v0.2.7
[INFO] [stderr]    Compiling byteorder v1.4.3
[INFO] [stderr]    Compiling ppv-lite86 v0.2.17
[INFO] [stderr]    Compiling crc32fast v1.3.2
[INFO] [stderr]    Compiling base64ct v1.6.0
[INFO] [stderr]    Compiling blowfish v0.9.1
[INFO] [stderr]    Compiling rand_chacha v0.3.1
[INFO] [stderr]    Compiling hmac v0.11.0
[INFO] [stderr]    Compiling sha2 v0.9.9
[INFO] [stderr]    Compiling password-hash v0.2.3
[INFO] [stderr]    Compiling ctr v0.8.0
[INFO] [stderr]    Compiling pbkdf2 v0.12.1
[INFO] [stderr]    Compiling sha2 v0.10.7
[INFO] [stderr]    Compiling dirs-sys v0.3.7
[INFO] [stderr]    Compiling adler v1.0.2
[INFO] [stderr]    Compiling bit-vec v0.6.3
[INFO] [stderr]    Compiling lazy_static v1.4.0
[INFO] [stderr]    Compiling log v0.4.19
[INFO] [stderr]    Compiling block-padding v0.2.1
[INFO] [stderr]    Compiling block-modes v0.8.1
[INFO] [stderr]    Compiling miniz_oxide v0.7.1
[INFO] [stderr]    Compiling pbkdf2 v0.8.0
[INFO] [stderr]    Compiling dirs v3.0.2
[INFO] [stderr]    Compiling rand v0.8.5
[INFO] [stderr]    Compiling bcrypt-pbkdf v0.10.0
[INFO] [stderr]    Compiling aes v0.7.5
[INFO] [stderr]    Compiling cryptovec v0.6.1 (/opt/rustwide/workdir/cryptovec)
[INFO] [stderr]    Compiling dirs-sys-next v0.1.2
[INFO] [stderr]    Compiling yasna v0.4.0
[INFO] [stderr]    Compiling data-encoding v2.4.0
[INFO] [stderr]    Compiling md5 v0.7.0
[INFO] [stderr]    Compiling dirs-next v2.0.0
[INFO] [stderr]    Compiling flate2 v1.0.26
[INFO] [stderr]    Compiling whoami v1.4.0
[INFO] [stderr]    Compiling bitflags v1.3.2
[INFO] [stderr]    Compiling futures-macro v0.3.28
[INFO] [stderr]    Compiling tokio-macros v2.1.0
[INFO] [stderr]    Compiling thiserror-impl v1.0.40
[INFO] [stderr]    Compiling serde_derive v1.0.164
[INFO] [stderr]    Compiling futures-executor v0.3.28
[INFO] [stderr]    Compiling futures v0.3.28
[INFO] [stderr]    Compiling tokio-stream v0.1.14
[INFO] [stderr]    Compiling thrussh-config v0.6.0 (/opt/rustwide/workdir/thrussh-config)
[INFO] [stderr]    Compiling thrussh-libsodium v0.2.1 (/opt/rustwide/workdir/thrussh-libsodium)
[INFO] [stderr]    Compiling thrussh-keys v0.22.1 (/opt/rustwide/workdir/thrussh-keys)
[INFO] [stderr]    Compiling thrussh v0.34.0 (/opt/rustwide/workdir/thrussh)
[INFO] [stdout] warning: unused import: `self::kex::*`
[INFO] [stdout]   --> thrussh/src/server/mod.rs:33:9
[INFO] [stdout]    |
[INFO] [stdout] 33 | pub use self::kex::*;
[INFO] [stdout]    |         ^^^^^^^^^^^^
[INFO] [stdout]    |
[INFO] [stdout]    = note: `#[warn(unused_imports)]` on by default
[INFO] [stdout] 
[INFO] [stdout] 
[INFO] [stdout] warning: variable does not need to be mutable
[INFO] [stdout]   --> thrussh/src/server/encrypted.rs:41:13
[INFO] [stdout]    |
[INFO] [stdout] 41 |         let mut enc = self.common.encrypted.as_mut().unwrap();
[INFO] [stdout]    |             ----^^^
[INFO] [stdout]    |             |
[INFO] [stdout]    |             help: remove this `mut`
[INFO] [stdout]    |
[INFO] [stdout]    = note: `#[warn(unused_mut)]` on by default
[INFO] [stdout] 
[INFO] [stdout] 
[INFO] [stdout] warning: variable does not need to be mutable
[INFO] [stdout]    --> thrussh/src/server/encrypted.rs:122:13
[INFO] [stdout]     |
[INFO] [stdout] 122 |         let mut enc = self.common.encrypted.as_mut().unwrap();
[INFO] [stdout]     |             ----^^^
[INFO] [stdout]     |             |
[INFO] [stdout]     |             help: remove this `mut`
[INFO] [stdout] 
[INFO] [stdout] 
[INFO] [stdout] warning: fields `key` and `algo` are never read
[INFO] [stdout]    --> thrussh/src/auth.rs:142:9
[INFO] [stdout]     |
[INFO] [stdout] 141 |     PublicKey {
[INFO] [stdout]     |     --------- fields in this variant
[INFO] [stdout] 142 |         key: CryptoVec,
[INFO] [stdout]     |         ^^^
[INFO] [stdout] 143 |         algo: CryptoVec,
[INFO] [stdout]     |         ^^^^
[INFO] [stdout]     |
[INFO] [stdout]     = note: `CurrentRequest` has a derived impl for the trait `Debug`, but this is intentionally ignored during dead code analysis
[INFO] [stdout]     = note: `#[warn(dead_code)]` on by default
[INFO] [stdout] 
[INFO] [stdout] 
[INFO] [stdout] warning: field `name` is never read
[INFO] [stdout]   --> thrussh/src/cipher/mod.rs:24:9
[INFO] [stdout]    |
[INFO] [stdout] 23 | pub struct Cipher {
[INFO] [stdout]    |            ------ field in this struct
[INFO] [stdout] 24 |     pub name: Name,
[INFO] [stdout]    |         ^^^^
[INFO] [stdout] 
[INFO] [stdout] 
[INFO] [stdout] warning: field `server_supports_ext` is never read
[INFO] [stdout]   --> thrussh/src/negotiation.rs:35:9
[INFO] [stdout]    |
[INFO] [stdout] 26 | pub struct Names {
[INFO] [stdout]    |            ----- field in this struct
[INFO] [stdout] ...
[INFO] [stdout] 35 |     pub server_supports_ext: bool,
[INFO] [stdout]    |         ^^^^^^^^^^^^^^^^^^^
[INFO] [stdout]    |
[INFO] [stdout]    = note: `Names` has a derived impl for the trait `Debug`, but this is intentionally ignored during dead code analysis
[INFO] [stdout] 
[INFO] [stdout] 
[INFO] [stdout] warning: field `received` is never read
[INFO] [stdout]    --> thrussh/src/session.rs:505:9
[INFO] [stdout]     |
[INFO] [stdout] 498 | pub struct NewKeys {
[INFO] [stdout]     |            ------- field in this struct
[INFO] [stdout] ...
[INFO] [stdout] 505 |     pub received: bool,
[INFO] [stdout]     |         ^^^^^^^^
[INFO] [stdout]     |
[INFO] [stdout]     = note: `NewKeys` has a derived impl for the trait `Debug`, but this is intentionally ignored during dead code analysis
[INFO] [stdout] 
[INFO] [stdout] 
[INFO] [stderr]     Finished `dev` profile [unoptimized + debuginfo] target(s) in 3m 22s
[INFO] running `Command { std: "docker" "inspect" "b3a643591413fbe9813555019de23088f3507324212d0964ad2a5aab109d81ab", kill_on_drop: false }`
[INFO] running `Command { std: "docker" "rm" "-f" "b3a643591413fbe9813555019de23088f3507324212d0964ad2a5aab109d81ab", kill_on_drop: false }`
[INFO] [stdout] b3a643591413fbe9813555019de23088f3507324212d0964ad2a5aab109d81ab
[INFO] running `Command { std: "docker" "create" "-v" "/var/lib/crater-agent-workspace/builds/worker-3-tc1/target:/opt/rustwide/target:rw,Z" "-v" "/var/lib/crater-agent-workspace/builds/worker-3-tc1/source:/opt/rustwide/workdir:ro,Z" "-v" "/var/lib/crater-agent-workspace/cargo-home:/opt/rustwide/cargo-home:ro,Z" "-v" "/var/lib/crater-agent-workspace/rustup-home:/opt/rustwide/rustup-home:ro,Z" "-e" "SOURCE_DIR=/opt/rustwide/workdir" "-e" "CARGO_TARGET_DIR=/opt/rustwide/target" "-e" "CARGO_INCREMENTAL=0" "-e" "RUST_BACKTRACE=full" "-e" "RUSTFLAGS=--cap-lints=forbid" "-e" "RUSTDOCFLAGS=--cap-lints=forbid" "-e" "CARGO_HOME=/opt/rustwide/cargo-home" "-e" "RUSTUP_HOME=/opt/rustwide/rustup-home" "-w" "/opt/rustwide/workdir" "-m" "1610612736" "--user" "0:0" "--network" "none" "ghcr.io/rust-lang/crates-build-env/linux@sha256:819108c5571ea2e421544af4d832f968d213c87fbe3707a016657f43d2f853bc" "/opt/rustwide/cargo-home/bin/cargo" "+nightly-2025-01-18" "test" "--frozen" "--no-run" "--message-format=json", kill_on_drop: false }`
[INFO] [stdout] 78ee6cd398b21e1de733a1265ea85da8fe86586471179bc31a28a683f6cc7caf
[INFO] running `Command { std: "docker" "start" "-a" "78ee6cd398b21e1de733a1265ea85da8fe86586471179bc31a28a683f6cc7caf", kill_on_drop: false }`
[INFO] [stderr] warning: /opt/rustwide/workdir/cryptovec/Cargo.toml: no edition set: defaulting to the 2015 edition while the latest is 2024
[INFO] [stderr]    Compiling aho-corasick v1.0.2
[INFO] [stderr]    Compiling regex-syntax v0.7.2
[INFO] [stderr]    Compiling atty v0.2.14
[INFO] [stderr]    Compiling termcolor v1.2.0
[INFO] [stderr]    Compiling quick-error v1.2.3
[INFO] [stderr]    Compiling anyhow v1.0.71
[INFO] [stdout] warning: unused import: `self::kex::*`
[INFO] [stdout]   --> thrussh/src/server/mod.rs:33:9
[INFO] [stdout]    |
[INFO] [stdout] 33 | pub use self::kex::*;
[INFO] [stdout]    |         ^^^^^^^^^^^^
[INFO] [stdout]    |
[INFO] [stdout]    = note: `#[warn(unused_imports)]` on by default
[INFO] [stdout] 
[INFO] [stdout] 
[INFO] [stdout] warning: variable does not need to be mutable
[INFO] [stdout]   --> thrussh/src/server/encrypted.rs:41:13
[INFO] [stdout]    |
[INFO] [stdout] 41 |         let mut enc = self.common.encrypted.as_mut().unwrap();
[INFO] [stdout]    |             ----^^^
[INFO] [stdout]    |             |
[INFO] [stdout]    |             help: remove this `mut`
[INFO] [stdout]    |
[INFO] [stdout]    = note: `#[warn(unused_mut)]` on by default
[INFO] [stdout] 
[INFO] [stdout] 
[INFO] [stdout] warning: variable does not need to be mutable
[INFO] [stdout]    --> thrussh/src/server/encrypted.rs:122:13
[INFO] [stdout]     |
[INFO] [stdout] 122 |         let mut enc = self.common.encrypted.as_mut().unwrap();
[INFO] [stdout]     |             ----^^^
[INFO] [stdout]     |             |
[INFO] [stdout]     |             help: remove this `mut`
[INFO] [stdout] 
[INFO] [stdout] 
[INFO] [stdout] warning: fields `key` and `algo` are never read
[INFO] [stdout]    --> thrussh/src/auth.rs:142:9
[INFO] [stdout]     |
[INFO] [stdout] 141 |     PublicKey {
[INFO] [stdout]     |     --------- fields in this variant
[INFO] [stdout] 142 |         key: CryptoVec,
[INFO] [stdout]     |         ^^^
[INFO] [stdout] 143 |         algo: CryptoVec,
[INFO] [stdout]     |         ^^^^
[INFO] [stdout]     |
[INFO] [stdout]     = note: `CurrentRequest` has a derived impl for the trait `Debug`, but this is intentionally ignored during dead code analysis
[INFO] [stdout]     = note: `#[warn(dead_code)]` on by default
[INFO] [stdout] 
[INFO] [stdout] 
[INFO] [stdout] warning: field `name` is never read
[INFO] [stdout]   --> thrussh/src/cipher/mod.rs:24:9
[INFO] [stdout]    |
[INFO] [stdout] 23 | pub struct Cipher {
[INFO] [stdout]    |            ------ field in this struct
[INFO] [stdout] 24 |     pub name: Name,
[INFO] [stdout]    |         ^^^^
[INFO] [stdout] 
[INFO] [stdout] 
[INFO] [stdout] warning: field `server_supports_ext` is never read
[INFO] [stdout]   --> thrussh/src/negotiation.rs:35:9
[INFO] [stdout]    |
[INFO] [stdout] 26 | pub struct Names {
[INFO] [stdout]    |            ----- field in this struct
[INFO] [stdout] ...
[INFO] [stdout] 35 |     pub server_supports_ext: bool,
[INFO] [stdout]    |         ^^^^^^^^^^^^^^^^^^^
[INFO] [stdout]    |
[INFO] [stdout]    = note: `Names` has a derived impl for the trait `Debug`, but this is intentionally ignored during dead code analysis
[INFO] [stdout] 
[INFO] [stdout] 
[INFO] [stdout] warning: field `received` is never read
[INFO] [stdout]    --> thrussh/src/session.rs:505:9
[INFO] [stdout]     |
[INFO] [stdout] 498 | pub struct NewKeys {
[INFO] [stdout]     |            ------- field in this struct
[INFO] [stdout] ...
[INFO] [stdout] 505 |     pub received: bool,
[INFO] [stdout]     |         ^^^^^^^^
[INFO] [stdout]     |
[INFO] [stdout]     = note: `NewKeys` has a derived impl for the trait `Debug`, but this is intentionally ignored during dead code analysis
[INFO] [stdout] 
[INFO] [stdout] 
[INFO] [stderr]    Compiling rand v0.4.6
[INFO] [stderr]    Compiling humantime v2.1.0
[INFO] [stderr]    Compiling humantime v1.3.0
[INFO] [stderr]    Compiling remove_dir_all v0.5.3
[INFO] [stderr]    Compiling thrussh-config v0.6.0 (/opt/rustwide/workdir/thrussh-config)
[INFO] [stderr]    Compiling thrussh-libsodium v0.2.1 (/opt/rustwide/workdir/thrussh-libsodium)
[INFO] [stderr]    Compiling cryptovec v0.6.1 (/opt/rustwide/workdir/cryptovec)
[INFO] [stderr]    Compiling tempdir v0.3.7
[INFO] [stderr]    Compiling regex v1.8.4
[INFO] [stderr]    Compiling env_logger v0.7.1
[INFO] [stderr]    Compiling env_logger v0.8.4
[INFO] [stderr]    Compiling thrussh v0.34.0 (/opt/rustwide/workdir/thrussh)
[INFO] [stderr]    Compiling thrussh-keys v0.22.1 (/opt/rustwide/workdir/thrussh-keys)
[INFO] [stdout] warning: unused import: `self::kex::*`
[INFO] [stdout]   --> thrussh/src/server/mod.rs:33:9
[INFO] [stdout]    |
[INFO] [stdout] 33 | pub use self::kex::*;
[INFO] [stdout]    |         ^^^^^^^^^^^^
[INFO] [stdout]    |
[INFO] [stdout]    = note: `#[warn(unused_imports)]` on by default
[INFO] [stdout] 
[INFO] [stdout] 
[INFO] [stdout] warning: unreachable pattern
[INFO] [stdout]    --> thrussh-keys/src/lib.rs:857:17
[INFO] [stdout]     |
[INFO] [stdout] 853 |                 key::KeyPair::Ed25519 { .. } => {
[INFO] [stdout]     |                 ---------------------------- matches all the relevant values
[INFO] [stdout] ...
[INFO] [stdout] 857 |                 _ => {}
[INFO] [stdout]     |                 ^ no value can reach this
[INFO] [stdout]     |
[INFO] [stdout]     = note: `#[warn(unreachable_patterns)]` on by default
[INFO] [stdout] 
[INFO] [stdout] 
[INFO] [stdout] warning: variable does not need to be mutable
[INFO] [stdout]   --> thrussh/src/server/encrypted.rs:41:13
[INFO] [stdout]    |
[INFO] [stdout] 41 |         let mut enc = self.common.encrypted.as_mut().unwrap();
[INFO] [stdout]    |             ----^^^
[INFO] [stdout]    |             |
[INFO] [stdout]    |             help: remove this `mut`
[INFO] [stdout]    |
[INFO] [stdout]    = note: `#[warn(unused_mut)]` on by default
[INFO] [stdout] 
[INFO] [stdout] 
[INFO] [stdout] warning: variable does not need to be mutable
[INFO] [stdout]    --> thrussh/src/server/encrypted.rs:122:13
[INFO] [stdout]     |
[INFO] [stdout] 122 |         let mut enc = self.common.encrypted.as_mut().unwrap();
[INFO] [stdout]     |             ----^^^
[INFO] [stdout]     |             |
[INFO] [stdout]     |             help: remove this `mut`
[INFO] [stdout] 
[INFO] [stdout] 
[INFO] [stdout] warning: fields `key` and `algo` are never read
[INFO] [stdout]    --> thrussh/src/auth.rs:142:9
[INFO] [stdout]     |
[INFO] [stdout] 141 |     PublicKey {
[INFO] [stdout]     |     --------- fields in this variant
[INFO] [stdout] 142 |         key: CryptoVec,
[INFO] [stdout]     |         ^^^
[INFO] [stdout] 143 |         algo: CryptoVec,
[INFO] [stdout]     |         ^^^^
[INFO] [stdout]     |
[INFO] [stdout]     = note: `CurrentRequest` has a derived impl for the trait `Debug`, but this is intentionally ignored during dead code analysis
[INFO] [stdout]     = note: `#[warn(dead_code)]` on by default
[INFO] [stdout] 
[INFO] [stdout] 
[INFO] [stdout] warning: field `name` is never read
[INFO] [stdout]   --> thrussh/src/cipher/mod.rs:24:9
[INFO] [stdout]    |
[INFO] [stdout] 23 | pub struct Cipher {
[INFO] [stdout]    |            ------ field in this struct
[INFO] [stdout] 24 |     pub name: Name,
[INFO] [stdout]    |         ^^^^
[INFO] [stdout] 
[INFO] [stdout] 
[INFO] [stdout] warning: field `server_supports_ext` is never read
[INFO] [stdout]   --> thrussh/src/negotiation.rs:35:9
[INFO] [stdout]    |
[INFO] [stdout] 26 | pub struct Names {
[INFO] [stdout]    |            ----- field in this struct
[INFO] [stdout] ...
[INFO] [stdout] 35 |     pub server_supports_ext: bool,
[INFO] [stdout]    |         ^^^^^^^^^^^^^^^^^^^
[INFO] [stdout]    |
[INFO] [stdout]    = note: `Names` has a derived impl for the trait `Debug`, but this is intentionally ignored during dead code analysis
[INFO] [stdout] 
[INFO] [stdout] 
[INFO] [stdout] warning: field `received` is never read
[INFO] [stdout]    --> thrussh/src/session.rs:505:9
[INFO] [stdout]     |
[INFO] [stdout] 498 | pub struct NewKeys {
[INFO] [stdout]     |            ------- field in this struct
[INFO] [stdout] ...
[INFO] [stdout] 505 |     pub received: bool,
[INFO] [stdout]     |         ^^^^^^^^
[INFO] [stdout]     |
[INFO] [stdout]     = note: `NewKeys` has a derived impl for the trait `Debug`, but this is intentionally ignored during dead code analysis
[INFO] [stdout] 
[INFO] [stdout] 
[INFO] [stdout] warning: field `client_pubkey` is never read
[INFO] [stdout]    --> thrussh/src/lib.rs:713:9
[INFO] [stdout]     |
[INFO] [stdout] 712 |     struct Server {
[INFO] [stdout]     |            ------ field in this struct
[INFO] [stdout] 713 |         client_pubkey: Arc<thrussh_keys::key::PublicKey>,
[INFO] [stdout]     |         ^^^^^^^^^^^^^
[INFO] [stdout]     |
[INFO] [stdout]     = note: `Server` has a derived impl for the trait `Clone`, but this is intentionally ignored during dead code analysis
[INFO] [stdout] 
[INFO] [stdout] 
[INFO] [stderr]     Finished `test` profile [unoptimized + debuginfo] target(s) in 22.22s
[INFO] running `Command { std: "docker" "inspect" "78ee6cd398b21e1de733a1265ea85da8fe86586471179bc31a28a683f6cc7caf", kill_on_drop: false }`
[INFO] running `Command { std: "docker" "rm" "-f" "78ee6cd398b21e1de733a1265ea85da8fe86586471179bc31a28a683f6cc7caf", kill_on_drop: false }`
[INFO] [stdout] 78ee6cd398b21e1de733a1265ea85da8fe86586471179bc31a28a683f6cc7caf
[INFO] running `Command { std: "docker" "create" "-v" "/var/lib/crater-agent-workspace/builds/worker-3-tc1/target:/opt/rustwide/target:rw,Z" "-v" "/var/lib/crater-agent-workspace/builds/worker-3-tc1/source:/opt/rustwide/workdir:ro,Z" "-v" "/var/lib/crater-agent-workspace/cargo-home:/opt/rustwide/cargo-home:ro,Z" "-v" "/var/lib/crater-agent-workspace/rustup-home:/opt/rustwide/rustup-home:ro,Z" "-e" "SOURCE_DIR=/opt/rustwide/workdir" "-e" "CARGO_TARGET_DIR=/opt/rustwide/target" "-e" "CARGO_INCREMENTAL=0" "-e" "RUST_BACKTRACE=full" "-e" "RUSTFLAGS=--cap-lints=forbid" "-e" "RUSTDOCFLAGS=--cap-lints=forbid" "-e" "CARGO_HOME=/opt/rustwide/cargo-home" "-e" "RUSTUP_HOME=/opt/rustwide/rustup-home" "-w" "/opt/rustwide/workdir" "-m" "1610612736" "--user" "0:0" "--network" "none" "ghcr.io/rust-lang/crates-build-env/linux@sha256:819108c5571ea2e421544af4d832f968d213c87fbe3707a016657f43d2f853bc" "/opt/rustwide/cargo-home/bin/cargo" "+nightly-2025-01-18" "test" "--frozen", kill_on_drop: false }`
[INFO] [stdout] c36cb1a247ad00492617c0a191055217e55f19521f6be0acb6a867ef16d118cb
[INFO] running `Command { std: "docker" "start" "-a" "c36cb1a247ad00492617c0a191055217e55f19521f6be0acb6a867ef16d118cb", kill_on_drop: false }`
[INFO] [stderr] warning: /opt/rustwide/workdir/cryptovec/Cargo.toml: no edition set: defaulting to the 2015 edition while the latest is 2024
[INFO] [stderr] warning: unused import: `self::kex::*`
[INFO] [stderr]   --> thrussh/src/server/mod.rs:33:9
[INFO] [stderr]    |
[INFO] [stderr] 33 | pub use self::kex::*;
[INFO] [stderr]    |         ^^^^^^^^^^^^
[INFO] [stderr]    |
[INFO] [stderr]    = note: `#[warn(unused_imports)]` on by default
[INFO] [stderr] 
[INFO] [stderr] warning: variable does not need to be mutable
[INFO] [stderr]   --> thrussh/src/server/encrypted.rs:41:13
[INFO] [stderr]    |
[INFO] [stderr] 41 |         let mut enc = self.common.encrypted.as_mut().unwrap();
[INFO] [stderr]    |             ----^^^
[INFO] [stderr]    |             |
[INFO] [stderr]    |             help: remove this `mut`
[INFO] [stderr]    |
[INFO] [stderr]    = note: `#[warn(unused_mut)]` on by default
[INFO] [stderr] 
[INFO] [stderr] warning: variable does not need to be mutable
[INFO] [stderr]    --> thrussh/src/server/encrypted.rs:122:13
[INFO] [stderr]     |
[INFO] [stderr] 122 |         let mut enc = self.common.encrypted.as_mut().unwrap();
[INFO] [stderr]     |             ----^^^
[INFO] [stderr]     |             |
[INFO] [stderr]     |             help: remove this `mut`
[INFO] [stderr] 
[INFO] [stderr] warning: fields `key` and `algo` are never read
[INFO] [stderr]    --> thrussh/src/auth.rs:142:9
[INFO] [stderr]     |
[INFO] [stderr] 141 |     PublicKey {
[INFO] [stderr]     |     --------- fields in this variant
[INFO] [stderr] 142 |         key: CryptoVec,
[INFO] [stderr]     |         ^^^
[INFO] [stderr] 143 |         algo: CryptoVec,
[INFO] [stderr]     |         ^^^^
[INFO] [stderr]     |
[INFO] [stderr]     = note: `CurrentRequest` has a derived impl for the trait `Debug`, but this is intentionally ignored during dead code analysis
[INFO] [stderr]     = note: `#[warn(dead_code)]` on by default
[INFO] [stderr] 
[INFO] [stderr] warning: field `name` is never read
[INFO] [stderr]   --> thrussh/src/cipher/mod.rs:24:9
[INFO] [stderr]    |
[INFO] [stderr] 23 | pub struct Cipher {
[INFO] [stderr]    |            ------ field in this struct
[INFO] [stderr] 24 |     pub name: Name,
[INFO] [stderr]    |         ^^^^
[INFO] [stderr] 
[INFO] [stderr] warning: field `server_supports_ext` is never read
[INFO] [stderr]   --> thrussh/src/negotiation.rs:35:9
[INFO] [stderr]    |
[INFO] [stderr] 26 | pub struct Names {
[INFO] [stderr]    |            ----- field in this struct
[INFO] [stderr] ...
[INFO] [stderr] 35 |     pub server_supports_ext: bool,
[INFO] [stderr]    |         ^^^^^^^^^^^^^^^^^^^
[INFO] [stderr]    |
[INFO] [stderr]    = note: `Names` has a derived impl for the trait `Debug`, but this is intentionally ignored during dead code analysis
[INFO] [stderr] 
[INFO] [stderr] warning: field `received` is never read
[INFO] [stderr]    --> thrussh/src/session.rs:505:9
[INFO] [stderr]     |
[INFO] [stderr] 498 | pub struct NewKeys {
[INFO] [stderr]     |            ------- field in this struct
[INFO] [stderr] ...
[INFO] [stderr] 505 |     pub received: bool,
[INFO] [stderr]     |         ^^^^^^^^
[INFO] [stderr]     |
[INFO] [stderr]     = note: `NewKeys` has a derived impl for the trait `Debug`, but this is intentionally ignored during dead code analysis
[INFO] [stderr] 
[INFO] [stderr] warning: unreachable pattern
[INFO] [stderr]    --> thrussh-keys/src/lib.rs:857:17
[INFO] [stderr]     |
[INFO] [stderr] 853 |                 key::KeyPair::Ed25519 { .. } => {
[INFO] [stderr]     |                 ---------------------------- matches all the relevant values
[INFO] [stderr] ...
[INFO] [stderr] 857 |                 _ => {}
[INFO] [stderr]     |                 ^ no value can reach this
[INFO] [stderr]     |
[INFO] [stderr]     = note: `#[warn(unreachable_patterns)]` on by default
[INFO] [stderr] 
[INFO] [stderr] warning: field `client_pubkey` is never read
[INFO] [stderr]    --> thrussh/src/lib.rs:713:9
[INFO] [stderr]     |
[INFO] [stderr] 712 |     struct Server {
[INFO] [stderr]     |            ------ field in this struct
[INFO] [stderr] 713 |         client_pubkey: Arc<thrussh_keys::key::PublicKey>,
[INFO] [stderr]     |         ^^^^^^^^^^^^^
[INFO] [stderr]     |
[INFO] [stderr]     = note: `Server` has a derived impl for the trait `Clone`, but this is intentionally ignored during dead code analysis
[INFO] [stderr] 
[INFO] [stderr] warning: `thrussh` (lib) generated 7 warnings (run `cargo fix --lib -p thrussh` to apply 3 suggestions)
[INFO] [stderr] warning: `thrussh-keys` (lib test) generated 1 warning
[INFO] [stderr] warning: `thrussh` (lib test) generated 8 warnings (7 duplicates)
[INFO] [stderr]     Finished `test` profile [unoptimized + debuginfo] target(s) in 0.14s
[INFO] [stderr]      Running unittests src/lib.rs (/opt/rustwide/target/debug/deps/cryptovec-97a3c9286bacba7c)
[INFO] [stdout] 
[INFO] [stdout] running 0 tests
[INFO] [stdout] 
[INFO] [stderr]      Running unittests src/lib.rs (/opt/rustwide/target/debug/deps/thrussh-4e0d1717c00cc36d)
[INFO] [stdout] test result: ok. 0 passed; 0 failed; 0 ignored; 0 measured; 0 filtered out; finished in 0.00s
[INFO] [stdout] 
[INFO] [stdout] 
[INFO] [stdout] running 1 test
[INFO] [stdout] test test_compress::compress_local_test ... FAILED
[INFO] [stdout] 
[INFO] [stdout] failures:
[INFO] [stdout] 
[INFO] [stdout] ---- test_compress::compress_local_test stdout ----
[INFO] [stdout] [thrussh/src/lib.rs:691:9] &addr = 127.0.0.1:42987
[INFO] [stdout] check_server_key: Ed25519(PublicKey { key: [23, 104, 207, 128, 226, 135, 122, 159, 94, 88, 118, 159, 30, 31, 197, 34, 68, 61, 56, 69, 236, 13, 249, 86, 254, 62, 191, 89, 28, 66, 208, 57] })
[INFO] [stdout] 
[INFO] [stdout] thread 'test_compress::compress_local_test' panicked at thrussh/src/lib.rs:694:59:
[INFO] [stdout] called `Result::unwrap()` on an `Err` value: NotPresent
[INFO] [stdout] stack backtrace:
[INFO] [stdout]    0:     0x638f0f882e7a - std::backtrace_rs::backtrace::libunwind::trace::hb059275cfc8d6126
[INFO] [stdout]                                at /rustc/6067b36314ab5eb2eb47cecc464545ba58e1ad24/library/std/src/../../backtrace/src/backtrace/libunwind.rs:116:5
[INFO] [stdout]    1:     0x638f0f882e7a - std::backtrace_rs::backtrace::trace_unsynchronized::h2da071e4327ce3ee
[INFO] [stdout]                                at /rustc/6067b36314ab5eb2eb47cecc464545ba58e1ad24/library/std/src/../../backtrace/src/backtrace/mod.rs:66:5
[INFO] [stdout]    2:     0x638f0f882e7a - std::sys::backtrace::_print_fmt::h842a1474e6f8d23f
[INFO] [stdout]                                at /rustc/6067b36314ab5eb2eb47cecc464545ba58e1ad24/library/std/src/sys/backtrace.rs:66:9
[INFO] [stdout]    3:     0x638f0f882e7a - <std::sys::backtrace::BacktraceLock::print::DisplayBacktrace as core::fmt::Display>::fmt::h71a62eb3b9696b12
[INFO] [stdout]                                at /rustc/6067b36314ab5eb2eb47cecc464545ba58e1ad24/library/std/src/sys/backtrace.rs:39:26
[INFO] [stdout]    4:     0x638f0f8adc73 - core::fmt::rt::Argument::fmt::hdb6b616786b41dc1
[INFO] [stdout]                                at /rustc/6067b36314ab5eb2eb47cecc464545ba58e1ad24/library/core/src/fmt/rt.rs:177:76
[INFO] [stdout]    5:     0x638f0f8adc73 - core::fmt::write::h2cc1698af7e2d686
[INFO] [stdout]                                at /rustc/6067b36314ab5eb2eb47cecc464545ba58e1ad24/library/core/src/fmt/mod.rs:1440:21
[INFO] [stdout]    6:     0x638f0f87efa3 - std::io::Write::write_fmt::hab1b4cd059a79022
[INFO] [stdout]                                at /rustc/6067b36314ab5eb2eb47cecc464545ba58e1ad24/library/std/src/io/mod.rs:1887:15
[INFO] [stdout]    7:     0x638f0f882cc2 - std::sys::backtrace::BacktraceLock::print::h147fe35b4ea13b08
[INFO] [stdout]                                at /rustc/6067b36314ab5eb2eb47cecc464545ba58e1ad24/library/std/src/sys/backtrace.rs:42:9
[INFO] [stdout]    8:     0x638f0f88429f - std::panicking::default_hook::{{closure}}::hbd44223dbdc0d208
[INFO] [stdout]                                at /rustc/6067b36314ab5eb2eb47cecc464545ba58e1ad24/library/std/src/panicking.rs:298:22
[INFO] [stdout]    9:     0x638f0f8840b8 - std::panicking::default_hook::h20f81eb0576efcec
[INFO] [stdout]                                at /rustc/6067b36314ab5eb2eb47cecc464545ba58e1ad24/library/std/src/panicking.rs:322:9
[INFO] [stdout]   10:     0x638f0f6918a3 - <alloc::boxed::Box<F,A> as core::ops::function::Fn<Args>>::call::hdb53814c496a4d34
[INFO] [stdout]                                at /rustc/6067b36314ab5eb2eb47cecc464545ba58e1ad24/library/alloc/src/boxed.rs:2027:9
[INFO] [stdout]   11:     0x638f0f6918a3 - test::test_main::{{closure}}::hc0a4963c59427c24
[INFO] [stdout]                                at /rustc/6067b36314ab5eb2eb47cecc464545ba58e1ad24/library/test/src/lib.rs:134:21
[INFO] [stdout]   12:     0x638f0f884d93 - <alloc::boxed::Box<F,A> as core::ops::function::Fn<Args>>::call::h591b2225413a77e9
[INFO] [stdout]                                at /rustc/6067b36314ab5eb2eb47cecc464545ba58e1ad24/library/alloc/src/boxed.rs:2027:9
[INFO] [stdout]   13:     0x638f0f884d93 - std::panicking::rust_panic_with_hook::h625eea43051b2edc
[INFO] [stdout]                                at /rustc/6067b36314ab5eb2eb47cecc464545ba58e1ad24/library/std/src/panicking.rs:839:13
[INFO] [stdout]   14:     0x638f0f884a4a - std::panicking::begin_panic_handler::{{closure}}::h4f9159cfbc3f6bd3
[INFO] [stdout]                                at /rustc/6067b36314ab5eb2eb47cecc464545ba58e1ad24/library/std/src/panicking.rs:704:13
[INFO] [stdout]   15:     0x638f0f883379 - std::sys::backtrace::__rust_end_short_backtrace::h0390abce48353151
[INFO] [stdout]                                at /rustc/6067b36314ab5eb2eb47cecc464545ba58e1ad24/library/std/src/sys/backtrace.rs:168:18
[INFO] [stdout]   16:     0x638f0f8846dd - rust_begin_unwind
[INFO] [stdout]                                at /rustc/6067b36314ab5eb2eb47cecc464545ba58e1ad24/library/std/src/panicking.rs:695:5
[INFO] [stdout]   17:     0x638f0f8ac1d0 - core::panicking::panic_fmt::h9e7c637e9e5f29c9
[INFO] [stdout]                                at /rustc/6067b36314ab5eb2eb47cecc464545ba58e1ad24/library/core/src/panicking.rs:75:14
[INFO] [stdout]   18:     0x638f0f8ac646 - core::result::unwrap_failed::h7979f09313fe1849
[INFO] [stdout]                                at /rustc/6067b36314ab5eb2eb47cecc464545ba58e1ad24/library/core/src/result.rs:1704:5
[INFO] [stdout]   19:     0x638f0f44d6e6 - core::result::Result<T,E>::unwrap::h4c15fed10737ce46
[INFO] [stdout]                                at /rustc/6067b36314ab5eb2eb47cecc464545ba58e1ad24/library/core/src/result.rs:1109:23
[INFO] [stdout]   20:     0x638f0f44d6e6 - thrussh::test_compress::compress_local_test::{{closure}}::h97d5c0ee83467346
[INFO] [stdout]                                at /opt/rustwide/workdir/thrussh/src/lib.rs:694:37
[INFO] [stdout]   21:     0x638f0f43ee72 - <core::pin::Pin<P> as core::future::future::Future>::poll::hb9b31de07ec74775
[INFO] [stdout]                                at /rustc/6067b36314ab5eb2eb47cecc464545ba58e1ad24/library/core/src/future/future.rs:124:9
[INFO] [stdout]   22:     0x638f0f43eead - <core::pin::Pin<P> as core::future::future::Future>::poll::hcfa2729a6101055a
[INFO] [stdout]                                at /rustc/6067b36314ab5eb2eb47cecc464545ba58e1ad24/library/core/src/future/future.rs:124:9
[INFO] [stdout]   23:     0x638f0f46805f - tokio::runtime::scheduler::current_thread::CoreGuard::block_on::{{closure}}::{{closure}}::{{closure}}::h51fd13c867ec018a
[INFO] [stdout]                                at /opt/rustwide/cargo-home/registry/src/index.crates.io-1949cf8c6b5b557f/tokio-1.28.2/src/runtime/scheduler/current_thread.rs:541:57
[INFO] [stdout]   24:     0x638f0f467fa5 - tokio::runtime::coop::with_budget::hbdf22d949285709b
[INFO] [stdout]                                at /opt/rustwide/cargo-home/registry/src/index.crates.io-1949cf8c6b5b557f/tokio-1.28.2/src/runtime/coop.rs:107:5
[INFO] [stdout]   25:     0x638f0f467fa5 - tokio::runtime::coop::budget::hfdf184cb89fcb289
[INFO] [stdout]                                at /opt/rustwide/cargo-home/registry/src/index.crates.io-1949cf8c6b5b557f/tokio-1.28.2/src/runtime/coop.rs:73:5
[INFO] [stdout]   26:     0x638f0f467fa5 - tokio::runtime::scheduler::current_thread::CoreGuard::block_on::{{closure}}::{{closure}}::hed814370c2f7da53
[INFO] [stdout]                                at /opt/rustwide/cargo-home/registry/src/index.crates.io-1949cf8c6b5b557f/tokio-1.28.2/src/runtime/scheduler/current_thread.rs:541:25
[INFO] [stdout]   27:     0x638f0f466bc0 - tokio::runtime::scheduler::current_thread::Context::enter::hdf9ca7a217ae828b
[INFO] [stdout]                                at /opt/rustwide/cargo-home/registry/src/index.crates.io-1949cf8c6b5b557f/tokio-1.28.2/src/runtime/scheduler/current_thread.rs:350:19
[INFO] [stdout]   28:     0x638f0f46760a - tokio::runtime::scheduler::current_thread::CoreGuard::block_on::{{closure}}::h3f13b36a54ec50e7
[INFO] [stdout]                                at /opt/rustwide/cargo-home/registry/src/index.crates.io-1949cf8c6b5b557f/tokio-1.28.2/src/runtime/scheduler/current_thread.rs:540:36
[INFO] [stdout]   29:     0x638f0f467384 - tokio::runtime::scheduler::current_thread::CoreGuard::enter::{{closure}}::hf5e10f139cf39713
[INFO] [stdout]                                at /opt/rustwide/cargo-home/registry/src/index.crates.io-1949cf8c6b5b557f/tokio-1.28.2/src/runtime/scheduler/current_thread.rs:615:57
[INFO] [stdout]   30:     0x638f0f470338 - tokio::macros::scoped_tls::ScopedKey<T>::set::h02bf429ae3258801
[INFO] [stdout]                                at /opt/rustwide/cargo-home/registry/src/index.crates.io-1949cf8c6b5b557f/tokio-1.28.2/src/macros/scoped_tls.rs:61:9
[INFO] [stdout]   31:     0x638f0f46712f - tokio::runtime::scheduler::current_thread::CoreGuard::enter::hdbed477cbd700de8
[INFO] [stdout]                                at /opt/rustwide/cargo-home/registry/src/index.crates.io-1949cf8c6b5b557f/tokio-1.28.2/src/runtime/scheduler/current_thread.rs:615:27
[INFO] [stdout]   32:     0x638f0f4673a3 - tokio::runtime::scheduler::current_thread::CoreGuard::block_on::h1037523e874dbc78
[INFO] [stdout]                                at /opt/rustwide/cargo-home/registry/src/index.crates.io-1949cf8c6b5b557f/tokio-1.28.2/src/runtime/scheduler/current_thread.rs:530:19
[INFO] [stdout]   33:     0x638f0f465921 - tokio::runtime::scheduler::current_thread::CurrentThread::block_on::he2f4feb4c61d4bc3
[INFO] [stdout]                                at /opt/rustwide/cargo-home/registry/src/index.crates.io-1949cf8c6b5b557f/tokio-1.28.2/src/runtime/scheduler/current_thread.rs:154:24
[INFO] [stdout]   34:     0x638f0f474eed - tokio::runtime::runtime::Runtime::block_on::hb387a3f9e660b1e6
[INFO] [stdout]                                at /opt/rustwide/cargo-home/registry/src/index.crates.io-1949cf8c6b5b557f/tokio-1.28.2/src/runtime/runtime.rs:302:47
[INFO] [stdout]   35:     0x638f0f44c590 - thrussh::test_compress::compress_local_test::hff7dbfee53db9e42
[INFO] [stdout]                                at /opt/rustwide/workdir/thrussh/src/lib.rs:703:9
[INFO] [stdout]   36:     0x638f0f44c427 - thrussh::test_compress::compress_local_test::{{closure}}::h3f8a21ec2c13fa14
[INFO] [stdout]                                at /opt/rustwide/workdir/thrussh/src/lib.rs:659:35
[INFO] [stdout]   37:     0x638f0f3e85a6 - core::ops::function::FnOnce::call_once::hf2b9ed544ed0bf4f
[INFO] [stdout]                                at /rustc/6067b36314ab5eb2eb47cecc464545ba58e1ad24/library/core/src/ops/function.rs:250:5
[INFO] [stdout]   38:     0x638f0f696ffb - core::ops::function::FnOnce::call_once::he27718dfdd183f43
[INFO] [stdout]                                at /rustc/6067b36314ab5eb2eb47cecc464545ba58e1ad24/library/core/src/ops/function.rs:250:5
[INFO] [stdout]   39:     0x638f0f696ffb - test::__rust_begin_short_backtrace::h4e84902998457a5d
[INFO] [stdout]                                at /rustc/6067b36314ab5eb2eb47cecc464545ba58e1ad24/library/test/src/lib.rs:632:18
[INFO] [stdout]   40:     0x638f0f695f33 - test::run_test_in_process::{{closure}}::h7176fd18fc1feca0
[INFO] [stdout]                                at /rustc/6067b36314ab5eb2eb47cecc464545ba58e1ad24/library/test/src/lib.rs:655:60
[INFO] [stdout]   41:     0x638f0f695f33 - <core::panic::unwind_safe::AssertUnwindSafe<F> as core::ops::function::FnOnce<()>>::call_once::hf79cff2a624d8cf7
[INFO] [stdout]                                at /rustc/6067b36314ab5eb2eb47cecc464545ba58e1ad24/library/core/src/panic/unwind_safe.rs:272:9
[INFO] [stdout]   42:     0x638f0f695f33 - std::panicking::try::do_call::h3da0561d9ab99c25
[INFO] [stdout]                                at /rustc/6067b36314ab5eb2eb47cecc464545ba58e1ad24/library/std/src/panicking.rs:587:40
[INFO] [stdout]   43:     0x638f0f695f33 - std::panicking::try::h41c9fa508bc61df6
[INFO] [stdout]                                at /rustc/6067b36314ab5eb2eb47cecc464545ba58e1ad24/library/std/src/panicking.rs:550:19
[INFO] [stdout]   44:     0x638f0f695f33 - std::panic::catch_unwind::h6b3ff07bb5afad93
[INFO] [stdout]                                at /rustc/6067b36314ab5eb2eb47cecc464545ba58e1ad24/library/std/src/panic.rs:358:14
[INFO] [stdout]   45:     0x638f0f695f33 - test::run_test_in_process::hc7253dd11b39b9f4
[INFO] [stdout]                                at /rustc/6067b36314ab5eb2eb47cecc464545ba58e1ad24/library/test/src/lib.rs:655:27
[INFO] [stdout]   46:     0x638f0f695f33 - test::run_test::{{closure}}::hfb2007f8649c30bb
[INFO] [stdout]                                at /rustc/6067b36314ab5eb2eb47cecc464545ba58e1ad24/library/test/src/lib.rs:576:43
[INFO] [stdout]   47:     0x638f0f659015 - test::run_test::{{closure}}::h56a17aa7a282a9f4
[INFO] [stdout]                                at /rustc/6067b36314ab5eb2eb47cecc464545ba58e1ad24/library/test/src/lib.rs:606:41
[INFO] [stdout]   48:     0x638f0f659015 - std::sys::backtrace::__rust_begin_short_backtrace::hd2d2d2fb8e8c6aac
[INFO] [stdout]                                at /rustc/6067b36314ab5eb2eb47cecc464545ba58e1ad24/library/std/src/sys/backtrace.rs:152:18
[INFO] [stdout]   49:     0x638f0f65c8fa - std::thread::Builder::spawn_unchecked_::{{closure}}::{{closure}}::h4faa3f9db6133423
[INFO] [stdout]                                at /rustc/6067b36314ab5eb2eb47cecc464545ba58e1ad24/library/std/src/thread/mod.rs:559:17
[INFO] [stdout]   50:     0x638f0f65c8fa - <core::panic::unwind_safe::AssertUnwindSafe<F> as core::ops::function::FnOnce<()>>::call_once::hf2e855a36a4ea846
[INFO] [stdout]                                at /rustc/6067b36314ab5eb2eb47cecc464545ba58e1ad24/library/core/src/panic/unwind_safe.rs:272:9
[INFO] [stdout]   51:     0x638f0f65c8fa - std::panicking::try::do_call::h2f73af3616c35465
[INFO] [stdout]                                at /rustc/6067b36314ab5eb2eb47cecc464545ba58e1ad24/library/std/src/panicking.rs:587:40
[INFO] [stdout]   52:     0x638f0f65c8fa - std::panicking::try::hd1660ce9efadef5a
[INFO] [stdout]                                at /rustc/6067b36314ab5eb2eb47cecc464545ba58e1ad24/library/std/src/panicking.rs:550:19
[INFO] [stdout]   53:     0x638f0f65c8fa - std::panic::catch_unwind::h5ee8d7823b8ca744
[INFO] [stdout]                                at /rustc/6067b36314ab5eb2eb47cecc464545ba58e1ad24/library/std/src/panic.rs:358:14
[INFO] [stdout]   54:     0x638f0f65c8fa - std::thread::Builder::spawn_unchecked_::{{closure}}::h53c3a1894dce8407
[INFO] [stdout]                                at /rustc/6067b36314ab5eb2eb47cecc464545ba58e1ad24/library/std/src/thread/mod.rs:557:30
[INFO] [stdout]   55:     0x638f0f65c8fa - core::ops::function::FnOnce::call_once{{vtable.shim}}::h048ce291ad4f62bf
[INFO] [stdout]                                at /rustc/6067b36314ab5eb2eb47cecc464545ba58e1ad24/library/core/src/ops/function.rs:250:5
[INFO] [stdout]   56:     0x638f0f888f5b - <alloc::boxed::Box<F,A> as core::ops::function::FnOnce<Args>>::call_once::ha52bedf99a3b4981
[INFO] [stdout]                                at /rustc/6067b36314ab5eb2eb47cecc464545ba58e1ad24/library/alloc/src/boxed.rs:2013:9
[INFO] [stdout]   57:     0x638f0f888f5b - <alloc::boxed::Box<F,A> as core::ops::function::FnOnce<Args>>::call_once::h567748934d80ccf8
[INFO] [stdout]                                at /rustc/6067b36314ab5eb2eb47cecc464545ba58e1ad24/library/alloc/src/boxed.rs:2013:9
[INFO] [stdout]   58:     0x638f0f888f5b - std::sys::pal::unix::thread::Thread::new::thread_start::h2d970728ae887adc
[INFO] [stdout]                                at /rustc/6067b36314ab5eb2eb47cecc464545ba58e1ad24/library/std/src/sys/pal/unix/thread.rs:106:17
[INFO] [stdout]   59:     0x76fe2d56eac3 - <unknown>
[INFO] [stdout]   60:     0x76fe2d5ffa04 - clone
[INFO] [stdout]   61:                0x0 - <unknown>
[INFO] [stdout] 
[INFO] [stdout] 
[INFO] [stdout] failures:
[INFO] [stdout]     test_compress::compress_local_test
[INFO] [stdout] 
[INFO] [stdout] test result: FAILED. 0 passed; 1 failed; 0 ignored; 0 measured; 0 filtered out; finished in 0.12s
[INFO] [stdout] 
[INFO] [stderr] error: test failed, to rerun pass `-p thrussh --lib`
[INFO] running `Command { std: "docker" "inspect" "c36cb1a247ad00492617c0a191055217e55f19521f6be0acb6a867ef16d118cb", kill_on_drop: false }`
[INFO] running `Command { std: "docker" "rm" "-f" "c36cb1a247ad00492617c0a191055217e55f19521f6be0acb6a867ef16d118cb", kill_on_drop: false }`
[INFO] [stdout] c36cb1a247ad00492617c0a191055217e55f19521f6be0acb6a867ef16d118cb
