[INFO] cloning repository https://github.com/Jontaylor529/wyag_rust
[INFO] running `Command { std: "git" "-c" "credential.helper=" "-c" "credential.helper=/workspace/cargo-home/bin/git-credential-null" "clone" "--bare" "https://github.com/Jontaylor529/wyag_rust" "/workspace/cache/git-repos/https%3A%2F%2Fgithub.com%2FJontaylor529%2Fwyag_rust", kill_on_drop: false }`
[INFO] [stderr] Cloning into bare repository '/workspace/cache/git-repos/https%3A%2F%2Fgithub.com%2FJontaylor529%2Fwyag_rust'...
[INFO] running `Command { std: "git" "rev-parse" "HEAD", kill_on_drop: false }`
[INFO] [stdout] 2a2572aa0d829eef4e229fd74d42c678af79f7af
[INFO] testing Jontaylor529/wyag_rust against nightly-2025-01-18 for randomize-layout-2
[INFO] running `Command { std: "git" "clone" "/workspace/cache/git-repos/https%3A%2F%2Fgithub.com%2FJontaylor529%2Fwyag_rust" "/workspace/builds/worker-6-tc1/source", kill_on_drop: false }`
[INFO] [stderr] Cloning into '/workspace/builds/worker-6-tc1/source'...
[INFO] [stderr] done.
[INFO] validating manifest of git repo https://github.com/Jontaylor529/wyag_rust on toolchain nightly-2025-01-18
[INFO] running `Command { std: CARGO_HOME="/workspace/cargo-home" RUSTUP_HOME="/workspace/rustup-home" "/workspace/cargo-home/bin/cargo" "+nightly-2025-01-18" "metadata" "--manifest-path" "Cargo.toml" "--no-deps", kill_on_drop: false }`
[INFO] started tweaking git repo https://github.com/Jontaylor529/wyag_rust
[INFO] finished tweaking git repo https://github.com/Jontaylor529/wyag_rust
[INFO] tweaked toml for git repo https://github.com/Jontaylor529/wyag_rust written to /workspace/builds/worker-6-tc1/source/Cargo.toml
[INFO] crate git repo https://github.com/Jontaylor529/wyag_rust already has a lockfile, it will not be regenerated
[INFO] running `Command { std: CARGO_HOME="/workspace/cargo-home" RUSTUP_HOME="/workspace/rustup-home" "/workspace/cargo-home/bin/cargo" "+nightly-2025-01-18" "fetch" "--manifest-path" "Cargo.toml", kill_on_drop: false }`
[INFO] [stderr]     Updating crates.io index
[INFO] [stderr]  Downloading crates ...
[INFO] [stderr]   Downloaded configparser v1.0.0
[INFO] running `Command { std: "docker" "create" "-v" "/var/lib/crater-agent-workspace/builds/worker-6-tc1/target:/opt/rustwide/target:rw,Z" "-v" "/var/lib/crater-agent-workspace/builds/worker-6-tc1/source:/opt/rustwide/workdir:ro,Z" "-v" "/var/lib/crater-agent-workspace/cargo-home:/opt/rustwide/cargo-home:ro,Z" "-v" "/var/lib/crater-agent-workspace/rustup-home:/opt/rustwide/rustup-home:ro,Z" "-e" "SOURCE_DIR=/opt/rustwide/workdir" "-e" "CARGO_TARGET_DIR=/opt/rustwide/target" "-e" "CARGO_HOME=/opt/rustwide/cargo-home" "-e" "RUSTUP_HOME=/opt/rustwide/rustup-home" "-w" "/opt/rustwide/workdir" "-m" "1610612736" "--user" "0:0" "--network" "none" "ghcr.io/rust-lang/crates-build-env/linux@sha256:819108c5571ea2e421544af4d832f968d213c87fbe3707a016657f43d2f853bc" "/opt/rustwide/cargo-home/bin/cargo" "+nightly-2025-01-18" "metadata" "--no-deps" "--format-version=1", kill_on_drop: false }`
[INFO] [stdout] daa2cb8d2ce5d0069c546a6732b30a03239272b1aa3b02e7a6881fa07072f95e
[INFO] running `Command { std: "docker" "start" "-a" "daa2cb8d2ce5d0069c546a6732b30a03239272b1aa3b02e7a6881fa07072f95e", kill_on_drop: false }`
[INFO] running `Command { std: "docker" "inspect" "daa2cb8d2ce5d0069c546a6732b30a03239272b1aa3b02e7a6881fa07072f95e", kill_on_drop: false }`
[INFO] running `Command { std: "docker" "rm" "-f" "daa2cb8d2ce5d0069c546a6732b30a03239272b1aa3b02e7a6881fa07072f95e", kill_on_drop: false }`
[INFO] [stdout] daa2cb8d2ce5d0069c546a6732b30a03239272b1aa3b02e7a6881fa07072f95e
[INFO] running `Command { std: "docker" "create" "-v" "/var/lib/crater-agent-workspace/builds/worker-6-tc1/target:/opt/rustwide/target:rw,Z" "-v" "/var/lib/crater-agent-workspace/builds/worker-6-tc1/source:/opt/rustwide/workdir:ro,Z" "-v" "/var/lib/crater-agent-workspace/cargo-home:/opt/rustwide/cargo-home:ro,Z" "-v" "/var/lib/crater-agent-workspace/rustup-home:/opt/rustwide/rustup-home:ro,Z" "-e" "SOURCE_DIR=/opt/rustwide/workdir" "-e" "CARGO_TARGET_DIR=/opt/rustwide/target" "-e" "CARGO_INCREMENTAL=0" "-e" "RUST_BACKTRACE=full" "-e" "RUSTFLAGS=--cap-lints=forbid" "-e" "RUSTDOCFLAGS=--cap-lints=forbid" "-e" "CARGO_HOME=/opt/rustwide/cargo-home" "-e" "RUSTUP_HOME=/opt/rustwide/rustup-home" "-w" "/opt/rustwide/workdir" "-m" "1610612736" "--user" "0:0" "--network" "none" "ghcr.io/rust-lang/crates-build-env/linux@sha256:819108c5571ea2e421544af4d832f968d213c87fbe3707a016657f43d2f853bc" "/opt/rustwide/cargo-home/bin/cargo" "+nightly-2025-01-18" "build" "--frozen" "--message-format=json", kill_on_drop: false }`
[INFO] [stdout] 296c422262c0be54642352730d6d8d9a9128749ff23919332352084f18cfbc08
[INFO] running `Command { std: "docker" "start" "-a" "296c422262c0be54642352730d6d8d9a9128749ff23919332352084f18cfbc08", kill_on_drop: false }`
[INFO] [stderr]    Compiling version_check v0.9.2
[INFO] [stderr]    Compiling typenum v1.12.0
[INFO] [stderr]    Compiling libc v0.2.80
[INFO] [stderr]    Compiling autocfg v1.0.1
[INFO] [stderr]    Compiling crc32fast v1.2.1
[INFO] [stderr]    Compiling cfg-if v1.0.0
[INFO] [stderr]    Compiling bitflags v1.2.1
[INFO] [stderr]    Compiling adler v0.2.3
[INFO] [stderr]    Compiling unicode-width v0.1.8
[INFO] [stderr]    Compiling opaque-debug v0.3.0
[INFO] [stderr]    Compiling vec_map v0.8.2
[INFO] [stderr]    Compiling ansi_term v0.11.0
[INFO] [stderr]    Compiling strsim v0.8.0
[INFO] [stderr]    Compiling cpuid-bool v0.1.2
[INFO] [stderr]    Compiling configparser v1.0.0
[INFO] [stderr]    Compiling textwrap v0.11.0
[INFO] [stderr]    Compiling generic-array v0.14.4
[INFO] [stderr]    Compiling miniz_oxide v0.4.3
[INFO] [stderr]    Compiling atty v0.2.14
[INFO] [stderr]    Compiling clap v2.33.3
[INFO] [stderr]    Compiling flate2 v1.0.19
[INFO] [stderr]    Compiling digest v0.9.0
[INFO] [stderr]    Compiling block-buffer v0.9.0
[INFO] [stderr]    Compiling sha-1 v0.9.2
[INFO] [stderr]    Compiling wyag v0.1.0 (/opt/rustwide/workdir)
[INFO] [stdout] warning: found module declaration for lib.rs
[INFO] [stdout]  --> src/main.rs:1:1
[INFO] [stdout]   |
[INFO] [stdout] 1 | pub mod lib;
[INFO] [stdout]   | ^^^^^^^^^^^^
[INFO] [stdout]   |
[INFO] [stdout]   = note: lib.rs is the root of this crate's library target
[INFO] [stdout]   = help: to refer to it from other targets, use the library's name as the path
[INFO] [stdout]   = note: `#[warn(special_module_name)]` on by default
[INFO] [stdout] 
[INFO] [stdout] 
[INFO] [stdout] warning: unused import: `ptr::null`
[INFO] [stdout]  --> src/lib/sorted_dict.rs:1:38
[INFO] [stdout]   |
[INFO] [stdout] 1 | use std::{cell::RefCell, hash::Hash, ptr::null};
[INFO] [stdout]   |                                      ^^^^^^^^^
[INFO] [stdout]   |
[INFO] [stdout]   = note: `#[warn(unused_imports)]` on by default
[INFO] [stdout] 
[INFO] [stdout] 
[INFO] [stdout] warning: unused import: `LinkedList`
[INFO] [stdout]  --> src/lib/sorted_dict.rs:2:32
[INFO] [stdout]   |
[INFO] [stdout] 2 | use std::collections::{HashMap,LinkedList};
[INFO] [stdout]   |                                ^^^^^^^^^^
[INFO] [stdout] 
[INFO] [stdout] 
[INFO] [stdout] warning: unused import: `std::ptr::null_mut`
[INFO] [stdout]  --> src/lib/sorted_dict.rs:3:5
[INFO] [stdout]   |
[INFO] [stdout] 3 | use std::ptr::null_mut;
[INFO] [stdout]   |     ^^^^^^^^^^^^^^^^^^
[INFO] [stdout] 
[INFO] [stdout] 
[INFO] [stdout] warning: unused variable: `type_str`
[INFO] [stdout]   --> src/lib/commands.rs:48:52
[INFO] [stdout]    |
[INFO] [stdout] 48 | pub fn cat_file<P: Into<PathBuf>>(git_dir_path: P, type_str: &str, target: &str) -> Result<(), CommandError> {
[INFO] [stdout]    |                                                    ^^^^^^^^ help: if this is intentional, prefix it with an underscore: `_type_str`
[INFO] [stdout]    |
[INFO] [stdout]    = note: `#[warn(unused_variables)]` on by default
[INFO] [stdout] 
[INFO] [stdout] 
[INFO] [stdout] warning: unused variable: `object_type`
[INFO] [stdout]   --> src/lib/commands.rs:57:20
[INFO] [stdout]    |
[INFO] [stdout] 57 | pub fn hash_object(object_type: &str, file: &str, repo: &Rc<GitRepository>, write:bool) -> Result<(), CommandError> {
[INFO] [stdout]    |                    ^^^^^^^^^^^ help: if this is intentional, prefix it with an underscore: `_object_type`
[INFO] [stdout] 
[INFO] [stdout] 
[INFO] [stdout] warning: unused variable: `repo`
[INFO] [stdout]   --> src/lib/parsing/decoding.rs:30:31
[INFO] [stdout]    |
[INFO] [stdout] 30 | pub(crate) fn find_object<'a>(repo: &GitRepository, name: &str, fmt: &GitNameFormat, follow: bool) -> Result<String,std::io::Error> {
[INFO] [stdout]    |                               ^^^^ help: if this is intentional, prefix it with an underscore: `_repo`
[INFO] [stdout] 
[INFO] [stdout] 
[INFO] [stdout] warning: unused variable: `name`
[INFO] [stdout]   --> src/lib/parsing/decoding.rs:30:53
[INFO] [stdout]    |
[INFO] [stdout] 30 | pub(crate) fn find_object<'a>(repo: &GitRepository, name: &str, fmt: &GitNameFormat, follow: bool) -> Result<String,std::io::Error> {
[INFO] [stdout]    |                                                     ^^^^ help: if this is intentional, prefix it with an underscore: `_name`
[INFO] [stdout] 
[INFO] [stdout] 
[INFO] [stdout] warning: unused variable: `fmt`
[INFO] [stdout]   --> src/lib/parsing/decoding.rs:30:65
[INFO] [stdout]    |
[INFO] [stdout] 30 | pub(crate) fn find_object<'a>(repo: &GitRepository, name: &str, fmt: &GitNameFormat, follow: bool) -> Result<String,std::io::Error> {
[INFO] [stdout]    |                                                                 ^^^ help: if this is intentional, prefix it with an underscore: `_fmt`
[INFO] [stdout] 
[INFO] [stdout] 
[INFO] [stdout] warning: unused variable: `follow`
[INFO] [stdout]   --> src/lib/parsing/decoding.rs:30:86
[INFO] [stdout]    |
[INFO] [stdout] 30 | pub(crate) fn find_object<'a>(repo: &GitRepository, name: &str, fmt: &GitNameFormat, follow: bool) -> Result<String,std::io::Error> {
[INFO] [stdout]    |                                                                                      ^^^^^^ help: if this is intentional, prefix it with an underscore: `_follow`
[INFO] [stdout] 
[INFO] [stdout] 
[INFO] [stdout] warning: function `get_test_dir` is never used
[INFO] [stdout]   --> src/lib/mod.rs:19:4
[INFO] [stdout]    |
[INFO] [stdout] 19 | fn get_test_dir(sub_dir: &str) -> PathBuf {
[INFO] [stdout]    |    ^^^^^^^^^^^^
[INFO] [stdout]    |
[INFO] [stdout]    = note: `#[warn(dead_code)]` on by default
[INFO] [stdout] 
[INFO] [stdout] 
[INFO] [stdout] warning: methods `deserialize`, `repo`, and `content` are never used
[INFO] [stdout]   --> src/lib/objects/git_object.rs:76:12
[INFO] [stdout]    |
[INFO] [stdout] 56 | impl GitObject {
[INFO] [stdout]    | -------------- methods in this implementation
[INFO] [stdout] ...
[INFO] [stdout] 76 |     pub fn deserialize(&mut self, data: Vec<u8>) -> () {
[INFO] [stdout]    |            ^^^^^^^^^^^
[INFO] [stdout] ...
[INFO] [stdout] 91 |     pub fn repo(&self) -> &Rc<GitRepository> {
[INFO] [stdout]    |            ^^^^
[INFO] [stdout] ...
[INFO] [stdout] 95 |     pub fn content(&self) -> &[u8] {
[INFO] [stdout]    |            ^^^^^^^
[INFO] [stdout] 
[INFO] [stdout] 
[INFO] [stdout] warning: function `repo_path` is never used
[INFO] [stdout]    --> src/lib/objects/git_repository.rs:112:15
[INFO] [stdout]     |
[INFO] [stdout] 112 | pub(crate) fn repo_path<P: AsRef<Path>>(repo: &GitRepository, path: P) -> PathBuf {
[INFO] [stdout]     |               ^^^^^^^^^
[INFO] [stdout] 
[INFO] [stdout] 
[INFO] [stdout] warning: function `repo_dir` is never used
[INFO] [stdout]    --> src/lib/objects/git_repository.rs:116:15
[INFO] [stdout]     |
[INFO] [stdout] 116 | pub(crate) fn repo_dir<P: AsRef<Path>>(
[INFO] [stdout]     |               ^^^^^^^^
[INFO] [stdout] 
[INFO] [stdout] 
[INFO] [stdout] warning: function `repo_file` is never used
[INFO] [stdout]    --> src/lib/objects/git_repository.rs:136:15
[INFO] [stdout]     |
[INFO] [stdout] 136 | pub(crate) fn repo_file<P: AsRef<Path>>(
[INFO] [stdout]     |               ^^^^^^^^^
[INFO] [stdout] 
[INFO] [stdout] 
[INFO] [stdout] warning: associated items `new`, `add`, and `get` are never used
[INFO] [stdout]   --> src/lib/sorted_dict.rs:16:12
[INFO] [stdout]    |
[INFO] [stdout] 14 | impl <K: Hash + Eq + PartialEq + Clone ,V> OrderedDictionary<K,V>{
[INFO] [stdout]    | ----------------------------------------------------------------- associated items in this implementation
[INFO] [stdout] 15 |
[INFO] [stdout] 16 |     pub fn new() -> OrderedDictionary<K,V> {
[INFO] [stdout]    |            ^^^
[INFO] [stdout] ...
[INFO] [stdout] 24 |     pub fn add(&mut self, key: K, value: V) -> Option<V> {
[INFO] [stdout]    |            ^^^
[INFO] [stdout] ...
[INFO] [stdout] 45 |     pub fn get(&self, key: &K) -> Option<&V> {
[INFO] [stdout]    |            ^^^
[INFO] [stdout] 
[INFO] [stdout] 
[INFO] [stdout] warning: associated items `new`, `insert`, and `append` are never used
[INFO] [stdout]    --> src/lib/sorted_dict.rs:104:8
[INFO] [stdout]     |
[INFO] [stdout] 102 | impl <K> NodeList<K> {
[INFO] [stdout]     | -------------------- associated items in this implementation
[INFO] [stdout] 103 |
[INFO] [stdout] 104 |     fn new() -> NodeList<K> {
[INFO] [stdout]     |        ^^^
[INFO] [stdout] ...
[INFO] [stdout] 110 |     pub fn insert(&mut self, val: K) -> WeakNode<K> {
[INFO] [stdout]     |            ^^^^^^
[INFO] [stdout] ...
[INFO] [stdout] 143 |     fn append(node: StrongNode<K>, val: K) -> WeakNode<K> {
[INFO] [stdout]     |        ^^^^^^
[INFO] [stdout] 
[INFO] [stdout] 
[INFO] [stdout] warning: unused `Result` that must be used
[INFO] [stdout]   --> src/lib/commands.rs:41:9
[INFO] [stdout]    |
[INFO] [stdout] 41 |         std::fs::create_dir_all(&git_dir).or(Err(CommandError::Init("Cannot create .git dirctory".to_owned())));
[INFO] [stdout]    |         ^^^^^^^^^^^^^^^^^^^^^^^^^^^^^^^^^^^^^^^^^^^^^^^^^^^^^^^^^^^^^^^^^^^^^^^^^^^^^^^^^^^^^^^^^^^^^^^^^^^^^^^
[INFO] [stdout]    |
[INFO] [stdout]    = note: this `Result` may be an `Err` variant, which should be handled
[INFO] [stdout]    = note: `#[warn(unused_must_use)]` on by default
[INFO] [stdout] help: use `let _ = ...` to ignore the resulting value
[INFO] [stdout]    |
[INFO] [stdout] 41 |         let _ = std::fs::create_dir_all(&git_dir).or(Err(CommandError::Init("Cannot create .git dirctory".to_owned())));
[INFO] [stdout]    |         +++++++
[INFO] [stdout] 
[INFO] [stdout] 
[INFO] [stdout] warning: unused `Result` that must be used
[INFO] [stdout]   --> src/lib/commands.rs:43:9
[INFO] [stdout]    |
[INFO] [stdout] 43 |         config.write(git_dir.join("config").to_str().unwrap());
[INFO] [stdout]    |         ^^^^^^^^^^^^^^^^^^^^^^^^^^^^^^^^^^^^^^^^^^^^^^^^^^^^^^
[INFO] [stdout]    |
[INFO] [stdout]    = note: this `Result` may be an `Err` variant, which should be handled
[INFO] [stdout] help: use `let _ = ...` to ignore the resulting value
[INFO] [stdout]    |
[INFO] [stdout] 43 |         let _ = config.write(git_dir.join("config").to_str().unwrap());
[INFO] [stdout]    |         +++++++
[INFO] [stdout] 
[INFO] [stdout] 
[INFO] [stderr]     Finished `dev` profile [unoptimized + debuginfo] target(s) in 8.85s
[INFO] running `Command { std: "docker" "inspect" "296c422262c0be54642352730d6d8d9a9128749ff23919332352084f18cfbc08", kill_on_drop: false }`
[INFO] running `Command { std: "docker" "rm" "-f" "296c422262c0be54642352730d6d8d9a9128749ff23919332352084f18cfbc08", kill_on_drop: false }`
[INFO] [stdout] 296c422262c0be54642352730d6d8d9a9128749ff23919332352084f18cfbc08
[INFO] running `Command { std: "docker" "create" "-v" "/var/lib/crater-agent-workspace/builds/worker-6-tc1/target:/opt/rustwide/target:rw,Z" "-v" "/var/lib/crater-agent-workspace/builds/worker-6-tc1/source:/opt/rustwide/workdir:ro,Z" "-v" "/var/lib/crater-agent-workspace/cargo-home:/opt/rustwide/cargo-home:ro,Z" "-v" "/var/lib/crater-agent-workspace/rustup-home:/opt/rustwide/rustup-home:ro,Z" "-e" "SOURCE_DIR=/opt/rustwide/workdir" "-e" "CARGO_TARGET_DIR=/opt/rustwide/target" "-e" "CARGO_INCREMENTAL=0" "-e" "RUST_BACKTRACE=full" "-e" "RUSTFLAGS=--cap-lints=forbid" "-e" "RUSTDOCFLAGS=--cap-lints=forbid" "-e" "CARGO_HOME=/opt/rustwide/cargo-home" "-e" "RUSTUP_HOME=/opt/rustwide/rustup-home" "-w" "/opt/rustwide/workdir" "-m" "1610612736" "--user" "0:0" "--network" "none" "ghcr.io/rust-lang/crates-build-env/linux@sha256:819108c5571ea2e421544af4d832f968d213c87fbe3707a016657f43d2f853bc" "/opt/rustwide/cargo-home/bin/cargo" "+nightly-2025-01-18" "test" "--frozen" "--no-run" "--message-format=json", kill_on_drop: false }`
[INFO] [stdout] 2f46f863a4ec739b88937dacb2d9cce90b5971ab4331ca70d3418d31a3c08a8f
[INFO] running `Command { std: "docker" "start" "-a" "2f46f863a4ec739b88937dacb2d9cce90b5971ab4331ca70d3418d31a3c08a8f", kill_on_drop: false }`
[INFO] [stderr]    Compiling wyag v0.1.0 (/opt/rustwide/workdir)
[INFO] [stdout] warning: found module declaration for lib.rs
[INFO] [stdout]  --> src/main.rs:1:1
[INFO] [stdout]   |
[INFO] [stdout] 1 | pub mod lib;
[INFO] [stdout]   | ^^^^^^^^^^^^
[INFO] [stdout]   |
[INFO] [stdout]   = note: lib.rs is the root of this crate's library target
[INFO] [stdout]   = help: to refer to it from other targets, use the library's name as the path
[INFO] [stdout]   = note: `#[warn(special_module_name)]` on by default
[INFO] [stdout] 
[INFO] [stdout] 
[INFO] [stdout] warning: unused import: `ptr::null`
[INFO] [stdout]  --> src/lib/sorted_dict.rs:1:38
[INFO] [stdout]   |
[INFO] [stdout] 1 | use std::{cell::RefCell, hash::Hash, ptr::null};
[INFO] [stdout]   |                                      ^^^^^^^^^
[INFO] [stdout]   |
[INFO] [stdout]   = note: `#[warn(unused_imports)]` on by default
[INFO] [stdout] 
[INFO] [stdout] 
[INFO] [stdout] warning: unused import: `LinkedList`
[INFO] [stdout]  --> src/lib/sorted_dict.rs:2:32
[INFO] [stdout]   |
[INFO] [stdout] 2 | use std::collections::{HashMap,LinkedList};
[INFO] [stdout]   |                                ^^^^^^^^^^
[INFO] [stdout] 
[INFO] [stdout] 
[INFO] [stdout] warning: unused import: `std::ptr::null_mut`
[INFO] [stdout]  --> src/lib/sorted_dict.rs:3:5
[INFO] [stdout]   |
[INFO] [stdout] 3 | use std::ptr::null_mut;
[INFO] [stdout]   |     ^^^^^^^^^^^^^^^^^^
[INFO] [stdout] 
[INFO] [stdout] 
[INFO] [stdout] warning: unused variable: `type_str`
[INFO] [stdout]   --> src/lib/commands.rs:48:52
[INFO] [stdout]    |
[INFO] [stdout] 48 | pub fn cat_file<P: Into<PathBuf>>(git_dir_path: P, type_str: &str, target: &str) -> Result<(), CommandError> {
[INFO] [stdout]    |                                                    ^^^^^^^^ help: if this is intentional, prefix it with an underscore: `_type_str`
[INFO] [stdout]    |
[INFO] [stdout]    = note: `#[warn(unused_variables)]` on by default
[INFO] [stdout] 
[INFO] [stdout] 
[INFO] [stdout] warning: unused variable: `object_type`
[INFO] [stdout]   --> src/lib/commands.rs:57:20
[INFO] [stdout]    |
[INFO] [stdout] 57 | pub fn hash_object(object_type: &str, file: &str, repo: &Rc<GitRepository>, write:bool) -> Result<(), CommandError> {
[INFO] [stdout]    |                    ^^^^^^^^^^^ help: if this is intentional, prefix it with an underscore: `_object_type`
[INFO] [stdout] 
[INFO] [stdout] 
[INFO] [stdout] warning: unused variable: `res`
[INFO] [stdout]    --> src/lib/objects/git_object.rs:212:13
[INFO] [stdout]     |
[INFO] [stdout] 212 |         let res = GitObject::from_internal_file("05f01ab76171493c8ab7dc46d0abdbc94ed85372", &test_repo)
[INFO] [stdout]     |             ^^^ help: if this is intentional, prefix it with an underscore: `_res`
[INFO] [stdout] 
[INFO] [stdout] 
[INFO] [stdout] warning: unused variable: `repo`
[INFO] [stdout]   --> src/lib/parsing/decoding.rs:30:31
[INFO] [stdout]    |
[INFO] [stdout] 30 | pub(crate) fn find_object<'a>(repo: &GitRepository, name: &str, fmt: &GitNameFormat, follow: bool) -> Result<String,std::io::Error> {
[INFO] [stdout]    |                               ^^^^ help: if this is intentional, prefix it with an underscore: `_repo`
[INFO] [stdout] 
[INFO] [stdout] 
[INFO] [stdout] warning: unused variable: `name`
[INFO] [stdout]   --> src/lib/parsing/decoding.rs:30:53
[INFO] [stdout]    |
[INFO] [stdout] 30 | pub(crate) fn find_object<'a>(repo: &GitRepository, name: &str, fmt: &GitNameFormat, follow: bool) -> Result<String,std::io::Error> {
[INFO] [stdout]    |                                                     ^^^^ help: if this is intentional, prefix it with an underscore: `_name`
[INFO] [stdout] 
[INFO] [stdout] 
[INFO] [stdout] warning: unused variable: `fmt`
[INFO] [stdout]   --> src/lib/parsing/decoding.rs:30:65
[INFO] [stdout]    |
[INFO] [stdout] 30 | pub(crate) fn find_object<'a>(repo: &GitRepository, name: &str, fmt: &GitNameFormat, follow: bool) -> Result<String,std::io::Error> {
[INFO] [stdout]    |                                                                 ^^^ help: if this is intentional, prefix it with an underscore: `_fmt`
[INFO] [stdout] 
[INFO] [stdout] 
[INFO] [stdout] warning: unused variable: `follow`
[INFO] [stdout]   --> src/lib/parsing/decoding.rs:30:86
[INFO] [stdout]    |
[INFO] [stdout] 30 | pub(crate) fn find_object<'a>(repo: &GitRepository, name: &str, fmt: &GitNameFormat, follow: bool) -> Result<String,std::io::Error> {
[INFO] [stdout]    |                                                                                      ^^^^^^ help: if this is intentional, prefix it with an underscore: `_follow`
[INFO] [stdout] 
[INFO] [stdout] 
[INFO] [stdout] warning: methods `deserialize` and `repo` are never used
[INFO] [stdout]   --> src/lib/objects/git_object.rs:76:12
[INFO] [stdout]    |
[INFO] [stdout] 56 | impl GitObject {
[INFO] [stdout]    | -------------- methods in this implementation
[INFO] [stdout] ...
[INFO] [stdout] 76 |     pub fn deserialize(&mut self, data: Vec<u8>) -> () {
[INFO] [stdout]    |            ^^^^^^^^^^^
[INFO] [stdout] ...
[INFO] [stdout] 91 |     pub fn repo(&self) -> &Rc<GitRepository> {
[INFO] [stdout]    |            ^^^^
[INFO] [stdout]    |
[INFO] [stdout]    = note: `#[warn(dead_code)]` on by default
[INFO] [stdout] 
[INFO] [stdout] 
[INFO] [stdout] warning: method `get` is never used
[INFO] [stdout]   --> src/lib/sorted_dict.rs:45:12
[INFO] [stdout]    |
[INFO] [stdout] 14 | impl <K: Hash + Eq + PartialEq + Clone ,V> OrderedDictionary<K,V>{
[INFO] [stdout]    | ----------------------------------------------------------------- method in this implementation
[INFO] [stdout] ...
[INFO] [stdout] 45 |     pub fn get(&self, key: &K) -> Option<&V> {
[INFO] [stdout]    |            ^^^
[INFO] [stdout] 
[INFO] [stdout] 
[INFO] [stdout] warning: unused `Result` that must be used
[INFO] [stdout]   --> src/lib/commands.rs:41:9
[INFO] [stdout]    |
[INFO] [stdout] 41 |         std::fs::create_dir_all(&git_dir).or(Err(CommandError::Init("Cannot create .git dirctory".to_owned())));
[INFO] [stdout]    |         ^^^^^^^^^^^^^^^^^^^^^^^^^^^^^^^^^^^^^^^^^^^^^^^^^^^^^^^^^^^^^^^^^^^^^^^^^^^^^^^^^^^^^^^^^^^^^^^^^^^^^^^
[INFO] [stdout]    |
[INFO] [stdout]    = note: this `Result` may be an `Err` variant, which should be handled
[INFO] [stdout]    = note: `#[warn(unused_must_use)]` on by default
[INFO] [stdout] help: use `let _ = ...` to ignore the resulting value
[INFO] [stdout]    |
[INFO] [stdout] 41 |         let _ = std::fs::create_dir_all(&git_dir).or(Err(CommandError::Init("Cannot create .git dirctory".to_owned())));
[INFO] [stdout]    |         +++++++
[INFO] [stdout] 
[INFO] [stdout] 
[INFO] [stdout] warning: unused `Result` that must be used
[INFO] [stdout]   --> src/lib/commands.rs:43:9
[INFO] [stdout]    |
[INFO] [stdout] 43 |         config.write(git_dir.join("config").to_str().unwrap());
[INFO] [stdout]    |         ^^^^^^^^^^^^^^^^^^^^^^^^^^^^^^^^^^^^^^^^^^^^^^^^^^^^^^
[INFO] [stdout]    |
[INFO] [stdout]    = note: this `Result` may be an `Err` variant, which should be handled
[INFO] [stdout] help: use `let _ = ...` to ignore the resulting value
[INFO] [stdout]    |
[INFO] [stdout] 43 |         let _ = config.write(git_dir.join("config").to_str().unwrap());
[INFO] [stdout]    |         +++++++
[INFO] [stdout] 
[INFO] [stdout] 
[INFO] [stdout] warning: using `.clone()` on a double reference, which returns `&str` instead of cloning the inner type
[INFO] [stdout]    --> src/lib/sorted_dict.rs:174:28
[INFO] [stdout]     |
[INFO] [stdout] 174 |             test_dict.add(k.clone(), v.clone());
[INFO] [stdout]     |                            ^^^^^^^^
[INFO] [stdout]     |
[INFO] [stdout]     = note: `#[warn(suspicious_double_ref_op)]` on by default
[INFO] [stdout] 
[INFO] [stdout] 
[INFO] [stderr]     Finished `test` profile [unoptimized + debuginfo] target(s) in 1.21s
[INFO] running `Command { std: "docker" "inspect" "2f46f863a4ec739b88937dacb2d9cce90b5971ab4331ca70d3418d31a3c08a8f", kill_on_drop: false }`
[INFO] running `Command { std: "docker" "rm" "-f" "2f46f863a4ec739b88937dacb2d9cce90b5971ab4331ca70d3418d31a3c08a8f", kill_on_drop: false }`
[INFO] [stdout] 2f46f863a4ec739b88937dacb2d9cce90b5971ab4331ca70d3418d31a3c08a8f
[INFO] running `Command { std: "docker" "create" "-v" "/var/lib/crater-agent-workspace/builds/worker-6-tc1/target:/opt/rustwide/target:rw,Z" "-v" "/var/lib/crater-agent-workspace/builds/worker-6-tc1/source:/opt/rustwide/workdir:ro,Z" "-v" "/var/lib/crater-agent-workspace/cargo-home:/opt/rustwide/cargo-home:ro,Z" "-v" "/var/lib/crater-agent-workspace/rustup-home:/opt/rustwide/rustup-home:ro,Z" "-e" "SOURCE_DIR=/opt/rustwide/workdir" "-e" "CARGO_TARGET_DIR=/opt/rustwide/target" "-e" "CARGO_INCREMENTAL=0" "-e" "RUST_BACKTRACE=full" "-e" "RUSTFLAGS=--cap-lints=forbid" "-e" "RUSTDOCFLAGS=--cap-lints=forbid" "-e" "CARGO_HOME=/opt/rustwide/cargo-home" "-e" "RUSTUP_HOME=/opt/rustwide/rustup-home" "-w" "/opt/rustwide/workdir" "-m" "1610612736" "--user" "0:0" "--network" "none" "ghcr.io/rust-lang/crates-build-env/linux@sha256:819108c5571ea2e421544af4d832f968d213c87fbe3707a016657f43d2f853bc" "/opt/rustwide/cargo-home/bin/cargo" "+nightly-2025-01-18" "test" "--frozen", kill_on_drop: false }`
[INFO] [stdout] 1ea3b51edf38a74a19c572cad8a70ef557de8769b4ac964834ed3f8e32bc78e9
[INFO] running `Command { std: "docker" "start" "-a" "1ea3b51edf38a74a19c572cad8a70ef557de8769b4ac964834ed3f8e32bc78e9", kill_on_drop: false }`
[INFO] [stderr] warning: found module declaration for lib.rs
[INFO] [stderr]  --> src/main.rs:1:1
[INFO] [stderr]   |
[INFO] [stderr] 1 | pub mod lib;
[INFO] [stderr]   | ^^^^^^^^^^^^
[INFO] [stderr]   |
[INFO] [stderr]   = note: lib.rs is the root of this crate's library target
[INFO] [stderr]   = help: to refer to it from other targets, use the library's name as the path
[INFO] [stderr]   = note: `#[warn(special_module_name)]` on by default
[INFO] [stderr] 
[INFO] [stderr] warning: unused import: `ptr::null`
[INFO] [stderr]  --> src/lib/sorted_dict.rs:1:38
[INFO] [stderr]   |
[INFO] [stderr] 1 | use std::{cell::RefCell, hash::Hash, ptr::null};
[INFO] [stderr]   |                                      ^^^^^^^^^
[INFO] [stderr]   |
[INFO] [stderr]   = note: `#[warn(unused_imports)]` on by default
[INFO] [stderr] 
[INFO] [stderr] warning: unused import: `LinkedList`
[INFO] [stderr]  --> src/lib/sorted_dict.rs:2:32
[INFO] [stderr]   |
[INFO] [stderr] 2 | use std::collections::{HashMap,LinkedList};
[INFO] [stderr]   |                                ^^^^^^^^^^
[INFO] [stderr] 
[INFO] [stderr] warning: unused import: `std::ptr::null_mut`
[INFO] [stderr]  --> src/lib/sorted_dict.rs:3:5
[INFO] [stderr]   |
[INFO] [stderr] 3 | use std::ptr::null_mut;
[INFO] [stderr]   |     ^^^^^^^^^^^^^^^^^^
[INFO] [stderr] 
[INFO] [stderr] warning: unused variable: `type_str`
[INFO] [stderr]   --> src/lib/commands.rs:48:52
[INFO] [stderr]    |
[INFO] [stderr] 48 | pub fn cat_file<P: Into<PathBuf>>(git_dir_path: P, type_str: &str, target: &str) -> Result<(), CommandError> {
[INFO] [stderr]    |                                                    ^^^^^^^^ help: if this is intentional, prefix it with an underscore: `_type_str`
[INFO] [stderr]    |
[INFO] [stderr]    = note: `#[warn(unused_variables)]` on by default
[INFO] [stderr] 
[INFO] [stderr] warning: unused variable: `object_type`
[INFO] [stderr]   --> src/lib/commands.rs:57:20
[INFO] [stderr]    |
[INFO] [stderr] 57 | pub fn hash_object(object_type: &str, file: &str, repo: &Rc<GitRepository>, write:bool) -> Result<(), CommandError> {
[INFO] [stderr]    |                    ^^^^^^^^^^^ help: if this is intentional, prefix it with an underscore: `_object_type`
[INFO] [stderr] 
[INFO] [stderr] warning: unused variable: `res`
[INFO] [stderr]    --> src/lib/objects/git_object.rs:212:13
[INFO] [stderr]     |
[INFO] [stderr] 212 |         let res = GitObject::from_internal_file("05f01ab76171493c8ab7dc46d0abdbc94ed85372", &test_repo)
[INFO] [stderr]     |             ^^^ help: if this is intentional, prefix it with an underscore: `_res`
[INFO] [stderr] 
[INFO] [stderr] warning: unused variable: `repo`
[INFO] [stderr]   --> src/lib/parsing/decoding.rs:30:31
[INFO] [stderr]    |
[INFO] [stderr] 30 | pub(crate) fn find_object<'a>(repo: &GitRepository, name: &str, fmt: &GitNameFormat, follow: bool) -> Result<String,std::io::Error> {
[INFO] [stderr]    |                               ^^^^ help: if this is intentional, prefix it with an underscore: `_repo`
[INFO] [stderr] 
[INFO] [stderr] warning: unused variable: `name`
[INFO] [stderr]   --> src/lib/parsing/decoding.rs:30:53
[INFO] [stderr]    |
[INFO] [stderr] 30 | pub(crate) fn find_object<'a>(repo: &GitRepository, name: &str, fmt: &GitNameFormat, follow: bool) -> Result<String,std::io::Error> {
[INFO] [stderr]    |                                                     ^^^^ help: if this is intentional, prefix it with an underscore: `_name`
[INFO] [stderr] 
[INFO] [stderr] warning: unused variable: `fmt`
[INFO] [stderr]   --> src/lib/parsing/decoding.rs:30:65
[INFO] [stderr]    |
[INFO] [stderr] 30 | pub(crate) fn find_object<'a>(repo: &GitRepository, name: &str, fmt: &GitNameFormat, follow: bool) -> Result<String,std::io::Error> {
[INFO] [stderr]    |                                                                 ^^^ help: if this is intentional, prefix it with an underscore: `_fmt`
[INFO] [stderr] 
[INFO] [stderr] warning: unused variable: `follow`
[INFO] [stderr]   --> src/lib/parsing/decoding.rs:30:86
[INFO] [stderr]    |
[INFO] [stderr] 30 | pub(crate) fn find_object<'a>(repo: &GitRepository, name: &str, fmt: &GitNameFormat, follow: bool) -> Result<String,std::io::Error> {
[INFO] [stderr]    |                                                                                      ^^^^^^ help: if this is intentional, prefix it with an underscore: `_follow`
[INFO] [stderr] 
[INFO] [stderr] warning: methods `deserialize` and `repo` are never used
[INFO] [stderr]   --> src/lib/objects/git_object.rs:76:12
[INFO] [stderr]    |
[INFO] [stderr] 56 | impl GitObject {
[INFO] [stderr]    | -------------- methods in this implementation
[INFO] [stderr] ...
[INFO] [stderr] 76 |     pub fn deserialize(&mut self, data: Vec<u8>) -> () {
[INFO] [stderr]    |            ^^^^^^^^^^^
[INFO] [stderr] ...
[INFO] [stderr] 91 |     pub fn repo(&self) -> &Rc<GitRepository> {
[INFO] [stderr]    |            ^^^^
[INFO] [stderr]    |
[INFO] [stderr]    = note: `#[warn(dead_code)]` on by default
[INFO] [stderr] 
[INFO] [stderr] warning: method `get` is never used
[INFO] [stderr]   --> src/lib/sorted_dict.rs:45:12
[INFO] [stderr]    |
[INFO] [stderr] 14 | impl <K: Hash + Eq + PartialEq + Clone ,V> OrderedDictionary<K,V>{
[INFO] [stderr]    | ----------------------------------------------------------------- method in this implementation
[INFO] [stderr] ...
[INFO] [stderr] 45 |     pub fn get(&self, key: &K) -> Option<&V> {
[INFO] [stderr]    |            ^^^
[INFO] [stderr] 
[INFO] [stderr] warning: unused `Result` that must be used
[INFO] [stderr]   --> src/lib/commands.rs:41:9
[INFO] [stderr]    |
[INFO] [stderr] 41 |         std::fs::create_dir_all(&git_dir).or(Err(CommandError::Init("Cannot create .git dirctory".to_owned())));
[INFO] [stderr]    |         ^^^^^^^^^^^^^^^^^^^^^^^^^^^^^^^^^^^^^^^^^^^^^^^^^^^^^^^^^^^^^^^^^^^^^^^^^^^^^^^^^^^^^^^^^^^^^^^^^^^^^^^
[INFO] [stderr]    |
[INFO] [stderr]    = note: this `Result` may be an `Err` variant, which should be handled
[INFO] [stderr]    = note: `#[warn(unused_must_use)]` on by default
[INFO] [stderr] help: use `let _ = ...` to ignore the resulting value
[INFO] [stderr]    |
[INFO] [stderr] 41 |         let _ = std::fs::create_dir_all(&git_dir).or(Err(CommandError::Init("Cannot create .git dirctory".to_owned())));
[INFO] [stderr]    |         +++++++
[INFO] [stderr] 
[INFO] [stderr] warning: unused `Result` that must be used
[INFO] [stderr]   --> src/lib/commands.rs:43:9
[INFO] [stderr]    |
[INFO] [stderr] 43 |         config.write(git_dir.join("config").to_str().unwrap());
[INFO] [stderr]    |         ^^^^^^^^^^^^^^^^^^^^^^^^^^^^^^^^^^^^^^^^^^^^^^^^^^^^^^
[INFO] [stderr]    |
[INFO] [stderr]    = note: this `Result` may be an `Err` variant, which should be handled
[INFO] [stderr] help: use `let _ = ...` to ignore the resulting value
[INFO] [stderr]    |
[INFO] [stderr] 43 |         let _ = config.write(git_dir.join("config").to_str().unwrap());
[INFO] [stderr]    |         +++++++
[INFO] [stderr] 
[INFO] [stderr] warning: using `.clone()` on a double reference, which returns `&str` instead of cloning the inner type
[INFO] [stderr]    --> src/lib/sorted_dict.rs:174:28
[INFO] [stderr]     |
[INFO] [stderr] 174 |             test_dict.add(k.clone(), v.clone());
[INFO] [stderr]     |                            ^^^^^^^^
[INFO] [stderr]     |
[INFO] [stderr]     = note: `#[warn(suspicious_double_ref_op)]` on by default
[INFO] [stderr] 
[INFO] [stderr] warning: `wyag` (bin "wyag" test) generated 16 warnings (run `cargo fix --bin "wyag" --tests` to apply 3 suggestions)
[INFO] [stderr]     Finished `test` profile [unoptimized + debuginfo] target(s) in 0.04s
[INFO] [stderr]      Running unittests src/main.rs (/opt/rustwide/target/debug/deps/wyag-ba748ee9d580eae7)
[INFO] [stdout] 
[INFO] [stdout] running 12 tests
[INFO] [stdout] test lib::objects::git_object::tests::hash_an_object ... ok
[INFO] [stdout] test lib::parsing::decoding::tests::parse_data_as_bytes ... ok
[INFO] [stdout] test lib::objects::git_repository::tests::create_repo_path ... ok
[INFO] [stdout] test lib::objects::git_repository::tests::find_repo_in_path ... ok
[INFO] [stdout] test lib::objects::git_repository::tests::create_repo_file ... ok
[INFO] [stdout] test tests::parse_init ... ok
[INFO] [stdout] test lib::commands::tests::create_default_repo ... ok
[INFO] [stdout] test lib::objects::git_repository::tests::create_repo_dir ... ok
[INFO] [stdout] test lib::sorted_dict::tests::creates_ordered_iterator ... ok
[INFO] [stdout] test lib::objects::git_object::tests::read_object_from_bytes ... FAILED
[INFO] [stdout] test lib::objects::git_object::tests::write_an_object ... FAILED
[INFO] [stdout] test lib::commands::tests::hash_a_file ... FAILED
[INFO] [stdout] 
[INFO] [stdout] failures:
[INFO] [stdout] 
[INFO] [stdout] ---- lib::objects::git_object::tests::read_object_from_bytes stdout ----
[INFO] [stdout] 
[INFO] [stdout] thread 'lib::objects::git_object::tests::read_object_from_bytes' panicked at src/lib/objects/git_object.rs:194:54:
[INFO] [stdout] Error opening test file source at /opt/rustwide/workdir/src\test\05\f01ab76171493c8ab7dc46d0abdbc94ed85372: Os { code: 2, kind: NotFound, message: "No such file or directory" }
[INFO] [stdout] stack backtrace:
[INFO] [stdout]    0:     0x60275407e7fa - std::backtrace_rs::backtrace::libunwind::trace::hb059275cfc8d6126
[INFO] [stdout]                                at /rustc/6067b36314ab5eb2eb47cecc464545ba58e1ad24/library/std/src/../../backtrace/src/backtrace/libunwind.rs:116:5
[INFO] [stdout]    1:     0x60275407e7fa - std::backtrace_rs::backtrace::trace_unsynchronized::h2da071e4327ce3ee
[INFO] [stdout]                                at /rustc/6067b36314ab5eb2eb47cecc464545ba58e1ad24/library/std/src/../../backtrace/src/backtrace/mod.rs:66:5
[INFO] [stdout]    2:     0x60275407e7fa - std::sys::backtrace::_print_fmt::h842a1474e6f8d23f
[INFO] [stdout]                                at /rustc/6067b36314ab5eb2eb47cecc464545ba58e1ad24/library/std/src/sys/backtrace.rs:66:9
[INFO] [stdout]    3:     0x60275407e7fa - <std::sys::backtrace::BacktraceLock::print::DisplayBacktrace as core::fmt::Display>::fmt::h71a62eb3b9696b12
[INFO] [stdout]                                at /rustc/6067b36314ab5eb2eb47cecc464545ba58e1ad24/library/std/src/sys/backtrace.rs:39:26
[INFO] [stdout]    4:     0x6027540a9113 - core::fmt::rt::Argument::fmt::hdb6b616786b41dc1
[INFO] [stdout]                                at /rustc/6067b36314ab5eb2eb47cecc464545ba58e1ad24/library/core/src/fmt/rt.rs:177:76
[INFO] [stdout]    5:     0x6027540a9113 - core::fmt::write::h2cc1698af7e2d686
[INFO] [stdout]                                at /rustc/6067b36314ab5eb2eb47cecc464545ba58e1ad24/library/core/src/fmt/mod.rs:1440:21
[INFO] [stdout]    6:     0x60275407aae3 - std::io::Write::write_fmt::hab1b4cd059a79022
[INFO] [stdout]                                at /rustc/6067b36314ab5eb2eb47cecc464545ba58e1ad24/library/std/src/io/mod.rs:1887:15
[INFO] [stdout]    7:     0x60275407e642 - std::sys::backtrace::BacktraceLock::print::h147fe35b4ea13b08
[INFO] [stdout]                                at /rustc/6067b36314ab5eb2eb47cecc464545ba58e1ad24/library/std/src/sys/backtrace.rs:42:9
[INFO] [stdout]    8:     0x60275407fc1f - std::panicking::default_hook::{{closure}}::hbd44223dbdc0d208
[INFO] [stdout]                                at /rustc/6067b36314ab5eb2eb47cecc464545ba58e1ad24/library/std/src/panicking.rs:298:22
[INFO] [stdout]    9:     0x60275407fa38 - std::panicking::default_hook::h20f81eb0576efcec
[INFO] [stdout]                                at /rustc/6067b36314ab5eb2eb47cecc464545ba58e1ad24/library/std/src/panicking.rs:322:9
[INFO] [stdout]   10:     0x602753f413e3 - <alloc::boxed::Box<F,A> as core::ops::function::Fn<Args>>::call::hdb53814c496a4d34
[INFO] [stdout]                                at /rustc/6067b36314ab5eb2eb47cecc464545ba58e1ad24/library/alloc/src/boxed.rs:2027:9
[INFO] [stdout]   11:     0x602753f413e3 - test::test_main::{{closure}}::hc0a4963c59427c24
[INFO] [stdout]                                at /rustc/6067b36314ab5eb2eb47cecc464545ba58e1ad24/library/test/src/lib.rs:134:21
[INFO] [stdout]   12:     0x602754080713 - <alloc::boxed::Box<F,A> as core::ops::function::Fn<Args>>::call::h591b2225413a77e9
[INFO] [stdout]                                at /rustc/6067b36314ab5eb2eb47cecc464545ba58e1ad24/library/alloc/src/boxed.rs:2027:9
[INFO] [stdout]   13:     0x602754080713 - std::panicking::rust_panic_with_hook::h625eea43051b2edc
[INFO] [stdout]                                at /rustc/6067b36314ab5eb2eb47cecc464545ba58e1ad24/library/std/src/panicking.rs:839:13
[INFO] [stdout]   14:     0x6027540803ca - std::panicking::begin_panic_handler::{{closure}}::h4f9159cfbc3f6bd3
[INFO] [stdout]                                at /rustc/6067b36314ab5eb2eb47cecc464545ba58e1ad24/library/std/src/panicking.rs:704:13
[INFO] [stdout]   15:     0x60275407ecf9 - std::sys::backtrace::__rust_end_short_backtrace::h0390abce48353151
[INFO] [stdout]                                at /rustc/6067b36314ab5eb2eb47cecc464545ba58e1ad24/library/std/src/sys/backtrace.rs:168:18
[INFO] [stdout]   16:     0x60275408005d - rust_begin_unwind
[INFO] [stdout]                                at /rustc/6067b36314ab5eb2eb47cecc464545ba58e1ad24/library/std/src/panicking.rs:695:5
[INFO] [stdout]   17:     0x6027540a7b20 - core::panicking::panic_fmt::h9e7c637e9e5f29c9
[INFO] [stdout]                                at /rustc/6067b36314ab5eb2eb47cecc464545ba58e1ad24/library/core/src/panicking.rs:75:14
[INFO] [stdout]   18:     0x6027540a7f66 - core::result::unwrap_failed::h7979f09313fe1849
[INFO] [stdout]                                at /rustc/6067b36314ab5eb2eb47cecc464545ba58e1ad24/library/core/src/result.rs:1704:5
[INFO] [stdout]   19:     0x602753ee9f4d - core::result::Result<T,E>::expect::h9743488a1d1cb0d2
[INFO] [stdout]                                at /rustc/6067b36314ab5eb2eb47cecc464545ba58e1ad24/library/core/src/result.rs:1061:23
[INFO] [stdout]   20:     0x602753ef705b - wyag::lib::objects::git_object::tests::read_object_from_bytes::hc41914bb5ed03fd4
[INFO] [stdout]                                at /opt/rustwide/workdir/src/lib/objects/git_object.rs:194:23
[INFO] [stdout]   21:     0x602753ef6987 - wyag::lib::objects::git_object::tests::read_object_from_bytes::{{closure}}::hd753d025c717a757
[INFO] [stdout]                                at /opt/rustwide/workdir/src/lib/objects/git_object.rs:182:32
[INFO] [stdout]   22:     0x602753ee45e6 - core::ops::function::FnOnce::call_once::h22081ff68ca0a752
[INFO] [stdout]                                at /rustc/6067b36314ab5eb2eb47cecc464545ba58e1ad24/library/core/src/ops/function.rs:250:5
[INFO] [stdout]   23:     0x602753f46b3b - core::ops::function::FnOnce::call_once::he27718dfdd183f43
[INFO] [stdout]                                at /rustc/6067b36314ab5eb2eb47cecc464545ba58e1ad24/library/core/src/ops/function.rs:250:5
[INFO] [stdout]   24:     0x602753f46b3b - test::__rust_begin_short_backtrace::h4e84902998457a5d
[INFO] [stdout]                                at /rustc/6067b36314ab5eb2eb47cecc464545ba58e1ad24/library/test/src/lib.rs:632:18
[INFO] [stdout]   25:     0x602753f45a73 - test::run_test_in_process::{{closure}}::h7176fd18fc1feca0
[INFO] [stdout]                                at /rustc/6067b36314ab5eb2eb47cecc464545ba58e1ad24/library/test/src/lib.rs:655:60
[INFO] [stdout]   26:     0x602753f45a73 - <core::panic::unwind_safe::AssertUnwindSafe<F> as core::ops::function::FnOnce<()>>::call_once::hf79cff2a624d8cf7
[INFO] [stdout]                                at /rustc/6067b36314ab5eb2eb47cecc464545ba58e1ad24/library/core/src/panic/unwind_safe.rs:272:9
[INFO] [stdout]   27:     0x602753f45a73 - std::panicking::try::do_call::h3da0561d9ab99c25
[INFO] [stdout]                                at /rustc/6067b36314ab5eb2eb47cecc464545ba58e1ad24/library/std/src/panicking.rs:587:40
[INFO] [stdout]   28:     0x602753f45a73 - std::panicking::try::h41c9fa508bc61df6
[INFO] [stdout]                                at /rustc/6067b36314ab5eb2eb47cecc464545ba58e1ad24/library/std/src/panicking.rs:550:19
[INFO] [stdout]   29:     0x602753f45a73 - std::panic::catch_unwind::h6b3ff07bb5afad93
[INFO] [stdout]                                at /rustc/6067b36314ab5eb2eb47cecc464545ba58e1ad24/library/std/src/panic.rs:358:14
[INFO] [stdout]   30:     0x602753f45a73 - test::run_test_in_process::hc7253dd11b39b9f4
[INFO] [stdout]                                at /rustc/6067b36314ab5eb2eb47cecc464545ba58e1ad24/library/test/src/lib.rs:655:27
[INFO] [stdout]   31:     0x602753f45a73 - test::run_test::{{closure}}::hfb2007f8649c30bb
[INFO] [stdout]                                at /rustc/6067b36314ab5eb2eb47cecc464545ba58e1ad24/library/test/src/lib.rs:576:43
[INFO] [stderr] error: test failed, to rerun pass `--bin wyag`
[INFO] [stdout]   32:     0x602753f08b55 - test::run_test::{{closure}}::h56a17aa7a282a9f4
[INFO] [stdout]                                at /rustc/6067b36314ab5eb2eb47cecc464545ba58e1ad24/library/test/src/lib.rs:606:41
[INFO] [stdout]   33:     0x602753f08b55 - std::sys::backtrace::__rust_begin_short_backtrace::hd2d2d2fb8e8c6aac
[INFO] [stdout]                                at /rustc/6067b36314ab5eb2eb47cecc464545ba58e1ad24/library/std/src/sys/backtrace.rs:152:18
[INFO] [stdout]   34:     0x602753f0c43a - std::thread::Builder::spawn_unchecked_::{{closure}}::{{closure}}::h4faa3f9db6133423
[INFO] [stdout]                                at /rustc/6067b36314ab5eb2eb47cecc464545ba58e1ad24/library/std/src/thread/mod.rs:559:17
[INFO] [stdout]   35:     0x602753f0c43a - <core::panic::unwind_safe::AssertUnwindSafe<F> as core::ops::function::FnOnce<()>>::call_once::hf2e855a36a4ea846
[INFO] [stdout]                                at /rustc/6067b36314ab5eb2eb47cecc464545ba58e1ad24/library/core/src/panic/unwind_safe.rs:272:9
[INFO] [stdout]   36:     0x602753f0c43a - std::panicking::try::do_call::h2f73af3616c35465
[INFO] [stdout]                                at /rustc/6067b36314ab5eb2eb47cecc464545ba58e1ad24/library/std/src/panicking.rs:587:40
[INFO] [stdout]   37:     0x602753f0c43a - std::panicking::try::hd1660ce9efadef5a
[INFO] [stdout]                                at /rustc/6067b36314ab5eb2eb47cecc464545ba58e1ad24/library/std/src/panicking.rs:550:19
[INFO] [stdout]   38:     0x602753f0c43a - std::panic::catch_unwind::h5ee8d7823b8ca744
[INFO] [stdout]                                at /rustc/6067b36314ab5eb2eb47cecc464545ba58e1ad24/library/std/src/panic.rs:358:14
[INFO] [stdout]   39:     0x602753f0c43a - std::thread::Builder::spawn_unchecked_::{{closure}}::h53c3a1894dce8407
[INFO] [stdout]                                at /rustc/6067b36314ab5eb2eb47cecc464545ba58e1ad24/library/std/src/thread/mod.rs:557:30
[INFO] [stdout]   40:     0x602753f0c43a - core::ops::function::FnOnce::call_once{{vtable.shim}}::h048ce291ad4f62bf
[INFO] [stdout]                                at /rustc/6067b36314ab5eb2eb47cecc464545ba58e1ad24/library/core/src/ops/function.rs:250:5
[INFO] [stdout]   41:     0x6027540857eb - <alloc::boxed::Box<F,A> as core::ops::function::FnOnce<Args>>::call_once::ha52bedf99a3b4981
[INFO] [stdout]                                at /rustc/6067b36314ab5eb2eb47cecc464545ba58e1ad24/library/alloc/src/boxed.rs:2013:9
[INFO] [stdout]   42:     0x6027540857eb - <alloc::boxed::Box<F,A> as core::ops::function::FnOnce<Args>>::call_once::h567748934d80ccf8
[INFO] [stdout]                                at /rustc/6067b36314ab5eb2eb47cecc464545ba58e1ad24/library/alloc/src/boxed.rs:2013:9
[INFO] [stdout]   43:     0x6027540857eb - std::sys::pal::unix::thread::Thread::new::thread_start::h2d970728ae887adc
[INFO] [stdout]                                at /rustc/6067b36314ab5eb2eb47cecc464545ba58e1ad24/library/std/src/sys/pal/unix/thread.rs:106:17
[INFO] [stdout]   44:     0x763e1b17fac3 - <unknown>
[INFO] [stdout]   45:     0x763e1b210a04 - clone
[INFO] [stdout]   46:                0x0 - <unknown>
[INFO] [stdout] 
[INFO] [stdout] ---- lib::objects::git_object::tests::write_an_object stdout ----
[INFO] [stdout] 
[INFO] [stdout] thread 'lib::objects::git_object::tests::write_an_object' panicked at src/lib/objects/git_object.rs:241:34:
[INFO] [stdout] Error writing hashed object: FileIo(Os { code: 2, kind: NotFound, message: "No such file or directory" })
[INFO] [stdout] stack backtrace:
[INFO] [stdout]    0:     0x60275407e7fa - std::backtrace_rs::backtrace::libunwind::trace::hb059275cfc8d6126
[INFO] [stdout]                                at /rustc/6067b36314ab5eb2eb47cecc464545ba58e1ad24/library/std/src/../../backtrace/src/backtrace/libunwind.rs:116:5
[INFO] [stdout]    1:     0x60275407e7fa - std::backtrace_rs::backtrace::trace_unsynchronized::h2da071e4327ce3ee
[INFO] [stdout]                                at /rustc/6067b36314ab5eb2eb47cecc464545ba58e1ad24/library/std/src/../../backtrace/src/backtrace/mod.rs:66:5
[INFO] [stdout]    2:     0x60275407e7fa - std::sys::backtrace::_print_fmt::h842a1474e6f8d23f
[INFO] [stdout]                                at /rustc/6067b36314ab5eb2eb47cecc464545ba58e1ad24/library/std/src/sys/backtrace.rs:66:9
[INFO] [stdout]    3:     0x60275407e7fa - <std::sys::backtrace::BacktraceLock::print::DisplayBacktrace as core::fmt::Display>::fmt::h71a62eb3b9696b12
[INFO] [stdout]                                at /rustc/6067b36314ab5eb2eb47cecc464545ba58e1ad24/library/std/src/sys/backtrace.rs:39:26
[INFO] [stdout]    4:     0x6027540a9113 - core::fmt::rt::Argument::fmt::hdb6b616786b41dc1
[INFO] [stdout]                                at /rustc/6067b36314ab5eb2eb47cecc464545ba58e1ad24/library/core/src/fmt/rt.rs:177:76
[INFO] [stdout]    5:     0x6027540a9113 - core::fmt::write::h2cc1698af7e2d686
[INFO] [stdout]                                at /rustc/6067b36314ab5eb2eb47cecc464545ba58e1ad24/library/core/src/fmt/mod.rs:1440:21
[INFO] [stdout]    6:     0x60275407aae3 - std::io::Write::write_fmt::hab1b4cd059a79022
[INFO] [stdout]                                at /rustc/6067b36314ab5eb2eb47cecc464545ba58e1ad24/library/std/src/io/mod.rs:1887:15
[INFO] [stdout]    7:     0x60275407e642 - std::sys::backtrace::BacktraceLock::print::h147fe35b4ea13b08
[INFO] [stdout]                                at /rustc/6067b36314ab5eb2eb47cecc464545ba58e1ad24/library/std/src/sys/backtrace.rs:42:9
[INFO] [stdout]    8:     0x60275407fc1f - std::panicking::default_hook::{{closure}}::hbd44223dbdc0d208
[INFO] [stdout]                                at /rustc/6067b36314ab5eb2eb47cecc464545ba58e1ad24/library/std/src/panicking.rs:298:22
[INFO] [stdout]    9:     0x60275407fa38 - std::panicking::default_hook::h20f81eb0576efcec
[INFO] [stdout]                                at /rustc/6067b36314ab5eb2eb47cecc464545ba58e1ad24/library/std/src/panicking.rs:322:9
[INFO] [stdout]   10:     0x602753f413e3 - <alloc::boxed::Box<F,A> as core::ops::function::Fn<Args>>::call::hdb53814c496a4d34
[INFO] [stdout]                                at /rustc/6067b36314ab5eb2eb47cecc464545ba58e1ad24/library/alloc/src/boxed.rs:2027:9
[INFO] [stdout]   11:     0x602753f413e3 - test::test_main::{{closure}}::hc0a4963c59427c24
[INFO] [stdout]                                at /rustc/6067b36314ab5eb2eb47cecc464545ba58e1ad24/library/test/src/lib.rs:134:21
[INFO] [stdout]   12:     0x602754080713 - <alloc::boxed::Box<F,A> as core::ops::function::Fn<Args>>::call::h591b2225413a77e9
[INFO] [stdout]                                at /rustc/6067b36314ab5eb2eb47cecc464545ba58e1ad24/library/alloc/src/boxed.rs:2027:9
[INFO] [stdout]   13:     0x602754080713 - std::panicking::rust_panic_with_hook::h625eea43051b2edc
[INFO] [stdout]                                at /rustc/6067b36314ab5eb2eb47cecc464545ba58e1ad24/library/std/src/panicking.rs:839:13
[INFO] [stdout]   14:     0x6027540803ca - std::panicking::begin_panic_handler::{{closure}}::h4f9159cfbc3f6bd3
[INFO] [stdout]                                at /rustc/6067b36314ab5eb2eb47cecc464545ba58e1ad24/library/std/src/panicking.rs:704:13
[INFO] [stdout]   15:     0x60275407ecf9 - std::sys::backtrace::__rust_end_short_backtrace::h0390abce48353151
[INFO] [stdout]                                at /rustc/6067b36314ab5eb2eb47cecc464545ba58e1ad24/library/std/src/sys/backtrace.rs:168:18
[INFO] [stdout]   16:     0x60275408005d - rust_begin_unwind
[INFO] [stdout]                                at /rustc/6067b36314ab5eb2eb47cecc464545ba58e1ad24/library/std/src/panicking.rs:695:5
[INFO] [stdout]   17:     0x6027540a7b20 - core::panicking::panic_fmt::h9e7c637e9e5f29c9
[INFO] [stdout]                                at /rustc/6067b36314ab5eb2eb47cecc464545ba58e1ad24/library/core/src/panicking.rs:75:14
[INFO] [stdout]   18:     0x6027540a7f66 - core::result::unwrap_failed::h7979f09313fe1849
[INFO] [stdout]                                at /rustc/6067b36314ab5eb2eb47cecc464545ba58e1ad24/library/core/src/result.rs:1704:5
[INFO] [stdout]   19:     0x602753ee99ed - core::result::Result<T,E>::expect::h11eb7c7674debb60
[INFO] [stdout]                                at /rustc/6067b36314ab5eb2eb47cecc464545ba58e1ad24/library/core/src/result.rs:1061:23
[INFO] [stdout]   20:     0x602753ef7a0a - wyag::lib::objects::git_object::tests::write_an_object::h082c54e39b8cfe01
[INFO] [stdout]                                at /opt/rustwide/workdir/src/lib/objects/git_object.rs:241:9
[INFO] [stdout]   21:     0x602753ef7437 - wyag::lib::objects::git_object::tests::write_an_object::{{closure}}::h8e21217c7e95639e
[INFO] [stdout]                                at /opt/rustwide/workdir/src/lib/objects/git_object.rs:218:25
[INFO] [stdout]   22:     0x602753ee46c6 - core::ops::function::FnOnce::call_once::h3d58414267deeebd
[INFO] [stdout]                                at /rustc/6067b36314ab5eb2eb47cecc464545ba58e1ad24/library/core/src/ops/function.rs:250:5
[INFO] [stdout]   23:     0x602753f46b3b - core::ops::function::FnOnce::call_once::he27718dfdd183f43
[INFO] [stdout]                                at /rustc/6067b36314ab5eb2eb47cecc464545ba58e1ad24/library/core/src/ops/function.rs:250:5
[INFO] [stdout]   24:     0x602753f46b3b - test::__rust_begin_short_backtrace::h4e84902998457a5d
[INFO] [stdout]                                at /rustc/6067b36314ab5eb2eb47cecc464545ba58e1ad24/library/test/src/lib.rs:632:18
[INFO] [stdout]   25:     0x602753f45a73 - test::run_test_in_process::{{closure}}::h7176fd18fc1feca0
[INFO] [stdout]                                at /rustc/6067b36314ab5eb2eb47cecc464545ba58e1ad24/library/test/src/lib.rs:655:60
[INFO] [stdout]   26:     0x602753f45a73 - <core::panic::unwind_safe::AssertUnwindSafe<F> as core::ops::function::FnOnce<()>>::call_once::hf79cff2a624d8cf7
[INFO] [stdout]                                at /rustc/6067b36314ab5eb2eb47cecc464545ba58e1ad24/library/core/src/panic/unwind_safe.rs:272:9
[INFO] [stdout]   27:     0x602753f45a73 - std::panicking::try::do_call::h3da0561d9ab99c25
[INFO] [stdout]                                at /rustc/6067b36314ab5eb2eb47cecc464545ba58e1ad24/library/std/src/panicking.rs:587:40
[INFO] [stdout]   28:     0x602753f45a73 - std::panicking::try::h41c9fa508bc61df6
[INFO] [stdout]                                at /rustc/6067b36314ab5eb2eb47cecc464545ba58e1ad24/library/std/src/panicking.rs:550:19
[INFO] [stdout]   29:     0x602753f45a73 - std::panic::catch_unwind::h6b3ff07bb5afad93
[INFO] [stdout]                                at /rustc/6067b36314ab5eb2eb47cecc464545ba58e1ad24/library/std/src/panic.rs:358:14
[INFO] [stdout]   30:     0x602753f45a73 - test::run_test_in_process::hc7253dd11b39b9f4
[INFO] [stdout]                                at /rustc/6067b36314ab5eb2eb47cecc464545ba58e1ad24/library/test/src/lib.rs:655:27
[INFO] [stdout]   31:     0x602753f45a73 - test::run_test::{{closure}}::hfb2007f8649c30bb
[INFO] [stdout]                                at /rustc/6067b36314ab5eb2eb47cecc464545ba58e1ad24/library/test/src/lib.rs:576:43
[INFO] [stdout]   32:     0x602753f08b55 - test::run_test::{{closure}}::h56a17aa7a282a9f4
[INFO] [stdout]                                at /rustc/6067b36314ab5eb2eb47cecc464545ba58e1ad24/library/test/src/lib.rs:606:41
[INFO] [stdout]   33:     0x602753f08b55 - std::sys::backtrace::__rust_begin_short_backtrace::hd2d2d2fb8e8c6aac
[INFO] [stdout]                                at /rustc/6067b36314ab5eb2eb47cecc464545ba58e1ad24/library/std/src/sys/backtrace.rs:152:18
[INFO] [stdout]   34:     0x602753f0c43a - std::thread::Builder::spawn_unchecked_::{{closure}}::{{closure}}::h4faa3f9db6133423
[INFO] [stdout]                                at /rustc/6067b36314ab5eb2eb47cecc464545ba58e1ad24/library/std/src/thread/mod.rs:559:17
[INFO] [stdout]   35:     0x602753f0c43a - <core::panic::unwind_safe::AssertUnwindSafe<F> as core::ops::function::FnOnce<()>>::call_once::hf2e855a36a4ea846
[INFO] [stdout]                                at /rustc/6067b36314ab5eb2eb47cecc464545ba58e1ad24/library/core/src/panic/unwind_safe.rs:272:9
[INFO] [stdout]   36:     0x602753f0c43a - std::panicking::try::do_call::h2f73af3616c35465
[INFO] [stdout]                                at /rustc/6067b36314ab5eb2eb47cecc464545ba58e1ad24/library/std/src/panicking.rs:587:40
[INFO] [stdout]   37:     0x602753f0c43a - std::panicking::try::hd1660ce9efadef5a
[INFO] [stdout]                                at /rustc/6067b36314ab5eb2eb47cecc464545ba58e1ad24/library/std/src/panicking.rs:550:19
[INFO] [stdout]   38:     0x602753f0c43a - std::panic::catch_unwind::h5ee8d7823b8ca744
[INFO] [stdout]                                at /rustc/6067b36314ab5eb2eb47cecc464545ba58e1ad24/library/std/src/panic.rs:358:14
[INFO] [stdout]   39:     0x602753f0c43a - std::thread::Builder::spawn_unchecked_::{{closure}}::h53c3a1894dce8407
[INFO] [stdout]                                at /rustc/6067b36314ab5eb2eb47cecc464545ba58e1ad24/library/std/src/thread/mod.rs:557:30
[INFO] [stdout]   40:     0x602753f0c43a - core::ops::function::FnOnce::call_once{{vtable.shim}}::h048ce291ad4f62bf
[INFO] [stdout]                                at /rustc/6067b36314ab5eb2eb47cecc464545ba58e1ad24/library/core/src/ops/function.rs:250:5
[INFO] [stdout]   41:     0x6027540857eb - <alloc::boxed::Box<F,A> as core::ops::function::FnOnce<Args>>::call_once::ha52bedf99a3b4981
[INFO] [stdout]                                at /rustc/6067b36314ab5eb2eb47cecc464545ba58e1ad24/library/alloc/src/boxed.rs:2013:9
[INFO] [stdout]   42:     0x6027540857eb - <alloc::boxed::Box<F,A> as core::ops::function::FnOnce<Args>>::call_once::h567748934d80ccf8
[INFO] [stdout]                                at /rustc/6067b36314ab5eb2eb47cecc464545ba58e1ad24/library/alloc/src/boxed.rs:2013:9
[INFO] [stdout]   43:     0x6027540857eb - std::sys::pal::unix::thread::Thread::new::thread_start::h2d970728ae887adc
[INFO] [stdout]                                at /rustc/6067b36314ab5eb2eb47cecc464545ba58e1ad24/library/std/src/sys/pal/unix/thread.rs:106:17
[INFO] [stdout]   44:     0x763e1b17fac3 - <unknown>
[INFO] [stdout]   45:     0x763e1b210a04 - clone
[INFO] [stdout]   46:                0x0 - <unknown>
[INFO] [stdout] 
[INFO] [stdout] ---- lib::commands::tests::hash_a_file stdout ----
[INFO] [stdout] 
[INFO] [stdout] thread 'lib::commands::tests::hash_a_file' panicked at src/lib/commands.rs:98:25:
[INFO] [stdout] Error hashing object: Object(FileIo(Os { code: 2, kind: NotFound, message: "No such file or directory" }))
[INFO] [stdout] stack backtrace:
[INFO] [stdout]    0:     0x60275407e7fa - std::backtrace_rs::backtrace::libunwind::trace::hb059275cfc8d6126
[INFO] [stdout]                                at /rustc/6067b36314ab5eb2eb47cecc464545ba58e1ad24/library/std/src/../../backtrace/src/backtrace/libunwind.rs:116:5
[INFO] [stdout]    1:     0x60275407e7fa - std::backtrace_rs::backtrace::trace_unsynchronized::h2da071e4327ce3ee
[INFO] [stdout]                                at /rustc/6067b36314ab5eb2eb47cecc464545ba58e1ad24/library/std/src/../../backtrace/src/backtrace/mod.rs:66:5
[INFO] [stdout]    2:     0x60275407e7fa - std::sys::backtrace::_print_fmt::h842a1474e6f8d23f
[INFO] [stdout]                                at /rustc/6067b36314ab5eb2eb47cecc464545ba58e1ad24/library/std/src/sys/backtrace.rs:66:9
[INFO] [stdout]    3:     0x60275407e7fa - <std::sys::backtrace::BacktraceLock::print::DisplayBacktrace as core::fmt::Display>::fmt::h71a62eb3b9696b12
[INFO] [stdout]                                at /rustc/6067b36314ab5eb2eb47cecc464545ba58e1ad24/library/std/src/sys/backtrace.rs:39:26
[INFO] [stdout]    4:     0x6027540a9113 - core::fmt::rt::Argument::fmt::hdb6b616786b41dc1
[INFO] [stdout]                                at /rustc/6067b36314ab5eb2eb47cecc464545ba58e1ad24/library/core/src/fmt/rt.rs:177:76
[INFO] [stdout]    5:     0x6027540a9113 - core::fmt::write::h2cc1698af7e2d686
[INFO] [stdout]                                at /rustc/6067b36314ab5eb2eb47cecc464545ba58e1ad24/library/core/src/fmt/mod.rs:1440:21
[INFO] [stdout]    6:     0x60275407aae3 - std::io::Write::write_fmt::hab1b4cd059a79022
[INFO] [stdout]                                at /rustc/6067b36314ab5eb2eb47cecc464545ba58e1ad24/library/std/src/io/mod.rs:1887:15
[INFO] [stdout]    7:     0x60275407e642 - std::sys::backtrace::BacktraceLock::print::h147fe35b4ea13b08
[INFO] [stdout]                                at /rustc/6067b36314ab5eb2eb47cecc464545ba58e1ad24/library/std/src/sys/backtrace.rs:42:9
[INFO] [stdout]    8:     0x60275407fc1f - std::panicking::default_hook::{{closure}}::hbd44223dbdc0d208
[INFO] [stdout]                                at /rustc/6067b36314ab5eb2eb47cecc464545ba58e1ad24/library/std/src/panicking.rs:298:22
[INFO] [stdout]    9:     0x60275407fa38 - std::panicking::default_hook::h20f81eb0576efcec
[INFO] [stdout]                                at /rustc/6067b36314ab5eb2eb47cecc464545ba58e1ad24/library/std/src/panicking.rs:322:9
[INFO] [stdout]   10:     0x602753f413e3 - <alloc::boxed::Box<F,A> as core::ops::function::Fn<Args>>::call::hdb53814c496a4d34
[INFO] [stdout]                                at /rustc/6067b36314ab5eb2eb47cecc464545ba58e1ad24/library/alloc/src/boxed.rs:2027:9
[INFO] [stdout]   11:     0x602753f413e3 - test::test_main::{{closure}}::hc0a4963c59427c24
[INFO] [stdout]                                at /rustc/6067b36314ab5eb2eb47cecc464545ba58e1ad24/library/test/src/lib.rs:134:21
[INFO] [stdout]   12:     0x602754080713 - <alloc::boxed::Box<F,A> as core::ops::function::Fn<Args>>::call::h591b2225413a77e9
[INFO] [stdout]                                at /rustc/6067b36314ab5eb2eb47cecc464545ba58e1ad24/library/alloc/src/boxed.rs:2027:9
[INFO] [stdout]   13:     0x602754080713 - std::panicking::rust_panic_with_hook::h625eea43051b2edc
[INFO] [stdout]                                at /rustc/6067b36314ab5eb2eb47cecc464545ba58e1ad24/library/std/src/panicking.rs:839:13
[INFO] [stdout]   14:     0x6027540803ca - std::panicking::begin_panic_handler::{{closure}}::h4f9159cfbc3f6bd3
[INFO] [stdout]                                at /rustc/6067b36314ab5eb2eb47cecc464545ba58e1ad24/library/std/src/panicking.rs:704:13
[INFO] [stdout]   15:     0x60275407ecf9 - std::sys::backtrace::__rust_end_short_backtrace::h0390abce48353151
[INFO] [stdout]                                at /rustc/6067b36314ab5eb2eb47cecc464545ba58e1ad24/library/std/src/sys/backtrace.rs:168:18
[INFO] [stdout]   16:     0x60275408005d - rust_begin_unwind
[INFO] [stdout]                                at /rustc/6067b36314ab5eb2eb47cecc464545ba58e1ad24/library/std/src/panicking.rs:695:5
[INFO] [stdout]   17:     0x6027540a7b20 - core::panicking::panic_fmt::h9e7c637e9e5f29c9
[INFO] [stdout]                                at /rustc/6067b36314ab5eb2eb47cecc464545ba58e1ad24/library/core/src/panicking.rs:75:14
[INFO] [stdout]   18:     0x602753ef29f7 - wyag::lib::commands::tests::hash_a_file::h4a6a2d6f78a986aa
[INFO] [stdout]                                at /opt/rustwide/workdir/src/lib/commands.rs:98:25
[INFO] [stdout]   19:     0x602753ef2427 - wyag::lib::commands::tests::hash_a_file::{{closure}}::h2a73f3f0f4478742
[INFO] [stdout]                                at /opt/rustwide/workdir/src/lib/commands.rs:85:21
[INFO] [stdout]   20:     0x602753ee4706 - core::ops::function::FnOnce::call_once::h6423cc9c81d38d81
[INFO] [stdout]                                at /rustc/6067b36314ab5eb2eb47cecc464545ba58e1ad24/library/core/src/ops/function.rs:250:5
[INFO] [stdout]   21:     0x602753f46b3b - core::ops::function::FnOnce::call_once::he27718dfdd183f43
[INFO] [stdout]                                at /rustc/6067b36314ab5eb2eb47cecc464545ba58e1ad24/library/core/src/ops/function.rs:250:5
[INFO] [stdout]   22:     0x602753f46b3b - test::__rust_begin_short_backtrace::h4e84902998457a5d
[INFO] [stdout]                                at /rustc/6067b36314ab5eb2eb47cecc464545ba58e1ad24/library/test/src/lib.rs:632:18
[INFO] [stdout]   23:     0x602753f45a73 - test::run_test_in_process::{{closure}}::h7176fd18fc1feca0
[INFO] [stdout]                                at /rustc/6067b36314ab5eb2eb47cecc464545ba58e1ad24/library/test/src/lib.rs:655:60
[INFO] [stdout]   24:     0x602753f45a73 - <core::panic::unwind_safe::AssertUnwindSafe<F> as core::ops::function::FnOnce<()>>::call_once::hf79cff2a624d8cf7
[INFO] [stdout]                                at /rustc/6067b36314ab5eb2eb47cecc464545ba58e1ad24/library/core/src/panic/unwind_safe.rs:272:9
[INFO] [stdout]   25:     0x602753f45a73 - std::panicking::try::do_call::h3da0561d9ab99c25
[INFO] [stdout]                                at /rustc/6067b36314ab5eb2eb47cecc464545ba58e1ad24/library/std/src/panicking.rs:587:40
[INFO] [stdout]   26:     0x602753f45a73 - std::panicking::try::h41c9fa508bc61df6
[INFO] [stdout]                                at /rustc/6067b36314ab5eb2eb47cecc464545ba58e1ad24/library/std/src/panicking.rs:550:19
[INFO] [stdout]   27:     0x602753f45a73 - std::panic::catch_unwind::h6b3ff07bb5afad93
[INFO] [stdout]                                at /rustc/6067b36314ab5eb2eb47cecc464545ba58e1ad24/library/std/src/panic.rs:358:14
[INFO] [stdout]   28:     0x602753f45a73 - test::run_test_in_process::hc7253dd11b39b9f4
[INFO] [stdout]                                at /rustc/6067b36314ab5eb2eb47cecc464545ba58e1ad24/library/test/src/lib.rs:655:27
[INFO] [stdout]   29:     0x602753f45a73 - test::run_test::{{closure}}::hfb2007f8649c30bb
[INFO] [stdout]                                at /rustc/6067b36314ab5eb2eb47cecc464545ba58e1ad24/library/test/src/lib.rs:576:43
[INFO] [stdout]   30:     0x602753f08b55 - test::run_test::{{closure}}::h56a17aa7a282a9f4
[INFO] [stdout]                                at /rustc/6067b36314ab5eb2eb47cecc464545ba58e1ad24/library/test/src/lib.rs:606:41
[INFO] [stdout]   31:     0x602753f08b55 - std::sys::backtrace::__rust_begin_short_backtrace::hd2d2d2fb8e8c6aac
[INFO] [stdout]                                at /rustc/6067b36314ab5eb2eb47cecc464545ba58e1ad24/library/std/src/sys/backtrace.rs:152:18
[INFO] [stdout]   32:     0x602753f0c43a - std::thread::Builder::spawn_unchecked_::{{closure}}::{{closure}}::h4faa3f9db6133423
[INFO] [stdout]                                at /rustc/6067b36314ab5eb2eb47cecc464545ba58e1ad24/library/std/src/thread/mod.rs:559:17
[INFO] [stdout]   33:     0x602753f0c43a - <core::panic::unwind_safe::AssertUnwindSafe<F> as core::ops::function::FnOnce<()>>::call_once::hf2e855a36a4ea846
[INFO] [stdout]                                at /rustc/6067b36314ab5eb2eb47cecc464545ba58e1ad24/library/core/src/panic/unwind_safe.rs:272:9
[INFO] [stdout]   34:     0x602753f0c43a - std::panicking::try::do_call::h2f73af3616c35465
[INFO] [stdout]                                at /rustc/6067b36314ab5eb2eb47cecc464545ba58e1ad24/library/std/src/panicking.rs:587:40
[INFO] [stdout]   35:     0x602753f0c43a - std::panicking::try::hd1660ce9efadef5a
[INFO] [stdout]                                at /rustc/6067b36314ab5eb2eb47cecc464545ba58e1ad24/library/std/src/panicking.rs:550:19
[INFO] [stdout]   36:     0x602753f0c43a - std::panic::catch_unwind::h5ee8d7823b8ca744
[INFO] [stdout]                                at /rustc/6067b36314ab5eb2eb47cecc464545ba58e1ad24/library/std/src/panic.rs:358:14
[INFO] [stdout]   37:     0x602753f0c43a - std::thread::Builder::spawn_unchecked_::{{closure}}::h53c3a1894dce8407
[INFO] [stdout]                                at /rustc/6067b36314ab5eb2eb47cecc464545ba58e1ad24/library/std/src/thread/mod.rs:557:30
[INFO] [stdout]   38:     0x602753f0c43a - core::ops::function::FnOnce::call_once{{vtable.shim}}::h048ce291ad4f62bf
[INFO] [stdout]                                at /rustc/6067b36314ab5eb2eb47cecc464545ba58e1ad24/library/core/src/ops/function.rs:250:5
[INFO] [stdout]   39:     0x6027540857eb - <alloc::boxed::Box<F,A> as core::ops::function::FnOnce<Args>>::call_once::ha52bedf99a3b4981
[INFO] [stdout]                                at /rustc/6067b36314ab5eb2eb47cecc464545ba58e1ad24/library/alloc/src/boxed.rs:2013:9
[INFO] [stdout]   40:     0x6027540857eb - <alloc::boxed::Box<F,A> as core::ops::function::FnOnce<Args>>::call_once::h567748934d80ccf8
[INFO] [stdout]                                at /rustc/6067b36314ab5eb2eb47cecc464545ba58e1ad24/library/alloc/src/boxed.rs:2013:9
[INFO] [stdout]   41:     0x6027540857eb - std::sys::pal::unix::thread::Thread::new::thread_start::h2d970728ae887adc
[INFO] [stdout]                                at /rustc/6067b36314ab5eb2eb47cecc464545ba58e1ad24/library/std/src/sys/pal/unix/thread.rs:106:17
[INFO] [stdout]   42:     0x763e1b17fac3 - <unknown>
[INFO] [stdout]   43:     0x763e1b210a04 - clone
[INFO] [stdout]   44:                0x0 - <unknown>
[INFO] [stdout] 
[INFO] [stdout] 
[INFO] [stdout] failures:
[INFO] [stdout]     lib::commands::tests::hash_a_file
[INFO] [stdout]     lib::objects::git_object::tests::read_object_from_bytes
[INFO] [stdout]     lib::objects::git_object::tests::write_an_object
[INFO] [stdout] 
[INFO] [stdout] test result: FAILED. 9 passed; 3 failed; 0 ignored; 0 measured; 0 filtered out; finished in 0.05s
[INFO] [stdout] 
[INFO] running `Command { std: "docker" "inspect" "1ea3b51edf38a74a19c572cad8a70ef557de8769b4ac964834ed3f8e32bc78e9", kill_on_drop: false }`
[INFO] running `Command { std: "docker" "rm" "-f" "1ea3b51edf38a74a19c572cad8a70ef557de8769b4ac964834ed3f8e32bc78e9", kill_on_drop: false }`
[INFO] [stdout] 1ea3b51edf38a74a19c572cad8a70ef557de8769b4ac964834ed3f8e32bc78e9
