[INFO] cloning repository https://github.com/JonWatkins/suika
[INFO] running `Command { std: "git" "-c" "credential.helper=" "-c" "credential.helper=/workspace/cargo-home/bin/git-credential-null" "clone" "--bare" "https://github.com/JonWatkins/suika" "/workspace/cache/git-repos/https%3A%2F%2Fgithub.com%2FJonWatkins%2Fsuika", kill_on_drop: false }`
[INFO] [stderr] Cloning into bare repository '/workspace/cache/git-repos/https%3A%2F%2Fgithub.com%2FJonWatkins%2Fsuika'...
[INFO] running `Command { std: "git" "rev-parse" "HEAD", kill_on_drop: false }`
[INFO] [stdout] b35cb411741d13fc34940c9dd585b9cf72b6c20f
[INFO] testing JonWatkins/suika against nightly-2025-01-18+rustflags=-Zrandomize-layout for randomize-layout-2
[INFO] running `Command { std: "git" "clone" "/workspace/cache/git-repos/https%3A%2F%2Fgithub.com%2FJonWatkins%2Fsuika" "/workspace/builds/worker-1-tc2/source", kill_on_drop: false }`
[INFO] [stderr] Cloning into '/workspace/builds/worker-1-tc2/source'...
[INFO] [stderr] done.
[INFO] validating manifest of git repo https://github.com/JonWatkins/suika on toolchain nightly-2025-01-18
[INFO] running `Command { std: CARGO_HOME="/workspace/cargo-home" RUSTUP_HOME="/workspace/rustup-home" "/workspace/cargo-home/bin/cargo" "+nightly-2025-01-18" "metadata" "--manifest-path" "Cargo.toml" "--no-deps", kill_on_drop: false }`
[INFO] started tweaking git repo https://github.com/JonWatkins/suika
[INFO] finished tweaking git repo https://github.com/JonWatkins/suika
[INFO] tweaked toml for git repo https://github.com/JonWatkins/suika written to /workspace/builds/worker-1-tc2/source/Cargo.toml
[INFO] crate git repo https://github.com/JonWatkins/suika already has a lockfile, it will not be regenerated
[INFO] running `Command { std: CARGO_HOME="/workspace/cargo-home" RUSTUP_HOME="/workspace/rustup-home" "/workspace/cargo-home/bin/cargo" "+nightly-2025-01-18" "fetch" "--manifest-path" "Cargo.toml", kill_on_drop: false }`
[INFO] running `Command { std: "docker" "create" "-v" "/var/lib/crater-agent-workspace/builds/worker-1-tc2/target:/opt/rustwide/target:rw,Z" "-v" "/var/lib/crater-agent-workspace/builds/worker-1-tc2/source:/opt/rustwide/workdir:ro,Z" "-v" "/var/lib/crater-agent-workspace/cargo-home:/opt/rustwide/cargo-home:ro,Z" "-v" "/var/lib/crater-agent-workspace/rustup-home:/opt/rustwide/rustup-home:ro,Z" "-e" "SOURCE_DIR=/opt/rustwide/workdir" "-e" "CARGO_TARGET_DIR=/opt/rustwide/target" "-e" "CARGO_HOME=/opt/rustwide/cargo-home" "-e" "RUSTUP_HOME=/opt/rustwide/rustup-home" "-w" "/opt/rustwide/workdir" "-m" "1610612736" "--user" "0:0" "--network" "none" "ghcr.io/rust-lang/crates-build-env/linux@sha256:819108c5571ea2e421544af4d832f968d213c87fbe3707a016657f43d2f853bc" "/opt/rustwide/cargo-home/bin/cargo" "+nightly-2025-01-18" "metadata" "--no-deps" "--format-version=1", kill_on_drop: false }`
[INFO] [stdout] 3ff342e84a84be5cc59d54387a144a7ffcc5c3b17c3bcd3d5e8a2d8e83dee81d
[INFO] running `Command { std: "docker" "start" "-a" "3ff342e84a84be5cc59d54387a144a7ffcc5c3b17c3bcd3d5e8a2d8e83dee81d", kill_on_drop: false }`
[INFO] running `Command { std: "docker" "inspect" "3ff342e84a84be5cc59d54387a144a7ffcc5c3b17c3bcd3d5e8a2d8e83dee81d", kill_on_drop: false }`
[INFO] running `Command { std: "docker" "rm" "-f" "3ff342e84a84be5cc59d54387a144a7ffcc5c3b17c3bcd3d5e8a2d8e83dee81d", kill_on_drop: false }`
[INFO] [stdout] 3ff342e84a84be5cc59d54387a144a7ffcc5c3b17c3bcd3d5e8a2d8e83dee81d
[INFO] running `Command { std: "docker" "create" "-v" "/var/lib/crater-agent-workspace/builds/worker-1-tc2/target:/opt/rustwide/target:rw,Z" "-v" "/var/lib/crater-agent-workspace/builds/worker-1-tc2/source:/opt/rustwide/workdir:ro,Z" "-v" "/var/lib/crater-agent-workspace/cargo-home:/opt/rustwide/cargo-home:ro,Z" "-v" "/var/lib/crater-agent-workspace/rustup-home:/opt/rustwide/rustup-home:ro,Z" "-e" "SOURCE_DIR=/opt/rustwide/workdir" "-e" "CARGO_TARGET_DIR=/opt/rustwide/target" "-e" "CARGO_INCREMENTAL=0" "-e" "RUST_BACKTRACE=full" "-e" "RUSTFLAGS=--cap-lints=forbid -Zrandomize-layout" "-e" "RUSTDOCFLAGS=--cap-lints=forbid" "-e" "CARGO_HOME=/opt/rustwide/cargo-home" "-e" "RUSTUP_HOME=/opt/rustwide/rustup-home" "-w" "/opt/rustwide/workdir" "-m" "1610612736" "--user" "0:0" "--network" "none" "ghcr.io/rust-lang/crates-build-env/linux@sha256:819108c5571ea2e421544af4d832f968d213c87fbe3707a016657f43d2f853bc" "/opt/rustwide/cargo-home/bin/cargo" "+nightly-2025-01-18" "build" "--frozen" "--message-format=json", kill_on_drop: false }`
[INFO] [stdout] cfddadfcae645aad73661dfb65e79d3f97871e3bfb8a4ade8a7688064ae1d69c
[INFO] running `Command { std: "docker" "start" "-a" "cfddadfcae645aad73661dfb65e79d3f97871e3bfb8a4ade8a7688064ae1d69c", kill_on_drop: false }`
[INFO] [stderr]    Compiling proc-macro2 v1.0.92
[INFO] [stderr]    Compiling unicode-ident v1.0.14
[INFO] [stderr]    Compiling autocfg v1.4.0
[INFO] [stderr]    Compiling wasm-bindgen-shared v0.2.99
[INFO] [stderr]    Compiling libc v0.2.169
[INFO] [stderr]    Compiling log v0.4.22
[INFO] [stderr]    Compiling bumpalo v3.16.0
[INFO] [stderr]    Compiling memchr v2.7.4
[INFO] [stderr]    Compiling wasm-bindgen v0.2.99
[INFO] [stderr]    Compiling futures-core v0.3.31
[INFO] [stderr]    Compiling once_cell v1.20.2
[INFO] [stderr]    Compiling futures-sink v0.3.31
[INFO] [stderr]    Compiling pin-project-lite v0.2.15
[INFO] [stderr]    Compiling futures-io v0.3.31
[INFO] [stderr]    Compiling futures-task v0.3.31
[INFO] [stderr]    Compiling regex-syntax v0.8.5
[INFO] [stderr]    Compiling suika_utils v0.1.1 (/opt/rustwide/workdir/crates/suika_utils)
[INFO] [stderr]    Compiling bytes v1.9.0
[INFO] [stderr]    Compiling glob v0.3.2
[INFO] [stderr]    Compiling suika_mime v0.1.1 (/opt/rustwide/workdir/crates/suika_mime)
[INFO] [stderr]    Compiling futures-channel v0.3.31
[INFO] [stderr]    Compiling suika_json v0.1.4 (/opt/rustwide/workdir/crates/suika_json)
[INFO] [stderr]    Compiling slab v0.4.9
[INFO] [stderr]    Compiling lock_api v0.4.12
[INFO] [stderr]    Compiling suika_templates v0.1.5 (/opt/rustwide/workdir/crates/suika_templates)
[INFO] [stderr]    Compiling quote v1.0.38
[INFO] [stderr]    Compiling syn v2.0.94
[INFO] [stderr]    Compiling aho-corasick v1.1.3
[INFO] [stderr]    Compiling parking_lot_core v0.9.10
[INFO] [stderr]    Compiling mio v1.0.3
[INFO] [stderr]    Compiling signal-hook-registry v1.4.2
[INFO] [stderr]    Compiling socket2 v0.5.8
[INFO] [stderr]    Compiling parking_lot v0.12.3
[INFO] [stderr]    Compiling regex-automata v0.4.9
[INFO] [stderr]    Compiling wasm-bindgen-backend v0.2.99
[INFO] [stderr]    Compiling futures-macro v0.3.31
[INFO] [stderr]    Compiling tokio-macros v2.4.0
[INFO] [stderr]    Compiling regex v1.11.1
[INFO] [stderr]    Compiling tokio v1.42.0
[INFO] [stderr]    Compiling wasm-bindgen-macro-support v0.2.99
[INFO] [stderr]    Compiling futures-util v0.3.31
[INFO] [stderr]    Compiling wasm-bindgen-macro v0.2.99
[INFO] [stderr]    Compiling js-sys v0.3.76
[INFO] [stderr]    Compiling futures-executor v0.3.31
[INFO] [stderr]    Compiling futures v0.3.31
[INFO] [stderr]    Compiling suika_server v0.1.7 (/opt/rustwide/workdir/crates/suika_server)
[INFO] [stderr]    Compiling suika_wasm v0.1.8 (/opt/rustwide/workdir/crates/suika_wasm)
[INFO] [stderr]    Compiling suika v0.1.13 (/opt/rustwide/workdir/crates/suika)
[INFO] [stderr]    Compiling wasm-bindgen-futures v0.4.49
[INFO] [stderr]    Compiling web-sys v0.3.76
[INFO] [stderr]    Compiling suika_example v0.1.0 (/opt/rustwide/workdir/crates/suika_example)
[INFO] [stderr]    Compiling suika_ui v0.1.0 (/opt/rustwide/workdir/crates/suika_ui)
[INFO] [stderr]     Finished `dev` profile [unoptimized + debuginfo] target(s) in 28.33s
[INFO] running `Command { std: "docker" "inspect" "cfddadfcae645aad73661dfb65e79d3f97871e3bfb8a4ade8a7688064ae1d69c", kill_on_drop: false }`
[INFO] running `Command { std: "docker" "rm" "-f" "cfddadfcae645aad73661dfb65e79d3f97871e3bfb8a4ade8a7688064ae1d69c", kill_on_drop: false }`
[INFO] [stdout] cfddadfcae645aad73661dfb65e79d3f97871e3bfb8a4ade8a7688064ae1d69c
[INFO] running `Command { std: "docker" "create" "-v" "/var/lib/crater-agent-workspace/builds/worker-1-tc2/target:/opt/rustwide/target:rw,Z" "-v" "/var/lib/crater-agent-workspace/builds/worker-1-tc2/source:/opt/rustwide/workdir:ro,Z" "-v" "/var/lib/crater-agent-workspace/cargo-home:/opt/rustwide/cargo-home:ro,Z" "-v" "/var/lib/crater-agent-workspace/rustup-home:/opt/rustwide/rustup-home:ro,Z" "-e" "SOURCE_DIR=/opt/rustwide/workdir" "-e" "CARGO_TARGET_DIR=/opt/rustwide/target" "-e" "CARGO_INCREMENTAL=0" "-e" "RUST_BACKTRACE=full" "-e" "RUSTFLAGS=--cap-lints=forbid -Zrandomize-layout" "-e" "RUSTDOCFLAGS=--cap-lints=forbid" "-e" "CARGO_HOME=/opt/rustwide/cargo-home" "-e" "RUSTUP_HOME=/opt/rustwide/rustup-home" "-w" "/opt/rustwide/workdir" "-m" "1610612736" "--user" "0:0" "--network" "none" "ghcr.io/rust-lang/crates-build-env/linux@sha256:819108c5571ea2e421544af4d832f968d213c87fbe3707a016657f43d2f853bc" "/opt/rustwide/cargo-home/bin/cargo" "+nightly-2025-01-18" "test" "--frozen" "--no-run" "--message-format=json", kill_on_drop: false }`
[INFO] [stdout] a3f5f839b2c04839edb18850e136823cabd67295752c1546e5929bb8c2205906
[INFO] running `Command { std: "docker" "start" "-a" "a3f5f839b2c04839edb18850e136823cabd67295752c1546e5929bb8c2205906", kill_on_drop: false }`
[INFO] [stderr]    Compiling rustix v0.38.42
[INFO] [stderr]    Compiling bitflags v2.6.0
[INFO] [stderr]    Compiling linux-raw-sys v0.4.14
[INFO] [stderr]    Compiling fastrand v2.3.0
[INFO] [stderr]    Compiling suika_templates v0.1.5 (/opt/rustwide/workdir/crates/suika_templates)
[INFO] [stderr]    Compiling suika_json v0.1.4 (/opt/rustwide/workdir/crates/suika_json)
[INFO] [stderr]    Compiling async-trait v0.1.83
[INFO] [stderr]    Compiling suika_mime v0.1.1 (/opt/rustwide/workdir/crates/suika_mime)
[INFO] [stderr]    Compiling suika_utils v0.1.1 (/opt/rustwide/workdir/crates/suika_utils)
[INFO] [stderr]    Compiling suika_ui v0.1.0 (/opt/rustwide/workdir/crates/suika_ui)
[INFO] [stderr]    Compiling suika v0.1.13 (/opt/rustwide/workdir/crates/suika)
[INFO] [stderr]    Compiling suika_example v0.1.0 (/opt/rustwide/workdir/crates/suika_example)
[INFO] [stderr]    Compiling suika_wasm v0.1.8 (/opt/rustwide/workdir/crates/suika_wasm)
[INFO] [stderr]    Compiling tempfile v3.14.0
[INFO] [stderr]    Compiling suika_server v0.1.7 (/opt/rustwide/workdir/crates/suika_server)
[INFO] [stderr]     Finished `test` profile [unoptimized + debuginfo] target(s) in 7.93s
[INFO] running `Command { std: "docker" "inspect" "a3f5f839b2c04839edb18850e136823cabd67295752c1546e5929bb8c2205906", kill_on_drop: false }`
[INFO] running `Command { std: "docker" "rm" "-f" "a3f5f839b2c04839edb18850e136823cabd67295752c1546e5929bb8c2205906", kill_on_drop: false }`
[INFO] [stdout] a3f5f839b2c04839edb18850e136823cabd67295752c1546e5929bb8c2205906
[INFO] running `Command { std: "docker" "create" "-v" "/var/lib/crater-agent-workspace/builds/worker-1-tc2/target:/opt/rustwide/target:rw,Z" "-v" "/var/lib/crater-agent-workspace/builds/worker-1-tc2/source:/opt/rustwide/workdir:ro,Z" "-v" "/var/lib/crater-agent-workspace/cargo-home:/opt/rustwide/cargo-home:ro,Z" "-v" "/var/lib/crater-agent-workspace/rustup-home:/opt/rustwide/rustup-home:ro,Z" "-e" "SOURCE_DIR=/opt/rustwide/workdir" "-e" "CARGO_TARGET_DIR=/opt/rustwide/target" "-e" "CARGO_INCREMENTAL=0" "-e" "RUST_BACKTRACE=full" "-e" "RUSTFLAGS=--cap-lints=forbid -Zrandomize-layout" "-e" "RUSTDOCFLAGS=--cap-lints=forbid" "-e" "CARGO_HOME=/opt/rustwide/cargo-home" "-e" "RUSTUP_HOME=/opt/rustwide/rustup-home" "-w" "/opt/rustwide/workdir" "-m" "1610612736" "--user" "0:0" "--network" "none" "ghcr.io/rust-lang/crates-build-env/linux@sha256:819108c5571ea2e421544af4d832f968d213c87fbe3707a016657f43d2f853bc" "/opt/rustwide/cargo-home/bin/cargo" "+nightly-2025-01-18" "test" "--frozen", kill_on_drop: false }`
[INFO] [stdout] a6d0c4fbc6584dad09eb432136b40c8ef78c26259ba394bfcb0556ddcc321937
[INFO] running `Command { std: "docker" "start" "-a" "a6d0c4fbc6584dad09eb432136b40c8ef78c26259ba394bfcb0556ddcc321937", kill_on_drop: false }`
[INFO] [stderr]     Finished `test` profile [unoptimized + debuginfo] target(s) in 0.11s
[INFO] [stderr]      Running unittests src/lib.rs (/opt/rustwide/target/debug/deps/suika-f23917dbcd7aaeee)
[INFO] [stdout] 
[INFO] [stdout] running 0 tests
[INFO] [stdout] 
[INFO] [stdout] test result: ok. 0 passed; 0 failed; 0 ignored; 0 measured; 0 filtered out; finished in 0.00s
[INFO] [stdout] 
[INFO] [stderr]      Running unittests src/main.rs (/opt/rustwide/target/debug/deps/suika_example-43422cebe802d590)
[INFO] [stdout] 
[INFO] [stdout] running 0 tests
[INFO] [stdout] 
[INFO] [stdout] test result: ok. 0 passed; 0 failed; 0 ignored; 0 measured; 0 filtered out; finished in 0.00s
[INFO] [stdout] 
[INFO] [stderr]      Running unittests src/lib.rs (/opt/rustwide/target/debug/deps/suika_json-1ff9e6aca44e0cb1)
[INFO] [stdout] 
[INFO] [stdout] running 16 tests
[INFO] [stdout] test json_value::tests::test_from_bool ... ok
[INFO] [stdout] test json_value::tests::test_from_f64 ... ok
[INFO] [stdout] test json_value::tests::test_from_i64 ... ok
[INFO] [stdout] test json_value::tests::test_from_vec ... ok
[INFO] [stdout] test json_value::tests::test_json_value_display ... ok
[INFO] [stdout] test json_value::tests::test_from_string ... ok
[INFO] [stdout] test json_value::tests::test_from_hashmap ... ok
[INFO] [stdout] test parser::tests::test_parse_boolean ... ok
[INFO] [stdout] test parser::tests::test_parse_null ... ok
[INFO] [stdout] test parser::tests::test_parse_number ... ok
[INFO] [stdout] test parser::tests::test_parse_object ... ok
[INFO] [stdout] test tests::test_json_macro ... ok
[INFO] [stdout] test parser::tests::test_parse_array ... ok
[INFO] [stdout] test parser::tests::test_parse_string ... ok
[INFO] [stdout] test tests::test_parse_json_example ... ok
[INFO] [stdout] test json_value::tests::test_from_various_number_types ... ok
[INFO] [stdout] 
[INFO] [stdout] test result: ok. 16 passed; 0 failed; 0 ignored; 0 measured; 0 filtered out; finished in 0.01s
[INFO] [stdout] 
[INFO] [stderr]      Running unittests src/lib.rs (/opt/rustwide/target/debug/deps/suika_mime-38bbb1f063d33296)
[INFO] [stdout] 
[INFO] [stdout] running 2 tests
[INFO] [stdout] test tests::test_get_mime_type_from_path ... ok
[INFO] [stdout] test tests::test_get_mime_type ... ok
[INFO] [stdout] 
[INFO] [stdout] test result: ok. 2 passed; 0 failed; 0 ignored; 0 measured; 0 filtered out; finished in 0.00s
[INFO] [stdout] 
[INFO] [stdout] 
[INFO] [stderr]      Running unittests src/lib.rs (/opt/rustwide/target/debug/deps/suika_server-90f3d7f0cd041e5e)
[INFO] [stdout] running 38 tests
[INFO] [stdout] test error::tests::test_display ... ok
[INFO] [stdout] test middleware::cors::tests::test_cors_middleware_headers ... ok
[INFO] [stdout] test middleware::cors::tests::test_cors_middleware_options_request ... ok
[INFO] [stdout] test middleware::favicon::tests::test_favicon_middleware_passes_other_paths ... ok
[INFO] [stdout] test middleware::logger::tests::test_logger_middleware_logs_request ... ok
[INFO] [stdout] test middleware::logger::tests::test_logger_middleware_passes_request ... ok
[INFO] [stdout] test middleware::static_file::tests::test_static_file_middleware_passes_other_paths ... ok
[INFO] [stdout] test middleware::favicon::tests::test_favicon_middleware_serves_favicon ... ok
[INFO] [stdout] test error::tests::test_to_tuple ... ok
[INFO] [stdout] test request::tests::test_module ... ok
[INFO] [stdout] test middleware::traits::tests::test_next_run_multiple_middleware ... ok
[INFO] [stdout] test request::tests::test_module_wrong_type ... ok
[INFO] [stdout] test request::tests::test_module_not_found ... ok
[INFO] [stdout] test request::tests::test_new_request ... ok
[INFO] [stdout] test request::tests::test_new_request_with_form_data ... ok
[INFO] [stdout] test request::tests::test_set_json_body ... ok
[INFO] [stdout] test request::tests::test_new_request_with_json_body ... ok
[INFO] [stdout] test request::tests::test_set_params ... ok
[INFO] [stdout] test middleware::static_file::tests::test_static_file_middleware_serves_file ... ok
[INFO] [stdout] test request::tests::test_set_path ... ok
[INFO] [stdout] test response::tests::test_body ... ok
[INFO] [stdout] test response::tests::test_body_bytes ... ok
[INFO] [stdout] test response::tests::test_body_json ... ok
[INFO] [stdout] test response::tests::test_header ... ok
[INFO] [stdout] test response::tests::test_error ... ok
[INFO] [stdout] test response::tests::test_set_status ... ok
[INFO] [stdout] test response::tests::test_status ... ok
[INFO] [stdout] test response::tests::test_send ... ok
[INFO] [stdout] test router::tests::test_router_handles_get_route ... ok
[INFO] [stdout] test response::tests::test_render_template ... ok
[INFO] [stdout] test router::tests::test_router_handles_delete_route ... ok
[INFO] [stdout] test middleware::traits::tests::test_next_new ... ok
[INFO] [stdout] test middleware::traits::tests::test_next_run ... ok
[INFO] [stdout] test router::tests::test_router_handles_post_route ... ok
[INFO] [stdout] test router::tests::test_router_handles_put_route ... ok
[INFO] [stdout] test response::tests::test_send_file ... FAILED
[INFO] [stdout] test server::tests::test_server_with_middleware ... ok
[INFO] [stdout] test server::tests::test_server_without_middleware ... ok
[INFO] [stdout] 
[INFO] [stdout] failures:
[INFO] [stdout] 
[INFO] [stdout] ---- response::tests::test_send_file stdout ----
[INFO] [stdout] 
[INFO] [stdout] thread 'response::tests::test_send_file' panicked at crates/suika_server/src/response.rs:349:54:
[INFO] [stdout] called `Result::unwrap()` on an `Err` value: Os { code: 30, kind: ReadOnlyFilesystem, message: "Read-only file system" }
[INFO] [stdout] stack backtrace:
[INFO] [stdout]    0:     0x586c3a01085a - std::backtrace_rs::backtrace::libunwind::trace::hb059275cfc8d6126
[INFO] [stdout]                                at /rustc/6067b36314ab5eb2eb47cecc464545ba58e1ad24/library/std/src/../../backtrace/src/backtrace/libunwind.rs:116:5
[INFO] [stdout]    1:     0x586c3a01085a - std::backtrace_rs::backtrace::trace_unsynchronized::h2da071e4327ce3ee
[INFO] [stdout]                                at /rustc/6067b36314ab5eb2eb47cecc464545ba58e1ad24/library/std/src/../../backtrace/src/backtrace/mod.rs:66:5
[INFO] [stdout]    2:     0x586c3a01085a - std::sys::backtrace::_print_fmt::h842a1474e6f8d23f
[INFO] [stdout]                                at /rustc/6067b36314ab5eb2eb47cecc464545ba58e1ad24/library/std/src/sys/backtrace.rs:66:9
[INFO] [stdout]    3:     0x586c3a01085a - <std::sys::backtrace::BacktraceLock::print::DisplayBacktrace as core::fmt::Display>::fmt::h71a62eb3b9696b12
[INFO] [stdout]                                at /rustc/6067b36314ab5eb2eb47cecc464545ba58e1ad24/library/std/src/sys/backtrace.rs:39:26
[INFO] [stdout]    4:     0x586c3a03caa3 - core::fmt::rt::Argument::fmt::hdb6b616786b41dc1
[INFO] [stdout]                                at /rustc/6067b36314ab5eb2eb47cecc464545ba58e1ad24/library/core/src/fmt/rt.rs:177:76
[INFO] [stdout]    5:     0x586c3a03caa3 - core::fmt::write::h2cc1698af7e2d686
[INFO] [stdout]                                at /rustc/6067b36314ab5eb2eb47cecc464545ba58e1ad24/library/core/src/fmt/mod.rs:1440:21
[INFO] [stdout]    6:     0x586c3a00c7d3 - std::io::Write::write_fmt::hab1b4cd059a79022
[INFO] [stdout]                                at /rustc/6067b36314ab5eb2eb47cecc464545ba58e1ad24/library/std/src/io/mod.rs:1887:15
[INFO] [stdout]    7:     0x586c3a0106a2 - std::sys::backtrace::BacktraceLock::print::h147fe35b4ea13b08
[INFO] [stdout]                                at /rustc/6067b36314ab5eb2eb47cecc464545ba58e1ad24/library/std/src/sys/backtrace.rs:42:9
[INFO] [stdout]    8:     0x586c3a011c7f - std::panicking::default_hook::{{closure}}::hbd44223dbdc0d208
[INFO] [stdout]                                at /rustc/6067b36314ab5eb2eb47cecc464545ba58e1ad24/library/std/src/panicking.rs:298:22
[INFO] [stdout]    9:     0x586c3a011a98 - std::panicking::default_hook::h20f81eb0576efcec
[INFO] [stdout]                                at /rustc/6067b36314ab5eb2eb47cecc464545ba58e1ad24/library/std/src/panicking.rs:322:9
[INFO] [stdout]   10:     0x586c39c40bc3 - <alloc::boxed::Box<F,A> as core::ops::function::Fn<Args>>::call::hdb53814c496a4d34
[INFO] [stdout]                                at /rustc/6067b36314ab5eb2eb47cecc464545ba58e1ad24/library/alloc/src/boxed.rs:2027:9
[INFO] [stdout]   11:     0x586c39c40bc3 - test::test_main::{{closure}}::hc0a4963c59427c24
[INFO] [stderr] error: test failed, to rerun pass `-p suika_server --lib`
[INFO] [stdout]                                at /rustc/6067b36314ab5eb2eb47cecc464545ba58e1ad24/library/test/src/lib.rs:134:21
[INFO] [stdout]   12:     0x586c3a012773 - <alloc::boxed::Box<F,A> as core::ops::function::Fn<Args>>::call::h591b2225413a77e9
[INFO] [stdout]                                at /rustc/6067b36314ab5eb2eb47cecc464545ba58e1ad24/library/alloc/src/boxed.rs:2027:9
[INFO] [stdout]   13:     0x586c3a012773 - std::panicking::rust_panic_with_hook::h625eea43051b2edc
[INFO] [stdout]                                at /rustc/6067b36314ab5eb2eb47cecc464545ba58e1ad24/library/std/src/panicking.rs:839:13
[INFO] [stdout]   14:     0x586c3a01242a - std::panicking::begin_panic_handler::{{closure}}::h4f9159cfbc3f6bd3
[INFO] [stdout]                                at /rustc/6067b36314ab5eb2eb47cecc464545ba58e1ad24/library/std/src/panicking.rs:704:13
[INFO] [stdout]   15:     0x586c3a010d59 - std::sys::backtrace::__rust_end_short_backtrace::h0390abce48353151
[INFO] [stdout]                                at /rustc/6067b36314ab5eb2eb47cecc464545ba58e1ad24/library/std/src/sys/backtrace.rs:168:18
[INFO] [stdout]   16:     0x586c3a0120bd - rust_begin_unwind
[INFO] [stdout]                                at /rustc/6067b36314ab5eb2eb47cecc464545ba58e1ad24/library/std/src/panicking.rs:695:5
[INFO] [stdout]   17:     0x586c3a03ad20 - core::panicking::panic_fmt::h9e7c637e9e5f29c9
[INFO] [stdout]                                at /rustc/6067b36314ab5eb2eb47cecc464545ba58e1ad24/library/core/src/panicking.rs:75:14
[INFO] [stdout]   18:     0x586c3a03b1f6 - core::result::unwrap_failed::h7979f09313fe1849
[INFO] [stdout]                                at /rustc/6067b36314ab5eb2eb47cecc464545ba58e1ad24/library/core/src/result.rs:1704:5
[INFO] [stdout]   19:     0x586c39be689f - core::result::Result<T,E>::unwrap::h711d0e29bd592d55
[INFO] [stdout]                                at /rustc/6067b36314ab5eb2eb47cecc464545ba58e1ad24/library/core/src/result.rs:1109:23
[INFO] [stdout]   20:     0x586c39be689f - suika_server::response::tests::test_send_file::{{closure}}::h9659ebc88a728f07
[INFO] [stdout]                                at /opt/rustwide/workdir/crates/suika_server/src/response.rs:349:24
[INFO] [stdout]   21:     0x586c39b98e62 - <core::pin::Pin<P> as core::future::future::Future>::poll::h378c0a1542ed4ded
[INFO] [stdout]                                at /rustc/6067b36314ab5eb2eb47cecc464545ba58e1ad24/library/core/src/future/future.rs:124:9
[INFO] [stdout]   22:     0x586c39b9909d - <core::pin::Pin<P> as core::future::future::Future>::poll::he856596cc05923d7
[INFO] [stdout]                                at /rustc/6067b36314ab5eb2eb47cecc464545ba58e1ad24/library/core/src/future/future.rs:124:9
[INFO] [stdout]   23:     0x586c39c05d9f - tokio::runtime::scheduler::current_thread::CoreGuard::block_on::{{closure}}::{{closure}}::{{closure}}::h6f9ce973a1894a7b
[INFO] [stdout]                                at /opt/rustwide/cargo-home/registry/src/index.crates.io-1949cf8c6b5b557f/tokio-1.42.0/src/runtime/scheduler/current_thread/mod.rs:729:57
[INFO] [stdout]   24:     0x586c39c05905 - tokio::runtime::coop::with_budget::h28dbf1083bb9982d
[INFO] [stdout]                                at /opt/rustwide/cargo-home/registry/src/index.crates.io-1949cf8c6b5b557f/tokio-1.42.0/src/runtime/coop.rs:107:5
[INFO] [stdout]   25:     0x586c39c05905 - tokio::runtime::coop::budget::h1db48c98bc94d209
[INFO] [stdout]                                at /opt/rustwide/cargo-home/registry/src/index.crates.io-1949cf8c6b5b557f/tokio-1.42.0/src/runtime/coop.rs:73:5
[INFO] [stdout]   26:     0x586c39c05905 - tokio::runtime::scheduler::current_thread::CoreGuard::block_on::{{closure}}::{{closure}}::h9f578f4254851992
[INFO] [stdout]                                at /opt/rustwide/cargo-home/registry/src/index.crates.io-1949cf8c6b5b557f/tokio-1.42.0/src/runtime/scheduler/current_thread/mod.rs:729:25
[INFO] [stdout]   27:     0x586c39c01000 - tokio::runtime::scheduler::current_thread::Context::enter::hc12cc2af02d9245c
[INFO] [stdout]                                at /opt/rustwide/cargo-home/registry/src/index.crates.io-1949cf8c6b5b557f/tokio-1.42.0/src/runtime/scheduler/current_thread/mod.rs:428:19
[INFO] [stdout]   28:     0x586c39c04fae - tokio::runtime::scheduler::current_thread::CoreGuard::block_on::{{closure}}::hed4c4171b6634e33
[INFO] [stdout]                                at /opt/rustwide/cargo-home/registry/src/index.crates.io-1949cf8c6b5b557f/tokio-1.42.0/src/runtime/scheduler/current_thread/mod.rs:728:36
[INFO] [stdout]   29:     0x586c39c031c4 - tokio::runtime::scheduler::current_thread::CoreGuard::enter::{{closure}}::h03ecc21aa2126309
[INFO] [stdout]                                at /opt/rustwide/cargo-home/registry/src/index.crates.io-1949cf8c6b5b557f/tokio-1.42.0/src/runtime/scheduler/current_thread/mod.rs:807:68
[INFO] [stdout]   30:     0x586c39bf621b - tokio::runtime::context::scoped::Scoped<T>::set::h80cf18606b77008b
[INFO] [stdout]                                at /opt/rustwide/cargo-home/registry/src/index.crates.io-1949cf8c6b5b557f/tokio-1.42.0/src/runtime/context/scoped.rs:40:9
[INFO] [stdout]   31:     0x586c39bc0259 - tokio::runtime::context::set_scheduler::{{closure}}::h151d4acc101e3cd0
[INFO] [stdout]                                at /opt/rustwide/cargo-home/registry/src/index.crates.io-1949cf8c6b5b557f/tokio-1.42.0/src/runtime/context.rs:180:26
[INFO] [stdout]   32:     0x586c39bd8bc2 - std::thread::local::LocalKey<T>::try_with::he9c1fd226d451576
[INFO] [stdout]                                at /rustc/6067b36314ab5eb2eb47cecc464545ba58e1ad24/library/std/src/thread/local.rs:308:12
[INFO] [stdout]   33:     0x586c39bd663a - std::thread::local::LocalKey<T>::with::h30dfefd1933d310f
[INFO] [stdout]                                at /rustc/6067b36314ab5eb2eb47cecc464545ba58e1ad24/library/std/src/thread/local.rs:272:9
[INFO] [stdout]   34:     0x586c39bc014d - tokio::runtime::context::set_scheduler::h7f59c9e0a251d4c6
[INFO] [stdout]                                at /opt/rustwide/cargo-home/registry/src/index.crates.io-1949cf8c6b5b557f/tokio-1.42.0/src/runtime/context.rs:180:9
[INFO] [stdout]   35:     0x586c39c02738 - tokio::runtime::scheduler::current_thread::CoreGuard::enter::h11570d2f3f5d67f0
[INFO] [stdout]                                at /opt/rustwide/cargo-home/registry/src/index.crates.io-1949cf8c6b5b557f/tokio-1.42.0/src/runtime/scheduler/current_thread/mod.rs:807:27
[INFO] [stdout]   36:     0x586c39c03243 - tokio::runtime::scheduler::current_thread::CoreGuard::block_on::hb1f4122941161582
[INFO] [stdout]                                at /opt/rustwide/cargo-home/registry/src/index.crates.io-1949cf8c6b5b557f/tokio-1.42.0/src/runtime/scheduler/current_thread/mod.rs:716:19
[INFO] [stdout]   37:     0x586c39bfee38 - tokio::runtime::scheduler::current_thread::CurrentThread::block_on::{{closure}}::he3fe9d3b94790317
[INFO] [stdout]                                at /opt/rustwide/cargo-home/registry/src/index.crates.io-1949cf8c6b5b557f/tokio-1.42.0/src/runtime/scheduler/current_thread/mod.rs:196:28
[INFO] [stdout]   38:     0x586c39b97526 - tokio::runtime::context::runtime::enter_runtime::h52fc0cbb54f47e9f
[INFO] [stdout]                                at /opt/rustwide/cargo-home/registry/src/index.crates.io-1949cf8c6b5b557f/tokio-1.42.0/src/runtime/context/runtime.rs:65:16
[INFO] [stdout]   39:     0x586c39bfdd91 - tokio::runtime::scheduler::current_thread::CurrentThread::block_on::ha532a93c5ee4dfbc
[INFO] [stdout]                                at /opt/rustwide/cargo-home/registry/src/index.crates.io-1949cf8c6b5b557f/tokio-1.42.0/src/runtime/scheduler/current_thread/mod.rs:184:9
[INFO] [stdout]   40:     0x586c39bc88f3 - tokio::runtime::runtime::Runtime::block_on_inner::hdd3c3e5f35813968
[INFO] [stdout]                                at /opt/rustwide/cargo-home/registry/src/index.crates.io-1949cf8c6b5b557f/tokio-1.42.0/src/runtime/runtime.rs:368:47
[INFO] [stdout]   41:     0x586c39bc8da7 - tokio::runtime::runtime::Runtime::block_on::hc04708c2d77d250e
[INFO] [stdout]                                at /opt/rustwide/cargo-home/registry/src/index.crates.io-1949cf8c6b5b557f/tokio-1.42.0/src/runtime/runtime.rs:342:13
[INFO] [stdout]   42:     0x586c39be64b3 - suika_server::response::tests::test_send_file::hc66d7cad827d23bf
[INFO] [stdout]                                at /opt/rustwide/workdir/crates/suika_server/src/response.rs:361:9
[INFO] [stdout]   43:     0x586c39be6357 - suika_server::response::tests::test_send_file::{{closure}}::h6dbaf1d4f500d22e
[INFO] [stdout]                                at /opt/rustwide/workdir/crates/suika_server/src/response.rs:346:30
[INFO] [stdout]   44:     0x586c39b77c76 - core::ops::function::FnOnce::call_once::h2e0a4d6ce5ff36e7
[INFO] [stdout]                                at /rustc/6067b36314ab5eb2eb47cecc464545ba58e1ad24/library/core/src/ops/function.rs:250:5
[INFO] [stdout]   45:     0x586c39c4631b - core::ops::function::FnOnce::call_once::he27718dfdd183f43
[INFO] [stdout]                                at /rustc/6067b36314ab5eb2eb47cecc464545ba58e1ad24/library/core/src/ops/function.rs:250:5
[INFO] [stdout]   46:     0x586c39c4631b - test::__rust_begin_short_backtrace::h4e84902998457a5d
[INFO] [stdout]                                at /rustc/6067b36314ab5eb2eb47cecc464545ba58e1ad24/library/test/src/lib.rs:632:18
[INFO] [stdout]   47:     0x586c39c45253 - test::run_test_in_process::{{closure}}::h7176fd18fc1feca0
[INFO] [stdout]                                at /rustc/6067b36314ab5eb2eb47cecc464545ba58e1ad24/library/test/src/lib.rs:655:60
[INFO] [stdout]   48:     0x586c39c45253 - <core::panic::unwind_safe::AssertUnwindSafe<F> as core::ops::function::FnOnce<()>>::call_once::hf79cff2a624d8cf7
[INFO] [stdout]                                at /rustc/6067b36314ab5eb2eb47cecc464545ba58e1ad24/library/core/src/panic/unwind_safe.rs:272:9
[INFO] [stdout]   49:     0x586c39c45253 - std::panicking::try::do_call::h3da0561d9ab99c25
[INFO] [stdout]                                at /rustc/6067b36314ab5eb2eb47cecc464545ba58e1ad24/library/std/src/panicking.rs:587:40
[INFO] [stdout]   50:     0x586c39c45253 - std::panicking::try::h41c9fa508bc61df6
[INFO] [stdout]                                at /rustc/6067b36314ab5eb2eb47cecc464545ba58e1ad24/library/std/src/panicking.rs:550:19
[INFO] [stdout]   51:     0x586c39c45253 - std::panic::catch_unwind::h6b3ff07bb5afad93
[INFO] [stdout]                                at /rustc/6067b36314ab5eb2eb47cecc464545ba58e1ad24/library/std/src/panic.rs:358:14
[INFO] [stdout]   52:     0x586c39c45253 - test::run_test_in_process::hc7253dd11b39b9f4
[INFO] [stdout]                                at /rustc/6067b36314ab5eb2eb47cecc464545ba58e1ad24/library/test/src/lib.rs:655:27
[INFO] [stdout]   53:     0x586c39c45253 - test::run_test::{{closure}}::hfb2007f8649c30bb
[INFO] [stdout]                                at /rustc/6067b36314ab5eb2eb47cecc464545ba58e1ad24/library/test/src/lib.rs:576:43
[INFO] [stdout]   54:     0x586c39c08335 - test::run_test::{{closure}}::h56a17aa7a282a9f4
[INFO] [stdout]                                at /rustc/6067b36314ab5eb2eb47cecc464545ba58e1ad24/library/test/src/lib.rs:606:41
[INFO] [stdout]   55:     0x586c39c08335 - std::sys::backtrace::__rust_begin_short_backtrace::hd2d2d2fb8e8c6aac
[INFO] [stdout]                                at /rustc/6067b36314ab5eb2eb47cecc464545ba58e1ad24/library/std/src/sys/backtrace.rs:152:18
[INFO] [stdout]   56:     0x586c39c0bc1a - std::thread::Builder::spawn_unchecked_::{{closure}}::{{closure}}::h4faa3f9db6133423
[INFO] [stdout]                                at /rustc/6067b36314ab5eb2eb47cecc464545ba58e1ad24/library/std/src/thread/mod.rs:559:17
[INFO] [stdout]   57:     0x586c39c0bc1a - <core::panic::unwind_safe::AssertUnwindSafe<F> as core::ops::function::FnOnce<()>>::call_once::hf2e855a36a4ea846
[INFO] [stdout]                                at /rustc/6067b36314ab5eb2eb47cecc464545ba58e1ad24/library/core/src/panic/unwind_safe.rs:272:9
[INFO] [stdout]   58:     0x586c39c0bc1a - std::panicking::try::do_call::h2f73af3616c35465
[INFO] [stdout]                                at /rustc/6067b36314ab5eb2eb47cecc464545ba58e1ad24/library/std/src/panicking.rs:587:40
[INFO] [stdout]   59:     0x586c39c0bc1a - std::panicking::try::hd1660ce9efadef5a
[INFO] [stdout]                                at /rustc/6067b36314ab5eb2eb47cecc464545ba58e1ad24/library/std/src/panicking.rs:550:19
[INFO] [stdout]   60:     0x586c39c0bc1a - std::panic::catch_unwind::h5ee8d7823b8ca744
[INFO] [stdout]                                at /rustc/6067b36314ab5eb2eb47cecc464545ba58e1ad24/library/std/src/panic.rs:358:14
[INFO] [stdout]   61:     0x586c39c0bc1a - std::thread::Builder::spawn_unchecked_::{{closure}}::h53c3a1894dce8407
[INFO] [stdout]                                at /rustc/6067b36314ab5eb2eb47cecc464545ba58e1ad24/library/std/src/thread/mod.rs:557:30
[INFO] [stdout]   62:     0x586c39c0bc1a - core::ops::function::FnOnce::call_once{{vtable.shim}}::h048ce291ad4f62bf
[INFO] [stdout]                                at /rustc/6067b36314ab5eb2eb47cecc464545ba58e1ad24/library/core/src/ops/function.rs:250:5
[INFO] [stdout]   63:     0x586c3a016aab - <alloc::boxed::Box<F,A> as core::ops::function::FnOnce<Args>>::call_once::ha52bedf99a3b4981
[INFO] [stdout]                                at /rustc/6067b36314ab5eb2eb47cecc464545ba58e1ad24/library/alloc/src/boxed.rs:2013:9
[INFO] [stdout]   64:     0x586c3a016aab - <alloc::boxed::Box<F,A> as core::ops::function::FnOnce<Args>>::call_once::h567748934d80ccf8
[INFO] [stdout]                                at /rustc/6067b36314ab5eb2eb47cecc464545ba58e1ad24/library/alloc/src/boxed.rs:2013:9
[INFO] [stdout]   65:     0x586c3a016aab - std::sys::pal::unix::thread::Thread::new::thread_start::h2d970728ae887adc
[INFO] [stdout]                                at /rustc/6067b36314ab5eb2eb47cecc464545ba58e1ad24/library/std/src/sys/pal/unix/thread.rs:106:17
[INFO] [stdout]   66:     0x77dcd7197ac3 - <unknown>
[INFO] [stdout]   67:     0x77dcd7228a04 - clone
[INFO] [stdout]   68:                0x0 - <unknown>
[INFO] [stdout] 
[INFO] [stdout] 
[INFO] [stdout] failures:
[INFO] [stdout]     response::tests::test_send_file
[INFO] [stdout] 
[INFO] [stdout] test result: FAILED. 37 passed; 1 failed; 0 ignored; 0 measured; 0 filtered out; finished in 0.12s
[INFO] [stdout] 
[INFO] running `Command { std: "docker" "inspect" "a6d0c4fbc6584dad09eb432136b40c8ef78c26259ba394bfcb0556ddcc321937", kill_on_drop: false }`
[INFO] running `Command { std: "docker" "rm" "-f" "a6d0c4fbc6584dad09eb432136b40c8ef78c26259ba394bfcb0556ddcc321937", kill_on_drop: false }`
[INFO] [stdout] a6d0c4fbc6584dad09eb432136b40c8ef78c26259ba394bfcb0556ddcc321937
