[INFO] cloning repository https://github.com/JohnCarterGonzalez/tcp-async-tokio
[INFO] running `Command { std: "git" "-c" "credential.helper=" "-c" "credential.helper=/workspace/cargo-home/bin/git-credential-null" "clone" "--bare" "https://github.com/JohnCarterGonzalez/tcp-async-tokio" "/workspace/cache/git-repos/https%3A%2F%2Fgithub.com%2FJohnCarterGonzalez%2Ftcp-async-tokio", kill_on_drop: false }`
[INFO] [stderr] Cloning into bare repository '/workspace/cache/git-repos/https%3A%2F%2Fgithub.com%2FJohnCarterGonzalez%2Ftcp-async-tokio'...
[INFO] running `Command { std: "git" "rev-parse" "HEAD", kill_on_drop: false }`
[INFO] [stdout] 7f84205474e7e11ee6d147dc13486b970c744884
[INFO] testing JohnCarterGonzalez/tcp-async-tokio against nightly-2025-01-18 for randomize-layout-2
[INFO] running `Command { std: "git" "clone" "/workspace/cache/git-repos/https%3A%2F%2Fgithub.com%2FJohnCarterGonzalez%2Ftcp-async-tokio" "/workspace/builds/worker-1-tc1/source", kill_on_drop: false }`
[INFO] [stderr] Cloning into '/workspace/builds/worker-1-tc1/source'...
[INFO] [stderr] done.
[INFO] validating manifest of git repo https://github.com/JohnCarterGonzalez/tcp-async-tokio on toolchain nightly-2025-01-18
[INFO] running `Command { std: CARGO_HOME="/workspace/cargo-home" RUSTUP_HOME="/workspace/rustup-home" "/workspace/cargo-home/bin/cargo" "+nightly-2025-01-18" "metadata" "--manifest-path" "Cargo.toml" "--no-deps", kill_on_drop: false }`
[INFO] started tweaking git repo https://github.com/JohnCarterGonzalez/tcp-async-tokio
[INFO] finished tweaking git repo https://github.com/JohnCarterGonzalez/tcp-async-tokio
[INFO] tweaked toml for git repo https://github.com/JohnCarterGonzalez/tcp-async-tokio written to /workspace/builds/worker-1-tc1/source/Cargo.toml
[INFO] crate git repo https://github.com/JohnCarterGonzalez/tcp-async-tokio already has a lockfile, it will not be regenerated
[INFO] running `Command { std: CARGO_HOME="/workspace/cargo-home" RUSTUP_HOME="/workspace/rustup-home" "/workspace/cargo-home/bin/cargo" "+nightly-2025-01-18" "fetch" "--manifest-path" "Cargo.toml", kill_on_drop: false }`
[INFO] running `Command { std: "docker" "create" "-v" "/var/lib/crater-agent-workspace/builds/worker-1-tc1/target:/opt/rustwide/target:rw,Z" "-v" "/var/lib/crater-agent-workspace/builds/worker-1-tc1/source:/opt/rustwide/workdir:ro,Z" "-v" "/var/lib/crater-agent-workspace/cargo-home:/opt/rustwide/cargo-home:ro,Z" "-v" "/var/lib/crater-agent-workspace/rustup-home:/opt/rustwide/rustup-home:ro,Z" "-e" "SOURCE_DIR=/opt/rustwide/workdir" "-e" "CARGO_TARGET_DIR=/opt/rustwide/target" "-e" "CARGO_HOME=/opt/rustwide/cargo-home" "-e" "RUSTUP_HOME=/opt/rustwide/rustup-home" "-w" "/opt/rustwide/workdir" "-m" "1610612736" "--user" "0:0" "--network" "none" "ghcr.io/rust-lang/crates-build-env/linux@sha256:819108c5571ea2e421544af4d832f968d213c87fbe3707a016657f43d2f853bc" "/opt/rustwide/cargo-home/bin/cargo" "+nightly-2025-01-18" "metadata" "--no-deps" "--format-version=1", kill_on_drop: false }`
[INFO] [stdout] a123f5ce5678a0c0bd527cb719184e73ade98a6ec097d6b963752dab68fb4c3a
[INFO] running `Command { std: "docker" "start" "-a" "a123f5ce5678a0c0bd527cb719184e73ade98a6ec097d6b963752dab68fb4c3a", kill_on_drop: false }`
[INFO] running `Command { std: "docker" "inspect" "a123f5ce5678a0c0bd527cb719184e73ade98a6ec097d6b963752dab68fb4c3a", kill_on_drop: false }`
[INFO] running `Command { std: "docker" "rm" "-f" "a123f5ce5678a0c0bd527cb719184e73ade98a6ec097d6b963752dab68fb4c3a", kill_on_drop: false }`
[INFO] [stdout] a123f5ce5678a0c0bd527cb719184e73ade98a6ec097d6b963752dab68fb4c3a
[INFO] running `Command { std: "docker" "create" "-v" "/var/lib/crater-agent-workspace/builds/worker-1-tc1/target:/opt/rustwide/target:rw,Z" "-v" "/var/lib/crater-agent-workspace/builds/worker-1-tc1/source:/opt/rustwide/workdir:ro,Z" "-v" "/var/lib/crater-agent-workspace/cargo-home:/opt/rustwide/cargo-home:ro,Z" "-v" "/var/lib/crater-agent-workspace/rustup-home:/opt/rustwide/rustup-home:ro,Z" "-e" "SOURCE_DIR=/opt/rustwide/workdir" "-e" "CARGO_TARGET_DIR=/opt/rustwide/target" "-e" "CARGO_INCREMENTAL=0" "-e" "RUST_BACKTRACE=full" "-e" "RUSTFLAGS=--cap-lints=forbid" "-e" "RUSTDOCFLAGS=--cap-lints=forbid" "-e" "CARGO_HOME=/opt/rustwide/cargo-home" "-e" "RUSTUP_HOME=/opt/rustwide/rustup-home" "-w" "/opt/rustwide/workdir" "-m" "1610612736" "--user" "0:0" "--network" "none" "ghcr.io/rust-lang/crates-build-env/linux@sha256:819108c5571ea2e421544af4d832f968d213c87fbe3707a016657f43d2f853bc" "/opt/rustwide/cargo-home/bin/cargo" "+nightly-2025-01-18" "build" "--frozen" "--message-format=json", kill_on_drop: false }`
[INFO] [stdout] b64ec4125cc2ab8f4d3f43e41fcac449108ec198627c28e48549eb552d4ab72b
[INFO] running `Command { std: "docker" "start" "-a" "b64ec4125cc2ab8f4d3f43e41fcac449108ec198627c28e48549eb552d4ab72b", kill_on_drop: false }`
[INFO] [stderr]    Compiling libc v0.2.138
[INFO] [stderr]    Compiling proc-macro2 v1.0.24
[INFO] [stderr]    Compiling syn v1.0.67
[INFO] [stderr]    Compiling log v0.4.11
[INFO] [stderr]    Compiling parking_lot_core v0.9.5
[INFO] [stderr]    Compiling smallvec v1.10.0
[INFO] [stderr]    Compiling memchr v2.3.4
[INFO] [stderr]    Compiling tokio v1.23.0
[INFO] [stderr]    Compiling anyhow v1.0.59
[INFO] [stderr]    Compiling bytes v1.3.0
[INFO] [stderr]    Compiling lock_api v0.4.9
[INFO] [stderr]    Compiling quote v1.0.7
[INFO] [stderr]    Compiling num_cpus v1.13.0
[INFO] [stderr]    Compiling signal-hook-registry v1.2.2
[INFO] [stderr]    Compiling mio v0.8.5
[INFO] [stderr]    Compiling socket2 v0.4.7
[INFO] [stderr]    Compiling parking_lot v0.12.1
[INFO] [stderr]    Compiling tokio-macros v1.8.2
[INFO] [stderr]    Compiling thiserror-impl v1.0.32
[INFO] [stderr]    Compiling thiserror v1.0.32
[INFO] [stderr]    Compiling tcp-async-tokio v0.1.0 (/opt/rustwide/workdir)
[INFO] [stderr]     Finished `dev` profile [unoptimized + debuginfo] target(s) in 16.66s
[INFO] running `Command { std: "docker" "inspect" "b64ec4125cc2ab8f4d3f43e41fcac449108ec198627c28e48549eb552d4ab72b", kill_on_drop: false }`
[INFO] running `Command { std: "docker" "rm" "-f" "b64ec4125cc2ab8f4d3f43e41fcac449108ec198627c28e48549eb552d4ab72b", kill_on_drop: false }`
[INFO] [stdout] b64ec4125cc2ab8f4d3f43e41fcac449108ec198627c28e48549eb552d4ab72b
[INFO] running `Command { std: "docker" "create" "-v" "/var/lib/crater-agent-workspace/builds/worker-1-tc1/target:/opt/rustwide/target:rw,Z" "-v" "/var/lib/crater-agent-workspace/builds/worker-1-tc1/source:/opt/rustwide/workdir:ro,Z" "-v" "/var/lib/crater-agent-workspace/cargo-home:/opt/rustwide/cargo-home:ro,Z" "-v" "/var/lib/crater-agent-workspace/rustup-home:/opt/rustwide/rustup-home:ro,Z" "-e" "SOURCE_DIR=/opt/rustwide/workdir" "-e" "CARGO_TARGET_DIR=/opt/rustwide/target" "-e" "CARGO_INCREMENTAL=0" "-e" "RUST_BACKTRACE=full" "-e" "RUSTFLAGS=--cap-lints=forbid" "-e" "RUSTDOCFLAGS=--cap-lints=forbid" "-e" "CARGO_HOME=/opt/rustwide/cargo-home" "-e" "RUSTUP_HOME=/opt/rustwide/rustup-home" "-w" "/opt/rustwide/workdir" "-m" "1610612736" "--user" "0:0" "--network" "none" "ghcr.io/rust-lang/crates-build-env/linux@sha256:819108c5571ea2e421544af4d832f968d213c87fbe3707a016657f43d2f853bc" "/opt/rustwide/cargo-home/bin/cargo" "+nightly-2025-01-18" "test" "--frozen" "--no-run" "--message-format=json", kill_on_drop: false }`
[INFO] [stdout] 5a12a9c85a2e53df031d6b8ee18e2ec8c2a09b4b2034b977cd9aa8b18c094dae
[INFO] running `Command { std: "docker" "start" "-a" "5a12a9c85a2e53df031d6b8ee18e2ec8c2a09b4b2034b977cd9aa8b18c094dae", kill_on_drop: false }`
[INFO] [stderr]    Compiling tcp-async-tokio v0.1.0 (/opt/rustwide/workdir)
[INFO] [stderr]     Finished `test` profile [unoptimized + debuginfo] target(s) in 1.49s
[INFO] running `Command { std: "docker" "inspect" "5a12a9c85a2e53df031d6b8ee18e2ec8c2a09b4b2034b977cd9aa8b18c094dae", kill_on_drop: false }`
[INFO] running `Command { std: "docker" "rm" "-f" "5a12a9c85a2e53df031d6b8ee18e2ec8c2a09b4b2034b977cd9aa8b18c094dae", kill_on_drop: false }`
[INFO] [stdout] 5a12a9c85a2e53df031d6b8ee18e2ec8c2a09b4b2034b977cd9aa8b18c094dae
[INFO] running `Command { std: "docker" "create" "-v" "/var/lib/crater-agent-workspace/builds/worker-1-tc1/target:/opt/rustwide/target:rw,Z" "-v" "/var/lib/crater-agent-workspace/builds/worker-1-tc1/source:/opt/rustwide/workdir:ro,Z" "-v" "/var/lib/crater-agent-workspace/cargo-home:/opt/rustwide/cargo-home:ro,Z" "-v" "/var/lib/crater-agent-workspace/rustup-home:/opt/rustwide/rustup-home:ro,Z" "-e" "SOURCE_DIR=/opt/rustwide/workdir" "-e" "CARGO_TARGET_DIR=/opt/rustwide/target" "-e" "CARGO_INCREMENTAL=0" "-e" "RUST_BACKTRACE=full" "-e" "RUSTFLAGS=--cap-lints=forbid" "-e" "RUSTDOCFLAGS=--cap-lints=forbid" "-e" "CARGO_HOME=/opt/rustwide/cargo-home" "-e" "RUSTUP_HOME=/opt/rustwide/rustup-home" "-w" "/opt/rustwide/workdir" "-m" "1610612736" "--user" "0:0" "--network" "none" "ghcr.io/rust-lang/crates-build-env/linux@sha256:819108c5571ea2e421544af4d832f968d213c87fbe3707a016657f43d2f853bc" "/opt/rustwide/cargo-home/bin/cargo" "+nightly-2025-01-18" "test" "--frozen", kill_on_drop: false }`
[INFO] [stdout] eff3284ebd336971db9b1078aed891dbf0918be6ab8f03c4f08da6656fa3415b
[INFO] running `Command { std: "docker" "start" "-a" "eff3284ebd336971db9b1078aed891dbf0918be6ab8f03c4f08da6656fa3415b", kill_on_drop: false }`
[INFO] [stderr]     Finished `test` profile [unoptimized + debuginfo] target(s) in 0.05s
[INFO] [stderr]      Running unittests src/lib.rs (/opt/rustwide/target/debug/deps/tcp_async_tokio-6635c372ebeda370)
[INFO] [stdout] 
[INFO] [stderr]      Running unittests src/main.rs (/opt/rustwide/target/debug/deps/tcp_async_tokio-0db279ca83b18c96)
[INFO] [stdout] running 0 tests
[INFO] [stderr]      Running tests/main.rs (/opt/rustwide/target/debug/deps/main-3f7cceeea5ec2076)
[INFO] [stdout] 
[INFO] [stdout] test result: ok. 0 passed; 0 failed; 0 ignored; 0 measured; 0 filtered out; finished in 0.00s
[INFO] [stdout] 
[INFO] [stdout] 
[INFO] [stdout] running 0 tests
[INFO] [stdout] 
[INFO] [stdout] test result: ok. 0 passed; 0 failed; 0 ignored; 0 measured; 0 filtered out; finished in 0.00s
[INFO] [stdout] 
[INFO] [stdout] 
[INFO] [stdout] running 7 tests
[INFO] [stdout] test tests::handle_concurrent_clients ... ok
[INFO] [stdout] test tests::test_bind_to_a_port ... ok
[INFO] [stdout] test tests::implement_the_echo_command ... ok
[INFO] [stdout] test tests::respond_to_a_ping ... ok
[INFO] [stdout] test tests::respond_to_multiple_pings ... ok
[INFO] [stdout] test tests::implement_the_set_get_commands ... FAILED
[INFO] [stdout] test tests::expiry ... ok
[INFO] [stdout] 
[INFO] [stdout] failures:
[INFO] [stdout] 
[INFO] [stdout] ---- tests::implement_the_set_get_commands stdout ----
[INFO] [stdout] [src/stream.rs:33:9] &current_line = "*3"
[INFO] [stdout] [src/stream.rs:33:9] &current_line = "$3"
[INFO] [stdout] [src/stream.rs:33:9] &current_line = "SET"
[INFO] [stdout] [src/stream.rs:33:9] &current_line = "$3"
[INFO] [stdout] [src/stream.rs:33:9] &current_line = "hey"
[INFO] [stdout] [src/stream.rs:33:9] &current_line = "$2"
[INFO] [stdout] [src/stream.rs:33:9] &current_line = "ho"
[INFO] [stdout] [src/stream.rs:42:17] &resp_data = Array(
[INFO] [stdout]     [
[INFO] [stdout]         BulkString(
[INFO] [stdout]             "SET",
[INFO] [stdout]         ),
[INFO] [stdout]         BulkString(
[INFO] [stdout]             "hey",
[INFO] [stdout]         ),
[INFO] [stdout]         BulkString(
[INFO] [stdout]             "ho",
[INFO] [stdout]         ),
[INFO] [stdout]     ],
[INFO] [stdout] )
[INFO] [stdout] [src/resp/mod.rs:36:9] &self = Array(
[INFO] [stdout]     [
[INFO] [stdout]         BulkString(
[INFO] [stdout]             "SET",
[INFO] [stdout]         ),
[INFO] [stdout]         BulkString(
[INFO] [stdout]             "hey",
[INFO] [stdout]         ),
[INFO] [stdout]         BulkString(
[INFO] [stdout]             "ho",
[INFO] [stdout]         ),
[INFO] [stdout]     ],
[INFO] [stdout] )
[INFO] [stdout] [src/stream.rs:33:9] &current_line = "*2"
[INFO] [stdout] [src/stream.rs:33:9] &current_line = "$3"
[INFO] [stdout] [src/stream.rs:33:9] &current_line = "GET"
[INFO] [stdout] [src/stream.rs:33:9] &current_line = "$3"
[INFO] [stdout] [src/stream.rs:33:9] &current_line = "hey"
[INFO] [stdout] [src/stream.rs:42:17] &resp_data = Array(
[INFO] [stdout]     [
[INFO] [stdout]         BulkString(
[INFO] [stdout]             "GET",
[INFO] [stdout]         ),
[INFO] [stdout]         BulkString(
[INFO] [stdout]             "hey",
[INFO] [stdout]         ),
[INFO] [stdout]     ],
[INFO] [stdout] )
[INFO] [stdout] [src/resp/mod.rs:36:9] &self = Array(
[INFO] [stdout]     [
[INFO] [stdout]         BulkString(
[INFO] [stdout]             "GET",
[INFO] [stdout]         ),
[INFO] [stdout]         BulkString(
[INFO] [stdout]             "hey",
[INFO] [stdout]         ),
[INFO] [stdout]     ],
[INFO] [stdout] )
[INFO] [stdout] [src/stream.rs:33:9] &current_line = "*2"
[INFO] [stdout] [src/stream.rs:33:9] &current_line = "$3"
[INFO] [stdout] [src/stream.rs:33:9] &current_line = "GET"
[INFO] [stdout] [src/stream.rs:33:9] &current_line = "$12"
[INFO] [stdout] [src/stream.rs:33:9] &current_line = "non_existing"
[INFO] [stdout] [src/stream.rs:42:17] &resp_data = Array(
[INFO] [stdout]     [
[INFO] [stdout]         BulkString(
[INFO] [stdout]             "GET",
[INFO] [stdout]         ),
[INFO] [stdout]         BulkString(
[INFO] [stdout]             "non_existing",
[INFO] [stdout]         ),
[INFO] [stdout]     ],
[INFO] [stdout] )
[INFO] [stdout] [src/resp/mod.rs:36:9] &self = Array(
[INFO] [stdout]     [
[INFO] [stdout]         BulkString(
[INFO] [stdout]             "GET",
[INFO] [stdout]         ),
[INFO] [stdout]         BulkString(
[INFO] [stdout]             "non_existing",
[INFO] [stdout]         ),
[INFO] [stdout]     ],
[INFO] [stdout] )
[INFO] [stdout] 
[INFO] [stdout] thread 'tests::implement_the_set_get_commands' panicked at tests/main.rs:40:9:
[INFO] [stdout] assertion `left == right` failed
[INFO] [stdout]   left: [36, 45, 49]
[INFO] [stdout]  right: [95, 13, 10]
[INFO] [stdout] stack backtrace:
[INFO] [stdout]    0:     0x61e9e015328a - std::backtrace_rs::backtrace::libunwind::trace::hb059275cfc8d6126
[INFO] [stdout]                                at /rustc/6067b36314ab5eb2eb47cecc464545ba58e1ad24/library/std/src/../../backtrace/src/backtrace/libunwind.rs:116:5
[INFO] [stdout]    1:     0x61e9e015328a - std::backtrace_rs::backtrace::trace_unsynchronized::h2da071e4327ce3ee
[INFO] [stdout]                                at /rustc/6067b36314ab5eb2eb47cecc464545ba58e1ad24/library/std/src/../../backtrace/src/backtrace/mod.rs:66:5
[INFO] [stdout]    2:     0x61e9e015328a - std::sys::backtrace::_print_fmt::h842a1474e6f8d23f
[INFO] [stdout]                                at /rustc/6067b36314ab5eb2eb47cecc464545ba58e1ad24/library/std/src/sys/backtrace.rs:66:9
[INFO] [stdout]    3:     0x61e9e015328a - <std::sys::backtrace::BacktraceLock::print::DisplayBacktrace as core::fmt::Display>::fmt::h71a62eb3b9696b12
[INFO] [stdout]                                at /rustc/6067b36314ab5eb2eb47cecc464545ba58e1ad24/library/std/src/sys/backtrace.rs:39:26
[INFO] [stdout]    4:     0x61e9e017b513 - core::fmt::rt::Argument::fmt::hdb6b616786b41dc1
[INFO] [stdout]                                at /rustc/6067b36314ab5eb2eb47cecc464545ba58e1ad24/library/core/src/fmt/rt.rs:177:76
[INFO] [stdout]    5:     0x61e9e017b513 - core::fmt::write::h2cc1698af7e2d686
[INFO] [stdout]                                at /rustc/6067b36314ab5eb2eb47cecc464545ba58e1ad24/library/core/src/fmt/mod.rs:1440:21
[INFO] [stdout]    6:     0x61e9e014f9a3 - std::io::Write::write_fmt::hab1b4cd059a79022
[INFO] [stdout]                                at /rustc/6067b36314ab5eb2eb47cecc464545ba58e1ad24/library/std/src/io/mod.rs:1887:15
[INFO] [stdout]    7:     0x61e9e01530d2 - std::sys::backtrace::BacktraceLock::print::h147fe35b4ea13b08
[INFO] [stdout]                                at /rustc/6067b36314ab5eb2eb47cecc464545ba58e1ad24/library/std/src/sys/backtrace.rs:42:9
[INFO] [stdout]    8:     0x61e9e01546af - std::panicking::default_hook::{{closure}}::hbd44223dbdc0d208
[INFO] [stdout]                                at /rustc/6067b36314ab5eb2eb47cecc464545ba58e1ad24/library/std/src/panicking.rs:298:22
[INFO] [stdout]    9:     0x61e9e01544c8 - std::panicking::default_hook::h20f81eb0576efcec
[INFO] [stdout]                                at /rustc/6067b36314ab5eb2eb47cecc464545ba58e1ad24/library/std/src/panicking.rs:322:9
[INFO] [stdout]   10:     0x61e9e0054f43 - <alloc::boxed::Box<F,A> as core::ops::function::Fn<Args>>::call::hdb53814c496a4d34
[INFO] [stdout]                                at /rustc/6067b36314ab5eb2eb47cecc464545ba58e1ad24/library/alloc/src/boxed.rs:2027:9
[INFO] [stdout]   11:     0x61e9e0054f43 - test::test_main::{{closure}}::hc0a4963c59427c24
[INFO] [stdout]                                at /rustc/6067b36314ab5eb2eb47cecc464545ba58e1ad24/library/test/src/lib.rs:134:21
[INFO] [stdout]   12:     0x61e9e01551a3 - <alloc::boxed::Box<F,A> as core::ops::function::Fn<Args>>::call::h591b2225413a77e9
[INFO] [stdout]                                at /rustc/6067b36314ab5eb2eb47cecc464545ba58e1ad24/library/alloc/src/boxed.rs:2027:9
[INFO] [stdout]   13:     0x61e9e01551a3 - std::panicking::rust_panic_with_hook::h625eea43051b2edc
[INFO] [stdout]                                at /rustc/6067b36314ab5eb2eb47cecc464545ba58e1ad24/library/std/src/panicking.rs:839:13
[INFO] [stdout]   14:     0x61e9e0154e5a - std::panicking::begin_panic_handler::{{closure}}::h4f9159cfbc3f6bd3
[INFO] [stdout]                                at /rustc/6067b36314ab5eb2eb47cecc464545ba58e1ad24/library/std/src/panicking.rs:704:13
[INFO] [stdout]   15:     0x61e9e0153789 - std::sys::backtrace::__rust_end_short_backtrace::h0390abce48353151
[INFO] [stdout]                                at /rustc/6067b36314ab5eb2eb47cecc464545ba58e1ad24/library/std/src/sys/backtrace.rs:168:18
[INFO] [stdout]   16:     0x61e9e0154aed - rust_begin_unwind
[INFO] [stdout]                                at /rustc/6067b36314ab5eb2eb47cecc464545ba58e1ad24/library/std/src/panicking.rs:695:5
[INFO] [stdout]   17:     0x61e9e0179ef0 - core::panicking::panic_fmt::h9e7c637e9e5f29c9
[INFO] [stdout]                                at /rustc/6067b36314ab5eb2eb47cecc464545ba58e1ad24/library/core/src/panicking.rs:75:14
[INFO] [stdout]   18:     0x61e9e017a2e2 - core::panicking::assert_failed_inner::h538bec7c1374cd9c
[INFO] [stdout]   19:     0x61e9e0012423 - core::panicking::assert_failed::he68230b1ad909504
[INFO] [stdout]                                at /rustc/6067b36314ab5eb2eb47cecc464545ba58e1ad24/library/core/src/panicking.rs:364:5
[INFO] [stdout]   20:     0x61e9dfff0985 - main::tests::send_and_expect_response::{{closure}}::hcb390cb202af521b
[INFO] [stdout]                                at /opt/rustwide/workdir/tests/main.rs:40:9
[INFO] [stdout]   21:     0x61e9dfff4cb4 - main::tests::implement_the_set_get_commands::{{closure}}::h329a79d4ee36ed2b
[INFO] [stdout]                                at /opt/rustwide/workdir/tests/main.rs:124:10
[INFO] [stdout]   22:     0x61e9e0007995 - <core::pin::Pin<P> as core::future::future::Future>::poll::hf1de4ccdb0c1f0bd
[INFO] [stdout]                                at /rustc/6067b36314ab5eb2eb47cecc464545ba58e1ad24/library/core/src/future/future.rs:124:9
[INFO] [stdout]   23:     0x61e9e000786d - <core::pin::Pin<P> as core::future::future::Future>::poll::h7639cf6bf0e25a96
[INFO] [stdout]                                at /rustc/6067b36314ab5eb2eb47cecc464545ba58e1ad24/library/core/src/future/future.rs:124:9
[INFO] [stdout]   24:     0x61e9e001a78f - tokio::runtime::scheduler::current_thread::CoreGuard::block_on::{{closure}}::{{closure}}::{{closure}}::h95d04a8bfe770e51
[INFO] [stdout]                                at /opt/rustwide/cargo-home/registry/src/index.crates.io-1949cf8c6b5b557f/tokio-1.23.0/src/runtime/scheduler/current_thread.rs:541:57
[INFO] [stdout]   25:     0x61e9e001a696 - tokio::runtime::coop::with_budget::hc3e5d10c3c5be5b1
[INFO] [stdout]                                at /opt/rustwide/cargo-home/registry/src/index.crates.io-1949cf8c6b5b557f/tokio-1.23.0/src/runtime/coop.rs:102:5
[INFO] [stdout]   26:     0x61e9e001a696 - tokio::runtime::coop::budget::h6942b54bd864728b
[INFO] [stdout]                                at /opt/rustwide/cargo-home/registry/src/index.crates.io-1949cf8c6b5b557f/tokio-1.23.0/src/runtime/coop.rs:68:5
[INFO] [stdout]   27:     0x61e9e001a696 - tokio::runtime::scheduler::current_thread::CoreGuard::block_on::{{closure}}::{{closure}}::h99b828582d07b7ba
[INFO] [stdout]                                at /opt/rustwide/cargo-home/registry/src/index.crates.io-1949cf8c6b5b557f/tokio-1.23.0/src/runtime/scheduler/current_thread.rs:541:25
[INFO] [stdout]   28:     0x61e9e0018eda - tokio::runtime::scheduler::current_thread::Context::enter::h662f524a5296f9d7
[INFO] [stdout]                                at /opt/rustwide/cargo-home/registry/src/index.crates.io-1949cf8c6b5b557f/tokio-1.23.0/src/runtime/scheduler/current_thread.rs:350:19
[INFO] [stdout]   29:     0x61e9e0019ca2 - tokio::runtime::scheduler::current_thread::CoreGuard::block_on::{{closure}}::hf64fb36f5a96ce13
[INFO] [stdout]                                at /opt/rustwide/cargo-home/registry/src/index.crates.io-1949cf8c6b5b557f/tokio-1.23.0/src/runtime/scheduler/current_thread.rs:540:36
[INFO] [stdout]   30:     0x61e9e0019a0b - tokio::runtime::scheduler::current_thread::CoreGuard::enter::{{closure}}::h2769add2c7a93132
[INFO] [stdout]                                at /opt/rustwide/cargo-home/registry/src/index.crates.io-1949cf8c6b5b557f/tokio-1.23.0/src/runtime/scheduler/current_thread.rs:615:57
[INFO] [stdout]   31:     0x61e9e000ffda - tokio::macros::scoped_tls::ScopedKey<T>::set::hfb203ee5b7dd4fd0
[INFO] [stdout]                                at /opt/rustwide/cargo-home/registry/src/index.crates.io-1949cf8c6b5b557f/tokio-1.23.0/src/macros/scoped_tls.rs:61:9
[INFO] [stdout]   32:     0x61e9e0019784 - tokio::runtime::scheduler::current_thread::CoreGuard::enter::h09bce16f2bd75675
[INFO] [stdout]                                at /opt/rustwide/cargo-home/registry/src/index.crates.io-1949cf8c6b5b557f/tokio-1.23.0/src/runtime/scheduler/current_thread.rs:615:27
[INFO] [stdout]   33:     0x61e9e0019a32 - tokio::runtime::scheduler::current_thread::CoreGuard::block_on::h3b1ae959be502f10
[INFO] [stdout]                                at /opt/rustwide/cargo-home/registry/src/index.crates.io-1949cf8c6b5b557f/tokio-1.23.0/src/runtime/scheduler/current_thread.rs:530:19
[INFO] [stdout]   34:     0x61e9e0017f07 - tokio::runtime::scheduler::current_thread::CurrentThread::block_on::h5be57b9d9e9f087c
[INFO] [stdout]                                at /opt/rustwide/cargo-home/registry/src/index.crates.io-1949cf8c6b5b557f/tokio-1.23.0/src/runtime/scheduler/current_thread.rs:154:24
[INFO] [stdout]   35:     0x61e9e0007479 - tokio::runtime::runtime::Runtime::block_on::h95cf0b74563875dd
[INFO] [stdout]                                at /opt/rustwide/cargo-home/registry/src/index.crates.io-1949cf8c6b5b557f/tokio-1.23.0/src/runtime/runtime.rs:282:47
[INFO] [stdout]   36:     0x61e9dfff411e - main::tests::implement_the_set_get_commands::h07addc1eb93d3774
[INFO] [stdout]                                at /opt/rustwide/workdir/tests/main.rs:140:9
[INFO] [stdout]   37:     0x61e9dfff3fb7 - main::tests::implement_the_set_get_commands::{{closure}}::h07e5305c24deb44e
[INFO] [stdout]                                at /opt/rustwide/workdir/tests/main.rs:99:50
[INFO] [stdout]   38:     0x61e9e0000e76 - core::ops::function::FnOnce::call_once::hf84a2858bed36d19
[INFO] [stdout]                                at /rustc/6067b36314ab5eb2eb47cecc464545ba58e1ad24/library/core/src/ops/function.rs:250:5
[INFO] [stdout]   39:     0x61e9e005a69b - core::ops::function::FnOnce::call_once::he27718dfdd183f43
[INFO] [stdout]                                at /rustc/6067b36314ab5eb2eb47cecc464545ba58e1ad24/library/core/src/ops/function.rs:250:5
[INFO] [stdout]   40:     0x61e9e005a69b - test::__rust_begin_short_backtrace::h4e84902998457a5d
[INFO] [stdout]                                at /rustc/6067b36314ab5eb2eb47cecc464545ba58e1ad24/library/test/src/lib.rs:632:18
[INFO] [stdout]   41:     0x61e9e00595d3 - test::run_test_in_process::{{closure}}::h7176fd18fc1feca0
[INFO] [stdout]                                at /rustc/6067b36314ab5eb2eb47cecc464545ba58e1ad24/library/test/src/lib.rs:655:60
[INFO] [stdout]   42:     0x61e9e00595d3 - <core::panic::unwind_safe::AssertUnwindSafe<F> as core::ops::function::FnOnce<()>>::call_once::hf79cff2a624d8cf7
[INFO] [stdout]                                at /rustc/6067b36314ab5eb2eb47cecc464545ba58e1ad24/library/core/src/panic/unwind_safe.rs:272:9
[INFO] [stdout]   43:     0x61e9e00595d3 - std::panicking::try::do_call::h3da0561d9ab99c25
[INFO] [stdout]                                at /rustc/6067b36314ab5eb2eb47cecc464545ba58e1ad24/library/std/src/panicking.rs:587:40
[INFO] [stdout]   44:     0x61e9e00595d3 - std::panicking::try::h41c9fa508bc61df6
[INFO] [stdout]                                at /rustc/6067b36314ab5eb2eb47cecc464545ba58e1ad24/library/std/src/panicking.rs:550:19
[INFO] [stdout]   45:     0x61e9e00595d3 - std::panic::catch_unwind::h6b3ff07bb5afad93
[INFO] [stdout]                                at /rustc/6067b36314ab5eb2eb47cecc464545ba58e1ad24/library/std/src/panic.rs:358:14
[INFO] [stdout]   46:     0x61e9e00595d3 - test::run_test_in_process::hc7253dd11b39b9f4
[INFO] [stdout]                                at /rustc/6067b36314ab5eb2eb47cecc464545ba58e1ad24/library/test/src/lib.rs:655:27
[INFO] [stdout]   47:     0x61e9e00595d3 - test::run_test::{{closure}}::hfb2007f8649c30bb
[INFO] [stdout]                                at /rustc/6067b36314ab5eb2eb47cecc464545ba58e1ad24/library/test/src/lib.rs:576:43
[INFO] [stdout]   48:     0x61e9e001c6b5 - test::run_test::{{closure}}::h56a17aa7a282a9f4
[INFO] [stdout]                                at /rustc/6067b36314ab5eb2eb47cecc464545ba58e1ad24/library/test/src/lib.rs:606:41
[INFO] [stdout]   49:     0x61e9e001c6b5 - std::sys::backtrace::__rust_begin_short_backtrace::hd2d2d2fb8e8c6aac
[INFO] [stdout]                                at /rustc/6067b36314ab5eb2eb47cecc464545ba58e1ad24/library/std/src/sys/backtrace.rs:152:18
[INFO] [stdout]   50:     0x61e9e001ff9a - std::thread::Builder::spawn_unchecked_::{{closure}}::{{closure}}::h4faa3f9db6133423
[INFO] [stdout]                                at /rustc/6067b36314ab5eb2eb47cecc464545ba58e1ad24/library/std/src/thread/mod.rs:559:17
[INFO] [stdout]   51:     0x61e9e001ff9a - <core::panic::unwind_safe::AssertUnwindSafe<F> as core::ops::function::FnOnce<()>>::call_once::hf2e855a36a4ea846
[INFO] [stdout]                                at /rustc/6067b36314ab5eb2eb47cecc464545ba58e1ad24/library/core/src/panic/unwind_safe.rs:272:9
[INFO] [stdout]   52:     0x61e9e001ff9a - std::panicking::try::do_call::h2f73af3616c35465
[INFO] [stdout]                                at /rustc/6067b36314ab5eb2eb47cecc464545ba58e1ad24/library/std/src/panicking.rs:587:40
[INFO] [stdout]   53:     0x61e9e001ff9a - std::panicking::try::hd1660ce9efadef5a
[INFO] [stdout]                                at /rustc/6067b36314ab5eb2eb47cecc464545ba58e1ad24/library/std/src/panicking.rs:550:19
[INFO] [stdout]   54:     0x61e9e001ff9a - std::panic::catch_unwind::h5ee8d7823b8ca744
[INFO] [stdout]                                at /rustc/6067b36314ab5eb2eb47cecc464545ba58e1ad24/library/std/src/panic.rs:358:14
[INFO] [stdout]   55:     0x61e9e001ff9a - std::thread::Builder::spawn_unchecked_::{{closure}}::h53c3a1894dce8407
[INFO] [stdout]                                at /rustc/6067b36314ab5eb2eb47cecc464545ba58e1ad24/library/std/src/thread/mod.rs:557:30
[INFO] [stdout]   56:     0x61e9e001ff9a - core::ops::function::FnOnce::call_once{{vtable.shim}}::h048ce291ad4f62bf
[INFO] [stdout]                                at /rustc/6067b36314ab5eb2eb47cecc464545ba58e1ad24/library/core/src/ops/function.rs:250:5
[INFO] [stdout]   57:     0x61e9e015936b - <alloc::boxed::Box<F,A> as core::ops::function::FnOnce<Args>>::call_once::ha52bedf99a3b4981
[INFO] [stdout]                                at /rustc/6067b36314ab5eb2eb47cecc464545ba58e1ad24/library/alloc/src/boxed.rs:2013:9
[INFO] [stdout]   58:     0x61e9e015936b - <alloc::boxed::Box<F,A> as core::ops::function::FnOnce<Args>>::call_once::h567748934d80ccf8
[INFO] [stdout]                                at /rustc/6067b36314ab5eb2eb47cecc464545ba58e1ad24/library/alloc/src/boxed.rs:2013:9
[INFO] [stdout]   59:     0x61e9e015936b - std::sys::pal::unix::thread::Thread::new::thread_start::h2d970728ae887adc
[INFO] [stdout]                                at /rustc/6067b36314ab5eb2eb47cecc464545ba58e1ad24/library/std/src/sys/pal/unix/thread.rs:106:17
[INFO] [stdout]   60:     0x72c816368ac3 - <unknown>
[INFO] [stdout]   61:     0x72c8163f9a04 - clone
[INFO] [stdout]   62:                0x0 - <unknown>
[INFO] [stdout] 
[INFO] [stdout] 
[INFO] [stdout] failures:
[INFO] [stdout]     tests::implement_the_set_get_commands
[INFO] [stdout] 
[INFO] [stdout] test result: FAILED. 6 passed; 1 failed; 0 ignored; 0 measured; 0 filtered out; finished in 0.16s
[INFO] [stdout] 
[INFO] [stderr] error: test failed, to rerun pass `--test main`
[INFO] running `Command { std: "docker" "inspect" "eff3284ebd336971db9b1078aed891dbf0918be6ab8f03c4f08da6656fa3415b", kill_on_drop: false }`
[INFO] running `Command { std: "docker" "rm" "-f" "eff3284ebd336971db9b1078aed891dbf0918be6ab8f03c4f08da6656fa3415b", kill_on_drop: false }`
[INFO] [stdout] eff3284ebd336971db9b1078aed891dbf0918be6ab8f03c4f08da6656fa3415b
